[INFO] cloning repository https://github.com/ArthemisDesign/APITOKEN2.0
[INFO] running `Command { std: "git" "-c" "credential.helper=" "-c" "credential.helper=/workspace/cargo-home/bin/git-credential-null" "clone" "--bare" "https://github.com/ArthemisDesign/APITOKEN2.0" "/workspace/cache/git-repos/https%3A%2F%2Fgithub.com%2FArthemisDesign%2FAPITOKEN2.0", kill_on_drop: false }`
[INFO] [stderr] Cloning into bare repository '/workspace/cache/git-repos/https%3A%2F%2Fgithub.com%2FArthemisDesign%2FAPITOKEN2.0'...
[INFO] running `Command { std: "git" "rev-parse" "HEAD", kill_on_drop: false }`
[INFO] [stdout] dda52ec29df2284f485ee02ec01901ef12d4391b
[INFO] checking ArthemisDesign/APITOKEN2.0 against 3154cc1a3e6424e44f438a95007d043ed5ceaaf6+rustflags=-Znext-solver=coherence for pr-133502-30
[INFO] running `Command { std: "git" "clone" "/workspace/cache/git-repos/https%3A%2F%2Fgithub.com%2FArthemisDesign%2FAPITOKEN2.0" "/workspace/builds/worker-0-tc1/source", kill_on_drop: false }`
[INFO] [stderr] Cloning into '/workspace/builds/worker-0-tc1/source'...
[INFO] [stderr] done.
[INFO] started tweaking git repo https://github.com/ArthemisDesign/APITOKEN2.0
[INFO] finished tweaking git repo https://github.com/ArthemisDesign/APITOKEN2.0
[INFO] tweaked toml for git repo https://github.com/ArthemisDesign/APITOKEN2.0 written to /workspace/builds/worker-0-tc1/source/Cargo.toml
[INFO] validating manifest of git repo https://github.com/ArthemisDesign/APITOKEN2.0 on toolchain 3154cc1a3e6424e44f438a95007d043ed5ceaaf6
[INFO] running `Command { std: CARGO_HOME="/workspace/cargo-home" RUSTUP_HOME="/workspace/rustup-home" "/workspace/cargo-home/bin/cargo" "+3154cc1a3e6424e44f438a95007d043ed5ceaaf6" "metadata" "--manifest-path" "Cargo.toml" "--no-deps", kill_on_drop: false }`
[INFO] crate git repo https://github.com/ArthemisDesign/APITOKEN2.0 already has a lockfile, it will not be regenerated
[INFO] running `Command { std: CARGO_HOME="/workspace/cargo-home" RUSTUP_HOME="/workspace/rustup-home" "/workspace/cargo-home/bin/cargo" "+3154cc1a3e6424e44f438a95007d043ed5ceaaf6" "fetch" "--manifest-path" "Cargo.toml", kill_on_drop: false }`
[INFO] [stderr]     Updating crates.io index
[INFO] [stderr]  Downloading crates ...
[INFO] [stderr]   Downloaded cc v1.2.67
[INFO] [stderr]   Downloaded tokio-postgres-rustls v0.14.0
[INFO] [stderr]   Downloaded serial v0.4.0
[INFO] [stderr]   Downloaded termios v0.2.2
[INFO] [stderr]   Downloaded der_derive v0.7.3
[INFO] [stderr]   Downloaded wasite v1.0.2
[INFO] [stderr]   Downloaded serial-core v0.4.0
[INFO] [stderr]   Downloaded serial-unix v0.4.0
[INFO] [stderr]   Downloaded tokio-btls v0.5.6
[INFO] [stderr]   Downloaded serial-windows v0.4.0
[INFO] [stderr]   Downloaded fslock v0.2.1
[INFO] [stderr]   Downloaded md-5 v0.11.0
[INFO] [stderr]   Downloaded whoami v2.1.2
[INFO] [stderr]   Downloaded portable-pty v0.8.1
[INFO] [stderr]   Downloaded postgres-protocol v0.6.12
[INFO] [stderr]   Downloaded ioctl-rs v0.1.6
[INFO] [stderr]   Downloaded wreq-rt v0.2.2-rc.4
[INFO] [stderr]   Downloaded postgres v0.19.14
[INFO] [stderr]   Downloaded postgres-types v0.2.14
[INFO] [stderr]   Downloaded tokio-postgres v0.7.18
[INFO] [stderr]   Downloaded wreq-proto v0.2.5
[INFO] [stderr]   Downloaded arcstr v1.2.0
[INFO] [stderr]   Downloaded x509-cert v0.2.5
[INFO] [stderr]   Downloaded hound v3.5.1
[INFO] [stderr]   Downloaded wreq v6.0.0-rc.29
[INFO] [stderr]   Downloaded http2 v0.5.19
[INFO] [stderr]   Downloaded btls v0.5.6
[INFO] [stderr]   Downloaded nix v0.25.1
[INFO] [stderr]   Downloaded redis v1.4.1
[INFO] [stderr]   Downloaded btls-sys v0.5.6
[INFO] running `Command { std: "docker" "create" "-v" "/var/lib/crater-agent-workspace/builds/worker-0-tc1/source:/opt/rustwide/workdir:ro,Z" "-v" "/var/lib/crater-agent-workspace/builds/worker-0-tc1/target:/opt/rustwide/target:rw,Z" "-v" "/var/lib/crater-agent-workspace/cargo-home:/opt/rustwide/cargo-home:ro,Z" "-v" "/var/lib/crater-agent-workspace/rustup-home:/opt/rustwide/rustup-home:ro,Z" "-m" "1610612736" "--network" "none" "ghcr.io/rust-lang/crates-build-env/linux@sha256:77db811e55d90add9212f6832c23229e3de5f1c1f9905e8cb07319ea15df73ac" "sleep" "infinity", kill_on_drop: false }`
[INFO] [stdout] 472d4c41b2947ea0304e74f83d57abc9973633f2621d364c4e241a59acf276d7
[INFO] running `Command { std: "docker" "start" "472d4c41b2947ea0304e74f83d57abc9973633f2621d364c4e241a59acf276d7", kill_on_drop: false }`
[INFO] running `Command { std: "docker" "inspect" "472d4c41b2947ea0304e74f83d57abc9973633f2621d364c4e241a59acf276d7", kill_on_drop: false }`
[INFO] running `Command { std: "docker" "exec" "-e" "SOURCE_DIR=/opt/rustwide/workdir" "-e" "CARGO_HOME=/opt/rustwide/cargo-home" "-e" "RUSTUP_HOME=/opt/rustwide/rustup-home" "-e" "CARGO_TARGET_DIR=/opt/rustwide/target" "-w" "/opt/rustwide/workdir" "--user" "0:0" "472d4c41b2947ea0304e74f83d57abc9973633f2621d364c4e241a59acf276d7" "/opt/rustwide/cargo-home/bin/cargo" "+3154cc1a3e6424e44f438a95007d043ed5ceaaf6" "metadata" "--no-deps" "--format-version=1", kill_on_drop: false }`
[INFO] running `Command { std: "docker" "inspect" "472d4c41b2947ea0304e74f83d57abc9973633f2621d364c4e241a59acf276d7", kill_on_drop: false }`
[INFO] running `Command { std: "docker" "exec" "-e" "SOURCE_DIR=/opt/rustwide/workdir" "-e" "CARGO_HOME=/opt/rustwide/cargo-home" "-e" "RUSTUP_HOME=/opt/rustwide/rustup-home" "-e" "CARGO_TARGET_DIR=/opt/rustwide/target" "-e" "CARGO_INCREMENTAL=0" "-e" "RUST_BACKTRACE=full" "-e" "RUSTFLAGS=--cap-lints=forbid -Znext-solver=coherence" "-e" "RUSTDOCFLAGS=--cap-lints=forbid" "-w" "/opt/rustwide/workdir" "--user" "0:0" "472d4c41b2947ea0304e74f83d57abc9973633f2621d364c4e241a59acf276d7" "/opt/rustwide/cargo-home/bin/cargo" "+3154cc1a3e6424e44f438a95007d043ed5ceaaf6" "check" "--frozen" "--all" "--all-targets" "--message-format=json", kill_on_drop: false }`
[INFO] [stderr]    Compiling quote v1.0.46
[INFO] [stderr]    Compiling libc v0.2.186
[INFO] [stderr]     Checking smallvec v1.15.2
[INFO] [stderr]     Checking bytes v1.12.1
[INFO] [stderr]     Checking memchr v2.8.3
[INFO] [stderr]    Compiling shlex v2.0.1
[INFO] [stderr]    Compiling serde_core v1.0.228
[INFO] [stderr]    Compiling serde_json v1.0.150
[INFO] [stderr]     Checking generic-array v0.14.7
[INFO] [stderr]    Compiling anyhow v1.0.103
[INFO] [stderr]     Checking log v0.4.33
[INFO] [stderr]    Compiling zerocopy v0.8.54
[INFO] [stderr]    Compiling getrandom v0.3.4
[INFO] [stderr]     Checking opaque-debug v0.3.1
[INFO] [stderr]     Checking cmov v0.5.4
[INFO] [stderr]     Checking bitflags v2.13.0
[INFO] [stderr]     Checking const-oid v0.10.2
[INFO] [stderr]    Compiling rustls v0.23.42
[INFO] [stderr]     Checking rand_core v0.10.1
[INFO] [stderr]    Compiling getrandom v0.4.3
[INFO] [stderr]     Checking tinyvec v1.12.0
[INFO] [stderr]     Checking simd-adler32 v0.3.9
[INFO] [stderr]     Checking chacha20 v0.10.1
[INFO] [stderr]     Checking tracing v0.1.44
[INFO] [stderr]     Checking unicode-properties v0.1.4
[INFO] [stderr]     Checking unicode-bidi v0.3.18
[INFO] [stderr]    Compiling cc v1.2.67
[INFO] [stderr]     Checking alloc-stdlib v0.2.4
[INFO] [stderr]     Checking miniz_oxide v0.8.9
[INFO] [stderr]    Compiling glob v0.3.3
[INFO] [stderr]     Checking ctutils v0.4.2
[INFO] [stderr]     Checking siphasher v1.0.3
[INFO] [stderr]    Compiling syn v2.0.118
[INFO] [stderr]     Checking fallible-iterator v0.2.0
[INFO] [stderr]     Checking phf_shared v0.13.1
[INFO] [stderr]     Checking digest v0.11.3
[INFO] [stderr]     Checking brotli-decompressor v5.0.3
[INFO] [stderr]     Checking unicode-normalization v0.1.25
[INFO] [stderr]     Checking const-oid v0.9.6
[INFO] [stderr]     Checking flagset v0.4.7
[INFO] [stderr]     Checking flate2 v1.1.9
[INFO] [stderr]    Compiling clang-sys v1.8.1
[INFO] [stderr]     Checking http v1.4.2
[INFO] [stderr]     Checking inout v0.1.4
[INFO] [stderr]     Checking block-buffer v0.10.4
[INFO] [stderr]     Checking hmac v0.13.0
[INFO] [stderr]     Checking md-5 v0.11.0
[INFO] [stderr]     Checking sha2 v0.11.0
[INFO] [stderr]     Checking phf v0.13.1
[INFO] [stderr]     Checking compression-core v0.4.32
[INFO] [stderr]    Compiling regex-syntax v0.8.11
[INFO] [stderr]    Compiling nom v7.1.3
[INFO] [stderr]    Compiling libloading v0.8.9
[INFO] [stderr]     Checking elog v0.1.0 (/opt/rustwide/workdir/crates/elog)
[INFO] [stderr]    Compiling bindgen v0.72.1
[INFO] [stderr]    Compiling either v1.16.0
[INFO] [stderr]     Checking stringprep v0.1.5
[INFO] [stderr]    Compiling multer v3.1.0
[INFO] [stderr]    Compiling rustc-hash v2.1.3
[INFO] [stderr]     Checking foldhash v0.2.0
[INFO] [stderr]    Compiling itertools v0.13.0
[INFO] [stderr]    Compiling crossbeam-utils v0.8.22
[INFO] [stderr]     Checking fallible-iterator v0.3.0
[INFO] [stderr]     Checking fallible-streaming-iterator v0.1.9
[INFO] [stderr]     Checking hashbrown v0.17.1
[INFO] [stderr]    Compiling cmake v0.1.58
[INFO] [stderr]     Checking spin v0.9.9
[INFO] [stderr]     Checking http-body v1.0.1
[INFO] [stderr]     Checking foreign-types-shared v0.3.1
[INFO] [stderr]     Checking http-body-util v0.1.3
[INFO] [stderr]     Checking brotli v8.0.4
[INFO] [stderr]     Checking api-limits v0.1.0 (/opt/rustwide/workdir/crates/api-limits)
[INFO] [stderr]     Checking parking v2.2.1
[INFO] [stderr]    Compiling rustversion v1.0.23
[INFO] [stderr]     Checking concurrent-queue v2.5.0
[INFO] [stderr]    Compiling thiserror v2.0.18
[INFO] [stderr]     Checking axum-core v0.5.6
[INFO] [stderr]     Checking arrayref v0.3.9
[INFO] [stderr]     Checking constant_time_eq v0.4.2
[INFO] [stderr]     Checking event-listener v5.4.1
[INFO] [stderr]    Compiling ring v0.17.14
[INFO] [stderr]    Compiling libsqlite3-sys v0.30.1
[INFO] [stderr]    Compiling blake3 v1.8.5
[INFO] [stderr]     Checking indexmap v2.14.0
[INFO] [stderr]    Compiling regex-automata v0.4.15
[INFO] [stderr]    Compiling fslock v0.2.1
[INFO] [stderr]     Checking event-listener-strategy v0.5.4
[INFO] [stderr]     Checking fastrand v2.5.0
[INFO] [stderr]     Checking utf8parse v0.2.2
[INFO] [stderr]     Checking getrandom v0.2.17
[INFO] [stderr]     Checking parking_lot_core v0.9.12
[INFO] [stderr]     Checking errno v0.3.14
[INFO] [stderr]     Checking mio v1.2.1
[INFO] [stderr]     Checking socket2 v0.6.4
[INFO] [stderr]     Checking signal-hook-registry v1.4.8
[INFO] [stderr]     Checking parking_lot v0.12.5
[INFO] [stderr]     Checking rand_core v0.6.4
[INFO] [stderr]     Checking rand v0.10.2
[INFO] [stderr]     Checking whoami v2.1.2
[INFO] [stderr]     Checking crypto-common v0.1.7
[INFO] [stderr]    Compiling cexpr v0.6.0
[INFO] [stderr]     Checking serde_path_to_error v0.1.20
[INFO] [stderr]     Checking rand_core v0.9.5
[INFO] [stderr]     Checking bounded-body v0.1.0 (/opt/rustwide/workdir/crates/bounded-body)
[INFO] [stderr]     Checking universal-hash v0.5.1
[INFO] [stderr]     Checking aead v0.5.2
[INFO] [stderr]     Checking poly1305 v0.8.0
[INFO] [stdout] warning: use of deprecated method `std::sync::atomic::Atomic::<u64>::fetch_update`: renamed to `try_update` for consistency
[INFO] [stdout]   --> crates/bounded-body/src/budget.rs:94:14
[INFO] [stdout]    |
[INFO] [stdout] 94 |             .fetch_update(Ordering::AcqRel, Ordering::Acquire, |used| {
[INFO] [stdout]    |              ^^^^^^^^^^^^
[INFO] [stdout]    |
[INFO] [stdout]    = note: `#[warn(deprecated)]` on by default
[INFO] [stdout] help: replace the use of the deprecated method
[INFO] [stdout]    |
[INFO] [stdout] 94 -             .fetch_update(Ordering::AcqRel, Ordering::Acquire, |used| {
[INFO] [stdout] 94 +             .try_update(Ordering::AcqRel, Ordering::Acquire, |used| {
[INFO] [stdout]    |
[INFO] [stdout] 
[INFO] [stdout] 
[INFO] [stderr]     Checking digest v0.10.7
[INFO] [stderr]     Checking data-encoding v2.11.0
[INFO] [stderr]    Compiling memoffset v0.6.5
[INFO] [stderr]     Checking backon v1.6.0
[INFO] [stderr]     Checking anstyle-parse v1.0.0
[INFO] [stderr]     Checking sha2 v0.10.9
[INFO] [stderr]     Checking sha1 v0.10.7
[INFO] [stderr]     Checking async-lock v3.4.2
[INFO] [stderr]     Checking arc-swap v1.9.2
[INFO] [stderr]     Checking lru v0.18.1
[INFO] [stderr]     Checking fdeflate v0.3.7
[INFO] [stderr]     Checking colorchoice v1.0.5
[INFO] [stderr]     Checking sha1_smol v1.0.1
[INFO] [stderr]     Checking is_terminal_polyfill v1.70.2
[INFO] [stderr]     Checking arcstr v1.2.0
[INFO] [stderr]     Checking anstyle v1.0.14
[INFO] [stderr]     Checking xxhash-rust v0.8.18
[INFO] [stderr]     Checking anstyle-query v1.1.5
[INFO] [stderr]     Checking postgres-protocol v0.6.12
[INFO] [stderr]     Checking hmac v0.12.1
[INFO] [stderr]     Checking ioctl-rs v0.1.6
[INFO] [stderr]     Checking serial-core v0.4.0
[INFO] [stderr]     Checking anstream v1.0.0
[INFO] [stderr]     Checking termios v0.2.2
[INFO] [stderr]     Checking clap_lex v1.1.0
[INFO] [stderr]     Checking strsim v0.11.1
[INFO] [stderr]     Checking hound v3.5.1
[INFO] [stderr]     Checking png v0.18.1
[INFO] [stderr]     Checking bitflags v1.3.2
[INFO] [stderr]     Checking serial-unix v0.4.0
[INFO] [stderr]     Checking nix v0.25.1
[INFO] [stderr]     Checking shell-words v1.1.1
[INFO] [stderr]     Checking metering v0.1.0 (/opt/rustwide/workdir/crates/metering)
[INFO] [stderr]     Checking serial v0.4.0
[INFO] [stderr]     Checking downcast-rs v1.2.1
[INFO] [stderr]     Checking clap_builder v4.6.0
[INFO] [stderr]     Checking postgres-types v0.2.14
[INFO] [stdout] warning: use of deprecated method `std::sync::atomic::Atomic::<u64>::fetch_update`: renamed to `try_update` for consistency
[INFO] [stdout]   --> crates/bounded-body/src/budget.rs:94:14
[INFO] [stdout]    |
[INFO] [stdout] 94 |             .fetch_update(Ordering::AcqRel, Ordering::Acquire, |used| {
[INFO] [stdout]    |              ^^^^^^^^^^^^
[INFO] [stdout]    |
[INFO] [stdout]    = note: `#[warn(deprecated)]` on by default
[INFO] [stdout] help: replace the use of the deprecated method
[INFO] [stdout]    |
[INFO] [stdout] 94 -             .fetch_update(Ordering::AcqRel, Ordering::Acquire, |used| {
[INFO] [stdout] 94 +             .try_update(Ordering::AcqRel, Ordering::Acquire, |used| {
[INFO] [stdout]    |
[INFO] [stdout] 
[INFO] [stdout] 
[INFO] [stderr]    Compiling regex v1.13.0
[INFO] [stderr]     Checking compression-codecs v0.4.38
[INFO] [stderr]     Checking ahash v0.8.12
[INFO] [stderr]     Checking ppv-lite86 v0.2.21
[INFO] [stderr]     Checking hashbrown v0.14.5
[INFO] [stderr]     Checking rand_chacha v0.9.0
[INFO] [stderr]     Checking rand v0.9.5
[INFO] [stderr]    Compiling synstructure v0.13.2
[INFO] [stderr]     Checking hashlink v0.9.1
[INFO] [stderr]    Compiling zeroize_derive v1.5.0
[INFO] [stderr]    Compiling tokio-macros v2.7.0
[INFO] [stderr]    Compiling zerovec-derive v0.11.3
[INFO] [stderr]    Compiling displaydoc v0.2.6
[INFO] [stderr]    Compiling futures-macro v0.3.32
[INFO] [stderr]    Compiling serde_derive v1.0.228
[INFO] [stderr]    Compiling der_derive v0.7.3
[INFO] [stderr]    Compiling async-trait v0.1.89
[INFO] [stderr]    Compiling thiserror-impl v1.0.69
[INFO] [stderr]    Compiling foreign-types-macros v0.2.3
[INFO] [stderr]    Compiling thiserror-impl v2.0.18
[INFO] [stderr]    Compiling openssl-macros v0.1.1
[INFO] [stderr]    Compiling clap_derive v4.6.1
[INFO] [stderr]    Compiling zerofrom-derive v0.1.7
[INFO] [stderr]    Compiling yoke-derive v0.8.2
[INFO] [stderr]     Checking zeroize v1.9.0
[INFO] [stderr]     Checking foreign-types v0.5.0
[INFO] [stderr]     Checking cipher v0.4.4
[INFO] [stderr]     Checking rustls-pki-types v1.15.0
[INFO] [stderr]     Checking futures-util v0.3.32
[INFO] [stderr]     Checking tokio v1.52.3
[INFO] [stderr]     Checking chacha20 v0.9.1
[INFO] [stderr]     Checking chacha20poly1305 v0.10.1
[INFO] [stderr]     Checking der v0.7.10
[INFO] [stderr]     Checking rustls-webpki v0.103.13
[INFO] [stderr]     Checking rustls-native-certs v0.8.4
[INFO] [stderr]     Checking zerofrom v0.1.8
[INFO] [stderr]     Checking webpki-roots v1.0.8
[INFO] [stderr]     Checking thiserror v1.0.69
[INFO] [stderr]     Checking filedescriptor v0.8.3
[INFO] [stderr]     Checking yoke v0.8.3
[INFO] [stderr]     Checking portable-pty v0.8.1
[INFO] [stderr]     Checking tungstenite v0.28.0
[INFO] [stderr]     Checking zerovec v0.11.6
[INFO] [stderr]     Checking zerotrie v0.2.4
[INFO] [stderr]     Checking spki v0.7.3
[INFO] [stderr]     Checking tinystr v0.8.3
[INFO] [stderr]     Checking potential_utf v0.1.5
[INFO] [stderr]     Checking icu_collections v2.2.0
[INFO] [stderr]     Checking x509-cert v0.2.5
[INFO] [stderr]     Checking icu_locale_core v2.2.0
[INFO] [stderr]     Checking clap v4.6.1
[INFO] [stderr]     Checking icu_provider v2.2.0
[INFO] [stderr]     Checking icu_properties v2.2.0
[INFO] [stderr]     Checking icu_normalizer v2.2.0
[INFO] [stderr]     Checking serde v1.0.228
[INFO] [stderr]     Checking serde_urlencoded v0.7.1
[INFO] [stderr]     Checking idna_adapter v1.2.2
[INFO] [stderr]     Checking idna v1.1.0
[INFO] [stderr]     Checking url v2.5.8
[INFO] [stderr]    Compiling btls-sys v0.5.6
[INFO] [stderr]     Checking tripo3d-credential v0.1.0 (/opt/rustwide/workdir/crates/tripo3d-credential)
[INFO] [stderr]     Checking kimi-credential v0.1.0 (/opt/rustwide/workdir/crates/kimi-credential)
[INFO] [stderr]     Checking glm-credential v0.1.0 (/opt/rustwide/workdir/crates/glm-credential)
[INFO] [stderr]     Checking suno-credential v0.1.0 (/opt/rustwide/workdir/crates/suno-credential)
[INFO] [stderr]     Checking codex-credential v0.1.0 (/opt/rustwide/workdir/crates/codex-credential)
[INFO] [stderr]     Checking gemini-credential v0.1.0 (/opt/rustwide/workdir/crates/gemini-credential)
[INFO] [stderr]     Checking tokio-util v0.7.18
[INFO] [stderr]     Checking tokio-rustls v0.26.4
[INFO] [stderr]     Checking tower v0.5.3
[INFO] [stderr]     Checking hyper v1.10.1
[INFO] [stderr]     Checking async-compression v0.4.42
[INFO] [stderr]     Checking tokio-socks v0.5.3
[INFO] [stderr]     Checking tokio-tungstenite v0.28.0
[INFO] [stderr]     Checking rusqlite v0.32.1
[INFO] [stderr]     Checking tokio-postgres v0.7.18
[INFO] [stderr]     Checking http2 v0.5.19
[INFO] [stderr]     Checking combine v4.6.7
[INFO] [stderr]     Checking tokio-stream v0.1.19
[INFO] [stderr]     Checking tower-http v0.6.11
[INFO] [stderr]     Checking hyper-util v0.1.20
[INFO] [stderr]     Checking wreq-proto v0.2.5
[INFO] [stderr]     Checking postgres v0.19.14
[INFO] [stderr]     Checking tokio-postgres-rustls v0.14.0
[INFO] [stderr]     Checking axum v0.8.9
[INFO] [stderr]     Checking hyper-rustls v0.27.9
[INFO] [stderr]     Checking reqwest v0.12.28
[INFO] [stderr]     Checking registry v0.1.0 (/opt/rustwide/workdir/crates/registry)
[INFO] [stderr]     Checking wreq-rt v0.2.2-rc.4
[INFO] [stderr]     Checking redis v1.4.1
[INFO] [stderr]     Checking pool v0.1.0 (/opt/rustwide/workdir/crates/pool)
[INFO] [stderr]     Checking claude-router v0.1.0 (/opt/rustwide/workdir/crates/router)
[INFO] [stderr]     Checking authbot v0.1.0 (/opt/rustwide/workdir/crates/authbot)
[INFO] [stdout] warning: use of deprecated method `std::sync::atomic::Atomic::<u64>::fetch_update`: renamed to `try_update` for consistency
[INFO] [stdout]    --> crates/router/src/metrics.rs:291:52
[INFO] [stdout]     |
[INFO] [stdout] 291 |         let _ = self.request_body_sum_bytes[index].fetch_update(
[INFO] [stdout]     |                                                    ^^^^^^^^^^^^
[INFO] [stdout]     |
[INFO] [stdout]     = note: `#[warn(deprecated)]` on by default
[INFO] [stdout] help: replace the use of the deprecated method
[INFO] [stdout]     |
[INFO] [stdout] 291 -         let _ = self.request_body_sum_bytes[index].fetch_update(
[INFO] [stdout] 291 +         let _ = self.request_body_sum_bytes[index].try_update(
[INFO] [stdout]     |
[INFO] [stdout] 
[INFO] [stdout] 
[INFO] [stdout] warning: use of deprecated method `std::sync::atomic::Atomic::<u64>::fetch_update`: renamed to `try_update` for consistency
[INFO] [stdout]    --> crates/router/src/metrics.rs:291:52
[INFO] [stdout]     |
[INFO] [stdout] 291 |         let _ = self.request_body_sum_bytes[index].fetch_update(
[INFO] [stdout]     |                                                    ^^^^^^^^^^^^
[INFO] [stdout]     |
[INFO] [stdout]     = note: `#[warn(deprecated)]` on by default
[INFO] [stdout] help: replace the use of the deprecated method
[INFO] [stdout]     |
[INFO] [stdout] 291 -         let _ = self.request_body_sum_bytes[index].fetch_update(
[INFO] [stdout] 291 +         let _ = self.request_body_sum_bytes[index].try_update(
[INFO] [stdout]     |
[INFO] [stdout] 
[INFO] [stdout] 
[INFO] [stdout] warning: method `lane` is never used
[INFO] [stdout]   --> crates/router/src/catalog.rs:85:12
[INFO] [stdout]    |
[INFO] [stdout] 72 | impl Plane {
[INFO] [stdout]    | ---------- method in this implementation
[INFO] [stdout] ...
[INFO] [stdout] 85 |     pub fn lane(self) -> Lane {
[INFO] [stdout]    |            ^^^^
[INFO] [stdout]    |
[INFO] [stdout]    = note: `#[warn(dead_code)]` (part of `#[warn(unused)]`) on by default
[INFO] [stdout] 
[INFO] [stdout] 
[INFO] [stdout] warning: function `namespace_lane` is never used
[INFO] [stdout]    --> crates/router/src/catalog.rs:126:15
[INFO] [stdout]     |
[INFO] [stdout] 126 | pub(crate) fn namespace_lane(model: &str) -> Option<Lane> {
[INFO] [stdout]     |               ^^^^^^^^^^^^^^
[INFO] [stdout] 
[INFO] [stdout] 
[INFO] [stdout] warning: unused variable: `la`
[INFO] [stdout]     --> crates/router/src/tests.rs:3089:10
[INFO] [stdout]      |
[INFO] [stdout] 3089 |     let (la, lo, lg) = (
[INFO] [stdout]      |          ^^ help: if this is intentional, prefix it with an underscore: `_la`
[INFO] [stdout]      |
[INFO] [stdout]      = note: `#[warn(unused_variables)]` (part of `#[warn(unused)]`) on by default
[INFO] [stdout] 
[INFO] [stdout] 
[INFO] [stdout] warning: unused variable: `lo`
[INFO] [stdout]     --> crates/router/src/tests.rs:3089:14
[INFO] [stdout]      |
[INFO] [stdout] 3089 |     let (la, lo, lg) = (
[INFO] [stdout]      |              ^^ help: if this is intentional, prefix it with an underscore: `_lo`
[INFO] [stdout] 
[INFO] [stdout] 
[INFO] [stdout] warning: unused variable: `lg`
[INFO] [stdout]     --> crates/router/src/tests.rs:3089:18
[INFO] [stdout]      |
[INFO] [stdout] 3089 |     let (la, lo, lg) = (
[INFO] [stdout]      |                  ^^ help: if this is intentional, prefix it with an underscore: `_lg`
[INFO] [stdout] 
[INFO] [stdout] 
[INFO] [stderr] error: could not compile `authbot` (bin "authbot" test)
[INFO] [stderr] 
[INFO] [stderr] Caused by:
[INFO] [stderr]   process didn't exit successfully: `/opt/rustwide/rustup-home/toolchains/3154cc1a3e6424e44f438a95007d043ed5ceaaf6/bin/rustc --crate-name authbot --edition=2021 crates/authbot/src/main.rs --error-format=json --json=diagnostic-rendered-ansi,artifacts,future-incompat,unused-externs-silent --emit=dep-info,metadata -C embed-bitcode=no -C debuginfo=2 --test --check-cfg 'cfg(docsrs,test)' --check-cfg 'cfg(feature, values())' -C metadata=02e09d23f238f1de -C extra-filename=-bb0f74ff4f71187a --out-dir /opt/rustwide/target/debug/build/authbot/bb0f74ff4f71187a/out -L dependency=/opt/rustwide/target/debug/build/adler2/146a96abf593f074/out -L dependency=/opt/rustwide/target/debug/build/aead/39a5bc3dca1c4848/out -L dependency=/opt/rustwide/target/debug/build/ahash/adfac427cef9795f/out -L dependency=/opt/rustwide/target/debug/build/alloc-no-stdlib/d0275f613220f52b/out -L dependency=/opt/rustwide/target/debug/build/alloc-stdlib/556925a7212869b5/out -L dependency=/opt/rustwide/target/debug/build/anyhow/215e9e70762e0ea5/out -L dependency=/opt/rustwide/target/debug/build/async-compression/5664e70edd295ab6/out -L dependency=/opt/rustwide/target/debug/build/async-trait/fea575beb239a5d1/out -L dependency=/opt/rustwide/target/debug/build/atomic-waker/da9535de70c6dc9f/out -L dependency=/opt/rustwide/target/debug/build/axum-core/dc25d168464c9cf9/out -L dependency=/opt/rustwide/target/debug/build/base64/1197ac9fab90ee7e/out -L dependency=/opt/rustwide/target/debug/build/bitflags/4a593924a27e823c/out -L dependency=/opt/rustwide/target/debug/build/bitflags/b0e6217d4d7090bf/out -L dependency=/opt/rustwide/target/debug/build/block-buffer/47af093dfe9b86d7/out -L dependency=/opt/rustwide/target/debug/build/block-buffer/b17283ba01156830/out -L dependency=/opt/rustwide/target/debug/build/brotli-decompressor/bbecfcfb0e19fbe1/out -L dependency=/opt/rustwide/target/debug/build/brotli/143822d67594148c/out -L dependency=/opt/rustwide/target/debug/build/byteorder/1faabe2fe6089cfe/out -L dependency=/opt/rustwide/target/debug/build/bytes/0a99efe9a33d2eab/out -L dependency=/opt/rustwide/target/debug/build/cfg-if/455a21b2886a1534/out -L dependency=/opt/rustwide/target/debug/build/chacha20/13dc367f11a45c0a/out -L dependency=/opt/rustwide/target/debug/build/chacha20/2897f96a8d6baeec/out -L dependency=/opt/rustwide/target/debug/build/chacha20poly1305/0fa1e1fe39a82dce/out -L dependency=/opt/rustwide/target/debug/build/cipher/fd809868e2802ed3/out -L dependency=/opt/rustwide/target/debug/build/cmov/8237b69c459333ea/out -L dependency=/opt/rustwide/target/debug/build/compression-codecs/c38122dbfc5cb2af/out -L dependency=/opt/rustwide/target/debug/build/compression-core/25df6d9fc5b9ca3c/out -L dependency=/opt/rustwide/target/debug/build/const-oid/02f2d35a0283f9f0/out -L dependency=/opt/rustwide/target/debug/build/const-oid/9eee41587642210e/out -L dependency=/opt/rustwide/target/debug/build/cpufeatures/1dc4fc21797f1e07/out -L dependency=/opt/rustwide/target/debug/build/cpufeatures/d69d304f9ccab94d/out -L dependency=/opt/rustwide/target/debug/build/crc32fast/59b7cdb19678a957/out -L dependency=/opt/rustwide/target/debug/build/crypto-common/5d4d53b0beb39e91/out -L dependency=/opt/rustwide/target/debug/build/crypto-common/f1ff41b635cd07af/out -L dependency=/opt/rustwide/target/debug/build/ctutils/7636292f23b98692/out -L dependency=/opt/rustwide/target/debug/build/der/fefb034c3e5af9a2/out -L dependency=/opt/rustwide/target/debug/build/der_derive/ece6b05afe1ec767/out -L dependency=/opt/rustwide/target/debug/build/digest/0896024843104528/out -L dependency=/opt/rustwide/target/debug/build/digest/96c922c1069f3b26/out -L dependency=/opt/rustwide/target/debug/build/displaydoc/aecfb1abd3556f60/out -L dependency=/opt/rustwide/target/debug/build/downcast-rs/9ab9982e476dee24/out -L dependency=/opt/rustwide/target/debug/build/elog/9e7c6b8b831dc86f/out -L dependency=/opt/rustwide/target/debug/build/encoding_rs/2d47d0f786b9d762/out -L dependency=/opt/rustwide/target/debug/build/errno/31d4ef116c555eb4/out -L dependency=/opt/rustwide/target/debug/build/fallible-iterator/c6de0cd09fc44920/out -L dependency=/opt/rustwide/target/debug/build/fallible-iterator/d3468cf22870a35f/out -L dependency=/opt/rustwide/target/debug/build/fallible-streaming-iterator/04fb794c84e1cd46/out -L dependency=/opt/rustwide/target/debug/build/filedescriptor/3ed3832b3e22e544/out -L dependency=/opt/rustwide/target/debug/build/flagset/dad376f4ae4aadb8/out -L dependency=/opt/rustwide/target/debug/build/flate2/e488dca88ccecac3/out -L dependency=/opt/rustwide/target/debug/build/form_urlencoded/8558270de8c5e9db/out -L dependency=/opt/rustwide/target/debug/build/futures-channel/ba6f2494d55c8220/out -L dependency=/opt/rustwide/target/debug/build/futures-core/89fee0d3b513deab/out -L dependency=/opt/rustwide/target/debug/build/futures-macro/a44d90ce56227408/out -L dependency=/opt/rustwide/target/debug/build/futures-sink/3cdbe8959412e9c3/out -L dependency=/opt/rustwide/target/debug/build/futures-task/103084c53ef37604/out -L dependency=/opt/rustwide/target/debug/build/futures-util/f97bf5f2912ae48a/out -L dependency=/opt/rustwide/target/debug/build/generic-array/3e98dc20fa7cd281/out -L dependency=/opt/rustwide/target/debug/build/getrandom/04ad32c0b938751f/out -L dependency=/opt/rustwide/target/debug/build/getrandom/128cf9fd54549fbb/out -L dependency=/opt/rustwide/target/debug/build/getrandom/4cbeaae9d4c65cea/out -L dependency=/opt/rustwide/target/debug/build/hashbrown/a5f21488132f259d/out -L dependency=/opt/rustwide/target/debug/build/hashlink/3549f341a6a70ef8/out -L dependency=/opt/rustwide/target/debug/build/hmac/8bfa5daff07e8719/out -L dependency=/opt/rustwide/target/debug/build/http-body-util/0f95698dfee206e8/out -L dependency=/opt/rustwide/target/debug/build/http-body/df57159577c52f7a/out -L dependency=/opt/rustwide/target/debug/build/http/301bb6d1d7dda910/out -L dependency=/opt/rustwide/target/debug/build/httparse/76e96eecfa617739/out -L dependency=/opt/rustwide/target/debug/build/httpdate/b5025f4ba65bacc8/out -L dependency=/opt/rustwide/target/debug/build/hybrid-array/b549d1ea40d5b773/out -L dependency=/opt/rustwide/target/debug/build/hyper-rustls/9285df49ff5df9f6/out -L dependency=/opt/rustwide/target/debug/build/hyper-util/edfb04c2395ace7b/out -L dependency=/opt/rustwide/target/debug/build/hyper/a5e1753c47ac78ca/out -L dependency=/opt/rustwide/target/debug/build/icu_collections/e15156df380a6cf0/out -L dependency=/opt/rustwide/target/debug/build/icu_locale_core/41bfc1a7fd3492fe/out -L dependency=/opt/rustwide/target/debug/build/icu_normalizer/fd60d397d559aa0f/out -L dependency=/opt/rustwide/target/debug/build/icu_normalizer_data/2044323167a29de8/out -L dependency=/opt/rustwide/target/debug/build/icu_properties/3edede33e3655749/out -L dependency=/opt/rustwide/target/debug/build/icu_properties_data/2f014232ea9057bb/out -L dependency=/opt/rustwide/target/debug/build/icu_provider/79339dd2b193674a/out -L dependency=/opt/rustwide/target/debug/build/idna/6eabea34d3db2546/out -L dependency=/opt/rustwide/target/debug/build/idna_adapter/223e67344444f290/out -L dependency=/opt/rustwide/target/debug/build/inout/b5d8236a62d4febd/out -L dependency=/opt/rustwide/target/debug/build/ioctl-rs/3b2bc6ae548e5224/out -L dependency=/opt/rustwide/target/debug/build/ipnet/fe4152cb2bd55d29/out -L dependency=/opt/rustwide/target/debug/build/itoa/9757112bd9972718/out -L dependency=/opt/rustwide/target/debug/build/libc/3bd0ba84fcbcedd3/out -L dependency=/opt/rustwide/target/debug/build/libsqlite3-sys/2af0b5356670d516/out -L dependency=/opt/rustwide/target/debug/build/litemap/31f59ce7663cfafe/out -L dependency=/opt/rustwide/target/debug/build/lock_api/497c3c4b546acad3/out -L dependency=/opt/rustwide/target/debug/build/log/a82153776ac6715c/out -L dependency=/opt/rustwide/target/debug/build/matchit/29be1edda9b2fc61/out -L dependency=/opt/rustwide/target/debug/build/md-5/cf858c626ae9b2ab/out -L dependency=/opt/rustwide/target/debug/build/memchr/1dee75255e878028/out -L dependency=/opt/rustwide/target/debug/build/memoffset/ead40ecf080a21d6/out -L dependency=/opt/rustwide/target/debug/build/mime/ee7da7d8bd74decc/out -L dependency=/opt/rustwide/target/debug/build/mime_guess/91bc21f39e6aed54/out -L dependency=/opt/rustwide/target/debug/build/miniz_oxide/962a1d3258546283/out -L dependency=/opt/rustwide/target/debug/build/mio/e93358955c094a55/out -L dependency=/opt/rustwide/target/debug/build/multer/38fd34ec6903ee47/out -L dependency=/opt/rustwide/target/debug/build/nix/2da30115654436bd/out -L dependency=/opt/rustwide/target/debug/build/once_cell/c3517054d55a7dff/out -L dependency=/opt/rustwide/target/debug/build/opaque-debug/eb419a8313c052e0/out -L dependency=/opt/rustwide/target/debug/build/openssl-probe/a5326edbaaf90049/out -L dependency=/opt/rustwide/target/debug/build/parking_lot/dee51274d35707bc/out -L dependency=/opt/rustwide/target/debug/build/parking_lot_core/b24772aec05c8a69/out -L dependency=/opt/rustwide/target/debug/build/percent-encoding/528721a9f54dc4b1/out -L dependency=/opt/rustwide/target/debug/build/phf/7a6e5c98db911863/out -L dependency=/opt/rustwide/target/debug/build/phf_shared/a6d66b9c992e08a2/out -L dependency=/opt/rustwide/target/debug/build/pin-project-lite/bc36f7de3f04be06/out -L dependency=/opt/rustwide/target/debug/build/pin-utils/878ed655ba41bb46/out -L dependency=/opt/rustwide/target/debug/build/poly1305/abb190b89590f9ae/out -L dependency=/opt/rustwide/target/debug/build/postgres-protocol/af4bfe5ec0ae9eed/out -L dependency=/opt/rustwide/target/debug/build/postgres-types/9bafa551e44f238d/out -L dependency=/opt/rustwide/target/debug/build/postgres/58b12c1a2cdc17ba/out -L dependency=/opt/rustwide/target/debug/build/potential_utf/cb655bb06b23e487/out -L dependency=/opt/rustwide/target/debug/build/rand/e044bb4c65998ba0/out -L dependency=/opt/rustwide/target/debug/build/rand_core/790bef9d05f5e688/out -L dependency=/opt/rustwide/target/debug/build/rand_core/988df05ac7b21291/out -L dependency=/opt/rustwide/target/debug/build/ring/06994ae40827394d/out -L dependency=/opt/rustwide/target/debug/build/rusqlite/d222d00a47ee746c/out -L dependency=/opt/rustwide/target/debug/build/rustls-native-certs/3b02b6c14be82b83/out -L dependency=/opt/rustwide/target/debug/build/rustls-pki-types/7489cef2e8f38270/out -L dependency=/opt/rustwide/target/debug/build/rustls-webpki/2338c15376080aeb/out -L dependency=/opt/rustwide/target/debug/build/rustls/8bce3c301eb6ecb1/out -L dependency=/opt/rustwide/target/debug/build/ryu/659b25542bb7dde0/out -L dependency=/opt/rustwide/target/debug/build/scopeguard/2eedc5e742d791e6/out -L dependency=/opt/rustwide/target/debug/build/serde/6540a9f0a2f4b58b/out -L dependency=/opt/rustwide/target/debug/build/serde_core/b88ca56ac27c3fe3/out -L dependency=/opt/rustwide/target/debug/build/serde_derive/7b03619bd4c77130/out -L dependency=/opt/rustwide/target/debug/build/serde_json/39ef15f2b573b9ff/out -L dependency=/opt/rustwide/target/debug/build/serde_path_to_error/660df5f856880d84/out -L dependency=/opt/rustwide/target/debug/build/serde_urlencoded/05c7ce5b23e0689e/out -L dependency=/opt/rustwide/target/debug/build/serial-core/2f6b800e2a730785/out -L dependency=/opt/rustwide/target/debug/build/serial-unix/a9a149ffd4497c1e/out -L dependency=/opt/rustwide/target/debug/build/serial/33c330c5132f7c04/out -L dependency=/opt/rustwide/target/debug/build/sha2/b5f3b475c5974929/out -L dependency=/opt/rustwide/target/debug/build/sha2/e64747778f218778/out -L dependency=/opt/rustwide/target/debug/build/shell-words/84b970cc8da27d4a/out -L dependency=/opt/rustwide/target/debug/build/signal-hook-registry/7cef622abdc88965/out -L dependency=/opt/rustwide/target/debug/build/simd-adler32/160b95aaacee30ff/out -L dependency=/opt/rustwide/target/debug/build/siphasher/d16b28d9a15bbb10/out -L dependency=/opt/rustwide/target/debug/build/slab/99d98220a54c26d9/out -L dependency=/opt/rustwide/target/debug/build/smallvec/6a297f3c50a8ac22/out -L dependency=/opt/rustwide/target/debug/build/socket2/f950e0dad27fa24b/out -L dependency=/opt/rustwide/target/debug/build/spin/99ede603e03463a2/out -L dependency=/opt/rustwide/target/debug/build/spki/228fa0d91a23820f/out -L dependency=/opt/rustwide/target/debug/build/stable_deref_trait/5d0e5045ac141f4e/out -L dependency=/opt/rustwide/target/debug/build/stringprep/18a16f8e0db47417/out -L dependency=/opt/rustwide/target/debug/build/subtle/8f505b5194b43595/out -L dependency=/opt/rustwide/target/debug/build/sync_wrapper/43c831aa380be6d2/out -L dependency=/opt/rustwide/target/debug/build/termios/d5b1ed43c63e1cbd/out -L dependency=/opt/rustwide/target/debug/build/thiserror-impl/51a5bd56bcc8983e/out -L dependency=/opt/rustwide/target/debug/build/thiserror/af7689d166644e66/out -L dependency=/opt/rustwide/target/debug/build/tinystr/98e56f4c3cc43f0d/out -L dependency=/opt/rustwide/target/debug/build/tinyvec/f4137735912fdf1d/out -L dependency=/opt/rustwide/target/debug/build/tinyvec_macros/124a72ced85adfc8/out -L dependency=/opt/rustwide/target/debug/build/tokio-macros/f3ce7d19eaa18730/out -L dependency=/opt/rustwide/target/debug/build/tokio-postgres-rustls/74febb7cf7f4ae3e/out -L dependency=/opt/rustwide/target/debug/build/tokio-postgres/b84c451816f65df9/out -L dependency=/opt/rustwide/target/debug/build/tokio-rustls/67388ad4ac68526d/out -L dependency=/opt/rustwide/target/debug/build/tokio-util/242a60a61f49b2ea/out -L dependency=/opt/rustwide/target/debug/build/tokio/a81475be9e145285/out -L dependency=/opt/rustwide/target/debug/build/tower-http/f36169c48c8b5e1e/out -L dependency=/opt/rustwide/target/debug/build/tower-layer/18253f72d6097d72/out -L dependency=/opt/rustwide/target/debug/build/tower-service/f067f85429613f02/out -L dependency=/opt/rustwide/target/debug/build/tower/a5e66d38f1991e1d/out -L dependency=/opt/rustwide/target/debug/build/tracing-core/0e2cacd9b61aa4fe/out -L dependency=/opt/rustwide/target/debug/build/tracing/84d0ba14ce7d99ec/out -L dependency=/opt/rustwide/target/debug/build/try-lock/2456ef037cb93cd8/out -L dependency=/opt/rustwide/target/debug/build/typenum/b4ecb8bd4c48de35/out -L dependency=/opt/rustwide/target/debug/build/unicase/a72f21564edb58b5/out -L dependency=/opt/rustwide/target/debug/build/unicode-bidi/e6a44fee9b108b41/out -L dependency=/opt/rustwide/target/debug/build/unicode-normalization/ede61dcecbbca09e/out -L dependency=/opt/rustwide/target/debug/build/unicode-properties/b1e03a76fa6d9b14/out -L dependency=/opt/rustwide/target/debug/build/universal-hash/b807094462b85d64/out -L dependency=/opt/rustwide/target/debug/build/untrusted/6fab01473f7c0eb0/out -L dependency=/opt/rustwide/target/debug/build/url/b3c2e3e85a441c64/out -L dependency=/opt/rustwide/target/debug/build/utf8_iter/2a9a14295c98e961/out -L dependency=/opt/rustwide/target/debug/build/want/02f6f2e86f12f8db/out -L dependency=/opt/rustwide/target/debug/build/webpki-roots/d8165a1921fc1b43/out -L dependency=/opt/rustwide/target/debug/build/whoami/aeabea1c95a96e09/out -L dependency=/opt/rustwide/target/debug/build/writeable/5ebacb8f45d0e991/out -L dependency=/opt/rustwide/target/debug/build/x509-cert/e4de1192bdf114a8/out -L dependency=/opt/rustwide/target/debug/build/yoke-derive/f753a47145273940/out -L dependency=/opt/rustwide/target/debug/build/yoke/f68391c028425630/out -L dependency=/opt/rustwide/target/debug/build/zerocopy/db6287c3304e89c9/out -L dependency=/opt/rustwide/target/debug/build/zerofrom-derive/538e446b1111170c/out -L dependency=/opt/rustwide/target/debug/build/zerofrom/a3d78ecc5e621a5c/out -L dependency=/opt/rustwide/target/debug/build/zeroize/1ad88eab74893215/out -L dependency=/opt/rustwide/target/debug/build/zeroize_derive/9962cc41276e6e4a/out -L dependency=/opt/rustwide/target/debug/build/zerotrie/7ddbe96542e67ae8/out -L dependency=/opt/rustwide/target/debug/build/zerovec-derive/17e9580e157bb8a2/out -L dependency=/opt/rustwide/target/debug/build/zerovec/5fc0e3de3b69c78c/out -L dependency=/opt/rustwide/target/debug/build/zmij/afe435487bf78507/out --extern anyhow=/opt/rustwide/target/debug/build/anyhow/215e9e70762e0ea5/out/libanyhow-215e9e70762e0ea5.rmeta --extern axum=/opt/rustwide/target/debug/build/axum/8d73a269ce6e4921/out/libaxum-8d73a269ce6e4921.rmeta --extern base64=/opt/rustwide/target/debug/build/base64/1197ac9fab90ee7e/out/libbase64-1197ac9fab90ee7e.rmeta --extern codex_credential=/opt/rustwide/target/debug/build/codex-credential/86b5b268889870c5/out/libcodex_credential-86b5b268889870c5.rmeta --extern elog=/opt/rustwide/target/debug/build/elog/9e7c6b8b831dc86f/out/libelog-9e7c6b8b831dc86f.rmeta --extern futures_util=/opt/rustwide/target/debug/build/futures-util/f97bf5f2912ae48a/out/libfutures_util-f97bf5f2912ae48a.rmeta --extern gemini_credential=/opt/rustwide/target/debug/build/gemini-credential/1d22f8c4907651cb/out/libgemini_credential-1d22f8c4907651cb.rmeta --extern getrandom=/opt/rustwide/target/debug/build/getrandom/128cf9fd54549fbb/out/libgetrandom-128cf9fd54549fbb.rmeta --extern glm_credential=/opt/rustwide/target/debug/build/glm-credential/383a02ea36f469b5/out/libglm_credential-383a02ea36f469b5.rmeta --extern kimi_credential=/opt/rustwide/target/debug/build/kimi-credential/bbc70582c3651753/out/libkimi_credential-bbc70582c3651753.rmeta --extern libc=/opt/rustwide/target/debug/build/libc/3bd0ba84fcbcedd3/out/liblibc-3bd0ba84fcbcedd3.rmeta --extern portable_pty=/opt/rustwide/target/debug/build/portable-pty/fe689148ca2390e2/out/libportable_pty-fe689148ca2390e2.rmeta --extern registry=/opt/rustwide/target/debug/build/registry/ad4c47c16ef678bf/out/libregistry-ad4c47c16ef678bf.rmeta --extern reqwest=/opt/rustwide/target/debug/build/reqwest/6fd363f40edf6d5e/out/libreqwest-6fd363f40edf6d5e.rmeta --extern rusqlite=/opt/rustwide/target/debug/build/rusqlite/d222d00a47ee746c/out/librusqlite-d222d00a47ee746c.rmeta --extern serde=/opt/rustwide/target/debug/build/serde/6540a9f0a2f4b58b/out/libserde-6540a9f0a2f4b58b.rmeta --extern serde_json=/opt/rustwide/target/debug/build/serde_json/39ef15f2b573b9ff/out/libserde_json-39ef15f2b573b9ff.rmeta --extern serde_urlencoded=/opt/rustwide/target/debug/build/serde_urlencoded/05c7ce5b23e0689e/out/libserde_urlencoded-05c7ce5b23e0689e.rmeta --extern sha2=/opt/rustwide/target/debug/build/sha2/b5f3b475c5974929/out/libsha2-b5f3b475c5974929.rmeta --extern suno_credential=/opt/rustwide/target/debug/build/suno-credential/3d8ab26354a131cd/out/libsuno_credential-3d8ab26354a131cd.rmeta --extern tokio=/opt/rustwide/target/debug/build/tokio/a81475be9e145285/out/libtokio-a81475be9e145285.rmeta --extern tripo3d_credential=/opt/rustwide/target/debug/build/tripo3d-credential/897a4f404dcafa36/out/libtripo3d_credential-897a4f404dcafa36.rmeta --extern zeroize=/opt/rustwide/target/debug/build/zeroize/1ad88eab74893215/out/libzeroize-1ad88eab74893215.rmeta --cap-lints=forbid -Znext-solver=coherence --force-warn=unused_crate_dependencies -L native=/opt/rustwide/target/debug/build/libsqlite3-sys/0f976468aaf3d8a9/out -L native=/opt/rustwide/target/debug/build/ring/cbee5fe280c0ced1/out` (signal: 9, SIGKILL: kill)
[INFO] [stderr] warning: build failed, waiting for other jobs to finish...
[INFO] [stderr] error: could not compile `authbot` (bin "authbot")
[INFO] [stderr] 
[INFO] [stderr] Caused by:
[INFO] [stderr]   process didn't exit successfully: `/opt/rustwide/rustup-home/toolchains/3154cc1a3e6424e44f438a95007d043ed5ceaaf6/bin/rustc --crate-name authbot --edition=2021 crates/authbot/src/main.rs --error-format=json --json=diagnostic-rendered-ansi,artifacts,future-incompat,unused-externs-silent --crate-type bin --emit=dep-info,metadata -C embed-bitcode=no -C debuginfo=2 --check-cfg 'cfg(docsrs,test)' --check-cfg 'cfg(feature, values())' -C metadata=4c038a77072953cc -C extra-filename=-c373f076d65915c6 --out-dir /opt/rustwide/target/debug/build/authbot/c373f076d65915c6/out -L dependency=/opt/rustwide/target/debug/build/adler2/146a96abf593f074/out -L dependency=/opt/rustwide/target/debug/build/aead/39a5bc3dca1c4848/out -L dependency=/opt/rustwide/target/debug/build/ahash/adfac427cef9795f/out -L dependency=/opt/rustwide/target/debug/build/alloc-no-stdlib/d0275f613220f52b/out -L dependency=/opt/rustwide/target/debug/build/alloc-stdlib/556925a7212869b5/out -L dependency=/opt/rustwide/target/debug/build/anyhow/215e9e70762e0ea5/out -L dependency=/opt/rustwide/target/debug/build/async-compression/5664e70edd295ab6/out -L dependency=/opt/rustwide/target/debug/build/async-trait/fea575beb239a5d1/out -L dependency=/opt/rustwide/target/debug/build/atomic-waker/da9535de70c6dc9f/out -L dependency=/opt/rustwide/target/debug/build/axum-core/dc25d168464c9cf9/out -L dependency=/opt/rustwide/target/debug/build/base64/1197ac9fab90ee7e/out -L dependency=/opt/rustwide/target/debug/build/bitflags/4a593924a27e823c/out -L dependency=/opt/rustwide/target/debug/build/bitflags/b0e6217d4d7090bf/out -L dependency=/opt/rustwide/target/debug/build/block-buffer/47af093dfe9b86d7/out -L dependency=/opt/rustwide/target/debug/build/block-buffer/b17283ba01156830/out -L dependency=/opt/rustwide/target/debug/build/brotli-decompressor/bbecfcfb0e19fbe1/out -L dependency=/opt/rustwide/target/debug/build/brotli/143822d67594148c/out -L dependency=/opt/rustwide/target/debug/build/byteorder/1faabe2fe6089cfe/out -L dependency=/opt/rustwide/target/debug/build/bytes/0a99efe9a33d2eab/out -L dependency=/opt/rustwide/target/debug/build/cfg-if/455a21b2886a1534/out -L dependency=/opt/rustwide/target/debug/build/chacha20/13dc367f11a45c0a/out -L dependency=/opt/rustwide/target/debug/build/chacha20/2897f96a8d6baeec/out -L dependency=/opt/rustwide/target/debug/build/chacha20poly1305/0fa1e1fe39a82dce/out -L dependency=/opt/rustwide/target/debug/build/cipher/fd809868e2802ed3/out -L dependency=/opt/rustwide/target/debug/build/cmov/8237b69c459333ea/out -L dependency=/opt/rustwide/target/debug/build/compression-codecs/c38122dbfc5cb2af/out -L dependency=/opt/rustwide/target/debug/build/compression-core/25df6d9fc5b9ca3c/out -L dependency=/opt/rustwide/target/debug/build/const-oid/02f2d35a0283f9f0/out -L dependency=/opt/rustwide/target/debug/build/const-oid/9eee41587642210e/out -L dependency=/opt/rustwide/target/debug/build/cpufeatures/1dc4fc21797f1e07/out -L dependency=/opt/rustwide/target/debug/build/cpufeatures/d69d304f9ccab94d/out -L dependency=/opt/rustwide/target/debug/build/crc32fast/59b7cdb19678a957/out -L dependency=/opt/rustwide/target/debug/build/crypto-common/5d4d53b0beb39e91/out -L dependency=/opt/rustwide/target/debug/build/crypto-common/f1ff41b635cd07af/out -L dependency=/opt/rustwide/target/debug/build/ctutils/7636292f23b98692/out -L dependency=/opt/rustwide/target/debug/build/der/fefb034c3e5af9a2/out -L dependency=/opt/rustwide/target/debug/build/der_derive/ece6b05afe1ec767/out -L dependency=/opt/rustwide/target/debug/build/digest/0896024843104528/out -L dependency=/opt/rustwide/target/debug/build/digest/96c922c1069f3b26/out -L dependency=/opt/rustwide/target/debug/build/displaydoc/aecfb1abd3556f60/out -L dependency=/opt/rustwide/target/debug/build/downcast-rs/9ab9982e476dee24/out -L dependency=/opt/rustwide/target/debug/build/elog/9e7c6b8b831dc86f/out -L dependency=/opt/rustwide/target/debug/build/encoding_rs/2d47d0f786b9d762/out -L dependency=/opt/rustwide/target/debug/build/errno/31d4ef116c555eb4/out -L dependency=/opt/rustwide/target/debug/build/fallible-iterator/c6de0cd09fc44920/out -L dependency=/opt/rustwide/target/debug/build/fallible-iterator/d3468cf22870a35f/out -L dependency=/opt/rustwide/target/debug/build/fallible-streaming-iterator/04fb794c84e1cd46/out -L dependency=/opt/rustwide/target/debug/build/filedescriptor/3ed3832b3e22e544/out -L dependency=/opt/rustwide/target/debug/build/flagset/dad376f4ae4aadb8/out -L dependency=/opt/rustwide/target/debug/build/flate2/e488dca88ccecac3/out -L dependency=/opt/rustwide/target/debug/build/form_urlencoded/8558270de8c5e9db/out -L dependency=/opt/rustwide/target/debug/build/futures-channel/ba6f2494d55c8220/out -L dependency=/opt/rustwide/target/debug/build/futures-core/89fee0d3b513deab/out -L dependency=/opt/rustwide/target/debug/build/futures-macro/a44d90ce56227408/out -L dependency=/opt/rustwide/target/debug/build/futures-sink/3cdbe8959412e9c3/out -L dependency=/opt/rustwide/target/debug/build/futures-task/103084c53ef37604/out -L dependency=/opt/rustwide/target/debug/build/futures-util/f97bf5f2912ae48a/out -L dependency=/opt/rustwide/target/debug/build/generic-array/3e98dc20fa7cd281/out -L dependency=/opt/rustwide/target/debug/build/getrandom/04ad32c0b938751f/out -L dependency=/opt/rustwide/target/debug/build/getrandom/128cf9fd54549fbb/out -L dependency=/opt/rustwide/target/debug/build/getrandom/4cbeaae9d4c65cea/out -L dependency=/opt/rustwide/target/debug/build/hashbrown/a5f21488132f259d/out -L dependency=/opt/rustwide/target/debug/build/hashlink/3549f341a6a70ef8/out -L dependency=/opt/rustwide/target/debug/build/hmac/8bfa5daff07e8719/out -L dependency=/opt/rustwide/target/debug/build/http-body-util/0f95698dfee206e8/out -L dependency=/opt/rustwide/target/debug/build/http-body/df57159577c52f7a/out -L dependency=/opt/rustwide/target/debug/build/http/301bb6d1d7dda910/out -L dependency=/opt/rustwide/target/debug/build/httparse/76e96eecfa617739/out -L dependency=/opt/rustwide/target/debug/build/httpdate/b5025f4ba65bacc8/out -L dependency=/opt/rustwide/target/debug/build/hybrid-array/b549d1ea40d5b773/out -L dependency=/opt/rustwide/target/debug/build/hyper-rustls/9285df49ff5df9f6/out -L dependency=/opt/rustwide/target/debug/build/hyper-util/edfb04c2395ace7b/out -L dependency=/opt/rustwide/target/debug/build/hyper/a5e1753c47ac78ca/out -L dependency=/opt/rustwide/target/debug/build/icu_collections/e15156df380a6cf0/out -L dependency=/opt/rustwide/target/debug/build/icu_locale_core/41bfc1a7fd3492fe/out -L dependency=/opt/rustwide/target/debug/build/icu_normalizer/fd60d397d559aa0f/out -L dependency=/opt/rustwide/target/debug/build/icu_normalizer_data/2044323167a29de8/out -L dependency=/opt/rustwide/target/debug/build/icu_properties/3edede33e3655749/out -L dependency=/opt/rustwide/target/debug/build/icu_properties_data/2f014232ea9057bb/out -L dependency=/opt/rustwide/target/debug/build/icu_provider/79339dd2b193674a/out -L dependency=/opt/rustwide/target/debug/build/idna/6eabea34d3db2546/out -L dependency=/opt/rustwide/target/debug/build/idna_adapter/223e67344444f290/out -L dependency=/opt/rustwide/target/debug/build/inout/b5d8236a62d4febd/out -L dependency=/opt/rustwide/target/debug/build/ioctl-rs/3b2bc6ae548e5224/out -L dependency=/opt/rustwide/target/debug/build/ipnet/fe4152cb2bd55d29/out -L dependency=/opt/rustwide/target/debug/build/itoa/9757112bd9972718/out -L dependency=/opt/rustwide/target/debug/build/libc/3bd0ba84fcbcedd3/out -L dependency=/opt/rustwide/target/debug/build/libsqlite3-sys/2af0b5356670d516/out -L dependency=/opt/rustwide/target/debug/build/litemap/31f59ce7663cfafe/out -L dependency=/opt/rustwide/target/debug/build/lock_api/497c3c4b546acad3/out -L dependency=/opt/rustwide/target/debug/build/log/a82153776ac6715c/out -L dependency=/opt/rustwide/target/debug/build/matchit/29be1edda9b2fc61/out -L dependency=/opt/rustwide/target/debug/build/md-5/cf858c626ae9b2ab/out -L dependency=/opt/rustwide/target/debug/build/memchr/1dee75255e878028/out -L dependency=/opt/rustwide/target/debug/build/memoffset/ead40ecf080a21d6/out -L dependency=/opt/rustwide/target/debug/build/mime/ee7da7d8bd74decc/out -L dependency=/opt/rustwide/target/debug/build/mime_guess/91bc21f39e6aed54/out -L dependency=/opt/rustwide/target/debug/build/miniz_oxide/962a1d3258546283/out -L dependency=/opt/rustwide/target/debug/build/mio/e93358955c094a55/out -L dependency=/opt/rustwide/target/debug/build/multer/38fd34ec6903ee47/out -L dependency=/opt/rustwide/target/debug/build/nix/2da30115654436bd/out -L dependency=/opt/rustwide/target/debug/build/once_cell/c3517054d55a7dff/out -L dependency=/opt/rustwide/target/debug/build/opaque-debug/eb419a8313c052e0/out -L dependency=/opt/rustwide/target/debug/build/openssl-probe/a5326edbaaf90049/out -L dependency=/opt/rustwide/target/debug/build/parking_lot/dee51274d35707bc/out -L dependency=/opt/rustwide/target/debug/build/parking_lot_core/b24772aec05c8a69/out -L dependency=/opt/rustwide/target/debug/build/percent-encoding/528721a9f54dc4b1/out -L dependency=/opt/rustwide/target/debug/build/phf/7a6e5c98db911863/out -L dependency=/opt/rustwide/target/debug/build/phf_shared/a6d66b9c992e08a2/out -L dependency=/opt/rustwide/target/debug/build/pin-project-lite/bc36f7de3f04be06/out -L dependency=/opt/rustwide/target/debug/build/pin-utils/878ed655ba41bb46/out -L dependency=/opt/rustwide/target/debug/build/poly1305/abb190b89590f9ae/out -L dependency=/opt/rustwide/target/debug/build/postgres-protocol/af4bfe5ec0ae9eed/out -L dependency=/opt/rustwide/target/debug/build/postgres-types/9bafa551e44f238d/out -L dependency=/opt/rustwide/target/debug/build/postgres/58b12c1a2cdc17ba/out -L dependency=/opt/rustwide/target/debug/build/potential_utf/cb655bb06b23e487/out -L dependency=/opt/rustwide/target/debug/build/rand/e044bb4c65998ba0/out -L dependency=/opt/rustwide/target/debug/build/rand_core/790bef9d05f5e688/out -L dependency=/opt/rustwide/target/debug/build/rand_core/988df05ac7b21291/out -L dependency=/opt/rustwide/target/debug/build/ring/06994ae40827394d/out -L dependency=/opt/rustwide/target/debug/build/rusqlite/d222d00a47ee746c/out -L dependency=/opt/rustwide/target/debug/build/rustls-native-certs/3b02b6c14be82b83/out -L dependency=/opt/rustwide/target/debug/build/rustls-pki-types/7489cef2e8f38270/out -L dependency=/opt/rustwide/target/debug/build/rustls-webpki/2338c15376080aeb/out -L dependency=/opt/rustwide/target/debug/build/rustls/8bce3c301eb6ecb1/out -L dependency=/opt/rustwide/target/debug/build/ryu/659b25542bb7dde0/out -L dependency=/opt/rustwide/target/debug/build/scopeguard/2eedc5e742d791e6/out -L dependency=/opt/rustwide/target/debug/build/serde/6540a9f0a2f4b58b/out -L dependency=/opt/rustwide/target/debug/build/serde_core/b88ca56ac27c3fe3/out -L dependency=/opt/rustwide/target/debug/build/serde_derive/7b03619bd4c77130/out -L dependency=/opt/rustwide/target/debug/build/serde_json/39ef15f2b573b9ff/out -L dependency=/opt/rustwide/target/debug/build/serde_path_to_error/660df5f856880d84/out -L dependency=/opt/rustwide/target/debug/build/serde_urlencoded/05c7ce5b23e0689e/out -L dependency=/opt/rustwide/target/debug/build/serial-core/2f6b800e2a730785/out -L dependency=/opt/rustwide/target/debug/build/serial-unix/a9a149ffd4497c1e/out -L dependency=/opt/rustwide/target/debug/build/serial/33c330c5132f7c04/out -L dependency=/opt/rustwide/target/debug/build/sha2/b5f3b475c5974929/out -L dependency=/opt/rustwide/target/debug/build/sha2/e64747778f218778/out -L dependency=/opt/rustwide/target/debug/build/shell-words/84b970cc8da27d4a/out -L dependency=/opt/rustwide/target/debug/build/signal-hook-registry/7cef622abdc88965/out -L dependency=/opt/rustwide/target/debug/build/simd-adler32/160b95aaacee30ff/out -L dependency=/opt/rustwide/target/debug/build/siphasher/d16b28d9a15bbb10/out -L dependency=/opt/rustwide/target/debug/build/slab/99d98220a54c26d9/out -L dependency=/opt/rustwide/target/debug/build/smallvec/6a297f3c50a8ac22/out -L dependency=/opt/rustwide/target/debug/build/socket2/f950e0dad27fa24b/out -L dependency=/opt/rustwide/target/debug/build/spin/99ede603e03463a2/out -L dependency=/opt/rustwide/target/debug/build/spki/228fa0d91a23820f/out -L dependency=/opt/rustwide/target/debug/build/stable_deref_trait/5d0e5045ac141f4e/out -L dependency=/opt/rustwide/target/debug/build/stringprep/18a16f8e0db47417/out -L dependency=/opt/rustwide/target/debug/build/subtle/8f505b5194b43595/out -L dependency=/opt/rustwide/target/debug/build/sync_wrapper/43c831aa380be6d2/out -L dependency=/opt/rustwide/target/debug/build/termios/d5b1ed43c63e1cbd/out -L dependency=/opt/rustwide/target/debug/build/thiserror-impl/51a5bd56bcc8983e/out -L dependency=/opt/rustwide/target/debug/build/thiserror/af7689d166644e66/out -L dependency=/opt/rustwide/target/debug/build/tinystr/98e56f4c3cc43f0d/out -L dependency=/opt/rustwide/target/debug/build/tinyvec/f4137735912fdf1d/out -L dependency=/opt/rustwide/target/debug/build/tinyvec_macros/124a72ced85adfc8/out -L dependency=/opt/rustwide/target/debug/build/tokio-macros/f3ce7d19eaa18730/out -L dependency=/opt/rustwide/target/debug/build/tokio-postgres-rustls/74febb7cf7f4ae3e/out -L dependency=/opt/rustwide/target/debug/build/tokio-postgres/b84c451816f65df9/out -L dependency=/opt/rustwide/target/debug/build/tokio-rustls/67388ad4ac68526d/out -L dependency=/opt/rustwide/target/debug/build/tokio-util/242a60a61f49b2ea/out -L dependency=/opt/rustwide/target/debug/build/tokio/a81475be9e145285/out -L dependency=/opt/rustwide/target/debug/build/tower-http/f36169c48c8b5e1e/out -L dependency=/opt/rustwide/target/debug/build/tower-layer/18253f72d6097d72/out -L dependency=/opt/rustwide/target/debug/build/tower-service/f067f85429613f02/out -L dependency=/opt/rustwide/target/debug/build/tower/a5e66d38f1991e1d/out -L dependency=/opt/rustwide/target/debug/build/tracing-core/0e2cacd9b61aa4fe/out -L dependency=/opt/rustwide/target/debug/build/tracing/84d0ba14ce7d99ec/out -L dependency=/opt/rustwide/target/debug/build/try-lock/2456ef037cb93cd8/out -L dependency=/opt/rustwide/target/debug/build/typenum/b4ecb8bd4c48de35/out -L dependency=/opt/rustwide/target/debug/build/unicase/a72f21564edb58b5/out -L dependency=/opt/rustwide/target/debug/build/unicode-bidi/e6a44fee9b108b41/out -L dependency=/opt/rustwide/target/debug/build/unicode-normalization/ede61dcecbbca09e/out -L dependency=/opt/rustwide/target/debug/build/unicode-properties/b1e03a76fa6d9b14/out -L dependency=/opt/rustwide/target/debug/build/universal-hash/b807094462b85d64/out -L dependency=/opt/rustwide/target/debug/build/untrusted/6fab01473f7c0eb0/out -L dependency=/opt/rustwide/target/debug/build/url/b3c2e3e85a441c64/out -L dependency=/opt/rustwide/target/debug/build/utf8_iter/2a9a14295c98e961/out -L dependency=/opt/rustwide/target/debug/build/want/02f6f2e86f12f8db/out -L dependency=/opt/rustwide/target/debug/build/webpki-roots/d8165a1921fc1b43/out -L dependency=/opt/rustwide/target/debug/build/whoami/aeabea1c95a96e09/out -L dependency=/opt/rustwide/target/debug/build/writeable/5ebacb8f45d0e991/out -L dependency=/opt/rustwide/target/debug/build/x509-cert/e4de1192bdf114a8/out -L dependency=/opt/rustwide/target/debug/build/yoke-derive/f753a47145273940/out -L dependency=/opt/rustwide/target/debug/build/yoke/f68391c028425630/out -L dependency=/opt/rustwide/target/debug/build/zerocopy/db6287c3304e89c9/out -L dependency=/opt/rustwide/target/debug/build/zerofrom-derive/538e446b1111170c/out -L dependency=/opt/rustwide/target/debug/build/zerofrom/a3d78ecc5e621a5c/out -L dependency=/opt/rustwide/target/debug/build/zeroize/1ad88eab74893215/out -L dependency=/opt/rustwide/target/debug/build/zeroize_derive/9962cc41276e6e4a/out -L dependency=/opt/rustwide/target/debug/build/zerotrie/7ddbe96542e67ae8/out -L dependency=/opt/rustwide/target/debug/build/zerovec-derive/17e9580e157bb8a2/out -L dependency=/opt/rustwide/target/debug/build/zerovec/5fc0e3de3b69c78c/out -L dependency=/opt/rustwide/target/debug/build/zmij/afe435487bf78507/out --extern anyhow=/opt/rustwide/target/debug/build/anyhow/215e9e70762e0ea5/out/libanyhow-215e9e70762e0ea5.rmeta --extern axum=/opt/rustwide/target/debug/build/axum/8d73a269ce6e4921/out/libaxum-8d73a269ce6e4921.rmeta --extern base64=/opt/rustwide/target/debug/build/base64/1197ac9fab90ee7e/out/libbase64-1197ac9fab90ee7e.rmeta --extern codex_credential=/opt/rustwide/target/debug/build/codex-credential/86b5b268889870c5/out/libcodex_credential-86b5b268889870c5.rmeta --extern elog=/opt/rustwide/target/debug/build/elog/9e7c6b8b831dc86f/out/libelog-9e7c6b8b831dc86f.rmeta --extern futures_util=/opt/rustwide/target/debug/build/futures-util/f97bf5f2912ae48a/out/libfutures_util-f97bf5f2912ae48a.rmeta --extern gemini_credential=/opt/rustwide/target/debug/build/gemini-credential/1d22f8c4907651cb/out/libgemini_credential-1d22f8c4907651cb.rmeta --extern getrandom=/opt/rustwide/target/debug/build/getrandom/128cf9fd54549fbb/out/libgetrandom-128cf9fd54549fbb.rmeta --extern glm_credential=/opt/rustwide/target/debug/build/glm-credential/383a02ea36f469b5/out/libglm_credential-383a02ea36f469b5.rmeta --extern kimi_credential=/opt/rustwide/target/debug/build/kimi-credential/bbc70582c3651753/out/libkimi_credential-bbc70582c3651753.rmeta --extern libc=/opt/rustwide/target/debug/build/libc/3bd0ba84fcbcedd3/out/liblibc-3bd0ba84fcbcedd3.rmeta --extern portable_pty=/opt/rustwide/target/debug/build/portable-pty/fe689148ca2390e2/out/libportable_pty-fe689148ca2390e2.rmeta --extern registry=/opt/rustwide/target/debug/build/registry/ad4c47c16ef678bf/out/libregistry-ad4c47c16ef678bf.rmeta --extern reqwest=/opt/rustwide/target/debug/build/reqwest/6fd363f40edf6d5e/out/libreqwest-6fd363f40edf6d5e.rmeta --extern rusqlite=/opt/rustwide/target/debug/build/rusqlite/d222d00a47ee746c/out/librusqlite-d222d00a47ee746c.rmeta --extern serde=/opt/rustwide/target/debug/build/serde/6540a9f0a2f4b58b/out/libserde-6540a9f0a2f4b58b.rmeta --extern serde_json=/opt/rustwide/target/debug/build/serde_json/39ef15f2b573b9ff/out/libserde_json-39ef15f2b573b9ff.rmeta --extern serde_urlencoded=/opt/rustwide/target/debug/build/serde_urlencoded/05c7ce5b23e0689e/out/libserde_urlencoded-05c7ce5b23e0689e.rmeta --extern sha2=/opt/rustwide/target/debug/build/sha2/b5f3b475c5974929/out/libsha2-b5f3b475c5974929.rmeta --extern suno_credential=/opt/rustwide/target/debug/build/suno-credential/3d8ab26354a131cd/out/libsuno_credential-3d8ab26354a131cd.rmeta --extern tokio=/opt/rustwide/target/debug/build/tokio/a81475be9e145285/out/libtokio-a81475be9e145285.rmeta --extern tripo3d_credential=/opt/rustwide/target/debug/build/tripo3d-credential/897a4f404dcafa36/out/libtripo3d_credential-897a4f404dcafa36.rmeta --extern zeroize=/opt/rustwide/target/debug/build/zeroize/1ad88eab74893215/out/libzeroize-1ad88eab74893215.rmeta --cap-lints=forbid -Znext-solver=coherence --force-warn=unused_crate_dependencies -L native=/opt/rustwide/target/debug/build/libsqlite3-sys/0f976468aaf3d8a9/out -L native=/opt/rustwide/target/debug/build/ring/cbee5fe280c0ced1/out` (signal: 9, SIGKILL: kill)
[INFO] [stderr] error: could not compile `redis` (lib)
[INFO] [stderr] 
[INFO] [stderr] Caused by:
[INFO] [stderr]   process didn't exit successfully: `/opt/rustwide/rustup-home/toolchains/3154cc1a3e6424e44f438a95007d043ed5ceaaf6/bin/rustc --crate-name redis --edition=2024 /opt/rustwide/cargo-home/registry/src/index.crates.io-1949cf8c6b5b557f/redis-1.4.1/src/lib.rs --error-format=json --json=diagnostic-rendered-ansi,artifacts,future-incompat,unused-externs-silent --crate-type lib --emit=dep-info,metadata -C embed-bitcode=no -C debuginfo=2 --cfg 'feature="aio"' --cfg 'feature="bytes"' --cfg 'feature="connection-manager"' --cfg 'feature="script"' --cfg 'feature="tokio-comp"' --check-cfg 'cfg(docsrs,test)' --check-cfg 'cfg(feature, values("acl", "ahash", "aio", "bb8", "bigdecimal", "bloom", "bytes", "cache-aio", "cluster", "cluster-async", "connection-manager", "default", "entra-id", "geospatial", "hashbrown", "json", "num-bigint", "r2d2", "rust_decimal", "script", "sentinel", "smol-comp", "smol-native-tls-comp", "smol-rustls-comp", "streams", "tls-native-tls", "tls-rustls", "tls-rustls-insecure", "tls-rustls-webpki-roots", "token-based-authentication", "tokio-comp", "tokio-native-tls-comp", "tokio-rustls-comp", "uuid", "vector-sets"))' -C metadata=903b98a8d76fbc96 -C extra-filename=-bc28df11ca7c24f2 --out-dir /opt/rustwide/target/debug/build/redis/bc28df11ca7c24f2/out -L dependency=/opt/rustwide/target/debug/build/bytes/0a99efe9a33d2eab/out -L dependency=/opt/rustwide/target/debug/build/cfg-if/455a21b2886a1534/out -L dependency=/opt/rustwide/target/debug/build/concurrent-queue/da7a853756d8a997/out -L dependency=/opt/rustwide/target/debug/build/crossbeam-utils/1373410b3a25608b/out -L dependency=/opt/rustwide/target/debug/build/displaydoc/aecfb1abd3556f60/out -L dependency=/opt/rustwide/target/debug/build/errno/31d4ef116c555eb4/out -L dependency=/opt/rustwide/target/debug/build/event-listener-strategy/d21ca5494fa84884/out -L dependency=/opt/rustwide/target/debug/build/event-listener/8fa8f7c318ceb913/out -L dependency=/opt/rustwide/target/debug/build/fastrand/300463bcfa7a519d/out -L dependency=/opt/rustwide/target/debug/build/form_urlencoded/8558270de8c5e9db/out -L dependency=/opt/rustwide/target/debug/build/futures-core/89fee0d3b513deab/out -L dependency=/opt/rustwide/target/debug/build/futures-macro/a44d90ce56227408/out -L dependency=/opt/rustwide/target/debug/build/futures-sink/3cdbe8959412e9c3/out -L dependency=/opt/rustwide/target/debug/build/futures-task/103084c53ef37604/out -L dependency=/opt/rustwide/target/debug/build/icu_collections/e15156df380a6cf0/out -L dependency=/opt/rustwide/target/debug/build/icu_locale_core/41bfc1a7fd3492fe/out -L dependency=/opt/rustwide/target/debug/build/icu_normalizer/fd60d397d559aa0f/out -L dependency=/opt/rustwide/target/debug/build/icu_normalizer_data/2044323167a29de8/out -L dependency=/opt/rustwide/target/debug/build/icu_properties/3edede33e3655749/out -L dependency=/opt/rustwide/target/debug/build/icu_properties_data/2f014232ea9057bb/out -L dependency=/opt/rustwide/target/debug/build/icu_provider/79339dd2b193674a/out -L dependency=/opt/rustwide/target/debug/build/idna/6eabea34d3db2546/out -L dependency=/opt/rustwide/target/debug/build/idna_adapter/223e67344444f290/out -L dependency=/opt/rustwide/target/debug/build/libc/3bd0ba84fcbcedd3/out -L dependency=/opt/rustwide/target/debug/build/litemap/31f59ce7663cfafe/out -L dependency=/opt/rustwide/target/debug/build/lock_api/497c3c4b546acad3/out -L dependency=/opt/rustwide/target/debug/build/memchr/1dee75255e878028/out -L dependency=/opt/rustwide/target/debug/build/mio/e93358955c094a55/out -L dependency=/opt/rustwide/target/debug/build/parking/25df844171a2272a/out -L dependency=/opt/rustwide/target/debug/build/parking_lot/dee51274d35707bc/out -L dependency=/opt/rustwide/target/debug/build/parking_lot_core/b24772aec05c8a69/out -L dependency=/opt/rustwide/target/debug/build/percent-encoding/528721a9f54dc4b1/out -L dependency=/opt/rustwide/target/debug/build/pin-project-lite/bc36f7de3f04be06/out -L dependency=/opt/rustwide/target/debug/build/potential_utf/cb655bb06b23e487/out -L dependency=/opt/rustwide/target/debug/build/rustversion/6a05414b448f1068/out -L dependency=/opt/rustwide/target/debug/build/scopeguard/2eedc5e742d791e6/out -L dependency=/opt/rustwide/target/debug/build/signal-hook-registry/7cef622abdc88965/out -L dependency=/opt/rustwide/target/debug/build/slab/99d98220a54c26d9/out -L dependency=/opt/rustwide/target/debug/build/smallvec/6a297f3c50a8ac22/out -L dependency=/opt/rustwide/target/debug/build/socket2/f950e0dad27fa24b/out -L dependency=/opt/rustwide/target/debug/build/stable_deref_trait/5d0e5045ac141f4e/out -L dependency=/opt/rustwide/target/debug/build/tinystr/98e56f4c3cc43f0d/out -L dependency=/opt/rustwide/target/debug/build/tokio-macros/f3ce7d19eaa18730/out -L dependency=/opt/rustwide/target/debug/build/tokio-util/242a60a61f49b2ea/out -L dependency=/opt/rustwide/target/debug/build/tokio/a81475be9e145285/out -L dependency=/opt/rustwide/target/debug/build/utf8_iter/2a9a14295c98e961/out -L dependency=/opt/rustwide/target/debug/build/writeable/5ebacb8f45d0e991/out -L dependency=/opt/rustwide/target/debug/build/yoke-derive/f753a47145273940/out -L dependency=/opt/rustwide/target/debug/build/yoke/f68391c028425630/out -L dependency=/opt/rustwide/target/debug/build/zerofrom-derive/538e446b1111170c/out -L dependency=/opt/rustwide/target/debug/build/zerofrom/a3d78ecc5e621a5c/out -L dependency=/opt/rustwide/target/debug/build/zerotrie/7ddbe96542e67ae8/out -L dependency=/opt/rustwide/target/debug/build/zerovec-derive/17e9580e157bb8a2/out -L dependency=/opt/rustwide/target/debug/build/zerovec/5fc0e3de3b69c78c/out --extern arc_swap=/opt/rustwide/target/debug/build/arc-swap/29f951d34bf9a280/out/libarc_swap-29f951d34bf9a280.rmeta --extern arcstr=/opt/rustwide/target/debug/build/arcstr/6b8d0f7f9b118fa0/out/libarcstr-6b8d0f7f9b118fa0.rmeta --extern async_lock=/opt/rustwide/target/debug/build/async-lock/485651c6b1bb7754/out/libasync_lock-485651c6b1bb7754.rmeta --extern backon=/opt/rustwide/target/debug/build/backon/dbfe2f106a4b36c0/out/libbackon-dbfe2f106a4b36c0.rmeta --extern bytes=/opt/rustwide/target/debug/build/bytes/0a99efe9a33d2eab/out/libbytes-0a99efe9a33d2eab.rmeta --extern cfg_if=/opt/rustwide/target/debug/build/cfg-if/455a21b2886a1534/out/libcfg_if-455a21b2886a1534.rmeta --extern combine=/opt/rustwide/target/debug/build/combine/626a4d58a3d1726e/out/libcombine-626a4d58a3d1726e.rmeta --extern futures_channel=/opt/rustwide/target/debug/build/futures-channel/ba6f2494d55c8220/out/libfutures_channel-ba6f2494d55c8220.rmeta --extern futures_util=/opt/rustwide/target/debug/build/futures-util/f97bf5f2912ae48a/out/libfutures_util-f97bf5f2912ae48a.rmeta --extern itoa=/opt/rustwide/target/debug/build/itoa/9757112bd9972718/out/libitoa-9757112bd9972718.rmeta --extern percent_encoding=/opt/rustwide/target/debug/build/percent-encoding/528721a9f54dc4b1/out/libpercent_encoding-528721a9f54dc4b1.rmeta --extern pin_project_lite=/opt/rustwide/target/debug/build/pin-project-lite/bc36f7de3f04be06/out/libpin_project_lite-bc36f7de3f04be06.rmeta --extern ryu=/opt/rustwide/target/debug/build/ryu/659b25542bb7dde0/out/libryu-659b25542bb7dde0.rmeta --extern sha1_smol=/opt/rustwide/target/debug/build/sha1_smol/70ec36e45f12e343/out/libsha1_smol-70ec36e45f12e343.rmeta --extern socket2=/opt/rustwide/target/debug/build/socket2/f950e0dad27fa24b/out/libsocket2-f950e0dad27fa24b.rmeta --extern tokio=/opt/rustwide/target/debug/build/tokio/a81475be9e145285/out/libtokio-a81475be9e145285.rmeta --extern tokio_util=/opt/rustwide/target/debug/build/tokio-util/242a60a61f49b2ea/out/libtokio_util-242a60a61f49b2ea.rmeta --extern url=/opt/rustwide/target/debug/build/url/b3c2e3e85a441c64/out/liburl-b3c2e3e85a441c64.rmeta --extern xxhash_rust=/opt/rustwide/target/debug/build/xxhash-rust/e60886ced58b4b39/out/libxxhash_rust-e60886ced58b4b39.rmeta --cap-lints allow --cap-lints=forbid -Znext-solver=coherence --force-warn=unused_crate_dependencies` (signal: 9, SIGKILL: kill)
[INFO] [stderr] warning: btls-sys@0.5.6: applying post quantum crypto patch to boringssl
[INFO] [stderr] warning: btls-sys@0.5.6: applying patch to boringssl
[INFO] [stderr] warning: btls-sys@0.5.6: applying loongarch patch to boringssl
[INFO] [stderr] warning: btls-sys@0.5.6: applying windows cross compile patch to boringssl
[INFO] [stderr] error: failed to run custom build command for `btls-sys v0.5.6`
[INFO] [stderr] note: To improve backtraces for build dependencies, set the CARGO_PROFILE_DEV_BUILD_OVERRIDE_DEBUG=true environment variable to enable debug information generation.
[INFO] [stderr] 
[INFO] [stderr] Caused by:
[INFO] [stderr]   process didn't exit successfully: `/opt/rustwide/target/debug/build/btls-sys/72871e23b022ed52/out/build_script_main` (exit status: 101)
[INFO] [stderr]   --- stdout
[INFO] [stderr]   cargo:rerun-if-env-changed=BORING_BSSL_PATH_x86_64-unknown-linux-gnu
[INFO] [stderr]   cargo:rerun-if-env-changed=BORING_BSSL_PATH_x86_64_unknown_linux_gnu
[INFO] [stderr]   cargo:rerun-if-env-changed=HOST_BORING_BSSL_PATH
[INFO] [stderr]   cargo:rerun-if-env-changed=BORING_BSSL_PATH
[INFO] [stderr]   cargo:rerun-if-env-changed=BORING_BSSL_INCLUDE_PATH_x86_64-unknown-linux-gnu
[INFO] [stderr]   cargo:rerun-if-env-changed=BORING_BSSL_INCLUDE_PATH_x86_64_unknown_linux_gnu
[INFO] [stderr]   cargo:rerun-if-env-changed=HOST_BORING_BSSL_INCLUDE_PATH
[INFO] [stderr]   cargo:rerun-if-env-changed=BORING_BSSL_INCLUDE_PATH
[INFO] [stderr]   cargo:rerun-if-env-changed=BORING_BSSL_SOURCE_PATH_x86_64-unknown-linux-gnu
[INFO] [stderr]   cargo:rerun-if-env-changed=BORING_BSSL_SOURCE_PATH_x86_64_unknown_linux_gnu
[INFO] [stderr]   cargo:rerun-if-env-changed=HOST_BORING_BSSL_SOURCE_PATH
[INFO] [stderr]   cargo:rerun-if-env-changed=BORING_BSSL_SOURCE_PATH
[INFO] [stderr]   cargo:rerun-if-env-changed=BORING_BSSL_ASSUME_PATCHED_x86_64-unknown-linux-gnu
[INFO] [stderr]   cargo:rerun-if-env-changed=BORING_BSSL_ASSUME_PATCHED_x86_64_unknown_linux_gnu
[INFO] [stderr]   cargo:rerun-if-env-changed=HOST_BORING_BSSL_ASSUME_PATCHED
[INFO] [stderr]   cargo:rerun-if-env-changed=BORING_BSSL_ASSUME_PATCHED
[INFO] [stderr]   cargo:rerun-if-env-changed=BORING_BSSL_SYSROOT_x86_64-unknown-linux-gnu
[INFO] [stderr]   cargo:rerun-if-env-changed=BORING_BSSL_SYSROOT_x86_64_unknown_linux_gnu
[INFO] [stderr]   cargo:rerun-if-env-changed=HOST_BORING_BSSL_SYSROOT
[INFO] [stderr]   cargo:rerun-if-env-changed=BORING_BSSL_SYSROOT
[INFO] [stderr]   cargo:rerun-if-env-changed=BORING_BSSL_COMPILER_EXTERNAL_TOOLCHAIN_x86_64-unknown-linux-gnu
[INFO] [stderr]   cargo:rerun-if-env-changed=BORING_BSSL_COMPILER_EXTERNAL_TOOLCHAIN_x86_64_unknown_linux_gnu
[INFO] [stderr]   cargo:rerun-if-env-changed=HOST_BORING_BSSL_COMPILER_EXTERNAL_TOOLCHAIN
[INFO] [stderr]   cargo:rerun-if-env-changed=BORING_BSSL_COMPILER_EXTERNAL_TOOLCHAIN
[INFO] [stderr]   cargo:rerun-if-env-changed=DEBUG_x86_64-unknown-linux-gnu
[INFO] [stderr]   cargo:rerun-if-env-changed=DEBUG_x86_64_unknown_linux_gnu
[INFO] [stderr]   cargo:rerun-if-env-changed=HOST_DEBUG
[INFO] [stderr]   cargo:rerun-if-env-changed=DEBUG
[INFO] [stderr]   cargo:rerun-if-env-changed=OPT_LEVEL_x86_64-unknown-linux-gnu
[INFO] [stderr]   cargo:rerun-if-env-changed=OPT_LEVEL_x86_64_unknown_linux_gnu
[INFO] [stderr]   cargo:rerun-if-env-changed=HOST_OPT_LEVEL
[INFO] [stderr]   cargo:rerun-if-env-changed=OPT_LEVEL
[INFO] [stderr]   cargo:rerun-if-env-changed=ANDROID_NDK_HOME_x86_64-unknown-linux-gnu
[INFO] [stderr]   cargo:rerun-if-env-changed=ANDROID_NDK_HOME_x86_64_unknown_linux_gnu
[INFO] [stderr]   cargo:rerun-if-env-changed=HOST_ANDROID_NDK_HOME
[INFO] [stderr]   cargo:rerun-if-env-changed=ANDROID_NDK_HOME
[INFO] [stderr]   cargo:rerun-if-env-changed=CMAKE_TOOLCHAIN_FILE_x86_64-unknown-linux-gnu
[INFO] [stderr]   cargo:rerun-if-env-changed=CMAKE_TOOLCHAIN_FILE_x86_64_unknown_linux_gnu
[INFO] [stderr]   cargo:rerun-if-env-changed=HOST_CMAKE_TOOLCHAIN_FILE
[INFO] [stderr]   cargo:rerun-if-env-changed=CMAKE_TOOLCHAIN_FILE
[INFO] [stderr]   cargo:rerun-if-env-changed=BORING_BSSL_RUST_CPPLIB_x86_64-unknown-linux-gnu
[INFO] [stderr]   cargo:rerun-if-env-changed=BORING_BSSL_RUST_CPPLIB_x86_64_unknown_linux_gnu
[INFO] [stderr]   cargo:rerun-if-env-changed=HOST_BORING_BSSL_RUST_CPPLIB
[INFO] [stderr]   cargo:rerun-if-env-changed=BORING_BSSL_RUST_CPPLIB
[INFO] [stderr]   cargo:rerun-if-env-changed=CC_x86_64-unknown-linux-gnu
[INFO] [stderr]   cargo:rerun-if-env-changed=CC_x86_64_unknown_linux_gnu
[INFO] [stderr]   cargo:rerun-if-env-changed=HOST_CC
[INFO] [stderr]   cargo:rerun-if-env-changed=CXX_x86_64-unknown-linux-gnu
[INFO] [stderr]   cargo:rerun-if-env-changed=CXX_x86_64_unknown_linux_gnu
[INFO] [stderr]   cargo:rerun-if-env-changed=HOST_CXX
[INFO] [stderr]   cargo:rerun-if-env-changed=DOCS_RS
[INFO] [stderr]   cargo:rerun-if-env-changed=BORING_BSSL_INSTALL_DIR_x86_64-unknown-linux-gnu
[INFO] [stderr]   cargo:rerun-if-env-changed=BORING_BSSL_INSTALL_DIR_x86_64_unknown_linux_gnu
[INFO] [stderr]   cargo:rerun-if-env-changed=HOST_BORING_BSSL_INSTALL_DIR
[INFO] [stderr]   cargo:rerun-if-env-changed=BORING_BSSL_INSTALL_DIR
[INFO] [stderr]   Initialized empty Git repository in /opt/rustwide/target/debug/build/btls-sys/72cf194a23dccf04/out/boringssl/.git/
[INFO] [stderr]   cargo:warning=applying post quantum crypto patch to boringssl
[INFO] [stderr]   cargo:warning=applying patch to boringssl
[INFO] [stderr]   cargo:warning=applying loongarch patch to boringssl
[INFO] [stderr]   cargo:warning=applying windows cross compile patch to boringssl
[INFO] [stderr]   CMAKE_TOOLCHAIN_FILE_x86_64-unknown-linux-gnu = None
[INFO] [stderr]   CMAKE_TOOLCHAIN_FILE_x86_64_unknown_linux_gnu = None
[INFO] [stderr]   HOST_CMAKE_TOOLCHAIN_FILE = None
[INFO] [stderr]   CMAKE_TOOLCHAIN_FILE = None
[INFO] [stderr]   CMAKE_GENERATOR_x86_64-unknown-linux-gnu = None
[INFO] [stderr]   CMAKE_GENERATOR_x86_64_unknown_linux_gnu = None
[INFO] [stderr]   HOST_CMAKE_GENERATOR = None
[INFO] [stderr]   CMAKE_GENERATOR = None
[INFO] [stderr]   CMAKE_PREFIX_PATH_x86_64-unknown-linux-gnu = None
[INFO] [stderr]   CMAKE_PREFIX_PATH_x86_64_unknown_linux_gnu = None
[INFO] [stderr]   HOST_CMAKE_PREFIX_PATH = None
[INFO] [stderr]   CMAKE_PREFIX_PATH = None
[INFO] [stderr]   CMAKE_x86_64-unknown-linux-gnu = None
[INFO] [stderr]   CMAKE_x86_64_unknown_linux_gnu = None
[INFO] [stderr]   HOST_CMAKE = None
[INFO] [stderr]   CMAKE = None
[INFO] [stderr]   -- The C compiler identification is GNU 15.2.0
[INFO] [stderr]   -- Detecting C compiler ABI info
[INFO] [stderr]   -- Detecting C compiler ABI info - done
[INFO] [stderr]   -- Check for working C compiler: /usr/bin/cc - skipped
[INFO] [stderr]   -- Detecting C compile features
[INFO] [stderr]   -- Detecting C compile features - done
[INFO] [stderr]   -- The CXX compiler identification is GNU 15.2.0
[INFO] [stderr]   -- Detecting CXX compiler ABI info
[INFO] [stderr]   -- Detecting CXX compiler ABI info - done
[INFO] [stderr]   -- Check for working CXX compiler: /usr/bin/c++ - skipped
[INFO] [stderr]   -- Detecting CXX compile features
[INFO] [stderr]   -- Detecting CXX compile features - done
[INFO] [stderr]   -- Checking for module 'libunwind-generic>=1.3.0'
[INFO] [stderr]   --   Found libunwind-generic, version 1.8.3
[INFO] [stderr]   -- The ASM compiler identification is GNU
[INFO] [stderr]   -- Found assembler: /usr/bin/cc
[INFO] [stderr]   -- Performing Test CMAKE_HAVE_LIBC_PTHREAD
[INFO] [stderr]   -- Performing Test CMAKE_HAVE_LIBC_PTHREAD - Success
[INFO] [stderr]   -- Found Threads: TRUE
[INFO] [stderr]   -- Configuring done (3.1s)
[INFO] [stderr]   -- Generating done (0.7s)
[INFO] [stderr]   -- Build files have been written to: /opt/rustwide/target/debug/build/btls-sys/72cf194a23dccf04/out/build
[INFO] [stderr]   [  0%] Built target boringssl_prefix_symbols
[INFO] [stderr]   [  1%] Building ASM object CMakeFiles/fipsmodule.dir/gen/bcm/aesni-x86-linux.S.o
[INFO] [stderr]   [  1%] Building ASM object CMakeFiles/fipsmodule.dir/gen/bcm/aesni-x86_64-apple.S.o
[INFO] [stderr]   [  1%] Building ASM object CMakeFiles/fipsmodule.dir/gen/bcm/aesv8-armv8-apple.S.o
[INFO] [stderr]   [  3%] Building ASM object CMakeFiles/fipsmodule.dir/gen/bcm/aesv8-armv8-win.S.o
[INFO] [stderr]   [  3%] Building CXX object CMakeFiles/fipsmodule.dir/crypto/fipsmodule/bcm.cc.o
[INFO] [stderr]   [  3%] Building ASM object CMakeFiles/fipsmodule.dir/gen/bcm/aesv8-gcm-armv8-apple.S.o
[INFO] [stderr]   [  3%] Building ASM object CMakeFiles/fipsmodule.dir/gen/bcm/aesni-x86_64-linux.S.o
[INFO] [stderr]   [  3%] Building ASM object CMakeFiles/fipsmodule.dir/gen/bcm/aes-gcm-avx2-x86_64-linux.S.o
[INFO] [stderr]   [  3%] Building ASM object CMakeFiles/fipsmodule.dir/gen/bcm/aesv8-armv8-linux.S.o
[INFO] [stderr]   [  3%] Building ASM object CMakeFiles/fipsmodule.dir/gen/bcm/aes-gcm-avx512-x86_64-linux.S.o
[INFO] [stderr]   [  4%] Building ASM object CMakeFiles/fipsmodule.dir/gen/bcm/aes-gcm-avx2-x86_64-apple.S.o
[INFO] [stderr]   [  4%] Building ASM object CMakeFiles/fipsmodule.dir/gen/bcm/aesv8-gcm-armv8-linux.S.o
[INFO] [stderr]   [  4%] Building ASM object CMakeFiles/fipsmodule.dir/gen/bcm/aesv8-armv7-linux.S.o
[INFO] [stderr]   [  4%] Building ASM object CMakeFiles/fipsmodule.dir/gen/bcm/aesni-gcm-x86_64-apple.S.o
[INFO] [stderr]   [  4%] Building ASM object CMakeFiles/fipsmodule.dir/gen/bcm/aesni-x86-apple.S.o
[INFO] [stderr]   [  4%] Building ASM object CMakeFiles/fipsmodule.dir/gen/bcm/aes-gcm-avx512-x86_64-apple.S.o
[INFO] [stderr]   [  4%] Building ASM object CMakeFiles/fipsmodule.dir/gen/bcm/armv8-mont-apple.S.o
[INFO] [stderr]   [  4%] Building ASM object CMakeFiles/fipsmodule.dir/gen/bcm/armv4-mont-linux.S.o
[INFO] [stderr]   [  4%] Building ASM object CMakeFiles/fipsmodule.dir/gen/bcm/aesni-gcm-x86_64-linux.S.o
[INFO] [stderr]   [  6%] Building ASM object CMakeFiles/fipsmodule.dir/gen/bcm/armv8-mont-win.S.o
[INFO] [stderr]   [  6%] Building ASM object CMakeFiles/fipsmodule.dir/gen/bcm/bn-586-apple.S.o
[INFO] [stderr]   [  6%] Building ASM object CMakeFiles/fipsmodule.dir/gen/bcm/armv8-mont-linux.S.o
[INFO] [stderr]   [  6%] Building ASM object CMakeFiles/fipsmodule.dir/gen/bcm/aesv8-gcm-armv8-win.S.o
[INFO] [stderr]   [  6%] Building ASM object CMakeFiles/fipsmodule.dir/gen/bcm/bn-armv8-linux.S.o
[INFO] [stderr]   [  6%] Building ASM object CMakeFiles/fipsmodule.dir/gen/bcm/bn-armv8-apple.S.o
[INFO] [stderr]   [  6%] Building ASM object CMakeFiles/fipsmodule.dir/gen/bcm/co-586-linux.S.o
[INFO] [stderr]   [  6%] Building ASM object CMakeFiles/fipsmodule.dir/gen/bcm/bn-586-linux.S.o
[INFO] [stderr]   [  7%] Building ASM object CMakeFiles/fipsmodule.dir/gen/bcm/bsaes-armv7-linux.S.o
[INFO] [stderr]   [  7%] Building ASM object CMakeFiles/fipsmodule.dir/gen/bcm/ghash-armv4-linux.S.o
[INFO] [stderr]   [  7%] Building ASM object CMakeFiles/fipsmodule.dir/gen/bcm/ghash-neon-armv8-apple.S.o
[INFO] [stderr]   [  7%] Building ASM object CMakeFiles/fipsmodule.dir/gen/bcm/ghash-neon-armv8-win.S.o
[INFO] [stderr]   [  7%] Building ASM object CMakeFiles/fipsmodule.dir/gen/bcm/ghash-neon-armv8-linux.S.o
[INFO] [stderr]   [  7%] Building ASM object CMakeFiles/fipsmodule.dir/gen/bcm/bn-armv8-win.S.o
[INFO] [stderr]   [  7%] Building ASM object CMakeFiles/fipsmodule.dir/gen/bcm/co-586-apple.S.o
[INFO] [stderr]   [  9%] Building ASM object CMakeFiles/fipsmodule.dir/gen/bcm/ghash-ssse3-x86-apple.S.o
[INFO] [stderr]   [  9%] Building ASM object CMakeFiles/fipsmodule.dir/gen/bcm/ghashv8-armv7-linux.S.o
[INFO] [stderr]   [ 11%] Building ASM object CMakeFiles/fipsmodule.dir/gen/bcm/ghash-x86_64-apple.S.o
[INFO] [stderr]   [ 11%] Building ASM object CMakeFiles/fipsmodule.dir/gen/bcm/p256-x86_64-asm-apple.S.o
[INFO] [stderr]   [ 11%] Building ASM object CMakeFiles/fipsmodule.dir/gen/bcm/ghash-ssse3-x86-linux.S.o
[INFO] [stderr]   [ 11%] Building ASM object CMakeFiles/fipsmodule.dir/gen/bcm/p256-armv8-asm-apple.S.o
[INFO] [stderr]   [ 12%] Building ASM object CMakeFiles/fipsmodule.dir/gen/bcm/p256-armv8-asm-linux.S.o
[INFO] [stderr]   [ 12%] Building ASM object CMakeFiles/fipsmodule.dir/gen/bcm/ghashv8-armv8-linux.S.o
[INFO] [stderr]   [ 12%] Building ASM object CMakeFiles/fipsmodule.dir/gen/bcm/ghashv8-armv8-win.S.o
[INFO] [stderr]   [ 12%] Building ASM object CMakeFiles/fipsmodule.dir/gen/bcm/ghash-ssse3-x86_64-linux.S.o
[INFO] [stderr]   [ 12%] Building ASM object CMakeFiles/fipsmodule.dir/gen/bcm/ghash-x86-linux.S.o
[INFO] [stderr]   [ 12%] Building ASM object CMakeFiles/fipsmodule.dir/gen/bcm/p256-armv8-asm-win.S.o
[INFO] [stderr]   [ 12%] Building ASM object CMakeFiles/fipsmodule.dir/gen/bcm/ghash-x86-apple.S.o
[INFO] [stderr]   [ 12%] Building ASM object CMakeFiles/fipsmodule.dir/gen/bcm/ghash-ssse3-x86_64-apple.S.o
[INFO] [stderr]   [ 12%] Building ASM object CMakeFiles/fipsmodule.dir/gen/bcm/ghashv8-armv8-apple.S.o
[INFO] [stderr]   [ 12%] Building ASM object CMakeFiles/fipsmodule.dir/gen/bcm/ghash-x86_64-linux.S.o
[INFO] [stderr]   [ 12%] Building ASM object CMakeFiles/fipsmodule.dir/gen/bcm/p256_beeu-x86_64-asm-apple.S.o
[INFO] [stderr]   [ 12%] Building ASM object CMakeFiles/fipsmodule.dir/gen/bcm/rdrand-x86_64-apple.S.o
[INFO] [stderr]   [ 12%] Building ASM object CMakeFiles/fipsmodule.dir/gen/bcm/sha1-armv4-large-linux.S.o
[INFO] [stderr]   [ 14%] Building ASM object CMakeFiles/fipsmodule.dir/gen/bcm/sha1-586-apple.S.o
[INFO] [stderr]   [ 14%] Building ASM object CMakeFiles/fipsmodule.dir/gen/bcm/rsaz-avx2-linux.S.o
[INFO] [stderr]   [ 14%] Building ASM object CMakeFiles/fipsmodule.dir/gen/bcm/sha1-586-linux.S.o
[INFO] [stderr]   [ 15%] Building ASM object CMakeFiles/fipsmodule.dir/gen/bcm/p256_beeu-armv8-asm-win.S.o
[INFO] [stderr]   [ 15%] Building ASM object CMakeFiles/fipsmodule.dir/gen/bcm/p256-x86_64-asm-linux.S.o
[INFO] [stderr]   [ 15%] Building ASM object CMakeFiles/fipsmodule.dir/gen/bcm/p256_beeu-x86_64-asm-linux.S.o
[INFO] [stderr]   [ 15%] Building ASM object CMakeFiles/fipsmodule.dir/gen/bcm/rsaz-avx2-apple.S.o
[INFO] [stderr]   [ 15%] Building ASM object CMakeFiles/fipsmodule.dir/gen/bcm/p256_beeu-armv8-asm-linux.S.o
[INFO] [stderr]   [ 15%] Building ASM object CMakeFiles/fipsmodule.dir/gen/bcm/rdrand-x86_64-linux.S.o
[INFO] [stderr]   [ 15%] Building ASM object CMakeFiles/fipsmodule.dir/gen/bcm/p256_beeu-armv8-asm-apple.S.o
[INFO] [stderr]   [ 15%] Building ASM object CMakeFiles/fipsmodule.dir/gen/bcm/sha1-armv8-apple.S.o
[INFO] [stderr]   [ 15%] Building ASM object CMakeFiles/fipsmodule.dir/gen/bcm/sha1-x86_64-linux.S.o
[INFO] [stderr]   [ 15%] Building ASM object CMakeFiles/fipsmodule.dir/gen/bcm/sha1-armv8-win.S.o
[INFO] [stderr]   [ 15%] Building ASM object CMakeFiles/fipsmodule.dir/gen/bcm/sha1-armv8-linux.S.o
[INFO] [stderr]   [ 15%] Building ASM object CMakeFiles/fipsmodule.dir/gen/bcm/sha256-586-linux.S.o
[INFO] [stderr]   [ 15%] Building ASM object CMakeFiles/fipsmodule.dir/gen/bcm/sha256-586-apple.S.o
[INFO] [stderr]   [ 15%] Building ASM object CMakeFiles/fipsmodule.dir/gen/bcm/sha256-armv4-linux.S.o
[INFO] [stderr]   [ 15%] Building ASM object CMakeFiles/fipsmodule.dir/gen/bcm/sha256-armv8-apple.S.o
[INFO] [stderr]   [ 17%] Building ASM object CMakeFiles/fipsmodule.dir/gen/bcm/sha256-armv8-win.S.o
[INFO] [stderr]   [ 19%] Building ASM object CMakeFiles/fipsmodule.dir/gen/bcm/sha1-x86_64-apple.S.o
[INFO] [stderr]   [ 19%] Building ASM object CMakeFiles/fipsmodule.dir/gen/bcm/sha256-x86_64-apple.S.o
[INFO] [stderr]   [ 19%] Building ASM object CMakeFiles/fipsmodule.dir/gen/bcm/sha512-586-linux.S.o
[INFO] [stderr]   [ 19%] Building ASM object CMakeFiles/fipsmodule.dir/gen/bcm/sha256-armv8-linux.S.o
[INFO] [stderr]   [ 19%] Building ASM object CMakeFiles/fipsmodule.dir/gen/bcm/sha256-x86_64-linux.S.o
[INFO] [stderr]   [ 19%] Building ASM object CMakeFiles/fipsmodule.dir/gen/bcm/sha512-586-apple.S.o
[INFO] [stderr]   [ 19%] Building ASM object CMakeFiles/fipsmodule.dir/gen/bcm/sha512-armv4-linux.S.o
[INFO] [stderr]   [ 20%] Building ASM object CMakeFiles/fipsmodule.dir/gen/bcm/sha512-armv8-apple.S.o
[INFO] [stderr]   [ 20%] Building ASM object CMakeFiles/fipsmodule.dir/gen/bcm/sha512-x86_64-linux.S.o
[INFO] [stderr]   [ 20%] Building ASM object CMakeFiles/fipsmodule.dir/gen/bcm/sha512-armv8-linux.S.o
[INFO] [stderr]   [ 20%] Building ASM object CMakeFiles/fipsmodule.dir/gen/bcm/vpaes-armv8-win.S.o
[INFO] [stderr]   [ 20%] Building ASM object CMakeFiles/fipsmodule.dir/gen/bcm/vpaes-x86-apple.S.o
[INFO] [stderr]   [ 20%] Building ASM object CMakeFiles/fipsmodule.dir/gen/bcm/vpaes-x86-linux.S.o
[INFO] [stderr]   [ 20%] Building ASM object CMakeFiles/fipsmodule.dir/gen/bcm/vpaes-armv7-linux.S.o
[INFO] [stderr]   [ 22%] Building ASM object CMakeFiles/fipsmodule.dir/gen/bcm/vpaes-armv8-linux.S.o
[INFO] [stderr]   [ 22%] Building ASM object CMakeFiles/fipsmodule.dir/gen/bcm/vpaes-x86_64-apple.S.o
[INFO] [stderr]   [ 22%] Building ASM object CMakeFiles/fipsmodule.dir/gen/bcm/sha512-x86_64-apple.S.o
[INFO] [stderr]   [ 22%] Building ASM object CMakeFiles/fipsmodule.dir/gen/bcm/vpaes-x86_64-linux.S.o
[INFO] [stderr]   [ 22%] Building ASM object CMakeFiles/fipsmodule.dir/gen/bcm/sha512-armv8-win.S.o
[INFO] [stderr]   [ 22%] Building ASM object CMakeFiles/fipsmodule.dir/gen/bcm/vpaes-armv8-apple.S.o
[INFO] [stderr]   [ 23%] Building ASM object CMakeFiles/fipsmodule.dir/gen/bcm/x86-mont-apple.S.o
[INFO] [stderr]   [ 23%] Building ASM object CMakeFiles/fipsmodule.dir/gen/bcm/x86_64-mont-linux.S.o
[INFO] [stderr]   [ 23%] Building ASM object CMakeFiles/fipsmodule.dir/gen/bcm/x86_64-mont5-apple.S.o
[INFO] [stderr]   [ 23%] Building ASM object CMakeFiles/fipsmodule.dir/third_party/fiat/asm/fiat_p256_adx_mul.S.o
[INFO] [stderr]   [ 23%] Building ASM object CMakeFiles/fipsmodule.dir/gen/bcm/x86-mont-linux.S.o
[INFO] [stderr]   [ 23%] Building ASM object CMakeFiles/fipsmodule.dir/gen/bcm/x86_64-mont5-linux.S.o
[INFO] [stderr]   [ 25%] Building ASM object CMakeFiles/fipsmodule.dir/third_party/fiat/asm/fiat_p256_adx_sqr.S.o
[INFO] [stderr]   [ 25%] Building ASM object CMakeFiles/fipsmodule.dir/gen/bcm/x86_64-mont-apple.S.o
[INFO] [stderr]   [ 25%] Built target fipsmodule
[INFO] [stderr]   [ 26%] Building CXX object CMakeFiles/crypto.dir/crypto/asn1/a_bool.cc.o
[INFO] [stderr]   [ 26%] Building CXX object CMakeFiles/crypto.dir/crypto/asn1/a_dup.cc.o
[INFO] [stderr]   [ 26%] Building CXX object CMakeFiles/crypto.dir/crypto/asn1/a_int.cc.o
[INFO] [stderr]   [ 26%] Building CXX object CMakeFiles/crypto.dir/crypto/asn1/a_gentm.cc.o
[INFO] [stderr]   [ 26%] Building CXX object CMakeFiles/crypto.dir/crypto/asn1/a_d2i_fp.cc.o
[INFO] [stderr]   [ 26%] Building CXX object CMakeFiles/crypto.dir/crypto/aes/aes.cc.o
[INFO] [stderr]   [ 26%] Building CXX object CMakeFiles/crypto.dir/crypto/asn1/a_i2d_fp.cc.o
[INFO] [stderr]   [ 26%] Building CXX object CMakeFiles/crypto.dir/crypto/asn1/a_object.cc.o
[INFO] [stderr]   [ 26%] Building CXX object CMakeFiles/crypto.dir/crypto/asn1/a_strex.cc.o
[INFO] [stderr]   [ 26%] Building CXX object CMakeFiles/crypto.dir/crypto/asn1/a_octet.cc.o
[INFO] [stderr]   [ 26%] Building CXX object CMakeFiles/crypto.dir/crypto/asn1/a_type.cc.o
[INFO] [stderr]   [ 26%] Building CXX object CMakeFiles/crypto.dir/crypto/asn1/a_bitstr.cc.o
[INFO] [stderr]   [ 28%] Building CXX object CMakeFiles/crypto.dir/crypto/asn1/a_utctm.cc.o
[INFO] [stderr]   [ 30%] Building CXX object CMakeFiles/crypto.dir/crypto/asn1/a_mbstr.cc.o
[INFO] [stderr]   [ 30%] Building CXX object CMakeFiles/crypto.dir/crypto/asn1/a_time.cc.o
[INFO] [stderr]   [ 30%] Building CXX object CMakeFiles/crypto.dir/crypto/asn1/a_strnid.cc.o
[INFO] [stderr]   [ 30%] Building CXX object CMakeFiles/crypto.dir/crypto/asn1/asn1_lib.cc.o
[INFO] [stderr]   [ 30%] Building CXX object CMakeFiles/crypto.dir/crypto/asn1/asn1_par.cc.o
[INFO] [stderr]   [ 30%] Building CXX object CMakeFiles/crypto.dir/crypto/asn1/asn_pack.cc.o
[INFO] [stderr]   [ 30%] Building CXX object CMakeFiles/crypto.dir/crypto/asn1/f_int.cc.o
[INFO] [stderr]   [ 30%] Building CXX object CMakeFiles/crypto.dir/crypto/asn1/f_string.cc.o
[INFO] [stderr]   [ 30%] Building CXX object CMakeFiles/crypto.dir/crypto/asn1/tasn_dec.cc.o
[INFO] [stderr]   [ 31%] Building CXX object CMakeFiles/crypto.dir/crypto/asn1/posix_time.cc.o
[INFO] [stderr]   [ 31%] Building CXX object CMakeFiles/crypto.dir/crypto/asn1/tasn_enc.cc.o
[INFO] [stderr]   [ 31%] Building CXX object CMakeFiles/crypto.dir/crypto/asn1/tasn_new.cc.o
[INFO] [stderr]   [ 31%] Building CXX object CMakeFiles/crypto.dir/crypto/asn1/tasn_fre.cc.o
[INFO] [stderr]   [ 31%] Building CXX object CMakeFiles/crypto.dir/crypto/asn1/tasn_typ.cc.o
[INFO] [stderr]   [ 31%] Building CXX object CMakeFiles/crypto.dir/crypto/asn1/tasn_utl.cc.o
[INFO] [stderr]   [ 33%] Building CXX object CMakeFiles/crypto.dir/crypto/base64/base64.cc.o
[INFO] [stderr]   [ 33%] Building CXX object CMakeFiles/crypto.dir/crypto/bio/bio.cc.o
[INFO] [stderr]   [ 33%] Building CXX object CMakeFiles/crypto.dir/crypto/bio/bio_mem.cc.o
[INFO] [stderr]   [ 33%] Building CXX object CMakeFiles/crypto.dir/crypto/bio/connect.cc.o
[INFO] [stderr]   [ 33%] Building CXX object CMakeFiles/crypto.dir/crypto/bio/errno.cc.o
[INFO] [stderr]   [ 33%] Building CXX object CMakeFiles/crypto.dir/crypto/bio/fd.cc.o
[INFO] [stderr]   [ 33%] Building CXX object CMakeFiles/crypto.dir/crypto/bio/hexdump.cc.o
[INFO] [stderr]   [ 34%] Building CXX object CMakeFiles/crypto.dir/crypto/bio/file.cc.o
[INFO] [stderr]   [ 34%] Building CXX object CMakeFiles/crypto.dir/crypto/bio/pair.cc.o
[INFO] [stderr]   [ 34%] Building CXX object CMakeFiles/crypto.dir/crypto/bio/printf.cc.o
[INFO] [stderr]   [ 34%] Building CXX object CMakeFiles/crypto.dir/crypto/bio/socket.cc.o
[INFO] [stderr]   [ 34%] Building CXX object CMakeFiles/crypto.dir/crypto/bio/socket_helper.cc.o
[INFO] [stderr]   [ 34%] Building CXX object CMakeFiles/crypto.dir/crypto/blake2/blake2.cc.o
[INFO] [stderr]   [ 36%] Building CXX object CMakeFiles/crypto.dir/crypto/bn/bn_asn1.cc.o
[INFO] [stderr]   [ 36%] Building CXX object CMakeFiles/crypto.dir/crypto/bn/convert.cc.o
[INFO] [stderr]   [ 36%] Building CXX object CMakeFiles/crypto.dir/crypto/bn/div.cc.o
[INFO] [stderr]   [ 36%] Building CXX object CMakeFiles/crypto.dir/crypto/bn/exponentiation.cc.o
[INFO] [stderr]   [ 36%] Building CXX object CMakeFiles/crypto.dir/crypto/bn/sqrt.cc.o
[INFO] [stderr]   [ 38%] Building CXX object CMakeFiles/crypto.dir/crypto/bytestring/asn1_compat.cc.o
[INFO] [stderr]   [ 38%] Building CXX object CMakeFiles/crypto.dir/crypto/buf/buf.cc.o
[INFO] [stderr]   [ 38%] Building CXX object CMakeFiles/crypto.dir/crypto/bytestring/ber.cc.o
[INFO] [stderr]   [ 38%] Building CXX object CMakeFiles/crypto.dir/crypto/bytestring/cbb.cc.o
[INFO] [stderr]   [ 38%] Building CXX object CMakeFiles/crypto.dir/crypto/bytestring/cbs.cc.o
[INFO] [stderr]   [ 38%] Building CXX object CMakeFiles/crypto.dir/crypto/bytestring/unicode.cc.o
[INFO] [stderr]   [ 38%] Building CXX object CMakeFiles/crypto.dir/crypto/chacha/chacha.cc.o
[INFO] [stderr]   [ 38%] Building CXX object CMakeFiles/crypto.dir/crypto/cipher/derive_key.cc.o
[INFO] [stderr]   [ 39%] Building CXX object CMakeFiles/crypto.dir/crypto/cipher/e_aesctrhmac.cc.o
[INFO] [stderr]   [ 39%] Building CXX object CMakeFiles/crypto.dir/crypto/cipher/e_aeseax.cc.o
[INFO] [stderr]   [ 39%] Building CXX object CMakeFiles/crypto.dir/crypto/cipher/e_aesgcmsiv.cc.o
[INFO] [stderr]   [ 39%] Building CXX object CMakeFiles/crypto.dir/crypto/cipher/e_chacha20poly1305.cc.o
[INFO] [stderr]   [ 39%] Building CXX object CMakeFiles/crypto.dir/crypto/cipher/e_des.cc.o
[INFO] [stderr]   [ 41%] Building CXX object CMakeFiles/crypto.dir/crypto/cipher/e_rc2.cc.o
[INFO] [stderr]   [ 41%] Building CXX object CMakeFiles/crypto.dir/crypto/cipher/e_null.cc.o
[INFO] [stderr]   [ 41%] Building CXX object CMakeFiles/crypto.dir/crypto/cipher/e_rc4.cc.o
[INFO] [stderr]   [ 41%] Building CXX object CMakeFiles/crypto.dir/crypto/cipher/e_tls.cc.o
[INFO] [stderr]   [ 41%] Building CXX object CMakeFiles/crypto.dir/crypto/cipher/get_cipher.cc.o
[INFO] [stderr]   [ 41%] Building CXX object CMakeFiles/crypto.dir/crypto/cipher/tls_cbc.cc.o
[INFO] [stderr]   [ 41%] Building CXX object CMakeFiles/crypto.dir/crypto/cms/cms.cc.o
[INFO] [stderr]   [ 41%] Building CXX object CMakeFiles/crypto.dir/crypto/conf/conf.cc.o
[INFO] [stderr]   [ 42%] Building CXX object CMakeFiles/crypto.dir/crypto/cpu_aarch64_apple.cc.o
[INFO] [stderr]   [ 42%] Building CXX object CMakeFiles/crypto.dir/crypto/cpu_aarch64_fuchsia.cc.o
[INFO] [stderr]   [ 42%] Building CXX object CMakeFiles/crypto.dir/crypto/cpu_aarch64_linux.cc.o
[INFO] [stderr]   [ 42%] Building CXX object CMakeFiles/crypto.dir/crypto/cpu_aarch64_openbsd.cc.o
[INFO] [stderr]   [ 42%] Building CXX object CMakeFiles/crypto.dir/crypto/cpu_aarch64_sysreg.cc.o
[INFO] [stderr]   [ 42%] Building CXX object CMakeFiles/crypto.dir/crypto/cpu_aarch64_win.cc.o
[INFO] [stderr]   [ 44%] Building CXX object CMakeFiles/crypto.dir/crypto/cpu_arm_freebsd.cc.o
[INFO] [stderr]   [ 44%] Building CXX object CMakeFiles/crypto.dir/crypto/cpu_arm_linux.cc.o
[INFO] [stderr]   [ 44%] Building CXX object CMakeFiles/crypto.dir/crypto/cpu_intel.cc.o
[INFO] [stderr]   [ 44%] Building CXX object CMakeFiles/crypto.dir/crypto/crypto.cc.o
[INFO] [stderr]   [ 44%] Building CXX object CMakeFiles/crypto.dir/crypto/curve25519/curve25519.cc.o
[INFO] [stderr]   [ 44%] Building CXX object CMakeFiles/crypto.dir/crypto/curve25519/curve25519_64_adx.cc.o
[INFO] [stderr]   [ 44%] Building CXX object CMakeFiles/crypto.dir/crypto/curve25519/spake25519.cc.o
[INFO] [stderr]   [ 46%] Building CXX object CMakeFiles/crypto.dir/crypto/des/des.cc.o
[INFO] [stderr]   [ 46%] Building CXX object CMakeFiles/crypto.dir/crypto/dh/dh_asn1.cc.o
[INFO] [stderr]   [ 46%] Building CXX object CMakeFiles/crypto.dir/crypto/dh/params.cc.o
[INFO] [stderr]   [ 46%] Building CXX object CMakeFiles/crypto.dir/crypto/digest/digest_extra.cc.o
[INFO] [stderr]   [ 46%] Building CXX object CMakeFiles/crypto.dir/crypto/dsa/dsa.cc.o
[INFO] [stderr]   [ 47%] Building CXX object CMakeFiles/crypto.dir/crypto/ec/ec_asn1.cc.o
[INFO] [stderr]   [ 47%] Building CXX object CMakeFiles/crypto.dir/crypto/dsa/dsa_asn1.cc.o
[INFO] [stderr]   [ 47%] Building CXX object CMakeFiles/crypto.dir/crypto/ec/ec_derive.cc.o
[INFO] [stderr]   [ 47%] Building CXX object CMakeFiles/crypto.dir/crypto/ec/hash_to_curve.cc.o
[INFO] [stderr]   [ 47%] Building CXX object CMakeFiles/crypto.dir/crypto/ecdh/ecdh.cc.o
[INFO] [stderr]   [ 47%] Building CXX object CMakeFiles/crypto.dir/crypto/ecdsa/ecdsa_p1363.cc.o
[INFO] [stderr]   [ 47%] Building CXX object CMakeFiles/crypto.dir/crypto/ecdsa/ecdsa_asn1.cc.o
[INFO] [stderr]   [ 47%] Building CXX object CMakeFiles/crypto.dir/crypto/engine/engine.cc.o
[INFO] [stderr]   [ 49%] Building CXX object CMakeFiles/crypto.dir/crypto/err/err.cc.o
[INFO] [stderr]   [ 49%] Building CXX object CMakeFiles/crypto.dir/crypto/evp/evp.cc.o
[INFO] [stderr]   [ 49%] Building CXX object CMakeFiles/crypto.dir/crypto/evp/evp_asn1.cc.o
[INFO] [stderr]   [ 49%] Building CXX object CMakeFiles/crypto.dir/crypto/evp/evp_ctx.cc.o
[INFO] [stderr]   [ 49%] Building CXX object CMakeFiles/crypto.dir/crypto/evp/p_dh.cc.o
[INFO] [stderr]   [ 49%] Building CXX object CMakeFiles/crypto.dir/crypto/evp/p_dsa.cc.o
[INFO] [stderr]   [ 50%] Building CXX object CMakeFiles/crypto.dir/crypto/evp/p_ec.cc.o
[INFO] [stderr]   [ 50%] Building CXX object CMakeFiles/crypto.dir/crypto/evp/p_ed25519.cc.o
[INFO] [stderr]   [ 50%] Building CXX object CMakeFiles/crypto.dir/crypto/evp/p_hkdf.cc.o
[INFO] [stderr]   [ 50%] Building CXX object CMakeFiles/crypto.dir/crypto/evp/p_mldsa.cc.o
[INFO] [stderr]   [ 50%] Building CXX object CMakeFiles/crypto.dir/crypto/evp/p_rsa.cc.o
[INFO] [stderr]   [ 52%] Building CXX object CMakeFiles/crypto.dir/crypto/evp/print.cc.o
[INFO] [stderr]   [ 52%] Building CXX object CMakeFiles/crypto.dir/crypto/evp/pbkdf.cc.o
[INFO] [stderr]   [ 52%] Building CXX object CMakeFiles/crypto.dir/crypto/evp/p_x25519.cc.o
[INFO] [stderr]   [ 52%] Building CXX object CMakeFiles/crypto.dir/crypto/evp/scrypt.cc.o
[INFO] [stderr]   [ 52%] Building CXX object CMakeFiles/crypto.dir/crypto/evp/sign.cc.o
[INFO] [stderr]   [ 52%] Building CXX object CMakeFiles/crypto.dir/crypto/ex_data.cc.o
[INFO] [stderr]   [ 52%] Building CXX object CMakeFiles/crypto.dir/crypto/fipsmodule/fips_shared_support.cc.o
[INFO] [stderr]   [ 52%] Building CXX object CMakeFiles/crypto.dir/crypto/fuzzer_mode.cc.o
[INFO] [stderr]   [ 53%] Building CXX object CMakeFiles/crypto.dir/crypto/hpke/hpke.cc.o
[INFO] [stderr]   [ 53%] Building CXX object CMakeFiles/crypto.dir/crypto/hrss/hrss.cc.o
[INFO] [stderr]   [ 53%] Building CXX object CMakeFiles/crypto.dir/crypto/kyber/kyber.cc.o
[INFO] [stderr]   [ 53%] Building CXX object CMakeFiles/crypto.dir/crypto/lhash/lhash.cc.o
[INFO] [stderr]   [ 53%] Building CXX object CMakeFiles/crypto.dir/crypto/md4/md4.cc.o
[INFO] [stderr]   [ 53%] Building CXX object CMakeFiles/crypto.dir/crypto/md5/md5.cc.o
[INFO] [stderr]   [ 53%] Building CXX object CMakeFiles/crypto.dir/crypto/mem.cc.o
[INFO] [stderr]   [ 55%] Building CXX object CMakeFiles/crypto.dir/crypto/mldsa/mldsa.cc.o
[INFO] [stderr]   [ 55%] Building CXX object CMakeFiles/crypto.dir/crypto/mlkem/mlkem.cc.o
[INFO] [stderr]   [ 55%] Building CXX object CMakeFiles/crypto.dir/crypto/obj/obj.cc.o
[INFO] [stderr]   [ 55%] Building CXX object CMakeFiles/crypto.dir/crypto/obj/obj_xref.cc.o
[INFO] [stderr]   [ 55%] Building CXX object CMakeFiles/crypto.dir/crypto/pem/pem_all.cc.o
[INFO] [stderr]   [ 55%] Building CXX object CMakeFiles/crypto.dir/crypto/pem/pem_oth.cc.o
[INFO] [stderr]   [ 57%] Building CXX object CMakeFiles/crypto.dir/crypto/pem/pem_lib.cc.o
[INFO] [stderr]   [ 57%] Building CXX object CMakeFiles/crypto.dir/crypto/pem/pem_info.cc.o
[INFO] [stderr]   [ 57%] Building CXX object CMakeFiles/crypto.dir/crypto/pem/pem_pk8.cc.o
[INFO] [stderr]   [ 57%] Building CXX object CMakeFiles/crypto.dir/crypto/pem/pem_pkey.cc.o
[INFO] [stderr]   [ 57%] Building CXX object CMakeFiles/crypto.dir/crypto/pem/pem_x509.cc.o
[INFO] [stderr]   [ 57%] Building CXX object CMakeFiles/crypto.dir/crypto/pem/pem_xaux.cc.o
[INFO] [stderr]   [ 57%] Building CXX object CMakeFiles/crypto.dir/crypto/pkcs7/pkcs7.cc.o
[INFO] [stderr]   [ 58%] Building CXX object CMakeFiles/crypto.dir/crypto/pkcs7/pkcs7_x509.cc.o
[INFO] [stderr]   [ 58%] Building CXX object CMakeFiles/crypto.dir/crypto/pkcs8/p5_pbev2.cc.o
[INFO] [stderr]   [ 58%] Building CXX object CMakeFiles/crypto.dir/crypto/pkcs8/pkcs8.cc.o
[INFO] [stderr]   [ 58%] Building CXX object CMakeFiles/crypto.dir/crypto/pkcs8/pkcs8_x509.cc.o
[INFO] [stderr]   [ 58%] Building CXX object CMakeFiles/crypto.dir/crypto/poly1305/poly1305.cc.o
[INFO] [stderr]   [ 58%] Building CXX object CMakeFiles/crypto.dir/crypto/poly1305/poly1305_arm.cc.o
[INFO] [stderr]   [ 60%] Building CXX object CMakeFiles/crypto.dir/crypto/poly1305/poly1305_vec.cc.o
[INFO] [stderr]   [ 60%] Building CXX object CMakeFiles/crypto.dir/crypto/pool/pool.cc.o
[INFO] [stderr]   [ 60%] Building CXX object CMakeFiles/crypto.dir/crypto/rand/deterministic.cc.o
[INFO] [stderr]   [ 60%] Building CXX object CMakeFiles/crypto.dir/crypto/rand/fork_detect.cc.o
[INFO] [stderr]   [ 60%] Building CXX object CMakeFiles/crypto.dir/crypto/rand/forkunsafe.cc.o
[INFO] [stderr]   [ 60%] Building CXX object CMakeFiles/crypto.dir/crypto/rand/getentropy.cc.o
[INFO] [stderr]   [ 60%] Building CXX object CMakeFiles/crypto.dir/crypto/rand/ios.cc.o
[INFO] [stderr]   [ 61%] Building CXX object CMakeFiles/crypto.dir/crypto/rand/passive.cc.o
[INFO] [stderr]   [ 61%] Building CXX object CMakeFiles/crypto.dir/crypto/rand/rand.cc.o
[INFO] [stderr]   [ 61%] Building CXX object CMakeFiles/crypto.dir/crypto/rand/trusty.cc.o
[INFO] [stderr]   [ 61%] Building CXX object CMakeFiles/crypto.dir/crypto/rand/urandom.cc.o
[INFO] [stderr]   [ 61%] Building CXX object CMakeFiles/crypto.dir/crypto/rand/windows.cc.o
[INFO] [stderr]   [ 61%] Building CXX object CMakeFiles/crypto.dir/crypto/rc4/rc4.cc.o
[INFO] [stderr]   [ 63%] Building CXX object CMakeFiles/crypto.dir/crypto/refcount.cc.o
[INFO] [stderr]   [ 63%] Building CXX object CMakeFiles/crypto.dir/crypto/rsa/rsa_asn1.cc.o
[INFO] [stderr]   [ 63%] Building CXX object CMakeFiles/crypto.dir/crypto/rsa/rsa_crypt.cc.o
[INFO] [stderr]   [ 63%] Building CXX object CMakeFiles/crypto.dir/crypto/rsa/rsa_extra.cc.o
[INFO] [stderr]   [ 63%] Building CXX object CMakeFiles/crypto.dir/crypto/sha/sha256.cc.o
[INFO] [stderr]   [ 63%] Building CXX object CMakeFiles/crypto.dir/crypto/rsa/rsa_print.cc.o
[INFO] [stderr]   [ 65%] Building CXX object CMakeFiles/crypto.dir/crypto/sha/sha512.cc.o
[INFO] [stderr]   [ 65%] Building CXX object CMakeFiles/crypto.dir/crypto/sha/sha1.cc.o
[INFO] [stderr]   [ 65%] Building CXX object CMakeFiles/crypto.dir/crypto/siphash/siphash.cc.o
[INFO] [stderr]   [ 65%] Building CXX object CMakeFiles/crypto.dir/crypto/slhdsa/slhdsa.cc.o
[INFO] [stderr]   [ 65%] Building CXX object CMakeFiles/crypto.dir/crypto/spake2plus/spake2plus.cc.o
[INFO] [stderr]   [ 65%] Building CXX object CMakeFiles/crypto.dir/crypto/stack/stack.cc.o
[INFO] [stderr]   [ 65%] Building CXX object CMakeFiles/crypto.dir/crypto/thread.cc.o
[INFO] [stderr]   [ 66%] Building CXX object CMakeFiles/crypto.dir/crypto/thread_none.cc.o
[INFO] [stderr]   [ 66%] Building CXX object CMakeFiles/crypto.dir/crypto/thread_pthread.cc.o
[INFO] [stderr]   [ 66%] Building CXX object CMakeFiles/crypto.dir/crypto/thread_win.cc.o
[INFO] [stderr]   [ 66%] Building CXX object CMakeFiles/crypto.dir/crypto/trust_token/pmbtoken.cc.o
[INFO] [stderr]   [ 66%] Building CXX object CMakeFiles/crypto.dir/crypto/trust_token/trust_token.cc.o
[INFO] [stderr]   [ 66%] Building CXX object CMakeFiles/crypto.dir/crypto/trust_token/voprf.cc.o
[INFO] [stderr]   [ 68%] Building CXX object CMakeFiles/crypto.dir/crypto/x509/a_sign.cc.o
[INFO] [stderr]   [ 68%] Building CXX object CMakeFiles/crypto.dir/crypto/x509/a_digest.cc.o
[INFO] [stderr]   [ 68%] Building CXX object CMakeFiles/crypto.dir/crypto/x509/a_verify.cc.o
[INFO] [stderr]   [ 68%] Building CXX object CMakeFiles/crypto.dir/crypto/x509/algorithm.cc.o
[INFO] [stderr]   [ 68%] Building CXX object CMakeFiles/crypto.dir/crypto/x509/asn1_gen.cc.o
[INFO] [stderr]   [ 68%] Building CXX object CMakeFiles/crypto.dir/crypto/x509/by_dir.cc.o
[INFO] [stderr]   [ 68%] Building CXX object CMakeFiles/crypto.dir/crypto/x509/by_file.cc.o
[INFO] [stderr]   [ 69%] Building CXX object CMakeFiles/crypto.dir/crypto/x509/i2d_pr.cc.o
[INFO] [stderr]   [ 69%] Building CXX object CMakeFiles/crypto.dir/crypto/x509/name_print.cc.o
[INFO] [stderr]   [ 69%] Building CXX object CMakeFiles/crypto.dir/crypto/x509/policy.cc.o
[INFO] [stderr]   [ 69%] Building CXX object CMakeFiles/crypto.dir/crypto/x509/rsa_pss.cc.o
[INFO] [stderr]   [ 69%] Building CXX object CMakeFiles/crypto.dir/crypto/x509/t_crl.cc.o
[INFO] [stderr]   [ 69%] Building CXX object CMakeFiles/crypto.dir/crypto/x509/t_req.cc.o
[INFO] [stderr]   [ 69%] Building CXX object CMakeFiles/crypto.dir/crypto/x509/t_x509.cc.o
[INFO] [stderr]   [ 71%] Building CXX object CMakeFiles/crypto.dir/crypto/x509/t_x509a.cc.o
[INFO] [stderr]   [ 71%] Building CXX object CMakeFiles/crypto.dir/crypto/x509/v3_akey.cc.o
[INFO] [stderr]   [ 71%] Building CXX object CMakeFiles/crypto.dir/crypto/x509/v3_alt.cc.o
[INFO] [stderr]   [ 71%] Building CXX object CMakeFiles/crypto.dir/crypto/x509/v3_bcons.cc.o
[INFO] [stderr]   [ 71%] Building CXX object CMakeFiles/crypto.dir/crypto/x509/v3_akeya.cc.o
[INFO] [stderr]   [ 71%] Building CXX object CMakeFiles/crypto.dir/crypto/x509/v3_bitst.cc.o
[INFO] [stderr]   [ 73%] Building CXX object CMakeFiles/crypto.dir/crypto/x509/v3_conf.cc.o
[INFO] [stderr]   [ 73%] Building CXX object CMakeFiles/crypto.dir/crypto/x509/v3_crld.cc.o
[INFO] [stderr]   [ 73%] Building CXX object CMakeFiles/crypto.dir/crypto/x509/v3_enum.cc.o
[INFO] [stderr]   [ 73%] Building CXX object CMakeFiles/crypto.dir/crypto/x509/v3_cpols.cc.o
[INFO] [stderr]   [ 73%] Building CXX object CMakeFiles/crypto.dir/crypto/x509/v3_extku.cc.o
[INFO] [stderr]   [ 73%] Building CXX object CMakeFiles/crypto.dir/crypto/x509/v3_genn.cc.o
[INFO] [stderr]   [ 73%] Building CXX object CMakeFiles/crypto.dir/crypto/x509/v3_ia5.cc.o
[INFO] [stderr]   [ 73%] Building CXX object CMakeFiles/crypto.dir/crypto/x509/v3_int.cc.o
[INFO] [stderr]   [ 74%] Building CXX object CMakeFiles/crypto.dir/crypto/x509/v3_info.cc.o
[INFO] [stderr]   [ 74%] Building CXX object CMakeFiles/crypto.dir/crypto/x509/v3_lib.cc.o
[INFO] [stderr]   [ 74%] Building CXX object CMakeFiles/crypto.dir/crypto/x509/v3_ncons.cc.o
[INFO] [stderr]   [ 74%] Building CXX object CMakeFiles/crypto.dir/crypto/x509/v3_ocsp.cc.o
[INFO] [stderr]   [ 74%] Building CXX object CMakeFiles/crypto.dir/crypto/x509/v3_pcons.cc.o
[INFO] [stderr]   [ 76%] Building CXX object CMakeFiles/crypto.dir/crypto/x509/v3_pmaps.cc.o
[INFO] [stderr]   [ 76%] Building CXX object CMakeFiles/crypto.dir/crypto/x509/v3_prn.cc.o
[INFO] [stderr]   [ 76%] Building CXX object CMakeFiles/crypto.dir/crypto/x509/v3_purp.cc.o
[INFO] [stderr]   [ 76%] Building CXX object CMakeFiles/crypto.dir/crypto/x509/v3_skey.cc.o
[INFO] [stderr]   [ 76%] Building CXX object CMakeFiles/crypto.dir/crypto/x509/v3_utl.cc.o
[INFO] [stderr]   [ 76%] Building CXX object CMakeFiles/crypto.dir/crypto/x509/x509.cc.o
[INFO] [stderr]   [ 76%] Building CXX object CMakeFiles/crypto.dir/crypto/x509/x509_att.cc.o
[INFO] [stderr]   [ 77%] Building CXX object CMakeFiles/crypto.dir/crypto/x509/x509_cmp.cc.o
[INFO] [stderr]   [ 77%] Building CXX object CMakeFiles/crypto.dir/crypto/x509/x509_d2.cc.o
[INFO] [stderr]   [ 77%] Building CXX object CMakeFiles/crypto.dir/crypto/x509/x509_def.cc.o
[INFO] [stderr]   [ 77%] Building CXX object CMakeFiles/crypto.dir/crypto/x509/x509_lu.cc.o
[INFO] [stderr]   [ 77%] Building CXX object CMakeFiles/crypto.dir/crypto/x509/x509_ext.cc.o
[INFO] [stderr]   [ 77%] Building CXX object CMakeFiles/crypto.dir/crypto/x509/x509_obj.cc.o
[INFO] [stderr]   [ 79%] Building CXX object CMakeFiles/crypto.dir/crypto/x509/x509_req.cc.o
[INFO] [stderr]   [ 79%] Building CXX object CMakeFiles/crypto.dir/crypto/x509/x509_set.cc.o
[INFO] [stderr]   [ 79%] Building CXX object CMakeFiles/crypto.dir/crypto/x509/x509_trs.cc.o
[INFO] [stderr]   [ 79%] Building CXX object CMakeFiles/crypto.dir/crypto/x509/x509_txt.cc.o
[INFO] [stderr]   [ 79%] Building CXX object CMakeFiles/crypto.dir/crypto/x509/x509_v3.cc.o
[INFO] [stderr]   [ 79%] Building CXX object CMakeFiles/crypto.dir/crypto/x509/x509_vfy.cc.o
[INFO] [stderr]   [ 79%] Building CXX object CMakeFiles/crypto.dir/crypto/x509/x509_vpm.cc.o
[INFO] [stderr]   [ 80%] Building CXX object CMakeFiles/crypto.dir/crypto/x509/x509cset.cc.o
[INFO] [stderr]   [ 80%] Building CXX object CMakeFiles/crypto.dir/crypto/x509/x509name.cc.o
[INFO] [stderr]   [ 80%] Building CXX object CMakeFiles/crypto.dir/crypto/x509/x509rset.cc.o
[INFO] [stderr]   [ 80%] Building CXX object CMakeFiles/crypto.dir/crypto/x509/x509spki.cc.o
[INFO] [stderr]   [ 80%] Building CXX object CMakeFiles/crypto.dir/crypto/x509/x_algor.cc.o
[INFO] [stderr]   [ 80%] Building CXX object CMakeFiles/crypto.dir/crypto/x509/x_all.cc.o
[INFO] [stderr]   [ 82%] Building CXX object CMakeFiles/crypto.dir/crypto/x509/x_attrib.cc.o
[INFO] [stderr]   [ 82%] Building CXX object CMakeFiles/crypto.dir/crypto/x509/x_crl.cc.o
[INFO] [stderr]   [ 82%] Building CXX object CMakeFiles/crypto.dir/crypto/x509/x_exten.cc.o
[INFO] [stderr]   [ 82%] Building CXX object CMakeFiles/crypto.dir/crypto/x509/x_name.cc.o
[INFO] [stderr]   [ 82%] Building CXX object CMakeFiles/crypto.dir/crypto/x509/x_pubkey.cc.o
[INFO] [stderr]   [ 82%] Building CXX object CMakeFiles/crypto.dir/crypto/x509/x_req.cc.o
[INFO] [stderr]   [ 82%] Building CXX object CMakeFiles/crypto.dir/crypto/x509/x_sig.cc.o
[INFO] [stderr]   [ 82%] Building CXX object CMakeFiles/crypto.dir/crypto/x509/x_x509.cc.o
[INFO] [stderr]   [ 84%] Building CXX object CMakeFiles/crypto.dir/crypto/x509/x_spki.cc.o
[INFO] [stderr]   [ 84%] Building CXX object CMakeFiles/crypto.dir/crypto/x509/x_x509a.cc.o
[INFO] [stderr]   [ 84%] Building CXX object CMakeFiles/crypto.dir/crypto/xwing/xwing.cc.o
[INFO] [stderr]   [ 84%] Building CXX object CMakeFiles/crypto.dir/gen/crypto/err_data.cc.o
[INFO] [stderr]   [ 84%] Building ASM object CMakeFiles/crypto.dir/crypto/curve25519/asm/x25519-asm-arm.S.o
[INFO] [stderr]   [ 85%] Building ASM object CMakeFiles/crypto.dir/crypto/hrss/asm/poly_rq_mul.S.o
[INFO] [stderr]   [ 85%] Building ASM object CMakeFiles/crypto.dir/gen/crypto/aes128gcmsiv-x86_64-apple.S.o
[INFO] [stderr]   [ 85%] Building ASM object CMakeFiles/crypto.dir/crypto/poly1305/poly1305_arm_asm.S.o
[INFO] [stderr]   [ 85%] Building ASM object CMakeFiles/crypto.dir/gen/crypto/aes128gcmsiv-x86_64-linux.S.o
[INFO] [stderr]   [ 85%] Building ASM object CMakeFiles/crypto.dir/gen/crypto/chacha-armv4-linux.S.o
[INFO] [stderr]   [ 85%] Building ASM object CMakeFiles/crypto.dir/gen/crypto/chacha-armv8-apple.S.o
[INFO] [stderr]   [ 85%] Building ASM object CMakeFiles/crypto.dir/gen/crypto/chacha-armv8-linux.S.o
[INFO] [stderr]   [ 87%] Building ASM object CMakeFiles/crypto.dir/gen/crypto/chacha-armv8-win.S.o
[INFO] [stderr]   [ 85%] Building ASM object CMakeFiles/crypto.dir/gen/crypto/chacha-x86-apple.S.o
[INFO] [stderr]   [ 87%] Building ASM object CMakeFiles/crypto.dir/gen/crypto/chacha-x86-linux.S.o
[INFO] [stderr]   [ 87%] Building ASM object CMakeFiles/crypto.dir/gen/crypto/chacha-x86_64-linux.S.o
[INFO] [stderr]   [ 87%] Building ASM object CMakeFiles/crypto.dir/gen/crypto/chacha-x86_64-apple.S.o
[INFO] [stderr]   [ 88%] Building ASM object CMakeFiles/crypto.dir/gen/crypto/chacha20_poly1305_armv8-linux.S.o
[INFO] [stderr]   [ 88%] Building ASM object CMakeFiles/crypto.dir/gen/crypto/chacha20_poly1305_armv8-apple.S.o
[INFO] [stderr]   [ 88%] Building ASM object CMakeFiles/crypto.dir/gen/crypto/chacha20_poly1305_x86_64-apple.S.o
[INFO] [stderr]   [ 88%] Building ASM object CMakeFiles/crypto.dir/gen/crypto/chacha20_poly1305_armv8-win.S.o
[INFO] [stderr]   [ 88%] Building ASM object CMakeFiles/crypto.dir/gen/crypto/chacha20_poly1305_x86_64-linux.S.o
[INFO] [stderr]   [ 88%] Building ASM object CMakeFiles/crypto.dir/gen/crypto/md5-586-apple.S.o
[INFO] [stderr]   [ 88%] Building ASM object CMakeFiles/crypto.dir/gen/crypto/md5-586-linux.S.o
[INFO] [stderr]   [ 88%] Building ASM object CMakeFiles/crypto.dir/gen/crypto/md5-x86_64-apple.S.o
[INFO] [stderr]   [ 90%] Building ASM object CMakeFiles/crypto.dir/gen/crypto/md5-x86_64-linux.S.o
[INFO] [stderr]   [ 90%] Building ASM object CMakeFiles/crypto.dir/third_party/fiat/asm/fiat_curve25519_adx_mul.S.o
[INFO] [stderr]   [ 90%] Building ASM object CMakeFiles/crypto.dir/third_party/fiat/asm/fiat_curve25519_adx_square.S.o
[INFO] [stderr]   [ 90%] Linking CXX static library libcrypto.a
[INFO] [stderr]   [ 90%] Built target crypto
[INFO] [stderr]   [ 92%] Building CXX object CMakeFiles/ssl.dir/ssl/bio_ssl.cc.o
[INFO] [stderr]   [ 92%] Building CXX object CMakeFiles/ssl.dir/ssl/d1_lib.cc.o
[INFO] [stderr]   [ 92%] Building CXX object CMakeFiles/ssl.dir/ssl/d1_srtp.cc.o
[INFO] [stderr]   [ 92%] Building CXX object CMakeFiles/ssl.dir/ssl/dtls_record.cc.o
[INFO] [stderr]   [ 92%] Building CXX object CMakeFiles/ssl.dir/ssl/extensions.cc.o
[INFO] [stderr]   [ 92%] Building CXX object CMakeFiles/ssl.dir/ssl/handoff.cc.o
[INFO] [stderr]   [ 92%] Building CXX object CMakeFiles/ssl.dir/ssl/handshake.cc.o
[INFO] [stderr]   [ 92%] Building CXX object CMakeFiles/ssl.dir/ssl/dtls_method.cc.o
[INFO] [stderr]   [ 93%] Building CXX object CMakeFiles/ssl.dir/ssl/s3_both.cc.o
[INFO] [stderr]   [ 93%] Building CXX object CMakeFiles/ssl.dir/ssl/handshake_server.cc.o
[INFO] [stderr]   [ 93%] Building CXX object CMakeFiles/ssl.dir/ssl/s3_lib.cc.o
[INFO] [stderr]   [ 93%] Building CXX object CMakeFiles/ssl.dir/ssl/d1_pkt.cc.o
[INFO] [stderr]   [ 95%] Building CXX object CMakeFiles/ssl.dir/ssl/encrypted_client_hello.cc.o
[INFO] [stderr]   [ 95%] Building CXX object CMakeFiles/ssl.dir/ssl/s3_pkt.cc.o
[INFO] [stderr]   [ 95%] Building CXX object CMakeFiles/ssl.dir/ssl/handshake_client.cc.o
[INFO] [stderr]   [ 95%] Building CXX object CMakeFiles/ssl.dir/ssl/d1_both.cc.o
[INFO] [stderr]   [ 95%] Building CXX object CMakeFiles/ssl.dir/ssl/ssl_aead_ctx.cc.o
[INFO] [stderr] 
[INFO] [stderr]   --- stderr
[INFO] [stderr]   hint: Using 'master' as the name for the initial branch. This default branch name
[INFO] [stderr]   hint: will change to "main" in Git 3.0. To configure the initial branch name
[INFO] [stderr]   hint: to use in all of your new repositories, which will suppress this warning,
[INFO] [stderr]   hint: call:
[INFO] [stderr]   hint:
[INFO] [stderr]   hint: 	git config --global init.defaultBranch <name>
[INFO] [stderr]   hint:
[INFO] [stderr]   hint: Names commonly chosen instead of 'master' are 'main', 'trunk' and
[INFO] [stderr]   hint: 'development'. The just-created branch can be renamed via this command:
[INFO] [stderr]   hint:
[INFO] [stderr]   hint: 	git branch -m <name>
[INFO] [stderr]   hint:
[INFO] [stderr]   hint: Disable this message with "git config set advice.defaultBranchName false"
[INFO] [stderr]   Checking patch crypto/obj/obj_dat.h...
[INFO] [stderr]   Checking patch crypto/obj/obj_mac.num...
[INFO] [stderr]   Checking patch crypto/obj/objects.txt...
[INFO] [stderr]   Checking patch include/openssl/nid.h...
[INFO] [stderr]   Checking patch include/openssl/ssl.h...
[INFO] [stderr]   Checking patch ssl/extensions.cc...
[INFO] [stderr]   Checking patch ssl/internal.h...
[INFO] [stderr]   Checking patch ssl/ssl_key_share.cc...
[INFO] [stderr]   Checking patch ssl/ssl_lib.cc...
[INFO] [stderr]   Checking patch ssl/ssl_test.cc...
[INFO] [stderr]   Checking patch ssl/test/runner/basic_tests.go...
[INFO] [stderr]   Checking patch ssl/test/runner/cbc_tests.go...
[INFO] [stderr]   Checking patch ssl/test/runner/common.go...
[INFO] [stderr]   Checking patch ssl/test/runner/curve_tests.go...
[INFO] [stderr]   Checking patch ssl/test/runner/ech_tests.go...
[INFO] [stderr]   Checking patch ssl/test/runner/extension_tests.go...
[INFO] [stderr]   Checking patch ssl/test/runner/key_update_tests.go...
[INFO] [stderr]   Checking patch tool/client.cc...
[INFO] [stderr]   Applied patch crypto/obj/obj_dat.h cleanly.
[INFO] [stderr]   Applied patch crypto/obj/obj_mac.num cleanly.
[INFO] [stderr]   Applied patch crypto/obj/objects.txt cleanly.
[INFO] [stderr]   Applied patch include/openssl/nid.h cleanly.
[INFO] [stderr]   Applied patch include/openssl/ssl.h cleanly.
[INFO] [stderr]   Applied patch ssl/extensions.cc cleanly.
[INFO] [stderr]   Applied patch ssl/internal.h cleanly.
[INFO] [stderr]   Applied patch ssl/ssl_key_share.cc cleanly.
[INFO] [stderr]   Applied patch ssl/ssl_lib.cc cleanly.
[INFO] [stderr]   Applied patch ssl/ssl_test.cc cleanly.
[INFO] [stderr]   Applied patch ssl/test/runner/basic_tests.go cleanly.
[INFO] [stderr]   Applied patch ssl/test/runner/cbc_tests.go cleanly.
[INFO] [stderr]   Applied patch ssl/test/runner/common.go cleanly.
[INFO] [stderr]   Applied patch ssl/test/runner/curve_tests.go cleanly.
[INFO] [stderr]   Applied patch ssl/test/runner/ech_tests.go cleanly.
[INFO] [stderr]   Applied patch ssl/test/runner/extension_tests.go cleanly.
[INFO] [stderr]   Applied patch ssl/test/runner/key_update_tests.go cleanly.
[INFO] [stderr]   Applied patch tool/client.cc cleanly.
[INFO] [stderr]   /opt/rustwide/cargo-home/registry/src/index.crates.io-1949cf8c6b5b557f/btls-sys-0.5.6/patches/boringssl.patch:91: trailing whitespace.
[INFO] [stderr]    private:  
[INFO] [stderr]   /opt/rustwide/cargo-home/registry/src/index.crates.io-1949cf8c6b5b557f/btls-sys-0.5.6/patches/boringssl.patch:426: trailing whitespace.
[INFO] [stderr]     
[INFO] [stderr]   /opt/rustwide/cargo-home/registry/src/index.crates.io-1949cf8c6b5b557f/btls-sys-0.5.6/patches/boringssl.patch:715: trailing whitespace.
[INFO] [stderr]         
[INFO] [stderr]   /opt/rustwide/cargo-home/registry/src/index.crates.io-1949cf8c6b5b557f/btls-sys-0.5.6/patches/boringssl.patch:721: trailing whitespace.
[INFO] [stderr]         if (!DH_generate_key(dh) || 
[INFO] [stderr]   /opt/rustwide/cargo-home/registry/src/index.crates.io-1949cf8c6b5b557f/btls-sys-0.5.6/patches/boringssl.patch:729: trailing whitespace.
[INFO] [stderr]         if (peer_point == nullptr || 
[INFO] [stderr]   Checking patch crypto/cipher/e_tls.cc...
[INFO] [stderr]   Checking patch crypto/mem_internal.h...
[INFO] [stderr]   Checking patch include/openssl/aead.h...
[INFO] [stderr]   Checking patch include/openssl/nid.h...
[INFO] [stderr]   Checking patch include/openssl/ssl.h...
[INFO] [stderr]   Checking patch include/openssl/tls1.h...
[INFO] [stderr]   Checking patch ssl/extensions.cc...
[INFO] [stderr]   Checking patch ssl/handshake_client.cc...
[INFO] [stderr]   Checking patch ssl/internal.h...
[INFO] [stderr]   Checking patch ssl/ssl_cipher.cc...
[INFO] [stderr]   Checking patch ssl/ssl_key_share.cc...
[INFO] [stderr]   Checking patch ssl/ssl_lib.cc...
[INFO] [stderr]   Checking patch ssl/ssl_privkey.cc...
[INFO] [stderr]   Applied patch crypto/cipher/e_tls.cc cleanly.
[INFO] [stderr]   Applied patch crypto/mem_internal.h cleanly.
[INFO] [stderr]   Applied patch include/openssl/aead.h cleanly.
[INFO] [stderr]   Applied patch include/openssl/nid.h cleanly.
[INFO] [stderr]   Applied patch include/openssl/ssl.h cleanly.
[INFO] [stderr]   Applied patch include/openssl/tls1.h cleanly.
[INFO] [stderr]   Applied patch ssl/extensions.cc cleanly.
[INFO] [stderr]   Applied patch ssl/handshake_client.cc cleanly.
[INFO] [stderr]   Applied patch ssl/internal.h cleanly.
[INFO] [stderr]   Applied patch ssl/ssl_cipher.cc cleanly.
[INFO] [stderr]   Applied patch ssl/ssl_key_share.cc cleanly.
[INFO] [stderr]   Applied patch ssl/ssl_lib.cc cleanly.
[INFO] [stderr]   Applied patch ssl/ssl_privkey.cc cleanly.
[INFO] [stderr]   warning: squelched 4 whitespace errors
[INFO] [stderr]   warning: 9 lines applied after fixing whitespace errors.
[INFO] [stderr]   Checking patch include/openssl/target.h...
[INFO] [stderr]   Applied patch include/openssl/target.h cleanly.
[INFO] [stderr]   Checking patch third_party/fiat/p256_64.h...
[INFO] [stderr]   Hunk #2 succeeded at 178 (offset -3 lines).
[INFO] [stderr]   Hunk #3 succeeded at 493 (offset -4 lines).
[INFO] [stderr]   Applied patch third_party/fiat/p256_64.h cleanly.
[INFO] [stderr]   running: cd "/opt/rustwide/target/debug/build/btls-sys/72cf194a23dccf04/out/build" && CMAKE_BUILD_PARALLEL_LEVEL="16" CMAKE_PREFIX_PATH="" LC_ALL="C" "cmake" "/opt/rustwide/target/debug/build/btls-sys/72cf194a23dccf04/out/boringssl" "-B" "/opt/rustwide/target/debug/build/btls-sys/72cf194a23dccf04/out/build" "-DCMAKE_INSTALL_PREFIX=/opt/rustwide/target/debug/build/btls-sys/72cf194a23dccf04/out" "-DCMAKE_C_FLAGS= -ffunction-sections -fdata-sections -fPIC -m64 -w" "-DCMAKE_C_COMPILER=/usr/bin/cc" "-DCMAKE_CXX_FLAGS= -ffunction-sections -fdata-sections -fPIC -m64 -w" "-DCMAKE_CXX_COMPILER=/usr/bin/c++" "-DCMAKE_ASM_FLAGS= -ffunction-sections -fdata-sections -fPIC -m64 -w" "-DCMAKE_ASM_COMPILER=/usr/bin/cc" "-DCMAKE_BUILD_TYPE=Debug"
[INFO] [stderr]   running: cd "/opt/rustwide/target/debug/build/btls-sys/72cf194a23dccf04/out/build" && CMAKE_BUILD_PARALLEL_LEVEL="16" LC_ALL="C" MAKEFLAGS="-j --jobserver-fds=4,5 --jobserver-auth=4,5" "cmake" "--build" "/opt/rustwide/target/debug/build/btls-sys/72cf194a23dccf04/out/build" "--target" "ssl" "--config" "Debug"
[INFO] [stderr]   gmake: warning: -j16 forced in submake: resetting jobserver mode.
[INFO] [stderr]   c++: fatal error: Killed signal terminated program cc1plus
[INFO] [stderr]   compilation terminated.
[INFO] [stderr]   gmake[3]: *** [CMakeFiles/ssl.dir/build.make:135: CMakeFiles/ssl.dir/ssl/d1_srtp.cc.o] Error 1
[INFO] [stderr]   gmake[3]: *** Waiting for unfinished jobs....
[INFO] [stderr]   c++: fatal error: Killed signal terminated program cc1plus
[INFO] [stderr]   compilation terminated.
[INFO] [stderr]   gmake[3]: *** [CMakeFiles/ssl.dir/build.make:163: CMakeFiles/ssl.dir/ssl/dtls_record.cc.o] Error 1
[INFO] [stderr]   c++: fatal error: Killed signal terminated program cc1plus
[INFO] [stderr]   compilation terminated.
[INFO] [stderr]   gmake[3]: *** [CMakeFiles/ssl.dir/build.make:261: CMakeFiles/ssl.dir/ssl/s3_both.cc.o] Error 1
[INFO] [stderr]   c++: fatal error: Killed signal terminated program cc1plus
[INFO] [stderr]   compilation terminated.
[INFO] [stderr]   gmake[3]: *** [CMakeFiles/ssl.dir/build.make:219: CMakeFiles/ssl.dir/ssl/handshake.cc.o] Error 1
[INFO] [stderr]   gmake[2]: *** [CMakeFiles/Makefile2:1251: CMakeFiles/ssl.dir/all] Error 2
[INFO] [stderr]   gmake[1]: *** [CMakeFiles/Makefile2:1258: CMakeFiles/ssl.dir/rule] Error 2
[INFO] [stderr]   gmake: *** [Makefile:608: ssl] Error 2
[INFO] [stderr] 
[INFO] [stderr]   thread 'main' (2262) panicked at /opt/rustwide/cargo-home/registry/src/index.crates.io-1949cf8c6b5b557f/cmake-0.1.58/src/lib.rs:1132:5:
[INFO] [stderr] 
[INFO] [stderr]   command did not execute successfully, got: exit status: 2
[INFO] [stderr] 
[INFO] [stderr]   build script failed, must exit now
[INFO] [stderr]   stack backtrace:
[INFO] [stderr]      0:     0x60ec0e551ce1 - std[3164a59e47d3bde]::backtrace_rs::backtrace::libunwind::trace
[INFO] [stderr]                                  at /rustc/3154cc1a3e6424e44f438a95007d043ed5ceaaf6/library/std/src/../../backtrace/src/backtrace/libunwind.rs:117:9
[INFO] [stderr]      1:     0x60ec0e551ce1 - std[3164a59e47d3bde]::backtrace_rs::backtrace::trace_unsynchronized::<std[3164a59e47d3bde]::sys::backtrace::_print_fmt::{closure#1}>
[INFO] [stderr]                                  at /rustc/3154cc1a3e6424e44f438a95007d043ed5ceaaf6/library/std/src/../../backtrace/src/backtrace/mod.rs:66:14
[INFO] [stderr]      2:     0x60ec0e551ce1 - std[3164a59e47d3bde]::sys::backtrace::_print_fmt
[INFO] [stderr]                                  at /rustc/3154cc1a3e6424e44f438a95007d043ed5ceaaf6/library/std/src/sys/backtrace.rs:74:9
[INFO] [stderr]      3:     0x60ec0e551ce1 - <<std[3164a59e47d3bde]::sys::backtrace::BacktraceLock>::print::DisplayBacktrace as core[934024a1e6126fb4]::fmt::Display>::fmt
[INFO] [stderr]                                  at /rustc/3154cc1a3e6424e44f438a95007d043ed5ceaaf6/library/std/src/sys/backtrace.rs:44:26
[INFO] [stderr]      4:     0x60ec0e56a1ba - <core[934024a1e6126fb4]::fmt::rt::Argument>::fmt
[INFO] [stderr]                                  at /rustc/3154cc1a3e6424e44f438a95007d043ed5ceaaf6/library/core/src/fmt/rt.rs:152:76
[INFO] [stderr]      5:     0x60ec0e56a1ba - core[934024a1e6126fb4]::fmt::write
[INFO] [stderr]      6:     0x60ec0e55839c - core[934024a1e6126fb4]::io::write::default_write_fmt::<std[3164a59e47d3bde]::sys::stdio::unix::Stderr>
[INFO] [stderr]                                  at /rustc/3154cc1a3e6424e44f438a95007d043ed5ceaaf6/library/core/src/io/write.rs:402:11
[INFO] [stderr]      7:     0x60ec0e55839c - <std[3164a59e47d3bde]::sys::stdio::unix::Stderr as core[934024a1e6126fb4]::io::write::Write>::write_fmt
[INFO] [stderr]                                  at /rustc/3154cc1a3e6424e44f438a95007d043ed5ceaaf6/library/core/src/io/write.rs:335:13
[INFO] [stderr]      8:     0x60ec0e52b186 - <std[3164a59e47d3bde]::sys::backtrace::BacktraceLock>::print
[INFO] [stderr]                                  at /rustc/3154cc1a3e6424e44f438a95007d043ed5ceaaf6/library/std/src/sys/backtrace.rs:47:9
[INFO] [stderr]      9:     0x60ec0e52b186 - std[3164a59e47d3bde]::panicking::default_hook::{closure#0}
[INFO] [stderr]                                  at /rustc/3154cc1a3e6424e44f438a95007d043ed5ceaaf6/library/std/src/panicking.rs:289:27
[INFO] [stderr]     10:     0x60ec0e5488f1 - std[3164a59e47d3bde]::panicking::default_hook
[INFO] [stderr]                                  at /rustc/3154cc1a3e6424e44f438a95007d043ed5ceaaf6/library/std/src/panicking.rs:316:9
[INFO] [stderr]     11:     0x60ec0e548c1b - std[3164a59e47d3bde]::panicking::panic_with_hook
[INFO] [stderr]                                  at /rustc/3154cc1a3e6424e44f438a95007d043ed5ceaaf6/library/std/src/panicking.rs:811:13
[INFO] [stderr]     12:     0x60ec0e52b232 - std[3164a59e47d3bde]::panicking::panic_handler::{closure#0}
[INFO] [stderr]                                  at /rustc/3154cc1a3e6424e44f438a95007d043ed5ceaaf6/library/std/src/panicking.rs:685:13
[INFO] [stderr]     13:     0x60ec0e523d89 - std[3164a59e47d3bde]::sys::backtrace::__rust_end_short_backtrace::<std[3164a59e47d3bde]::panicking::panic_handler::{closure#0}, !>
[INFO] [stderr]                                  at /rustc/3154cc1a3e6424e44f438a95007d043ed5ceaaf6/library/std/src/sys/backtrace.rs:182:18
[INFO] [stderr]     14:     0x60ec0e52be2d - __rustc[2e7b49d4226056d3]::rust_begin_unwind
[INFO] [stderr]                                  at /rustc/3154cc1a3e6424e44f438a95007d043ed5ceaaf6/library/std/src/panicking.rs:676:5
[INFO] [stderr]     15:     0x60ec0e56aa5c - core[934024a1e6126fb4]::panicking::panic_fmt
[INFO] [stderr]                                  at /rustc/3154cc1a3e6424e44f438a95007d043ed5ceaaf6/library/core/src/panicking.rs:80:14
[INFO] [stderr]     16:     0x60ec0e006907 - cmake[b0c03ccf27bb39d9]::fail
[INFO] [stderr]     17:     0x60ec0e006593 - cmake[b0c03ccf27bb39d9]::run
[INFO] [stderr]     18:     0x60ec0e00c625 - <cmake[b0c03ccf27bb39d9]::Config>::build
[INFO] [stderr]     19:     0x60ec0dfebeb0 - build_script_main[421e6656ba520d46]::build_boringssl_or_get_prebuilt::{closure#0}
[INFO] [stderr]     20:     0x60ec0dff71e7 - <std[3164a59e47d3bde]::sync::once_lock::OnceLock<std[3164a59e47d3bde]::path::PathBuf>>::get_or_init::<build_script_main[421e6656ba520d46]::build_boringssl_or_get_prebuilt::{closure#0}>::{closure#0}
[INFO] [stderr]     21:     0x60ec0dff7107 - <std[3164a59e47d3bde]::sync::once_lock::OnceLock<std[3164a59e47d3bde]::path::PathBuf>>::initialize::<<std[3164a59e47d3bde]::sync::once_lock::OnceLock<std[3164a59e47d3bde]::path::PathBuf>>::get_or_init<build_script_main[421e6656ba520d46]::build_boringssl_or_get_prebuilt::{closure#0}>::{closure#0}, !>::{closure#0}
[INFO] [stderr]     22:     0x60ec0dfe2102 - <std[3164a59e47d3bde]::sync::once::Once>::call_once_force::<<std[3164a59e47d3bde]::sync::once_lock::OnceLock<std[3164a59e47d3bde]::path::PathBuf>>::initialize<<std[3164a59e47d3bde]::sync::once_lock::OnceLock<std[3164a59e47d3bde]::path::PathBuf>>::get_or_init<build_script_main[421e6656ba520d46]::build_boringssl_or_get_prebuilt::{closure#0}>::{closure#0}, !>::{closure#0}>::{closure#0}
[INFO] [stderr]     23:     0x60ec0e530b59 - <std[3164a59e47d3bde]::sys::sync::once::futex::Once>::call
[INFO] [stderr]                                  at /rustc/3154cc1a3e6424e44f438a95007d043ed5ceaaf6/library/std/src/sys/sync/once/futex.rs:183:21
[INFO] [stderr]     24:     0x60ec0dfde6b8 - <std[3164a59e47d3bde]::sync::once::Once>::call_once_force::<<std[3164a59e47d3bde]::sync::once_lock::OnceLock<std[3164a59e47d3bde]::path::PathBuf>>::initialize<<std[3164a59e47d3bde]::sync::once_lock::OnceLock<std[3164a59e47d3bde]::path::PathBuf>>::get_or_init<build_script_main[421e6656ba520d46]::build_boringssl_or_get_prebuilt::{closure#0}>::{closure#0}, !>::{closure#0}>
[INFO] [stderr]     25:     0x60ec0dff5dec - <std[3164a59e47d3bde]::sync::once_lock::OnceLock<std[3164a59e47d3bde]::path::PathBuf>>::initialize::<<std[3164a59e47d3bde]::sync::once_lock::OnceLock<std[3164a59e47d3bde]::path::PathBuf>>::get_or_init<build_script_main[421e6656ba520d46]::build_boringssl_or_get_prebuilt::{closure#0}>::{closure#0}, !>
[INFO] [stderr]     26:     0x60ec0dff5ed3 - <std[3164a59e47d3bde]::sync::once_lock::OnceLock<std[3164a59e47d3bde]::path::PathBuf>>::get_or_try_init::<<std[3164a59e47d3bde]::sync::once_lock::OnceLock<std[3164a59e47d3bde]::path::PathBuf>>::get_or_init<build_script_main[421e6656ba520d46]::build_boringssl_or_get_prebuilt::{closure#0}>::{closure#0}, !>
[INFO] [stderr]     27:     0x60ec0dff5e06 - <std[3164a59e47d3bde]::sync::once_lock::OnceLock<std[3164a59e47d3bde]::path::PathBuf>>::get_or_init::<build_script_main[421e6656ba520d46]::build_boringssl_or_get_prebuilt::{closure#0}>
[INFO] [stderr]     28:     0x60ec0dff2c90 - build_script_main[421e6656ba520d46]::build_boringssl_or_get_prebuilt
[INFO] [stderr]     29:     0x60ec0dff05a9 - build_script_main[421e6656ba520d46]::emit_link_directives
[INFO] [stderr]     30:     0x60ec0dff3dcf - build_script_main[421e6656ba520d46]::run
[INFO] [stderr]     31:     0x60ec0dff41dc - build_script_main[421e6656ba520d46]::main
[INFO] [stderr]     32:     0x60ec0dfe59fb - <fn() -> std[3164a59e47d3bde]::process::ExitCode as core[934024a1e6126fb4]::ops::function::FnOnce<()>>::call_once
[INFO] [stderr]     33:     0x60ec0dfe0146 - std[3164a59e47d3bde]::sys::backtrace::__rust_begin_short_backtrace::<fn() -> std[3164a59e47d3bde]::process::ExitCode, std[3164a59e47d3bde]::process::ExitCode>
[INFO] [stderr]     34:     0x60ec0dfe2129 - std[3164a59e47d3bde]::rt::lang_start::<std[3164a59e47d3bde]::process::ExitCode>::{closure#0}
[INFO] [stderr]     35:     0x60ec0e547be8 - <&dyn core[934024a1e6126fb4]::ops::function::Fn<(), Output = i32> + core[934024a1e6126fb4]::marker::Sync + core[934024a1e6126fb4]::panic::unwind_safe::RefUnwindSafe as core[934024a1e6126fb4]::ops::function::FnOnce<()>>::call_once
[INFO] [stderr]                                  at /rustc/3154cc1a3e6424e44f438a95007d043ed5ceaaf6/library/core/src/ops/function.rs:287:21
[INFO] [stderr]     36:     0x60ec0e547be8 - std[3164a59e47d3bde]::panicking::catch_unwind::do_call::<&dyn core[934024a1e6126fb4]::ops::function::Fn<(), Output = i32> + core[934024a1e6126fb4]::marker::Sync + core[934024a1e6126fb4]::panic::unwind_safe::RefUnwindSafe, i32>
[INFO] [stderr]                                  at /rustc/3154cc1a3e6424e44f438a95007d043ed5ceaaf6/library/std/src/panicking.rs:573:43
[INFO] [stderr]     37:     0x60ec0e547be8 - std[3164a59e47d3bde]::panicking::catch_unwind::<i32, &dyn core[934024a1e6126fb4]::ops::function::Fn<(), Output = i32> + core[934024a1e6126fb4]::marker::Sync + core[934024a1e6126fb4]::panic::unwind_safe::RefUnwindSafe>
[INFO] [stderr]                                  at /rustc/3154cc1a3e6424e44f438a95007d043ed5ceaaf6/library/std/src/panicking.rs:541:19
[INFO] [stderr]     38:     0x60ec0e547be8 - std[3164a59e47d3bde]::panic::catch_unwind::<&dyn core[934024a1e6126fb4]::ops::function::Fn<(), Output = i32> + core[934024a1e6126fb4]::marker::Sync + core[934024a1e6126fb4]::panic::unwind_safe::RefUnwindSafe, i32>
[INFO] [stderr]                                  at /rustc/3154cc1a3e6424e44f438a95007d043ed5ceaaf6/library/std/src/panic.rs:359:14
[INFO] [stderr]     39:     0x60ec0e547be8 - std[3164a59e47d3bde]::rt::lang_start_internal::{closure#0}
[INFO] [stderr]                                  at /rustc/3154cc1a3e6424e44f438a95007d043ed5ceaaf6/library/std/src/rt.rs:175:24
[INFO] [stderr]     40:     0x60ec0e547be8 - std[3164a59e47d3bde]::panicking::catch_unwind::do_call::<std[3164a59e47d3bde]::rt::lang_start_internal::{closure#0}, isize>
[INFO] [stderr]                                  at /rustc/3154cc1a3e6424e44f438a95007d043ed5ceaaf6/library/std/src/panicking.rs:573:43
[INFO] [stderr]     41:     0x60ec0e547be8 - std[3164a59e47d3bde]::panicking::catch_unwind::<isize, std[3164a59e47d3bde]::rt::lang_start_internal::{closure#0}>
[INFO] [stderr]                                  at /rustc/3154cc1a3e6424e44f438a95007d043ed5ceaaf6/library/std/src/panicking.rs:541:19
[INFO] [stderr]     42:     0x60ec0e547be8 - std[3164a59e47d3bde]::panic::catch_unwind::<std[3164a59e47d3bde]::rt::lang_start_internal::{closure#0}, isize>
[INFO] [stderr]                                  at /rustc/3154cc1a3e6424e44f438a95007d043ed5ceaaf6/library/std/src/panic.rs:359:14
[INFO] [stderr]     43:     0x60ec0e547be8 - std[3164a59e47d3bde]::rt::lang_start_internal
[INFO] [stderr]                                  at /rustc/3154cc1a3e6424e44f438a95007d043ed5ceaaf6/library/std/src/rt.rs:171:5
[INFO] [stderr]     44:     0x60ec0dfdffa1 - std[3164a59e47d3bde]::rt::lang_start::<std[3164a59e47d3bde]::process::ExitCode>
[INFO] [stderr]     45:     0x60ec0dff4445 - main
[INFO] [stderr]     46:     0x777284c30601 - <unknown>
[INFO] [stderr]     47:     0x777284c30718 - __libc_start_main
[INFO] [stderr]     48:     0x60ec0dfd5815 - _start
[INFO] [stderr]     49:                0x0 - <unknown>
[INFO] running `Command { std: "docker" "inspect" "472d4c41b2947ea0304e74f83d57abc9973633f2621d364c4e241a59acf276d7", kill_on_drop: false }`
[INFO] running `Command { std: "docker" "rm" "-f" "472d4c41b2947ea0304e74f83d57abc9973633f2621d364c4e241a59acf276d7", kill_on_drop: false }`
[INFO] [stdout] 472d4c41b2947ea0304e74f83d57abc9973633f2621d364c4e241a59acf276d7
