[INFO] cloning repository https://github.com/ArsvineZhu/Nous-Wave
[INFO] running `Command { std: "git" "-c" "credential.helper=" "-c" "credential.helper=/workspace/cargo-home/bin/git-credential-null" "clone" "--bare" "https://github.com/ArsvineZhu/Nous-Wave" "/workspace/cache/git-repos/https%3A%2F%2Fgithub.com%2FArsvineZhu%2FNous-Wave", kill_on_drop: false }`
[INFO] [stderr] Cloning into bare repository '/workspace/cache/git-repos/https%3A%2F%2Fgithub.com%2FArsvineZhu%2FNous-Wave'...
[INFO] running `Command { std: "git" "rev-parse" "HEAD", kill_on_drop: false }`
[INFO] [stdout] 09d67d4452eead78346877980f804ac513675d8d
[INFO] checking ArsvineZhu/Nous-Wave against 3154cc1a3e6424e44f438a95007d043ed5ceaaf6 for pr-133502-30
[INFO] running `Command { std: "git" "clone" "/workspace/cache/git-repos/https%3A%2F%2Fgithub.com%2FArsvineZhu%2FNous-Wave" "/workspace/builds/worker-6-tc2/source", kill_on_drop: false }`
[INFO] [stderr] Cloning into '/workspace/builds/worker-6-tc2/source'...
[INFO] [stderr] done.
[INFO] removed /workspace/builds/worker-6-tc2/source/.cargo/config.toml
[INFO] removed /workspace/builds/worker-6-tc2/source/rust-toolchain.toml
[INFO] started tweaking git repo https://github.com/ArsvineZhu/Nous-Wave
[INFO] finished tweaking git repo https://github.com/ArsvineZhu/Nous-Wave
[INFO] tweaked toml for git repo https://github.com/ArsvineZhu/Nous-Wave written to /workspace/builds/worker-6-tc2/source/Cargo.toml
[INFO] validating manifest of git repo https://github.com/ArsvineZhu/Nous-Wave on toolchain 3154cc1a3e6424e44f438a95007d043ed5ceaaf6
[INFO] running `Command { std: CARGO_HOME="/workspace/cargo-home" RUSTUP_HOME="/workspace/rustup-home" "/workspace/cargo-home/bin/cargo" "+3154cc1a3e6424e44f438a95007d043ed5ceaaf6" "metadata" "--manifest-path" "Cargo.toml" "--no-deps", kill_on_drop: false }`
[INFO] crate git repo https://github.com/ArsvineZhu/Nous-Wave already has a lockfile, it will not be regenerated
[INFO] running `Command { std: CARGO_HOME="/workspace/cargo-home" RUSTUP_HOME="/workspace/rustup-home" "/workspace/cargo-home/bin/cargo" "+3154cc1a3e6424e44f438a95007d043ed5ceaaf6" "fetch" "--manifest-path" "Cargo.toml", kill_on_drop: false }`
[INFO] running `Command { std: "docker" "create" "-v" "/var/lib/crater-agent-workspace/builds/worker-6-tc2/source:/opt/rustwide/workdir:ro,Z" "-v" "/var/lib/crater-agent-workspace/builds/worker-6-tc2/target:/opt/rustwide/target:rw,Z" "-v" "/var/lib/crater-agent-workspace/cargo-home:/opt/rustwide/cargo-home:ro,Z" "-v" "/var/lib/crater-agent-workspace/rustup-home:/opt/rustwide/rustup-home:ro,Z" "-m" "1610612736" "--network" "none" "ghcr.io/rust-lang/crates-build-env/linux@sha256:77db811e55d90add9212f6832c23229e3de5f1c1f9905e8cb07319ea15df73ac" "sleep" "infinity", kill_on_drop: false }`
[INFO] [stdout] 5aea3f50a4ebda65995fdc3f41aa03fe004ca309722fb81231fa4ba7847e7831
[INFO] running `Command { std: "docker" "start" "5aea3f50a4ebda65995fdc3f41aa03fe004ca309722fb81231fa4ba7847e7831", kill_on_drop: false }`
[INFO] running `Command { std: "docker" "inspect" "5aea3f50a4ebda65995fdc3f41aa03fe004ca309722fb81231fa4ba7847e7831", kill_on_drop: false }`
[INFO] running `Command { std: "docker" "exec" "-e" "SOURCE_DIR=/opt/rustwide/workdir" "-e" "CARGO_HOME=/opt/rustwide/cargo-home" "-e" "RUSTUP_HOME=/opt/rustwide/rustup-home" "-e" "CARGO_TARGET_DIR=/opt/rustwide/target" "-w" "/opt/rustwide/workdir" "--user" "0:0" "5aea3f50a4ebda65995fdc3f41aa03fe004ca309722fb81231fa4ba7847e7831" "/opt/rustwide/cargo-home/bin/cargo" "+3154cc1a3e6424e44f438a95007d043ed5ceaaf6" "metadata" "--no-deps" "--format-version=1", kill_on_drop: false }`
[INFO] running `Command { std: "docker" "inspect" "5aea3f50a4ebda65995fdc3f41aa03fe004ca309722fb81231fa4ba7847e7831", kill_on_drop: false }`
[INFO] running `Command { std: "docker" "exec" "-e" "SOURCE_DIR=/opt/rustwide/workdir" "-e" "CARGO_HOME=/opt/rustwide/cargo-home" "-e" "RUSTUP_HOME=/opt/rustwide/rustup-home" "-e" "CARGO_TARGET_DIR=/opt/rustwide/target" "-e" "CARGO_INCREMENTAL=0" "-e" "RUST_BACKTRACE=full" "-e" "RUSTFLAGS=--cap-lints=forbid" "-e" "RUSTDOCFLAGS=--cap-lints=forbid" "-w" "/opt/rustwide/workdir" "--user" "0:0" "5aea3f50a4ebda65995fdc3f41aa03fe004ca309722fb81231fa4ba7847e7831" "/opt/rustwide/cargo-home/bin/cargo" "+3154cc1a3e6424e44f438a95007d043ed5ceaaf6" "check" "--frozen" "--all" "--all-targets" "--message-format=json", kill_on_drop: false }`
[INFO] [stderr]    Compiling proc-macro2 v1.0.107
[INFO] [stderr]    Compiling unicode-ident v1.0.24
[INFO] [stderr]    Compiling quote v1.0.47
[INFO] [stderr]    Compiling libc v0.2.189
[INFO] [stderr]    Compiling serde v1.0.229
[INFO] [stderr]    Compiling serde_core v1.0.229
[INFO] [stderr]    Compiling shlex v2.0.1
[INFO] [stderr]    Compiling find-msvc-tools v0.1.12
[INFO] [stderr]     Checking cfg-if v1.0.4
[INFO] [stderr]    Compiling parking_lot_core v0.9.12
[INFO] [stderr]     Checking memchr v2.8.3
[INFO] [stderr]     Checking pin-project-lite v0.2.17
[INFO] [stderr]     Checking itoa v1.0.18
[INFO] [stderr]    Compiling autocfg v1.5.1
[INFO] [stderr]     Checking futures-core v0.3.34
[INFO] [stderr]    Compiling zmij v1.0.23
[INFO] [stderr]    Compiling icu_normalizer_data v2.3.0
[INFO] [stderr]     Checking foldhash v0.2.0
[INFO] [stderr]    Compiling icu_properties_data v2.3.0
[INFO] [stderr]     Checking bytes v1.12.1
[INFO] [stderr]     Checking once_cell v1.21.4
[INFO] [stderr]     Checking scopeguard v1.2.0
[INFO] [stderr]     Checking lock_api v0.4.14
[INFO] [stderr]    Compiling syn v3.0.5
[INFO] [stderr]    Compiling syn v2.0.119
[INFO] [stderr]     Checking allocator-api2 v0.2.21
[INFO] [stderr]     Checking futures-sink v0.3.34
[INFO] [stderr]     Checking equivalent v1.0.2
[INFO] [stderr]     Checking log v0.4.34
[INFO] [stderr]     Checking stable_deref_trait v1.2.1
[INFO] [stderr]     Checking slab v0.4.12
[INFO] [stderr]     Checking hashbrown v0.17.1
[INFO] [stderr]     Checking errno v0.3.14
[INFO] [stderr]    Compiling jobserver v0.1.35
[INFO] [stderr]     Checking signal-hook-registry v1.4.8
[INFO] [stderr]     Checking socket2 v0.6.5
[INFO] [stderr]     Checking mio v1.2.3
[INFO] [stderr]    Compiling cc v1.4.5
[INFO] [stderr]     Checking futures-channel v0.3.34
[INFO] [stderr]    Compiling getrandom v0.4.3
[INFO] [stderr]     Checking futures-task v0.3.34
[INFO] [stderr]     Checking futures-io v0.3.34
[INFO] [stderr]    Compiling rustls v0.23.45
[INFO] [stderr]     Checking percent-encoding v2.3.2
[INFO] [stderr]    Compiling num-traits v0.2.19
[INFO] [stderr]     Checking tracing-core v0.1.36
[INFO] [stderr]    Compiling thiserror v2.0.20
[INFO] [stderr]    Compiling version_check v0.9.5
[INFO] [stderr]    Compiling serde_json v1.0.151
[INFO] [stderr]     Checking typenum v1.20.1
[INFO] [stderr]     Checking indexmap v2.14.2
[INFO] [stderr]    Compiling synstructure v0.13.2
[INFO] [stderr]    Compiling ring v0.17.14
[INFO] [stderr]     Checking writeable v0.6.4
[INFO] [stderr]     Checking litemap v0.8.3
[INFO] [stderr]     Checking rand_core v0.10.1
[INFO] [stderr]     Checking utf8_iter v1.0.4
[INFO] [stderr]    Compiling zeroize v1.9.0
[INFO] [stderr]     Checking http v1.5.0
[INFO] [stderr]    Compiling rustls-pki-types v1.15.1
[INFO] [stderr]    Compiling anyhow v1.0.104
[INFO] [stderr]    Compiling generic-array v0.14.7
[INFO] [stderr]    Compiling getrandom v0.2.17
[INFO] [stderr]    Compiling untrusted v0.9.0
[INFO] [stderr]    Compiling zerofrom-derive v0.1.7
[INFO] [stderr]    Compiling yoke-derive v0.8.2
[INFO] [stderr]    Compiling tracing-attributes v0.1.31
[INFO] [stderr]     Checking bitflags v2.13.1
[INFO] [stderr]     Checking base64 v0.22.1
[INFO] [stderr]     Checking form_urlencoded v1.2.2
[INFO] [stderr]    Compiling subtle v2.6.1
[INFO] [stderr]     Checking hybrid-array v0.4.14
[INFO] [stderr]     Checking cpufeatures v0.3.1
[INFO] [stderr]    Compiling serde_derive v1.0.229
[INFO] [stderr]    Compiling tokio-macros v2.7.2
[INFO] [stderr]    Compiling futures-macro v0.3.34
[INFO] [stderr]    Compiling zerovec-derive v0.11.6
[INFO] [stderr]    Compiling displaydoc v0.2.7
[INFO] [stderr]     Checking zerofrom v0.1.8
[INFO] [stderr]     Checking yoke v0.8.3
[INFO] [stderr]    Compiling thiserror-impl v2.0.20
[INFO] [stderr]     Checking tracing v0.1.44
[INFO] [stderr]     Checking futures-util v0.3.34
[INFO] [stderr]     Checking zerotrie v0.2.5
[INFO] [stderr]    Compiling async-trait v0.1.92
[INFO] [stderr]     Checking zerovec v0.11.8
[INFO] [stderr]     Checking tinystr v0.8.4
[INFO] [stderr]     Checking icu_locale_core v2.3.0
[INFO] [stderr]     Checking potential_utf v0.1.6
[INFO] [stderr]     Checking icu_collections v2.3.0
[INFO] [stderr]    Compiling rustls-webpki v0.103.15
[INFO] [stderr]     Checking icu_provider v2.3.1
[INFO] [stderr]     Checking icu_properties v2.3.0
[INFO] [stderr]     Checking sha1_smol v1.0.1
[INFO] [stderr]     Checking cmov v0.5.4
[INFO] [stderr]     Checking ctutils v0.4.2
[INFO] [stderr]     Checking smallvec v1.16.0
[INFO] [stderr]     Checking uuid v1.26.0
[INFO] [stderr]     Checking parking_lot v0.12.5
[INFO] [stderr]     Checking icu_normalizer v2.3.0
[INFO] [stderr]    Compiling either v1.18.0
[INFO] [stderr]     Checking tokio v1.53.1
[INFO] [stderr]     Checking crypto-common v0.2.2
[INFO] [stderr]     Checking idna_adapter v1.2.2
[INFO] [stderr]     Checking idna v1.1.0
[INFO] [stderr]     Checking block-buffer v0.12.1
[INFO] [stderr]     Checking url v2.5.8
[INFO] [stderr]    Compiling crossbeam-utils v0.8.23
[INFO] [stderr]     Checking const-oid v0.10.2
[INFO] [stderr]     Checking digest v0.11.3
[INFO] [stderr]    Compiling httparse v1.10.1
[INFO] [stderr]    Compiling chacha20 v0.10.2
[INFO] [stderr]    Compiling rustix v1.1.4
[INFO] [stderr]    Compiling rand v0.10.2
[INFO] [stderr]     Checking byteorder v1.5.0
[INFO] [stderr]     Checking iana-time-zone v0.1.65
[INFO] [stderr]     Checking chrono v0.4.45
[INFO] [stderr]     Checking regex-syntax v0.8.11
[INFO] [stderr]    Compiling heck v0.5.0
[INFO] [stderr]    Compiling crypto-common v0.1.7
[INFO] [stderr]    Compiling block-buffer v0.10.4
[INFO] [stderr]     Checking md-5 v0.11.0
[INFO] [stderr]    Compiling hex v0.4.3
[INFO] [stderr]    Compiling tinyvec_macros v0.1.1
[INFO] [stderr]    Compiling tinyvec v1.13.2
[INFO] [stderr]    Compiling hashbrown v0.16.1
[INFO] [stderr]    Compiling digest v0.10.7
[INFO] [stderr]    Compiling blake3 v1.8.7
[INFO] [stderr]    Compiling cpufeatures v0.2.17
[INFO] [stderr]    Compiling crc-catalog v2.5.0
[INFO] [stderr]    Compiling parking v2.2.1
[INFO] [stderr]    Compiling event-listener v5.4.2
[INFO] [stderr]    Compiling crossbeam-queue v0.3.14
[INFO] [stderr]    Compiling hashlink v0.11.1
[INFO] [stderr]    Compiling crc v3.4.0
[INFO] [stderr]    Compiling sha2 v0.10.9
[INFO] [stderr]    Compiling unicode-normalization v0.1.25
[INFO] [stderr]     Checking tokio-util v0.7.19
[INFO] [stderr]    Compiling hmac v0.13.0
[INFO] [stderr]    Compiling futures-intrusive v0.5.0
[INFO] [stderr]    Compiling webpki-roots v1.0.9
[INFO] [stderr]     Checking num-integer v0.1.47
[INFO] [stderr]    Compiling getrandom v0.3.4
[INFO] [stderr]    Compiling ref-cast v1.0.27
[INFO] [stderr]     Checking fnv v1.0.7
[INFO] [stderr]    Compiling unicode-bidi v0.3.18
[INFO] [stderr]     Checking constant_time_eq v0.4.2
[INFO] [stderr]    Compiling unicode-properties v0.1.4
[INFO] [stderr]     Checking arrayvec v0.7.8
[INFO] [stderr]     Checking tokio-stream v0.1.19
[INFO] [stderr]    Compiling hkdf v0.13.0
[INFO] [stderr]    Compiling stringprep v0.1.5
[INFO] [stderr]    Compiling atoi v2.0.0
[INFO] [stderr]    Compiling sha2 v0.11.0
[INFO] [stderr]    Compiling ref-cast-impl v1.0.27
[INFO] [stderr]     Checking aho-corasick v1.1.5
[INFO] [stderr]    Compiling dotenvy v0.15.7
[INFO] [stderr]    Compiling whoami v2.1.3
[INFO] [stderr]     Checking linux-raw-sys v0.12.1
[INFO] [stderr]    Compiling sqlx-core v0.9.0
[INFO] [stderr]     Checking num-bigint v0.4.8
[INFO] [stderr]     Checking regex-automata v0.4.18
[INFO] [stderr]     Checking num-complex v0.4.6
[INFO] [stderr]    Compiling zerocopy v0.8.59
[INFO] [stderr]     Checking nous-core v0.1.0 (/opt/rustwide/workdir/crates/core)
[INFO] [stderr]     Checking futures-executor v0.3.34
[INFO] [stderr]     Checking http-body v1.1.0
[INFO] [stderr]    Compiling ahash v0.8.12
[INFO] [stderr]     Checking num-rational v0.4.2
[INFO] [stderr]     Checking futures v0.3.34
[INFO] [stderr]     Checking num-iter v0.1.46
[INFO] [stderr]    Compiling serde_derive_internals v0.30.0
[INFO] [stderr]     Checking tower-service v0.3.3
[INFO] [stderr]    Compiling unicode-general-category v1.1.0
[INFO] [stderr]     Checking num v0.4.3
[INFO] [stderr]     Checking bit-vec v0.8.0
[INFO] [stderr]    Compiling nous-persistence v0.1.0 (/opt/rustwide/workdir/crates/persistence)
[INFO] [stderr]     Checking dyn-clone v1.0.20
[INFO] [stderr]    Compiling jsonschema-value v0.58.5
[INFO] [stderr]     Checking borrow-or-share v0.2.4
[INFO] [stderr]     Checking bit-set v0.8.0
[INFO] [stderr]     Checking fluent-uri v0.4.1
[INFO] [stderr]    Compiling schemars_derive v1.2.2
[INFO] [stderr]     Checking fraction v0.17.0
[INFO] [stderr]    Compiling strum_macros v0.28.0
[INFO] [stderr]     Checking bytecount v0.6.9
[INFO] [stderr]     Checking num-cmp v0.1.0
[INFO] [stderr]     Checking micromap v0.3.0
[INFO] [stderr]    Compiling sqlx-postgres v0.9.0
[INFO] [stderr]     Checking regex v1.13.1
[INFO] [stderr]     Checking try-lock v0.2.5
[INFO] [stderr]     Checking jiff-core v0.1.0
[INFO] [stderr]     Checking vsimd v0.8.0
[INFO] [stderr]     Checking schemars v1.2.2
[INFO] [stderr]     Checking atomic-waker v1.1.2
[INFO] [stderr]     Checking outref v0.5.2
[INFO] [stderr]     Checking h2 v0.4.19
[INFO] [stderr]     Checking uuid-simd v0.8.0
[INFO] [stderr]     Checking want v0.3.1
[INFO] [stderr]     Checking fancy-regex v0.19.2
[INFO] [stderr]     Checking jiff v0.2.35
[INFO] [stderr]     Checking strum v0.28.0
[INFO] [stderr]     Checking jsonschema-regex v0.58.5
[INFO] [stderr]     Checking email_address v0.2.9
[INFO] [stderr]     Checking quick-xml v0.41.0
[INFO] [stderr]     Checking asyncband v0.6.7
[INFO] [stderr]     Checking sync_wrapper v1.0.2
[INFO] [stderr]     Checking tower-layer v0.3.3
[INFO] [stderr]     Checking httpdate v1.0.3
[INFO] [stderr]     Checking base64 v0.23.1
[INFO] [stderr]     Checking data-encoding v2.11.1
[INFO] [stderr]     Checking xattr v1.6.1
[INFO] [stderr]     Checking referencing v0.58.5
[INFO] [stderr]     Checking ipnet v2.12.2
[INFO] [stderr]     Checking tower v0.5.3
[INFO] [stderr]     Checking http-body-util v0.1.5
[INFO] [stderr]    Compiling pkg-config v0.3.34
[INFO] [stderr]     Checking jsonschema v0.58.5
[INFO] [stderr]    Compiling zstd-sys v2.1.0+zstd.1.5.7
[INFO] [stderr]     Checking opendal-core v0.58.2
[INFO] [stderr]    Compiling crunchy v0.2.4
[INFO] [stderr]    Compiling link-cplusplus v1.0.12
[INFO] [stderr]    Compiling sqlx-macros-core v0.9.0
[INFO] [stderr]     Checking deranged v0.5.8
[INFO] [stderr]     Checking hyper v1.11.1
[INFO] [stderr]     Checking hyper-util v0.1.20
[INFO] [stderr]    Compiling openssl-probe v0.2.1
[INFO] [stderr]    Compiling ident_case v1.0.1
[INFO] [stderr]    Compiling zstd-safe v7.3.0
[INFO] [stderr]     Checking num-conv v0.2.2
[INFO] [stderr]     Checking powerfmt v0.2.0
[INFO] [stderr]    Compiling strsim v0.11.1
[INFO] [stderr]    Compiling crossbeam-epoch v0.9.21
[INFO] [stderr]    Compiling scratch v1.0.9
[INFO] [stderr]    Compiling sqlx-macros v0.9.0
[INFO] [stderr]     Checking time-core v0.1.9
[INFO] [stderr]    Compiling darling_core v0.24.1
[INFO] [stderr]     Checking opendal-service-fs v0.58.2
[INFO] [stderr]     Checking time v0.3.55
[INFO] [stderr]     Checking opendal v0.58.2
[INFO] [stderr]     Checking nous-object-store v0.1.0 (/opt/rustwide/workdir/crates/object-store)
[INFO] [stderr]    Compiling rustls-native-certs v0.8.4
[INFO] [stderr]     Checking sqlx v0.9.0
[INFO] [stderr]    Compiling tokio-rustls v0.26.5
[INFO] [stderr]     Checking ownedbytes v0.9.0 (https://github.com/quickwit-oss/tantivy?rev=5ca39332002c2c87fb5d2abc707cf527b3319d42#5ca39332)
[INFO] [stderr]    Compiling termcolor v1.4.1
[INFO] [stderr]     Checking matchit v0.8.4
[INFO] [stderr]     Checking bytemuck v1.25.2
[INFO] [stderr]    Compiling cxxbridge-flags v1.0.200
[INFO] [stderr]    Compiling ryu v1.0.23
[INFO] [stderr]    Compiling prettyplease v0.3.0
[INFO] [stderr]    Compiling typeid v1.0.3
[INFO] [stderr]    Compiling crossbeam-deque v0.8.8
[INFO] [stderr]    Compiling unicode-width v0.2.2
[INFO] [stderr]    Compiling serde_urlencoded v0.7.1
[INFO] [stderr]    Compiling codespan-reporting v0.13.1
[INFO] [stderr]    Compiling cxx v1.0.200
[INFO] [stderr]    Compiling tower-http v0.6.11
[INFO] [stderr]     Checking tantivy-common v0.11.0 (https://github.com/quickwit-oss/tantivy?rev=5ca39332002c2c87fb5d2abc707cf527b3319d42#5ca39332)
[INFO] [stderr]     Checking bitpacking v0.9.3
[INFO] [stderr]    Compiling rustls-platform-verifier v0.7.0
[INFO] [stderr]    Compiling numkong v7.8.2
[INFO] [stderr]     Checking fastrand v2.5.0
[INFO] [stderr]    Compiling erased-serde v0.4.10
[INFO] [stderr]     Checking utf8-ranges v1.0.5
[INFO] [stderr]    Compiling rayon-core v1.13.0
[INFO] [stderr]    Compiling target-triple v1.0.1
[INFO] [stderr]    Compiling rustversion v1.0.23
[INFO] [stderr]     Checking tantivy-fst v0.5.0
[INFO] [stderr]     Checking tempfile v3.27.0
[INFO] [stderr]     Checking nous-configuration v0.1.0 (/opt/rustwide/workdir/crates/configuration)
[INFO] [stderr]    Compiling darling_macro v0.24.1
[INFO] [stderr]    Compiling cxx-build v1.0.200
[INFO] [stderr]     Checking tantivy-bitpacker v0.10.0 (https://github.com/quickwit-oss/tantivy?rev=5ca39332002c2c87fb5d2abc707cf527b3319d42#5ca39332)
[INFO] [stderr]    Compiling darling v0.24.1
[INFO] [stderr]     Checking safe_arch v1.2.0
[INFO] [stderr]     Checking nous-runtime v0.1.0 (/opt/rustwide/workdir/crates/runtime)
[INFO] [stderr]     Checking itertools v0.14.0
[INFO] [stderr]    Compiling hyper-rustls v0.27.9
[INFO] [stderr]    Compiling reqwest v0.13.4
[INFO] [stderr]    Compiling matrixmultiply v0.3.11
[INFO] [stderr]    Compiling typetag v0.2.23
[INFO] [stderr]    Compiling crc32fast v1.5.1
[INFO] [stderr]     Checking murmurhash32 v0.4.0
[INFO] [stderr]     Checking mime v0.3.17
[INFO] [stderr]     Checking minimal-lexical v0.2.1
[INFO] [stderr]     Checking tantivy-stacker v0.7.0 (https://github.com/quickwit-oss/tantivy?rev=5ca39332002c2c87fb5d2abc707cf527b3319d42#5ca39332)
[INFO] [stderr]     Checking axum-core v0.5.6
[INFO] [stderr]     Checking nom v7.1.3
[INFO] [stderr]    Compiling prost-derive v0.14.4
[INFO] [stderr]    Compiling usearch v2.26.2
[INFO] [stderr]    Compiling reqwest-middleware v0.5.2
[INFO] [stderr]    Compiling bon-macros v3.10.0
[INFO] [stderr]     Checking wide v1.7.1
[INFO] [stderr]    Compiling cxxbridge-macro v1.0.200
[INFO] [stderr]    Compiling typetag-impl v0.2.23
[INFO] [stderr]    Compiling pin-project-internal v1.1.13
[INFO] [stderr]     Checking zstd v0.13.3
[INFO] [stderr]     Checking ordered-float v5.5.0
[INFO] [stderr]     Checking tantivy-sstable v0.7.0 (https://github.com/quickwit-oss/tantivy?rev=5ca39332002c2c87fb5d2abc707cf527b3319d42#5ca39332)
[INFO] [stderr]     Checking approx v0.5.1
[INFO] [stderr]     Checking rawpointer v0.2.1
[INFO] [stderr]     Checking fastdivide v0.4.2
[INFO] [stderr]     Checking inventory v0.3.24
[INFO] [stderr]     Checking downcast-rs v2.0.2
[INFO] [stderr]     Checking tantivy-columnar v0.7.0 (https://github.com/quickwit-oss/tantivy?rev=5ca39332002c2c87fb5d2abc707cf527b3319d42#5ca39332)
[INFO] [stderr]     Checking pin-project v1.1.13
[INFO] [stderr]     Checking tantivy-query-grammar v0.26.0 (https://github.com/quickwit-oss/tantivy?rev=5ca39332002c2c87fb5d2abc707cf527b3319d42#5ca39332)
[INFO] [stderr]     Checking arc-swap v1.9.2
[INFO] [stderr]     Checking rayon v1.11.0
[INFO] [stderr]     Checking axum v0.8.9
[INFO] [stderr]     Checking prost v0.14.4
[INFO] [stderr]     Checking hyper-timeout v0.5.2
[INFO] [stderr]     Checking fs4 v0.13.1
[INFO] [stderr]    Compiling retry-policies v0.5.2
[INFO] [stderr]     Checking crossbeam-channel v0.5.17
[INFO] [stderr]     Checking tantivy-tokenizer-api v0.7.0 (https://github.com/quickwit-oss/tantivy?rev=5ca39332002c2c87fb5d2abc707cf527b3319d42#5ca39332)
[INFO] [stderr]     Checking sketches-ddsketch v0.4.1
[INFO] [stderr]     Checking bon v3.10.0
[INFO] [stderr]     Checking rust-stemmers v1.2.0
[INFO] [stderr]    Compiling nalgebra-macros v0.3.0
[INFO] [stderr]     Checking lru v0.18.5
[INFO] [stderr]     Checking memmap2 v0.9.11
[INFO] [stderr]     Checking measure_time v0.9.0
[INFO] [stderr]     Checking levenshtein_automata v0.2.1
[INFO] [stderr]     Checking datasketches v0.3.0
[INFO] [stderr]     Checking htmlescape v0.3.1
[INFO] [stderr]     Checking oneshot v0.1.13
[INFO] [stderr]     Checking lz4_flex v0.14.0
[INFO] [stderr]     Checking census v0.4.2
[INFO] [stderr]     Checking unwrap-infallible v1.0.0
[INFO] [stderr]     Checking rustc-hash v2.1.3
[INFO] [stderr]    Compiling reqwest-retry v0.9.1
[INFO] [stderr]     Checking tantivy v0.27.0 (https://github.com/quickwit-oss/tantivy?rev=5ca39332002c2c87fb5d2abc707cf527b3319d42#5ca39332)
[INFO] [stderr]    Compiling reqwest-tracing v0.7.1
[INFO] [stderr]     Checking roaring v0.11.5
[INFO] [stderr]    Compiling semver v1.0.28
[INFO] [stderr]     Checking utf8parse v0.2.2
[INFO] [stderr]     Checking winnow v1.0.4
[INFO] [stderr]    Compiling regex-lite v0.1.9
[INFO] [stderr]     Checking anstyle-parse v1.0.0
[INFO] [stderr]     Checking toml_parser v1.1.3+spec-1.1.0
[INFO] [stderr]     Checking toml_datetime v0.7.5+spec-1.1.0
[INFO] [stderr]     Checking serde_spanned v1.1.1
[INFO] [stderr]     Checking is_terminal_polyfill v1.70.2
[INFO] [stderr]     Checking anstyle v1.0.14
[INFO] [stderr]     Checking anstyle-query v1.1.5
[INFO] [stderr]     Checking colorchoice v1.0.5
[INFO] [stderr]     Checking toml_writer v1.1.2+spec-1.1.0
[INFO] [stderr]     Checking winnow v0.7.15
[INFO] [stderr]     Checking anstream v1.0.0
[INFO] [stderr]    Compiling postgresql_archive v0.21.0
[INFO] [stderr]     Checking prost-types v0.14.4
[INFO] [stderr]    Compiling postgresql_embedded v0.21.0
[INFO] [stderr]     Checking clap_lex v1.1.0
[INFO] [stderr]     Checking simba v0.10.2
[INFO] [stderr]     Checking lazy_static v1.5.0
[INFO] [stderr]     Checking sharded-slab v0.1.7
[INFO] [stderr]     Checking tonic v0.14.6
[INFO] [stderr]     Checking clap_builder v4.6.6
[INFO] [stderr]     Checking matchers v0.2.0
[INFO] [stderr]     Checking postgresql_commands v0.21.0
[INFO] [stderr]    Compiling clap_derive v4.6.4
[INFO] [stderr]     Checking toml v0.9.12+spec-1.1.0
[INFO] [stderr]     Checking tracing-serde v0.2.0
[INFO] [stderr]     Checking tracing-log v0.2.0
[INFO] [stderr]     Checking thread_local v1.1.10
[INFO] [stderr]     Checking nu-ansi-term v0.50.3
[INFO] [stderr]     Checking nous-subject v0.1.0 (/opt/rustwide/workdir/crates/subject)
[INFO] [stderr]     Checking tracing-subscriber v0.3.23
[INFO] [stderr]     Checking tonic-prost v0.14.6
[INFO] [stderr]     Checking tonic-health v0.14.6
[INFO] [stderr]     Checking nous-protocol v0.1.0 (/opt/rustwide/workdir/crates/protocol)
[INFO] [stderr]     Checking nous-memory v0.1.0 (/opt/rustwide/workdir/crates/memory)
[INFO] [stderr]     Checking clap v4.6.6
[INFO] [stderr]     Checking nous-material v0.1.0 (/opt/rustwide/workdir/crates/material)
[INFO] [stderr]     Checking nalgebra v0.35.0
[INFO] [stderr] error: could not compile `tantivy` (lib)
[INFO] [stderr] 
[INFO] [stderr] Caused by:
[INFO] [stderr]   process didn't exit successfully: `/opt/rustwide/rustup-home/toolchains/3154cc1a3e6424e44f438a95007d043ed5ceaaf6/bin/rustc --crate-name tantivy --edition=2021 /opt/rustwide/cargo-home/git/checkouts/tantivy-9cf9af06161d52ce/5ca3933/src/lib.rs --error-format=json --json=diagnostic-rendered-ansi,artifacts,future-incompat,unused-externs-silent --crate-type lib --emit=dep-info,metadata -C embed-bitcode=no --cfg 'feature="columnar-zstd-compression"' --cfg 'feature="default"' --cfg 'feature="fs4"' --cfg 'feature="lz4-compression"' --cfg 'feature="lz4_flex"' --cfg 'feature="memmap2"' --cfg 'feature="mmap"' --cfg 'feature="rust-stemmers"' --cfg 'feature="stemmer"' --cfg 'feature="stopwords"' --cfg 'feature="tempfile"' --check-cfg 'cfg(docsrs,test)' --check-cfg 'cfg(feature, values("columnar-zstd-compression", "compare_hash_only", "default", "fail", "failpoints", "fs4", "futures-channel", "futures-util", "lz4-compression", "lz4_flex", "memmap2", "mmap", "quickwit", "rust-stemmers", "sstable", "stemmer", "stopwords", "tempfile", "unstable", "zstd", "zstd-compression"))' -C metadata=15112529b587114c -C extra-filename=-902bca8aa45c0e66 --out-dir /opt/rustwide/target/debug/build/tantivy/902bca8aa45c0e66/out -C strip=debuginfo -L dependency=/opt/rustwide/target/debug/build/aho-corasick/81de19f8c8d884be/out -L dependency=/opt/rustwide/target/debug/build/allocator-api2/a570279350a357dc/out -L dependency=/opt/rustwide/target/debug/build/async-trait/74bf47401c7d20b7/out -L dependency=/opt/rustwide/target/debug/build/bitflags/4c6b4eacdc874bfc/out -L dependency=/opt/rustwide/target/debug/build/bitpacking/0a8f9d445faf7b56/out -L dependency=/opt/rustwide/target/debug/build/bon-macros/3d4f2a565f2de8a0/out -L dependency=/opt/rustwide/target/debug/build/byteorder/6f134b56ec74f2d0/out -L dependency=/opt/rustwide/target/debug/build/cfg-if/89d982f4c742ef14/out -L dependency=/opt/rustwide/target/debug/build/crossbeam-deque/87bd37f1f86ca081/out -L dependency=/opt/rustwide/target/debug/build/crossbeam-epoch/a7b9373551e09ac9/out -L dependency=/opt/rustwide/target/debug/build/crossbeam-utils/b550dd5ae3e41a8c/out -L dependency=/opt/rustwide/target/debug/build/crunchy/f537d51e776c7de6/out -L dependency=/opt/rustwide/target/debug/build/deranged/e7618856919a4b63/out -L dependency=/opt/rustwide/target/debug/build/downcast-rs/74703522f1282293/out -L dependency=/opt/rustwide/target/debug/build/either/a3a0dc65199de507/out -L dependency=/opt/rustwide/target/debug/build/equivalent/0ffd6f6711c315a6/out -L dependency=/opt/rustwide/target/debug/build/erased-serde/d59b4ab1ae7b1183/out -L dependency=/opt/rustwide/target/debug/build/fastdivide/b37adefda0853eac/out -L dependency=/opt/rustwide/target/debug/build/fastrand/883333d564de5dd1/out -L dependency=/opt/rustwide/target/debug/build/fnv/66b804e6eabbfc6f/out -L dependency=/opt/rustwide/target/debug/build/foldhash/57f6254de8c98f4f/out -L dependency=/opt/rustwide/target/debug/build/futures-channel/37da2de29d593a19/out -L dependency=/opt/rustwide/target/debug/build/futures-core/75a7fb553226528b/out -L dependency=/opt/rustwide/target/debug/build/futures-io/f3959d85ef2a0e79/out -L dependency=/opt/rustwide/target/debug/build/futures-macro/5f026b71920e44fd/out -L dependency=/opt/rustwide/target/debug/build/futures-sink/5de08b2778d24231/out -L dependency=/opt/rustwide/target/debug/build/futures-task/4e6f393e38e3faae/out -L dependency=/opt/rustwide/target/debug/build/futures-util/215fe932b39760fc/out -L dependency=/opt/rustwide/target/debug/build/getrandom/80669f8421170baa/out -L dependency=/opt/rustwide/target/debug/build/hashbrown/429c185d87e41d53/out -L dependency=/opt/rustwide/target/debug/build/inventory/e2136d3dc3f445b1/out -L dependency=/opt/rustwide/target/debug/build/itertools/ca2600d277b05ac6/out -L dependency=/opt/rustwide/target/debug/build/itoa/d988fde697c3bf59/out -L dependency=/opt/rustwide/target/debug/build/libc/d696e3b6cc9745a6/out -L dependency=/opt/rustwide/target/debug/build/linux-raw-sys/8382d8bc3134678c/out -L dependency=/opt/rustwide/target/debug/build/log/71bb7736a53a849e/out -L dependency=/opt/rustwide/target/debug/build/memchr/5eddcc69908bc2cd/out -L dependency=/opt/rustwide/target/debug/build/minimal-lexical/b203e040ea4e416f/out -L dependency=/opt/rustwide/target/debug/build/murmurhash32/d96e97052bc830c3/out -L dependency=/opt/rustwide/target/debug/build/nom/bf8a8b767190bfe9/out -L dependency=/opt/rustwide/target/debug/build/num-conv/3eb10f059f06d802/out -L dependency=/opt/rustwide/target/debug/build/num-traits/bf39e109227a934c/out -L dependency=/opt/rustwide/target/debug/build/once_cell/7e5e554b10baf911/out -L dependency=/opt/rustwide/target/debug/build/ordered-float/b012fbf6aac3e637/out -L dependency=/opt/rustwide/target/debug/build/ownedbytes/6a2bd9d857425afa/out -L dependency=/opt/rustwide/target/debug/build/pin-project-lite/42cd8217766f70fd/out -L dependency=/opt/rustwide/target/debug/build/powerfmt/e09fee59b5b065e3/out -L dependency=/opt/rustwide/target/debug/build/rand_core/8ce050514728468f/out -L dependency=/opt/rustwide/target/debug/build/rayon-core/ab24e3e475963274/out -L dependency=/opt/rustwide/target/debug/build/regex-automata/015b1b562d55e0f3/out -L dependency=/opt/rustwide/target/debug/build/regex-syntax/2783df0d18d50bae/out -L dependency=/opt/rustwide/target/debug/build/rustix/7e402241c1ffcf1f/out -L dependency=/opt/rustwide/target/debug/build/rustversion/a1027ac36aec556d/out -L dependency=/opt/rustwide/target/debug/build/serde/cd67cd8319b2ae1a/out -L dependency=/opt/rustwide/target/debug/build/serde_core/8194fffbb8ca441d/out -L dependency=/opt/rustwide/target/debug/build/serde_derive/7dfce08565a68105/out -L dependency=/opt/rustwide/target/debug/build/serde_json/c978db22e239c6a2/out -L dependency=/opt/rustwide/target/debug/build/sha1_smol/b3465fcfb2340fee/out -L dependency=/opt/rustwide/target/debug/build/slab/4c8fde44eaf848da/out -L dependency=/opt/rustwide/target/debug/build/stable_deref_trait/43cc708fcab51aba/out -L dependency=/opt/rustwide/target/debug/build/tantivy-bitpacker/a7961dd9c0eebde8/out -L dependency=/opt/rustwide/target/debug/build/tantivy-common/e105838232752187/out -L dependency=/opt/rustwide/target/debug/build/tantivy-fst/b563a52780688b0d/out -L dependency=/opt/rustwide/target/debug/build/tantivy-sstable/3a2a3f755d5c2192/out -L dependency=/opt/rustwide/target/debug/build/tantivy-stacker/6af9f3076fa995a7/out -L dependency=/opt/rustwide/target/debug/build/thiserror-impl/ff647fab9ad536bb/out -L dependency=/opt/rustwide/target/debug/build/time-core/1f02597740d6f100/out -L dependency=/opt/rustwide/target/debug/build/time/e454c665d0ce7a46/out -L dependency=/opt/rustwide/target/debug/build/typeid/6d9a2517ea3173ae/out -L dependency=/opt/rustwide/target/debug/build/typetag-impl/f234d9c246c2dac9/out -L dependency=/opt/rustwide/target/debug/build/utf8-ranges/9b977fe9ad7d91eb/out -L dependency=/opt/rustwide/target/debug/build/zmij/73308942dc664d89/out -L dependency=/opt/rustwide/target/debug/build/zstd-safe/4f7beff63b6626de/out -L dependency=/opt/rustwide/target/debug/build/zstd-sys/95d60b1c6d16d14d/out -L dependency=/opt/rustwide/target/debug/build/zstd/7a7fc457ff56ca24/out --extern aho_corasick=/opt/rustwide/target/debug/build/aho-corasick/81de19f8c8d884be/out/libaho_corasick-81de19f8c8d884be.rmeta --extern arc_swap=/opt/rustwide/target/debug/build/arc-swap/5ef96da7cee43bb0/out/libarc_swap-5ef96da7cee43bb0.rmeta --extern base64=/opt/rustwide/target/debug/build/base64/be8e5759d54d7b65/out/libbase64-be8e5759d54d7b65.rmeta --extern bitpacking=/opt/rustwide/target/debug/build/bitpacking/0a8f9d445faf7b56/out/libbitpacking-0a8f9d445faf7b56.rmeta --extern bon=/opt/rustwide/target/debug/build/bon/17ab80d850f9dd07/out/libbon-17ab80d850f9dd07.rmeta --extern byteorder=/opt/rustwide/target/debug/build/byteorder/6f134b56ec74f2d0/out/libbyteorder-6f134b56ec74f2d0.rmeta --extern census=/opt/rustwide/target/debug/build/census/1d5bc1a7c01c4b2e/out/libcensus-1d5bc1a7c01c4b2e.rmeta --extern crc32fast=/opt/rustwide/target/debug/build/crc32fast/0a8eeaf657d52123/out/libcrc32fast-0a8eeaf657d52123.rmeta --extern crossbeam_channel=/opt/rustwide/target/debug/build/crossbeam-channel/abbc658e46b34d6b/out/libcrossbeam_channel-abbc658e46b34d6b.rmeta --extern datasketches=/opt/rustwide/target/debug/build/datasketches/32d9bf417bd02db2/out/libdatasketches-32d9bf417bd02db2.rmeta --extern downcast_rs=/opt/rustwide/target/debug/build/downcast-rs/74703522f1282293/out/libdowncast_rs-74703522f1282293.rmeta --extern fastdivide=/opt/rustwide/target/debug/build/fastdivide/b37adefda0853eac/out/libfastdivide-b37adefda0853eac.rmeta --extern fnv=/opt/rustwide/target/debug/build/fnv/66b804e6eabbfc6f/out/libfnv-66b804e6eabbfc6f.rmeta --extern fs4=/opt/rustwide/target/debug/build/fs4/496a227ea81bec63/out/libfs4-496a227ea81bec63.rmeta --extern htmlescape=/opt/rustwide/target/debug/build/htmlescape/9339049cd854ba21/out/libhtmlescape-9339049cd854ba21.rmeta --extern itertools=/opt/rustwide/target/debug/build/itertools/ca2600d277b05ac6/out/libitertools-ca2600d277b05ac6.rmeta --extern levenshtein_automata=/opt/rustwide/target/debug/build/levenshtein_automata/7104ba029ab60338/out/liblevenshtein_automata-7104ba029ab60338.rmeta --extern log=/opt/rustwide/target/debug/build/log/71bb7736a53a849e/out/liblog-71bb7736a53a849e.rmeta --extern lru=/opt/rustwide/target/debug/build/lru/1561ee3e8f1da71f/out/liblru-1561ee3e8f1da71f.rmeta --extern lz4_flex=/opt/rustwide/target/debug/build/lz4_flex/4a999e32e7b17e84/out/liblz4_flex-4a999e32e7b17e84.rmeta --extern measure_time=/opt/rustwide/target/debug/build/measure_time/1cc1adb8598b197a/out/libmeasure_time-1cc1adb8598b197a.rmeta --extern memmap2=/opt/rustwide/target/debug/build/memmap2/36791acfb34561c2/out/libmemmap2-36791acfb34561c2.rmeta --extern once_cell=/opt/rustwide/target/debug/build/once_cell/7e5e554b10baf911/out/libonce_cell-7e5e554b10baf911.rmeta --extern oneshot=/opt/rustwide/target/debug/build/oneshot/fd7640bf5f614dc2/out/liboneshot-fd7640bf5f614dc2.rmeta --extern rayon=/opt/rustwide/target/debug/build/rayon/f62a23bb07af9868/out/librayon-f62a23bb07af9868.rmeta --extern regex=/opt/rustwide/target/debug/build/regex/c4c08d7411ffbd93/out/libregex-c4c08d7411ffbd93.rmeta --extern rust_stemmers=/opt/rustwide/target/debug/build/rust-stemmers/9fc407fd056c7a4c/out/librust_stemmers-9fc407fd056c7a4c.rmeta --extern rustc_hash=/opt/rustwide/target/debug/build/rustc-hash/bcc1e3ca84b99231/out/librustc_hash-bcc1e3ca84b99231.rmeta --extern serde=/opt/rustwide/target/debug/build/serde/cd67cd8319b2ae1a/out/libserde-cd67cd8319b2ae1a.rmeta --extern serde_json=/opt/rustwide/target/debug/build/serde_json/c978db22e239c6a2/out/libserde_json-c978db22e239c6a2.rmeta --extern sketches_ddsketch=/opt/rustwide/target/debug/build/sketches-ddsketch/479c4301479feb01/out/libsketches_ddsketch-479c4301479feb01.rmeta --extern smallvec=/opt/rustwide/target/debug/build/smallvec/a92979f9353a5797/out/libsmallvec-a92979f9353a5797.rmeta --extern tantivy_bitpacker=/opt/rustwide/target/debug/build/tantivy-bitpacker/a7961dd9c0eebde8/out/libtantivy_bitpacker-a7961dd9c0eebde8.rmeta --extern columnar=/opt/rustwide/target/debug/build/tantivy-columnar/34644562718df2b5/out/libtantivy_columnar-34644562718df2b5.rmeta --extern common=/opt/rustwide/target/debug/build/tantivy-common/e105838232752187/out/libtantivy_common-e105838232752187.rmeta --extern tantivy_fst=/opt/rustwide/target/debug/build/tantivy-fst/b563a52780688b0d/out/libtantivy_fst-b563a52780688b0d.rmeta --extern query_grammar=/opt/rustwide/target/debug/build/tantivy-query-grammar/ecedea010dc2aa68/out/libtantivy_query_grammar-ecedea010dc2aa68.rmeta --extern stacker=/opt/rustwide/target/debug/build/tantivy-stacker/6af9f3076fa995a7/out/libtantivy_stacker-6af9f3076fa995a7.rmeta --extern tokenizer_api=/opt/rustwide/target/debug/build/tantivy-tokenizer-api/7409e227e5467304/out/libtantivy_tokenizer_api-7409e227e5467304.rmeta --extern tempfile=/opt/rustwide/target/debug/build/tempfile/959957e5e1dc70c4/out/libtempfile-959957e5e1dc70c4.rmeta --extern thiserror=/opt/rustwide/target/debug/build/thiserror/412e8fada967cefe/out/libthiserror-412e8fada967cefe.rmeta --extern time=/opt/rustwide/target/debug/build/time/e454c665d0ce7a46/out/libtime-e454c665d0ce7a46.rmeta --extern typetag=/opt/rustwide/target/debug/build/typetag/e7a14e895a8a8ab7/out/libtypetag-e7a14e895a8a8ab7.rmeta --extern unwrap_infallible=/opt/rustwide/target/debug/build/unwrap-infallible/24b015cc5aee1966/out/libunwrap_infallible-24b015cc5aee1966.rmeta --extern uuid=/opt/rustwide/target/debug/build/uuid/bb57d9e69df6e50b/out/libuuid-bb57d9e69df6e50b.rmeta --cap-lints allow --cap-lints=forbid --force-warn=unused_crate_dependencies -L native=/opt/rustwide/target/debug/build/zstd-sys/2cea42f909540b42/out` (signal: 9, SIGKILL: kill)
[INFO] [stderr] warning: build failed, waiting for other jobs to finish...
[INFO] [stderr] error: could not compile `nous-memory` (lib)
[INFO] [stderr] 
[INFO] [stderr] Caused by:
[INFO] [stderr]   process didn't exit successfully: `/opt/rustwide/rustup-home/toolchains/3154cc1a3e6424e44f438a95007d043ed5ceaaf6/bin/rustc --crate-name nous_memory --edition=2024 crates/memory/src/lib.rs --error-format=json --json=diagnostic-rendered-ansi,artifacts,future-incompat,unused-externs-silent --crate-type lib --emit=dep-info,metadata -C embed-bitcode=no '--warn=clippy::suspicious' '--warn=clippy::perf' '--warn=clippy::complexity' '--warn=clippy::all' --deny=unused_must_use '--warn=clippy::type_complexity' '--warn=clippy::too_many_lines' '--warn=clippy::too_many_arguments' '--warn=clippy::large_futures' '--warn=clippy::large_enum_variant' '--warn=clippy::fn_params_excessive_bools' '--warn=clippy::excessive_nesting' --check-cfg 'cfg(docsrs,test)' --check-cfg 'cfg(feature, values())' -C metadata=427caf8a6480bf3a -C extra-filename=-bb3439f2976654b9 --out-dir /opt/rustwide/target/debug/build/nous-memory/bb3439f2976654b9/out -C strip=debuginfo -L dependency=/opt/rustwide/target/debug/build/ahash/113ddfa2f4abed05/out -L dependency=/opt/rustwide/target/debug/build/aho-corasick/81de19f8c8d884be/out -L dependency=/opt/rustwide/target/debug/build/allocator-api2/a570279350a357dc/out -L dependency=/opt/rustwide/target/debug/build/anyhow/16d4d97f429bc9c8/out -L dependency=/opt/rustwide/target/debug/build/arrayvec/274601312ffcbb1e/out -L dependency=/opt/rustwide/target/debug/build/async-trait/74bf47401c7d20b7/out -L dependency=/opt/rustwide/target/debug/build/asyncband/3babc736aebd5b24/out -L dependency=/opt/rustwide/target/debug/build/atoi/81f1eb69c0efa430/out -L dependency=/opt/rustwide/target/debug/build/base64/b1165e0d1a714c50/out -L dependency=/opt/rustwide/target/debug/build/base64/be8e5759d54d7b65/out -L dependency=/opt/rustwide/target/debug/build/bit-set/3c0d037449f41768/out -L dependency=/opt/rustwide/target/debug/build/bit-vec/88008535e379ba9d/out -L dependency=/opt/rustwide/target/debug/build/bitflags/4c6b4eacdc874bfc/out -L dependency=/opt/rustwide/target/debug/build/blake3/394fd5d9255787a2/out -L dependency=/opt/rustwide/target/debug/build/block-buffer/ec8295343a3098d3/out -L dependency=/opt/rustwide/target/debug/build/block-buffer/ff7e50d9a1cd9dfd/out -L dependency=/opt/rustwide/target/debug/build/borrow-or-share/4d2d573301a69901/out -L dependency=/opt/rustwide/target/debug/build/bytecount/ec6f160372e67a00/out -L dependency=/opt/rustwide/target/debug/build/byteorder/6f134b56ec74f2d0/out -L dependency=/opt/rustwide/target/debug/build/bytes/68f1e18da6f1104d/out -L dependency=/opt/rustwide/target/debug/build/cfg-if/89d982f4c742ef14/out -L dependency=/opt/rustwide/target/debug/build/chacha20/bfed458bc82594fd/out -L dependency=/opt/rustwide/target/debug/build/chrono/3028b7ca25d91303/out -L dependency=/opt/rustwide/target/debug/build/cmov/ad3b1ac08f243e2b/out -L dependency=/opt/rustwide/target/debug/build/const-oid/097ca1d2a86f366c/out -L dependency=/opt/rustwide/target/debug/build/constant_time_eq/12695e0c92eaae49/out -L dependency=/opt/rustwide/target/debug/build/cpufeatures/87cf4a2a146a92db/out -L dependency=/opt/rustwide/target/debug/build/cpufeatures/c783fb8944766720/out -L dependency=/opt/rustwide/target/debug/build/crc-catalog/65dcb7b3a96011a6/out -L dependency=/opt/rustwide/target/debug/build/crc/ebc939cf12c16178/out -L dependency=/opt/rustwide/target/debug/build/crossbeam-queue/1a2c786fa92bea49/out -L dependency=/opt/rustwide/target/debug/build/crossbeam-utils/b550dd5ae3e41a8c/out -L dependency=/opt/rustwide/target/debug/build/crypto-common/bda442c50f130a96/out -L dependency=/opt/rustwide/target/debug/build/crypto-common/becad59111036515/out -L dependency=/opt/rustwide/target/debug/build/ctutils/e15b349aad14057c/out -L dependency=/opt/rustwide/target/debug/build/data-encoding/dbdce8891965856b/out -L dependency=/opt/rustwide/target/debug/build/digest/e90b48cce771de5e/out -L dependency=/opt/rustwide/target/debug/build/digest/f9826348cf01d8f4/out -L dependency=/opt/rustwide/target/debug/build/displaydoc/4d7c3b2f1e7f0c0b/out -L dependency=/opt/rustwide/target/debug/build/dotenvy/b64ddeac538f9a7d/out -L dependency=/opt/rustwide/target/debug/build/dyn-clone/eda6a4098daf13a8/out -L dependency=/opt/rustwide/target/debug/build/either/a3a0dc65199de507/out -L dependency=/opt/rustwide/target/debug/build/email_address/5d3a5ab2a59ffb54/out -L dependency=/opt/rustwide/target/debug/build/equivalent/0ffd6f6711c315a6/out -L dependency=/opt/rustwide/target/debug/build/errno/341230853c0fd709/out -L dependency=/opt/rustwide/target/debug/build/event-listener/a16c1602673b3627/out -L dependency=/opt/rustwide/target/debug/build/fancy-regex/4e8eb98b86071a91/out -L dependency=/opt/rustwide/target/debug/build/fluent-uri/d2702d7d1c0184e3/out -L dependency=/opt/rustwide/target/debug/build/foldhash/57f6254de8c98f4f/out -L dependency=/opt/rustwide/target/debug/build/form_urlencoded/a58e9c1c5527d07c/out -L dependency=/opt/rustwide/target/debug/build/fraction/c364c6cb9548c8cd/out -L dependency=/opt/rustwide/target/debug/build/futures-channel/37da2de29d593a19/out -L dependency=/opt/rustwide/target/debug/build/futures-core/75a7fb553226528b/out -L dependency=/opt/rustwide/target/debug/build/futures-executor/6a7ed1b7b123c6ed/out -L dependency=/opt/rustwide/target/debug/build/futures-intrusive/824dff5b510cb0dd/out -L dependency=/opt/rustwide/target/debug/build/futures-io/f3959d85ef2a0e79/out -L dependency=/opt/rustwide/target/debug/build/futures-macro/5f026b71920e44fd/out -L dependency=/opt/rustwide/target/debug/build/futures-sink/5de08b2778d24231/out -L dependency=/opt/rustwide/target/debug/build/futures-task/4e6f393e38e3faae/out -L dependency=/opt/rustwide/target/debug/build/futures-util/215fe932b39760fc/out -L dependency=/opt/rustwide/target/debug/build/futures/d1ce2cc0cdde2809/out -L dependency=/opt/rustwide/target/debug/build/generic-array/2dd93f0711e576ae/out -L dependency=/opt/rustwide/target/debug/build/getrandom/2fe7d9ff774b27c8/out -L dependency=/opt/rustwide/target/debug/build/getrandom/4672993535077ecc/out -L dependency=/opt/rustwide/target/debug/build/getrandom/80669f8421170baa/out -L dependency=/opt/rustwide/target/debug/build/hashbrown/429c185d87e41d53/out -L dependency=/opt/rustwide/target/debug/build/hashbrown/fb3e102d222b8575/out -L dependency=/opt/rustwide/target/debug/build/hashlink/bc7c7b0bcba67e96/out -L dependency=/opt/rustwide/target/debug/build/hex/75a44236b8d058c9/out -L dependency=/opt/rustwide/target/debug/build/hkdf/9b47c2ecbc95b61b/out -L dependency=/opt/rustwide/target/debug/build/hmac/7fa22b20e272be16/out -L dependency=/opt/rustwide/target/debug/build/http/bb4f976bfc4590f7/out -L dependency=/opt/rustwide/target/debug/build/hybrid-array/960f48a4171eb9db/out -L dependency=/opt/rustwide/target/debug/build/iana-time-zone/1c0db9ff5c63692c/out -L dependency=/opt/rustwide/target/debug/build/icu_collections/e6a9fa981c58047e/out -L dependency=/opt/rustwide/target/debug/build/icu_locale_core/6a130326e77b9dda/out -L dependency=/opt/rustwide/target/debug/build/icu_normalizer/6571288c0e3b98c5/out -L dependency=/opt/rustwide/target/debug/build/icu_normalizer_data/9c0650ac880663fe/out -L dependency=/opt/rustwide/target/debug/build/icu_properties/bb19ae7c4792d156/out -L dependency=/opt/rustwide/target/debug/build/icu_properties_data/626a0f2510897a46/out -L dependency=/opt/rustwide/target/debug/build/icu_provider/0d8db658930ccb5c/out -L dependency=/opt/rustwide/target/debug/build/idna/653315d67f8b1889/out -L dependency=/opt/rustwide/target/debug/build/idna_adapter/b3d4143a44844b3a/out -L dependency=/opt/rustwide/target/debug/build/indexmap/de7fa273417fbafd/out -L dependency=/opt/rustwide/target/debug/build/itoa/d988fde697c3bf59/out -L dependency=/opt/rustwide/target/debug/build/jiff-core/02cfe215b772d733/out -L dependency=/opt/rustwide/target/debug/build/jiff/0f434eb553d282c5/out -L dependency=/opt/rustwide/target/debug/build/jsonschema-regex/e408de456684d558/out -L dependency=/opt/rustwide/target/debug/build/jsonschema-value/e6676424f77713ae/out -L dependency=/opt/rustwide/target/debug/build/jsonschema/69d4a9d26ee7d6c7/out -L dependency=/opt/rustwide/target/debug/build/libc/d696e3b6cc9745a6/out -L dependency=/opt/rustwide/target/debug/build/linux-raw-sys/8382d8bc3134678c/out -L dependency=/opt/rustwide/target/debug/build/litemap/03216a831b97d0d4/out -L dependency=/opt/rustwide/target/debug/build/lock_api/0049e84bed553b0f/out -L dependency=/opt/rustwide/target/debug/build/log/71bb7736a53a849e/out -L dependency=/opt/rustwide/target/debug/build/md-5/a76a99d51f259485/out -L dependency=/opt/rustwide/target/debug/build/memchr/5eddcc69908bc2cd/out -L dependency=/opt/rustwide/target/debug/build/micromap/cb55573b9bde1734/out -L dependency=/opt/rustwide/target/debug/build/mio/e0fd16e0cd78e332/out -L dependency=/opt/rustwide/target/debug/build/nous-configuration/9d2dee318196ca02/out -L dependency=/opt/rustwide/target/debug/build/nous-core/a696bc3ac5525065/out -L dependency=/opt/rustwide/target/debug/build/nous-persistence/c67d3a46ab8dddf2/out -L dependency=/opt/rustwide/target/debug/build/num-bigint/032a226908315358/out -L dependency=/opt/rustwide/target/debug/build/num-cmp/9916dc983194a95e/out -L dependency=/opt/rustwide/target/debug/build/num-complex/fe074506b02fcc6d/out -L dependency=/opt/rustwide/target/debug/build/num-integer/9d98fcdd39abeeb3/out -L dependency=/opt/rustwide/target/debug/build/num-iter/93b384745485da9c/out -L dependency=/opt/rustwide/target/debug/build/num-rational/8583b77c3080772b/out -L dependency=/opt/rustwide/target/debug/build/num-traits/bf39e109227a934c/out -L dependency=/opt/rustwide/target/debug/build/num/84206b8948b5b17a/out -L dependency=/opt/rustwide/target/debug/build/once_cell/7e5e554b10baf911/out -L dependency=/opt/rustwide/target/debug/build/opendal-core/c5cebc4db34d5e5c/out -L dependency=/opt/rustwide/target/debug/build/opendal-service-fs/34a270518e040231/out -L dependency=/opt/rustwide/target/debug/build/opendal/561e639ccbb66f60/out -L dependency=/opt/rustwide/target/debug/build/outref/27e318bb3b731979/out -L dependency=/opt/rustwide/target/debug/build/parking/7d9067bfe3ba4d33/out -L dependency=/opt/rustwide/target/debug/build/parking_lot/48c7d3a01fb532a7/out -L dependency=/opt/rustwide/target/debug/build/parking_lot_core/706363e0b7b0e72b/out -L dependency=/opt/rustwide/target/debug/build/percent-encoding/a46be968e3a4e00e/out -L dependency=/opt/rustwide/target/debug/build/pin-project-lite/42cd8217766f70fd/out -L dependency=/opt/rustwide/target/debug/build/potential_utf/fce204d36baaac18/out -L dependency=/opt/rustwide/target/debug/build/quick-xml/bbcdd9c81ca51b29/out -L dependency=/opt/rustwide/target/debug/build/rand/bb315d55a00886e2/out -L dependency=/opt/rustwide/target/debug/build/rand_core/8ce050514728468f/out -L dependency=/opt/rustwide/target/debug/build/ref-cast-impl/7cb25daada98d3e6/out -L dependency=/opt/rustwide/target/debug/build/ref-cast/8954b2e7bc2064d5/out -L dependency=/opt/rustwide/target/debug/build/referencing/42f2d925cb304f8c/out -L dependency=/opt/rustwide/target/debug/build/regex-automata/015b1b562d55e0f3/out -L dependency=/opt/rustwide/target/debug/build/regex-syntax/2783df0d18d50bae/out -L dependency=/opt/rustwide/target/debug/build/regex/c4c08d7411ffbd93/out -L dependency=/opt/rustwide/target/debug/build/ring/ff8d70f8b0ca9e1c/out -L dependency=/opt/rustwide/target/debug/build/rustix/7e402241c1ffcf1f/out -L dependency=/opt/rustwide/target/debug/build/rustls-pki-types/50bd6a562b705dce/out -L dependency=/opt/rustwide/target/debug/build/rustls-webpki/342553b34435afbf/out -L dependency=/opt/rustwide/target/debug/build/rustls/2e88360e4fddc6f6/out -L dependency=/opt/rustwide/target/debug/build/schemars/c696dd07f6669ade/out -L dependency=/opt/rustwide/target/debug/build/schemars_derive/df52ee468dc4e824/out -L dependency=/opt/rustwide/target/debug/build/scopeguard/9663d35e80343411/out -L dependency=/opt/rustwide/target/debug/build/serde/cd67cd8319b2ae1a/out -L dependency=/opt/rustwide/target/debug/build/serde_core/8194fffbb8ca441d/out -L dependency=/opt/rustwide/target/debug/build/serde_derive/7dfce08565a68105/out -L dependency=/opt/rustwide/target/debug/build/serde_json/c978db22e239c6a2/out -L dependency=/opt/rustwide/target/debug/build/sha1_smol/b3465fcfb2340fee/out -L dependency=/opt/rustwide/target/debug/build/sha2/4bd1ad58b9880ffe/out -L dependency=/opt/rustwide/target/debug/build/sha2/9293993a510da05d/out -L dependency=/opt/rustwide/target/debug/build/signal-hook-registry/aadd3b9675aa45e5/out -L dependency=/opt/rustwide/target/debug/build/slab/4c8fde44eaf848da/out -L dependency=/opt/rustwide/target/debug/build/smallvec/a92979f9353a5797/out -L dependency=/opt/rustwide/target/debug/build/socket2/a9a5f46803a0e890/out -L dependency=/opt/rustwide/target/debug/build/sqlx-core/c80a70ad1d264d23/out -L dependency=/opt/rustwide/target/debug/build/sqlx-macros/7ebe4435f07c52fc/out -L dependency=/opt/rustwide/target/debug/build/sqlx-postgres/1e729542673fbcad/out -L dependency=/opt/rustwide/target/debug/build/sqlx/c44f6fc6f73745e9/out -L dependency=/opt/rustwide/target/debug/build/stable_deref_trait/43cc708fcab51aba/out -L dependency=/opt/rustwide/target/debug/build/stringprep/36fec83bb9d130db/out -L dependency=/opt/rustwide/target/debug/build/strum/ea2beaaa0baad20b/out -L dependency=/opt/rustwide/target/debug/build/strum_macros/391723b8e88b4820/out -L dependency=/opt/rustwide/target/debug/build/subtle/7cbdcccac7d34b60/out -L dependency=/opt/rustwide/target/debug/build/thiserror-impl/ff647fab9ad536bb/out -L dependency=/opt/rustwide/target/debug/build/thiserror/412e8fada967cefe/out -L dependency=/opt/rustwide/target/debug/build/tinystr/b34350bf7bb2a880/out -L dependency=/opt/rustwide/target/debug/build/tinyvec/b141502f641d8350/out -L dependency=/opt/rustwide/target/debug/build/tinyvec_macros/8961b468f20d9127/out -L dependency=/opt/rustwide/target/debug/build/tokio-macros/29fa4ae8edb98151/out -L dependency=/opt/rustwide/target/debug/build/tokio-stream/b76bc46da0292f66/out -L dependency=/opt/rustwide/target/debug/build/tokio-util/9759fada89a1bd85/out -L dependency=/opt/rustwide/target/debug/build/tokio/31d01b1eeaf0e921/out -L dependency=/opt/rustwide/target/debug/build/tracing-attributes/b9da9a70adaf3289/out -L dependency=/opt/rustwide/target/debug/build/tracing-core/b1df0770b227cd4d/out -L dependency=/opt/rustwide/target/debug/build/tracing/d42ee69cc03aa879/out -L dependency=/opt/rustwide/target/debug/build/typenum/315959176d2abe66/out -L dependency=/opt/rustwide/target/debug/build/unicode-bidi/314cc80cd3e3fa9a/out -L dependency=/opt/rustwide/target/debug/build/unicode-general-category/8429f3d0e65c0003/out -L dependency=/opt/rustwide/target/debug/build/unicode-normalization/36feb7b640d389a4/out -L dependency=/opt/rustwide/target/debug/build/unicode-properties/f91beffdd6360e2c/out -L dependency=/opt/rustwide/target/debug/build/untrusted/b61a5e65a96c3561/out -L dependency=/opt/rustwide/target/debug/build/url/4bd1a4beb437a865/out -L dependency=/opt/rustwide/target/debug/build/utf8_iter/b4e0afc2999e1b31/out -L dependency=/opt/rustwide/target/debug/build/uuid-simd/eaf9432fa0ba90bf/out -L dependency=/opt/rustwide/target/debug/build/uuid/bb57d9e69df6e50b/out -L dependency=/opt/rustwide/target/debug/build/vsimd/a487865026a268e9/out -L dependency=/opt/rustwide/target/debug/build/webpki-roots/fd09968ee6803114/out -L dependency=/opt/rustwide/target/debug/build/whoami/2e43b8210ab51bfc/out -L dependency=/opt/rustwide/target/debug/build/writeable/ea25ad052b025f3c/out -L dependency=/opt/rustwide/target/debug/build/xattr/acb5e71de3161aa8/out -L dependency=/opt/rustwide/target/debug/build/yoke-derive/87289ca03fc700cc/out -L dependency=/opt/rustwide/target/debug/build/yoke/2fca9dfa1339265d/out -L dependency=/opt/rustwide/target/debug/build/zerocopy/bdb9ae7619d0d6b2/out -L dependency=/opt/rustwide/target/debug/build/zerofrom-derive/ad41bd1b90dceaee/out -L dependency=/opt/rustwide/target/debug/build/zerofrom/ac2f175c2402d583/out -L dependency=/opt/rustwide/target/debug/build/zeroize/481ad083de43595b/out -L dependency=/opt/rustwide/target/debug/build/zerotrie/1a79add31d6e7659/out -L dependency=/opt/rustwide/target/debug/build/zerovec-derive/0154829d5fad48fd/out -L dependency=/opt/rustwide/target/debug/build/zerovec/1d06fc73fd7b5a8d/out -L dependency=/opt/rustwide/target/debug/build/zmij/73308942dc664d89/out --extern async_trait=/opt/rustwide/target/debug/build/async-trait/74bf47401c7d20b7/out/libasync_trait-74bf47401c7d20b7.so --extern chrono=/opt/rustwide/target/debug/build/chrono/3028b7ca25d91303/out/libchrono-3028b7ca25d91303.rmeta --extern nous_configuration=/opt/rustwide/target/debug/build/nous-configuration/9d2dee318196ca02/out/libnous_configuration-9d2dee318196ca02.rmeta --extern nous_core=/opt/rustwide/target/debug/build/nous-core/a696bc3ac5525065/out/libnous_core-a696bc3ac5525065.rmeta --extern nous_object_store=/opt/rustwide/target/debug/build/nous-object-store/62d21b096ef1b19e/out/libnous_object_store-62d21b096ef1b19e.rmeta --extern nous_persistence=/opt/rustwide/target/debug/build/nous-persistence/c67d3a46ab8dddf2/out/libnous_persistence-c67d3a46ab8dddf2.rmeta --extern nous_runtime=/opt/rustwide/target/debug/build/nous-runtime/857b3f433ce81c25/out/libnous_runtime-857b3f433ce81c25.rmeta --extern schemars=/opt/rustwide/target/debug/build/schemars/c696dd07f6669ade/out/libschemars-c696dd07f6669ade.rmeta --extern serde=/opt/rustwide/target/debug/build/serde/cd67cd8319b2ae1a/out/libserde-cd67cd8319b2ae1a.rmeta --extern serde_json=/opt/rustwide/target/debug/build/serde_json/c978db22e239c6a2/out/libserde_json-c978db22e239c6a2.rmeta --extern sqlx=/opt/rustwide/target/debug/build/sqlx/c44f6fc6f73745e9/out/libsqlx-c44f6fc6f73745e9.rmeta --extern uuid=/opt/rustwide/target/debug/build/uuid/bb57d9e69df6e50b/out/libuuid-bb57d9e69df6e50b.rmeta --cap-lints=forbid --force-warn=unused_crate_dependencies -L native=/opt/rustwide/target/debug/build/blake3/b550fe82ba8b72ce/out -L native=/opt/rustwide/target/debug/build/blake3/b550fe82ba8b72ce/out -L native=/opt/rustwide/target/debug/build/ring/a7f62d9f996086a4/out` (signal: 9, SIGKILL: kill)
[INFO] [stderr] error: could not compile `nous-protocol` (lib test)
[INFO] [stderr] 
[INFO] [stderr] Caused by:
[INFO] [stderr]   process didn't exit successfully: `/opt/rustwide/rustup-home/toolchains/3154cc1a3e6424e44f438a95007d043ed5ceaaf6/bin/rustc --crate-name nous_protocol --edition=2024 crates/protocol/src/lib.rs --error-format=json --json=diagnostic-rendered-ansi,artifacts,future-incompat,unused-externs-silent --emit=dep-info,metadata -C embed-bitcode=no '--warn=clippy::suspicious' '--warn=clippy::perf' '--warn=clippy::complexity' '--warn=clippy::all' --deny=unused_must_use '--warn=clippy::type_complexity' '--warn=clippy::too_many_lines' '--warn=clippy::too_many_arguments' '--warn=clippy::large_futures' '--warn=clippy::large_enum_variant' '--warn=clippy::fn_params_excessive_bools' '--warn=clippy::excessive_nesting' --test --check-cfg 'cfg(docsrs,test)' --check-cfg 'cfg(feature, values())' -C metadata=cb9d61660d3031e7 -C extra-filename=-f55817b8ad7b3494 --out-dir /opt/rustwide/target/debug/build/nous-protocol/f55817b8ad7b3494/out -C strip=debuginfo -L dependency=/opt/rustwide/target/debug/build/allocator-api2/a570279350a357dc/out -L dependency=/opt/rustwide/target/debug/build/async-trait/74bf47401c7d20b7/out -L dependency=/opt/rustwide/target/debug/build/atomic-waker/852087e69ae575c4/out -L dependency=/opt/rustwide/target/debug/build/axum-core/77fbad474c64aa71/out -L dependency=/opt/rustwide/target/debug/build/axum/f75e9b38bc85eccb/out -L dependency=/opt/rustwide/target/debug/build/base64/be8e5759d54d7b65/out -L dependency=/opt/rustwide/target/debug/build/bytes/68f1e18da6f1104d/out -L dependency=/opt/rustwide/target/debug/build/cfg-if/89d982f4c742ef14/out -L dependency=/opt/rustwide/target/debug/build/equivalent/0ffd6f6711c315a6/out -L dependency=/opt/rustwide/target/debug/build/errno/341230853c0fd709/out -L dependency=/opt/rustwide/target/debug/build/fnv/66b804e6eabbfc6f/out -L dependency=/opt/rustwide/target/debug/build/foldhash/57f6254de8c98f4f/out -L dependency=/opt/rustwide/target/debug/build/futures-channel/37da2de29d593a19/out -L dependency=/opt/rustwide/target/debug/build/futures-core/75a7fb553226528b/out -L dependency=/opt/rustwide/target/debug/build/futures-io/f3959d85ef2a0e79/out -L dependency=/opt/rustwide/target/debug/build/futures-macro/5f026b71920e44fd/out -L dependency=/opt/rustwide/target/debug/build/futures-sink/5de08b2778d24231/out -L dependency=/opt/rustwide/target/debug/build/futures-task/4e6f393e38e3faae/out -L dependency=/opt/rustwide/target/debug/build/futures-util/215fe932b39760fc/out -L dependency=/opt/rustwide/target/debug/build/h2/99bce2f60eacbd6d/out -L dependency=/opt/rustwide/target/debug/build/hashbrown/429c185d87e41d53/out -L dependency=/opt/rustwide/target/debug/build/http-body-util/5c967e9655d916a3/out -L dependency=/opt/rustwide/target/debug/build/http-body/cbaaa52c9d265e82/out -L dependency=/opt/rustwide/target/debug/build/http/bb4f976bfc4590f7/out -L dependency=/opt/rustwide/target/debug/build/httparse/8c0dc5c8e710ac40/out -L dependency=/opt/rustwide/target/debug/build/httpdate/8f36dee8212db18b/out -L dependency=/opt/rustwide/target/debug/build/hyper-timeout/3e3c00e234621d76/out -L dependency=/opt/rustwide/target/debug/build/hyper-util/53db8af68e6e2618/out -L dependency=/opt/rustwide/target/debug/build/hyper/ef0ad28901d94165/out -L dependency=/opt/rustwide/target/debug/build/indexmap/de7fa273417fbafd/out -L dependency=/opt/rustwide/target/debug/build/ipnet/abb6add2b5223a71/out -L dependency=/opt/rustwide/target/debug/build/itoa/d988fde697c3bf59/out -L dependency=/opt/rustwide/target/debug/build/libc/d696e3b6cc9745a6/out -L dependency=/opt/rustwide/target/debug/build/lock_api/0049e84bed553b0f/out -L dependency=/opt/rustwide/target/debug/build/log/71bb7736a53a849e/out -L dependency=/opt/rustwide/target/debug/build/matchit/9ce84ffd1bd81c3d/out -L dependency=/opt/rustwide/target/debug/build/memchr/5eddcc69908bc2cd/out -L dependency=/opt/rustwide/target/debug/build/mime/23888788dfb0fdcb/out -L dependency=/opt/rustwide/target/debug/build/mio/e0fd16e0cd78e332/out -L dependency=/opt/rustwide/target/debug/build/once_cell/7e5e554b10baf911/out -L dependency=/opt/rustwide/target/debug/build/parking_lot/48c7d3a01fb532a7/out -L dependency=/opt/rustwide/target/debug/build/parking_lot_core/706363e0b7b0e72b/out -L dependency=/opt/rustwide/target/debug/build/percent-encoding/a46be968e3a4e00e/out -L dependency=/opt/rustwide/target/debug/build/pin-project-internal/ef307a0640e880bb/out -L dependency=/opt/rustwide/target/debug/build/pin-project-lite/42cd8217766f70fd/out -L dependency=/opt/rustwide/target/debug/build/pin-project/f6177aa46620b8d8/out -L dependency=/opt/rustwide/target/debug/build/prost-derive/ba4c38ed20c47c71/out -L dependency=/opt/rustwide/target/debug/build/prost/3de7deab673aa64f/out -L dependency=/opt/rustwide/target/debug/build/scopeguard/9663d35e80343411/out -L dependency=/opt/rustwide/target/debug/build/serde/cd67cd8319b2ae1a/out -L dependency=/opt/rustwide/target/debug/build/serde_core/8194fffbb8ca441d/out -L dependency=/opt/rustwide/target/debug/build/serde_derive/7dfce08565a68105/out -L dependency=/opt/rustwide/target/debug/build/signal-hook-registry/aadd3b9675aa45e5/out -L dependency=/opt/rustwide/target/debug/build/slab/4c8fde44eaf848da/out -L dependency=/opt/rustwide/target/debug/build/smallvec/a92979f9353a5797/out -L dependency=/opt/rustwide/target/debug/build/socket2/a9a5f46803a0e890/out -L dependency=/opt/rustwide/target/debug/build/sync_wrapper/29650a63192f8ac4/out -L dependency=/opt/rustwide/target/debug/build/tokio-macros/29fa4ae8edb98151/out -L dependency=/opt/rustwide/target/debug/build/tokio-stream/b76bc46da0292f66/out -L dependency=/opt/rustwide/target/debug/build/tokio-util/9759fada89a1bd85/out -L dependency=/opt/rustwide/target/debug/build/tokio/31d01b1eeaf0e921/out -L dependency=/opt/rustwide/target/debug/build/tonic/3a0d95556882cfcd/out -L dependency=/opt/rustwide/target/debug/build/tower-layer/21beba7fd5056fb8/out -L dependency=/opt/rustwide/target/debug/build/tower-service/6c6bbd1853db2aae/out -L dependency=/opt/rustwide/target/debug/build/tower/e100cae6602e3d3d/out -L dependency=/opt/rustwide/target/debug/build/tracing-attributes/b9da9a70adaf3289/out -L dependency=/opt/rustwide/target/debug/build/tracing-core/b1df0770b227cd4d/out -L dependency=/opt/rustwide/target/debug/build/tracing/d42ee69cc03aa879/out -L dependency=/opt/rustwide/target/debug/build/try-lock/f8acb58cdddf738c/out -L dependency=/opt/rustwide/target/debug/build/want/07d6f0205cbc1dbb/out --extern prost=/opt/rustwide/target/debug/build/prost/3de7deab673aa64f/out/libprost-3de7deab673aa64f.rmeta --extern prost_types=/opt/rustwide/target/debug/build/prost-types/bc588ae05fea2de6/out/libprost_types-bc588ae05fea2de6.rmeta --extern tonic=/opt/rustwide/target/debug/build/tonic/3a0d95556882cfcd/out/libtonic-3a0d95556882cfcd.rmeta --extern tonic_prost=/opt/rustwide/target/debug/build/tonic-prost/019e9426a251748d/out/libtonic_prost-019e9426a251748d.rmeta --cap-lints=forbid --force-warn=unused_crate_dependencies` (signal: 9, SIGKILL: kill)
[INFO] [stderr] error: could not compile `nous-protocol` (lib)
[INFO] [stderr] 
[INFO] [stderr] Caused by:
[INFO] [stderr]   process didn't exit successfully: `/opt/rustwide/rustup-home/toolchains/3154cc1a3e6424e44f438a95007d043ed5ceaaf6/bin/rustc --crate-name nous_protocol --edition=2024 crates/protocol/src/lib.rs --error-format=json --json=diagnostic-rendered-ansi,artifacts,future-incompat,unused-externs-silent --crate-type lib --emit=dep-info,metadata -C embed-bitcode=no '--warn=clippy::suspicious' '--warn=clippy::perf' '--warn=clippy::complexity' '--warn=clippy::all' --deny=unused_must_use '--warn=clippy::type_complexity' '--warn=clippy::too_many_lines' '--warn=clippy::too_many_arguments' '--warn=clippy::large_futures' '--warn=clippy::large_enum_variant' '--warn=clippy::fn_params_excessive_bools' '--warn=clippy::excessive_nesting' --check-cfg 'cfg(docsrs,test)' --check-cfg 'cfg(feature, values())' -C metadata=cfe1fc0324f4172c -C extra-filename=-74beb193fd68d3c3 --out-dir /opt/rustwide/target/debug/build/nous-protocol/74beb193fd68d3c3/out -C strip=debuginfo -L dependency=/opt/rustwide/target/debug/build/allocator-api2/a570279350a357dc/out -L dependency=/opt/rustwide/target/debug/build/async-trait/74bf47401c7d20b7/out -L dependency=/opt/rustwide/target/debug/build/atomic-waker/852087e69ae575c4/out -L dependency=/opt/rustwide/target/debug/build/axum-core/77fbad474c64aa71/out -L dependency=/opt/rustwide/target/debug/build/axum/f75e9b38bc85eccb/out -L dependency=/opt/rustwide/target/debug/build/base64/be8e5759d54d7b65/out -L dependency=/opt/rustwide/target/debug/build/bytes/68f1e18da6f1104d/out -L dependency=/opt/rustwide/target/debug/build/cfg-if/89d982f4c742ef14/out -L dependency=/opt/rustwide/target/debug/build/equivalent/0ffd6f6711c315a6/out -L dependency=/opt/rustwide/target/debug/build/errno/341230853c0fd709/out -L dependency=/opt/rustwide/target/debug/build/fnv/66b804e6eabbfc6f/out -L dependency=/opt/rustwide/target/debug/build/foldhash/57f6254de8c98f4f/out -L dependency=/opt/rustwide/target/debug/build/futures-channel/37da2de29d593a19/out -L dependency=/opt/rustwide/target/debug/build/futures-core/75a7fb553226528b/out -L dependency=/opt/rustwide/target/debug/build/futures-io/f3959d85ef2a0e79/out -L dependency=/opt/rustwide/target/debug/build/futures-macro/5f026b71920e44fd/out -L dependency=/opt/rustwide/target/debug/build/futures-sink/5de08b2778d24231/out -L dependency=/opt/rustwide/target/debug/build/futures-task/4e6f393e38e3faae/out -L dependency=/opt/rustwide/target/debug/build/futures-util/215fe932b39760fc/out -L dependency=/opt/rustwide/target/debug/build/h2/99bce2f60eacbd6d/out -L dependency=/opt/rustwide/target/debug/build/hashbrown/429c185d87e41d53/out -L dependency=/opt/rustwide/target/debug/build/http-body-util/5c967e9655d916a3/out -L dependency=/opt/rustwide/target/debug/build/http-body/cbaaa52c9d265e82/out -L dependency=/opt/rustwide/target/debug/build/http/bb4f976bfc4590f7/out -L dependency=/opt/rustwide/target/debug/build/httparse/8c0dc5c8e710ac40/out -L dependency=/opt/rustwide/target/debug/build/httpdate/8f36dee8212db18b/out -L dependency=/opt/rustwide/target/debug/build/hyper-timeout/3e3c00e234621d76/out -L dependency=/opt/rustwide/target/debug/build/hyper-util/53db8af68e6e2618/out -L dependency=/opt/rustwide/target/debug/build/hyper/ef0ad28901d94165/out -L dependency=/opt/rustwide/target/debug/build/indexmap/de7fa273417fbafd/out -L dependency=/opt/rustwide/target/debug/build/ipnet/abb6add2b5223a71/out -L dependency=/opt/rustwide/target/debug/build/itoa/d988fde697c3bf59/out -L dependency=/opt/rustwide/target/debug/build/libc/d696e3b6cc9745a6/out -L dependency=/opt/rustwide/target/debug/build/lock_api/0049e84bed553b0f/out -L dependency=/opt/rustwide/target/debug/build/log/71bb7736a53a849e/out -L dependency=/opt/rustwide/target/debug/build/matchit/9ce84ffd1bd81c3d/out -L dependency=/opt/rustwide/target/debug/build/memchr/5eddcc69908bc2cd/out -L dependency=/opt/rustwide/target/debug/build/mime/23888788dfb0fdcb/out -L dependency=/opt/rustwide/target/debug/build/mio/e0fd16e0cd78e332/out -L dependency=/opt/rustwide/target/debug/build/once_cell/7e5e554b10baf911/out -L dependency=/opt/rustwide/target/debug/build/parking_lot/48c7d3a01fb532a7/out -L dependency=/opt/rustwide/target/debug/build/parking_lot_core/706363e0b7b0e72b/out -L dependency=/opt/rustwide/target/debug/build/percent-encoding/a46be968e3a4e00e/out -L dependency=/opt/rustwide/target/debug/build/pin-project-internal/ef307a0640e880bb/out -L dependency=/opt/rustwide/target/debug/build/pin-project-lite/42cd8217766f70fd/out -L dependency=/opt/rustwide/target/debug/build/pin-project/f6177aa46620b8d8/out -L dependency=/opt/rustwide/target/debug/build/prost-derive/ba4c38ed20c47c71/out -L dependency=/opt/rustwide/target/debug/build/prost/3de7deab673aa64f/out -L dependency=/opt/rustwide/target/debug/build/scopeguard/9663d35e80343411/out -L dependency=/opt/rustwide/target/debug/build/serde/cd67cd8319b2ae1a/out -L dependency=/opt/rustwide/target/debug/build/serde_core/8194fffbb8ca441d/out -L dependency=/opt/rustwide/target/debug/build/serde_derive/7dfce08565a68105/out -L dependency=/opt/rustwide/target/debug/build/signal-hook-registry/aadd3b9675aa45e5/out -L dependency=/opt/rustwide/target/debug/build/slab/4c8fde44eaf848da/out -L dependency=/opt/rustwide/target/debug/build/smallvec/a92979f9353a5797/out -L dependency=/opt/rustwide/target/debug/build/socket2/a9a5f46803a0e890/out -L dependency=/opt/rustwide/target/debug/build/sync_wrapper/29650a63192f8ac4/out -L dependency=/opt/rustwide/target/debug/build/tokio-macros/29fa4ae8edb98151/out -L dependency=/opt/rustwide/target/debug/build/tokio-stream/b76bc46da0292f66/out -L dependency=/opt/rustwide/target/debug/build/tokio-util/9759fada89a1bd85/out -L dependency=/opt/rustwide/target/debug/build/tokio/31d01b1eeaf0e921/out -L dependency=/opt/rustwide/target/debug/build/tonic/3a0d95556882cfcd/out -L dependency=/opt/rustwide/target/debug/build/tower-layer/21beba7fd5056fb8/out -L dependency=/opt/rustwide/target/debug/build/tower-service/6c6bbd1853db2aae/out -L dependency=/opt/rustwide/target/debug/build/tower/e100cae6602e3d3d/out -L dependency=/opt/rustwide/target/debug/build/tracing-attributes/b9da9a70adaf3289/out -L dependency=/opt/rustwide/target/debug/build/tracing-core/b1df0770b227cd4d/out -L dependency=/opt/rustwide/target/debug/build/tracing/d42ee69cc03aa879/out -L dependency=/opt/rustwide/target/debug/build/try-lock/f8acb58cdddf738c/out -L dependency=/opt/rustwide/target/debug/build/want/07d6f0205cbc1dbb/out --extern prost=/opt/rustwide/target/debug/build/prost/3de7deab673aa64f/out/libprost-3de7deab673aa64f.rmeta --extern prost_types=/opt/rustwide/target/debug/build/prost-types/bc588ae05fea2de6/out/libprost_types-bc588ae05fea2de6.rmeta --extern tonic=/opt/rustwide/target/debug/build/tonic/3a0d95556882cfcd/out/libtonic-3a0d95556882cfcd.rmeta --extern tonic_prost=/opt/rustwide/target/debug/build/tonic-prost/019e9426a251748d/out/libtonic_prost-019e9426a251748d.rmeta --cap-lints=forbid --force-warn=unused_crate_dependencies` (signal: 9, SIGKILL: kill)
[INFO] [stderr] error: could not compile `nous-memory` (lib test)
[INFO] [stderr] 
[INFO] [stderr] Caused by:
[INFO] [stderr]   process didn't exit successfully: `/opt/rustwide/rustup-home/toolchains/3154cc1a3e6424e44f438a95007d043ed5ceaaf6/bin/rustc --crate-name nous_memory --edition=2024 crates/memory/src/lib.rs --error-format=json --json=diagnostic-rendered-ansi,artifacts,future-incompat,unused-externs-silent --emit=dep-info,metadata -C embed-bitcode=no '--warn=clippy::suspicious' '--warn=clippy::perf' '--warn=clippy::complexity' '--warn=clippy::all' --deny=unused_must_use '--warn=clippy::type_complexity' '--warn=clippy::too_many_lines' '--warn=clippy::too_many_arguments' '--warn=clippy::large_futures' '--warn=clippy::large_enum_variant' '--warn=clippy::fn_params_excessive_bools' '--warn=clippy::excessive_nesting' --test --check-cfg 'cfg(docsrs,test)' --check-cfg 'cfg(feature, values())' -C metadata=a2509943f194851f -C extra-filename=-c7b0bae5c38a989b --out-dir /opt/rustwide/target/debug/build/nous-memory/c7b0bae5c38a989b/out -C strip=debuginfo -L dependency=/opt/rustwide/target/debug/build/ahash/113ddfa2f4abed05/out -L dependency=/opt/rustwide/target/debug/build/aho-corasick/81de19f8c8d884be/out -L dependency=/opt/rustwide/target/debug/build/allocator-api2/a570279350a357dc/out -L dependency=/opt/rustwide/target/debug/build/anyhow/16d4d97f429bc9c8/out -L dependency=/opt/rustwide/target/debug/build/arrayvec/274601312ffcbb1e/out -L dependency=/opt/rustwide/target/debug/build/async-trait/74bf47401c7d20b7/out -L dependency=/opt/rustwide/target/debug/build/asyncband/3babc736aebd5b24/out -L dependency=/opt/rustwide/target/debug/build/atoi/81f1eb69c0efa430/out -L dependency=/opt/rustwide/target/debug/build/base64/b1165e0d1a714c50/out -L dependency=/opt/rustwide/target/debug/build/base64/be8e5759d54d7b65/out -L dependency=/opt/rustwide/target/debug/build/bit-set/3c0d037449f41768/out -L dependency=/opt/rustwide/target/debug/build/bit-vec/88008535e379ba9d/out -L dependency=/opt/rustwide/target/debug/build/bitflags/4c6b4eacdc874bfc/out -L dependency=/opt/rustwide/target/debug/build/blake3/394fd5d9255787a2/out -L dependency=/opt/rustwide/target/debug/build/block-buffer/ec8295343a3098d3/out -L dependency=/opt/rustwide/target/debug/build/block-buffer/ff7e50d9a1cd9dfd/out -L dependency=/opt/rustwide/target/debug/build/borrow-or-share/4d2d573301a69901/out -L dependency=/opt/rustwide/target/debug/build/bytecount/ec6f160372e67a00/out -L dependency=/opt/rustwide/target/debug/build/byteorder/6f134b56ec74f2d0/out -L dependency=/opt/rustwide/target/debug/build/bytes/68f1e18da6f1104d/out -L dependency=/opt/rustwide/target/debug/build/cfg-if/89d982f4c742ef14/out -L dependency=/opt/rustwide/target/debug/build/chacha20/bfed458bc82594fd/out -L dependency=/opt/rustwide/target/debug/build/chrono/3028b7ca25d91303/out -L dependency=/opt/rustwide/target/debug/build/cmov/ad3b1ac08f243e2b/out -L dependency=/opt/rustwide/target/debug/build/const-oid/097ca1d2a86f366c/out -L dependency=/opt/rustwide/target/debug/build/constant_time_eq/12695e0c92eaae49/out -L dependency=/opt/rustwide/target/debug/build/cpufeatures/87cf4a2a146a92db/out -L dependency=/opt/rustwide/target/debug/build/cpufeatures/c783fb8944766720/out -L dependency=/opt/rustwide/target/debug/build/crc-catalog/65dcb7b3a96011a6/out -L dependency=/opt/rustwide/target/debug/build/crc/ebc939cf12c16178/out -L dependency=/opt/rustwide/target/debug/build/crossbeam-queue/1a2c786fa92bea49/out -L dependency=/opt/rustwide/target/debug/build/crossbeam-utils/b550dd5ae3e41a8c/out -L dependency=/opt/rustwide/target/debug/build/crypto-common/bda442c50f130a96/out -L dependency=/opt/rustwide/target/debug/build/crypto-common/becad59111036515/out -L dependency=/opt/rustwide/target/debug/build/ctutils/e15b349aad14057c/out -L dependency=/opt/rustwide/target/debug/build/data-encoding/dbdce8891965856b/out -L dependency=/opt/rustwide/target/debug/build/digest/e90b48cce771de5e/out -L dependency=/opt/rustwide/target/debug/build/digest/f9826348cf01d8f4/out -L dependency=/opt/rustwide/target/debug/build/displaydoc/4d7c3b2f1e7f0c0b/out -L dependency=/opt/rustwide/target/debug/build/dotenvy/b64ddeac538f9a7d/out -L dependency=/opt/rustwide/target/debug/build/dyn-clone/eda6a4098daf13a8/out -L dependency=/opt/rustwide/target/debug/build/either/a3a0dc65199de507/out -L dependency=/opt/rustwide/target/debug/build/email_address/5d3a5ab2a59ffb54/out -L dependency=/opt/rustwide/target/debug/build/equivalent/0ffd6f6711c315a6/out -L dependency=/opt/rustwide/target/debug/build/errno/341230853c0fd709/out -L dependency=/opt/rustwide/target/debug/build/event-listener/a16c1602673b3627/out -L dependency=/opt/rustwide/target/debug/build/fancy-regex/4e8eb98b86071a91/out -L dependency=/opt/rustwide/target/debug/build/fluent-uri/d2702d7d1c0184e3/out -L dependency=/opt/rustwide/target/debug/build/foldhash/57f6254de8c98f4f/out -L dependency=/opt/rustwide/target/debug/build/form_urlencoded/a58e9c1c5527d07c/out -L dependency=/opt/rustwide/target/debug/build/fraction/c364c6cb9548c8cd/out -L dependency=/opt/rustwide/target/debug/build/futures-channel/37da2de29d593a19/out -L dependency=/opt/rustwide/target/debug/build/futures-core/75a7fb553226528b/out -L dependency=/opt/rustwide/target/debug/build/futures-executor/6a7ed1b7b123c6ed/out -L dependency=/opt/rustwide/target/debug/build/futures-intrusive/824dff5b510cb0dd/out -L dependency=/opt/rustwide/target/debug/build/futures-io/f3959d85ef2a0e79/out -L dependency=/opt/rustwide/target/debug/build/futures-macro/5f026b71920e44fd/out -L dependency=/opt/rustwide/target/debug/build/futures-sink/5de08b2778d24231/out -L dependency=/opt/rustwide/target/debug/build/futures-task/4e6f393e38e3faae/out -L dependency=/opt/rustwide/target/debug/build/futures-util/215fe932b39760fc/out -L dependency=/opt/rustwide/target/debug/build/futures/d1ce2cc0cdde2809/out -L dependency=/opt/rustwide/target/debug/build/generic-array/2dd93f0711e576ae/out -L dependency=/opt/rustwide/target/debug/build/getrandom/2fe7d9ff774b27c8/out -L dependency=/opt/rustwide/target/debug/build/getrandom/4672993535077ecc/out -L dependency=/opt/rustwide/target/debug/build/getrandom/80669f8421170baa/out -L dependency=/opt/rustwide/target/debug/build/hashbrown/429c185d87e41d53/out -L dependency=/opt/rustwide/target/debug/build/hashbrown/fb3e102d222b8575/out -L dependency=/opt/rustwide/target/debug/build/hashlink/bc7c7b0bcba67e96/out -L dependency=/opt/rustwide/target/debug/build/hex/75a44236b8d058c9/out -L dependency=/opt/rustwide/target/debug/build/hkdf/9b47c2ecbc95b61b/out -L dependency=/opt/rustwide/target/debug/build/hmac/7fa22b20e272be16/out -L dependency=/opt/rustwide/target/debug/build/http/bb4f976bfc4590f7/out -L dependency=/opt/rustwide/target/debug/build/hybrid-array/960f48a4171eb9db/out -L dependency=/opt/rustwide/target/debug/build/iana-time-zone/1c0db9ff5c63692c/out -L dependency=/opt/rustwide/target/debug/build/icu_collections/e6a9fa981c58047e/out -L dependency=/opt/rustwide/target/debug/build/icu_locale_core/6a130326e77b9dda/out -L dependency=/opt/rustwide/target/debug/build/icu_normalizer/6571288c0e3b98c5/out -L dependency=/opt/rustwide/target/debug/build/icu_normalizer_data/9c0650ac880663fe/out -L dependency=/opt/rustwide/target/debug/build/icu_properties/bb19ae7c4792d156/out -L dependency=/opt/rustwide/target/debug/build/icu_properties_data/626a0f2510897a46/out -L dependency=/opt/rustwide/target/debug/build/icu_provider/0d8db658930ccb5c/out -L dependency=/opt/rustwide/target/debug/build/idna/653315d67f8b1889/out -L dependency=/opt/rustwide/target/debug/build/idna_adapter/b3d4143a44844b3a/out -L dependency=/opt/rustwide/target/debug/build/indexmap/de7fa273417fbafd/out -L dependency=/opt/rustwide/target/debug/build/itoa/d988fde697c3bf59/out -L dependency=/opt/rustwide/target/debug/build/jiff-core/02cfe215b772d733/out -L dependency=/opt/rustwide/target/debug/build/jiff/0f434eb553d282c5/out -L dependency=/opt/rustwide/target/debug/build/jsonschema-regex/e408de456684d558/out -L dependency=/opt/rustwide/target/debug/build/jsonschema-value/e6676424f77713ae/out -L dependency=/opt/rustwide/target/debug/build/jsonschema/69d4a9d26ee7d6c7/out -L dependency=/opt/rustwide/target/debug/build/libc/d696e3b6cc9745a6/out -L dependency=/opt/rustwide/target/debug/build/linux-raw-sys/8382d8bc3134678c/out -L dependency=/opt/rustwide/target/debug/build/litemap/03216a831b97d0d4/out -L dependency=/opt/rustwide/target/debug/build/lock_api/0049e84bed553b0f/out -L dependency=/opt/rustwide/target/debug/build/log/71bb7736a53a849e/out -L dependency=/opt/rustwide/target/debug/build/md-5/a76a99d51f259485/out -L dependency=/opt/rustwide/target/debug/build/memchr/5eddcc69908bc2cd/out -L dependency=/opt/rustwide/target/debug/build/micromap/cb55573b9bde1734/out -L dependency=/opt/rustwide/target/debug/build/mio/e0fd16e0cd78e332/out -L dependency=/opt/rustwide/target/debug/build/nous-configuration/9d2dee318196ca02/out -L dependency=/opt/rustwide/target/debug/build/nous-core/a696bc3ac5525065/out -L dependency=/opt/rustwide/target/debug/build/nous-persistence/c67d3a46ab8dddf2/out -L dependency=/opt/rustwide/target/debug/build/num-bigint/032a226908315358/out -L dependency=/opt/rustwide/target/debug/build/num-cmp/9916dc983194a95e/out -L dependency=/opt/rustwide/target/debug/build/num-complex/fe074506b02fcc6d/out -L dependency=/opt/rustwide/target/debug/build/num-integer/9d98fcdd39abeeb3/out -L dependency=/opt/rustwide/target/debug/build/num-iter/93b384745485da9c/out -L dependency=/opt/rustwide/target/debug/build/num-rational/8583b77c3080772b/out -L dependency=/opt/rustwide/target/debug/build/num-traits/bf39e109227a934c/out -L dependency=/opt/rustwide/target/debug/build/num/84206b8948b5b17a/out -L dependency=/opt/rustwide/target/debug/build/once_cell/7e5e554b10baf911/out -L dependency=/opt/rustwide/target/debug/build/opendal-core/c5cebc4db34d5e5c/out -L dependency=/opt/rustwide/target/debug/build/opendal-service-fs/34a270518e040231/out -L dependency=/opt/rustwide/target/debug/build/opendal/561e639ccbb66f60/out -L dependency=/opt/rustwide/target/debug/build/outref/27e318bb3b731979/out -L dependency=/opt/rustwide/target/debug/build/parking/7d9067bfe3ba4d33/out -L dependency=/opt/rustwide/target/debug/build/parking_lot/48c7d3a01fb532a7/out -L dependency=/opt/rustwide/target/debug/build/parking_lot_core/706363e0b7b0e72b/out -L dependency=/opt/rustwide/target/debug/build/percent-encoding/a46be968e3a4e00e/out -L dependency=/opt/rustwide/target/debug/build/pin-project-lite/42cd8217766f70fd/out -L dependency=/opt/rustwide/target/debug/build/potential_utf/fce204d36baaac18/out -L dependency=/opt/rustwide/target/debug/build/quick-xml/bbcdd9c81ca51b29/out -L dependency=/opt/rustwide/target/debug/build/rand/bb315d55a00886e2/out -L dependency=/opt/rustwide/target/debug/build/rand_core/8ce050514728468f/out -L dependency=/opt/rustwide/target/debug/build/ref-cast-impl/7cb25daada98d3e6/out -L dependency=/opt/rustwide/target/debug/build/ref-cast/8954b2e7bc2064d5/out -L dependency=/opt/rustwide/target/debug/build/referencing/42f2d925cb304f8c/out -L dependency=/opt/rustwide/target/debug/build/regex-automata/015b1b562d55e0f3/out -L dependency=/opt/rustwide/target/debug/build/regex-syntax/2783df0d18d50bae/out -L dependency=/opt/rustwide/target/debug/build/regex/c4c08d7411ffbd93/out -L dependency=/opt/rustwide/target/debug/build/ring/ff8d70f8b0ca9e1c/out -L dependency=/opt/rustwide/target/debug/build/rustix/7e402241c1ffcf1f/out -L dependency=/opt/rustwide/target/debug/build/rustls-pki-types/50bd6a562b705dce/out -L dependency=/opt/rustwide/target/debug/build/rustls-webpki/342553b34435afbf/out -L dependency=/opt/rustwide/target/debug/build/rustls/2e88360e4fddc6f6/out -L dependency=/opt/rustwide/target/debug/build/schemars/c696dd07f6669ade/out -L dependency=/opt/rustwide/target/debug/build/schemars_derive/df52ee468dc4e824/out -L dependency=/opt/rustwide/target/debug/build/scopeguard/9663d35e80343411/out -L dependency=/opt/rustwide/target/debug/build/serde/cd67cd8319b2ae1a/out -L dependency=/opt/rustwide/target/debug/build/serde_core/8194fffbb8ca441d/out -L dependency=/opt/rustwide/target/debug/build/serde_derive/7dfce08565a68105/out -L dependency=/opt/rustwide/target/debug/build/serde_json/c978db22e239c6a2/out -L dependency=/opt/rustwide/target/debug/build/sha1_smol/b3465fcfb2340fee/out -L dependency=/opt/rustwide/target/debug/build/sha2/4bd1ad58b9880ffe/out -L dependency=/opt/rustwide/target/debug/build/sha2/9293993a510da05d/out -L dependency=/opt/rustwide/target/debug/build/signal-hook-registry/aadd3b9675aa45e5/out -L dependency=/opt/rustwide/target/debug/build/slab/4c8fde44eaf848da/out -L dependency=/opt/rustwide/target/debug/build/smallvec/a92979f9353a5797/out -L dependency=/opt/rustwide/target/debug/build/socket2/a9a5f46803a0e890/out -L dependency=/opt/rustwide/target/debug/build/sqlx-core/c80a70ad1d264d23/out -L dependency=/opt/rustwide/target/debug/build/sqlx-macros/7ebe4435f07c52fc/out -L dependency=/opt/rustwide/target/debug/build/sqlx-postgres/1e729542673fbcad/out -L dependency=/opt/rustwide/target/debug/build/sqlx/c44f6fc6f73745e9/out -L dependency=/opt/rustwide/target/debug/build/stable_deref_trait/43cc708fcab51aba/out -L dependency=/opt/rustwide/target/debug/build/stringprep/36fec83bb9d130db/out -L dependency=/opt/rustwide/target/debug/build/strum/ea2beaaa0baad20b/out -L dependency=/opt/rustwide/target/debug/build/strum_macros/391723b8e88b4820/out -L dependency=/opt/rustwide/target/debug/build/subtle/7cbdcccac7d34b60/out -L dependency=/opt/rustwide/target/debug/build/thiserror-impl/ff647fab9ad536bb/out -L dependency=/opt/rustwide/target/debug/build/thiserror/412e8fada967cefe/out -L dependency=/opt/rustwide/target/debug/build/tinystr/b34350bf7bb2a880/out -L dependency=/opt/rustwide/target/debug/build/tinyvec/b141502f641d8350/out -L dependency=/opt/rustwide/target/debug/build/tinyvec_macros/8961b468f20d9127/out -L dependency=/opt/rustwide/target/debug/build/tokio-macros/29fa4ae8edb98151/out -L dependency=/opt/rustwide/target/debug/build/tokio-stream/b76bc46da0292f66/out -L dependency=/opt/rustwide/target/debug/build/tokio-util/9759fada89a1bd85/out -L dependency=/opt/rustwide/target/debug/build/tokio/31d01b1eeaf0e921/out -L dependency=/opt/rustwide/target/debug/build/tracing-attributes/b9da9a70adaf3289/out -L dependency=/opt/rustwide/target/debug/build/tracing-core/b1df0770b227cd4d/out -L dependency=/opt/rustwide/target/debug/build/tracing/d42ee69cc03aa879/out -L dependency=/opt/rustwide/target/debug/build/typenum/315959176d2abe66/out -L dependency=/opt/rustwide/target/debug/build/unicode-bidi/314cc80cd3e3fa9a/out -L dependency=/opt/rustwide/target/debug/build/unicode-general-category/8429f3d0e65c0003/out -L dependency=/opt/rustwide/target/debug/build/unicode-normalization/36feb7b640d389a4/out -L dependency=/opt/rustwide/target/debug/build/unicode-properties/f91beffdd6360e2c/out -L dependency=/opt/rustwide/target/debug/build/untrusted/b61a5e65a96c3561/out -L dependency=/opt/rustwide/target/debug/build/url/4bd1a4beb437a865/out -L dependency=/opt/rustwide/target/debug/build/utf8_iter/b4e0afc2999e1b31/out -L dependency=/opt/rustwide/target/debug/build/uuid-simd/eaf9432fa0ba90bf/out -L dependency=/opt/rustwide/target/debug/build/uuid/bb57d9e69df6e50b/out -L dependency=/opt/rustwide/target/debug/build/vsimd/a487865026a268e9/out -L dependency=/opt/rustwide/target/debug/build/webpki-roots/fd09968ee6803114/out -L dependency=/opt/rustwide/target/debug/build/whoami/2e43b8210ab51bfc/out -L dependency=/opt/rustwide/target/debug/build/writeable/ea25ad052b025f3c/out -L dependency=/opt/rustwide/target/debug/build/xattr/acb5e71de3161aa8/out -L dependency=/opt/rustwide/target/debug/build/yoke-derive/87289ca03fc700cc/out -L dependency=/opt/rustwide/target/debug/build/yoke/2fca9dfa1339265d/out -L dependency=/opt/rustwide/target/debug/build/zerocopy/bdb9ae7619d0d6b2/out -L dependency=/opt/rustwide/target/debug/build/zerofrom-derive/ad41bd1b90dceaee/out -L dependency=/opt/rustwide/target/debug/build/zerofrom/ac2f175c2402d583/out -L dependency=/opt/rustwide/target/debug/build/zeroize/481ad083de43595b/out -L dependency=/opt/rustwide/target/debug/build/zerotrie/1a79add31d6e7659/out -L dependency=/opt/rustwide/target/debug/build/zerovec-derive/0154829d5fad48fd/out -L dependency=/opt/rustwide/target/debug/build/zerovec/1d06fc73fd7b5a8d/out -L dependency=/opt/rustwide/target/debug/build/zmij/73308942dc664d89/out --extern async_trait=/opt/rustwide/target/debug/build/async-trait/74bf47401c7d20b7/out/libasync_trait-74bf47401c7d20b7.so --extern chrono=/opt/rustwide/target/debug/build/chrono/3028b7ca25d91303/out/libchrono-3028b7ca25d91303.rmeta --extern nous_configuration=/opt/rustwide/target/debug/build/nous-configuration/9d2dee318196ca02/out/libnous_configuration-9d2dee318196ca02.rmeta --extern nous_core=/opt/rustwide/target/debug/build/nous-core/a696bc3ac5525065/out/libnous_core-a696bc3ac5525065.rmeta --extern nous_object_store=/opt/rustwide/target/debug/build/nous-object-store/62d21b096ef1b19e/out/libnous_object_store-62d21b096ef1b19e.rmeta --extern nous_persistence=/opt/rustwide/target/debug/build/nous-persistence/c67d3a46ab8dddf2/out/libnous_persistence-c67d3a46ab8dddf2.rmeta --extern nous_runtime=/opt/rustwide/target/debug/build/nous-runtime/857b3f433ce81c25/out/libnous_runtime-857b3f433ce81c25.rmeta --extern schemars=/opt/rustwide/target/debug/build/schemars/c696dd07f6669ade/out/libschemars-c696dd07f6669ade.rmeta --extern serde=/opt/rustwide/target/debug/build/serde/cd67cd8319b2ae1a/out/libserde-cd67cd8319b2ae1a.rmeta --extern serde_json=/opt/rustwide/target/debug/build/serde_json/c978db22e239c6a2/out/libserde_json-c978db22e239c6a2.rmeta --extern sqlx=/opt/rustwide/target/debug/build/sqlx/c44f6fc6f73745e9/out/libsqlx-c44f6fc6f73745e9.rmeta --extern uuid=/opt/rustwide/target/debug/build/uuid/bb57d9e69df6e50b/out/libuuid-bb57d9e69df6e50b.rmeta --cap-lints=forbid --force-warn=unused_crate_dependencies -L native=/opt/rustwide/target/debug/build/blake3/b550fe82ba8b72ce/out -L native=/opt/rustwide/target/debug/build/blake3/b550fe82ba8b72ce/out -L native=/opt/rustwide/target/debug/build/ring/a7f62d9f996086a4/out` (signal: 9, SIGKILL: kill)
[INFO] [stderr] error: could not compile `nalgebra` (lib)
[INFO] [stderr] 
[INFO] [stderr] Caused by:
[INFO] [stderr]   process didn't exit successfully: `/opt/rustwide/rustup-home/toolchains/3154cc1a3e6424e44f438a95007d043ed5ceaaf6/bin/rustc --crate-name nalgebra --edition=2024 /opt/rustwide/cargo-home/registry/src/index.crates.io-1949cf8c6b5b557f/nalgebra-0.35.0/src/lib.rs --error-format=json --json=diagnostic-rendered-ansi,artifacts,future-incompat,unused-externs-silent --crate-type lib --emit=dep-info,metadata -C embed-bitcode=no --cfg 'feature="default"' --cfg 'feature="macros"' --cfg 'feature="matrixmultiply"' --cfg 'feature="nalgebra-macros"' --cfg 'feature="std"' --check-cfg 'cfg(docsrs,test)' --check-cfg 'cfg(feature, values("alga", "alloc", "arbitrary", "bytemuck", "compare", "convert-bytemuck", "convert-glam030", "convert-glam031", "convert-glam032", "convert-glam033", "convert-mint", "debug", "default", "defmt", "encase", "glam030", "glam031", "glam032", "glam033", "io", "libm", "libm-force", "macros", "matrixcompare-core", "matrixmultiply", "mint", "nalgebra-macros", "pest", "pest_derive", "proptest", "proptest-support", "quickcheck", "rand", "rand-no-std", "rand-package", "rand_distr", "rayon", "rkyv", "rkyv-safe-deser", "rkyv-serialize", "rkyv-serialize-no-std", "serde", "serde-serialize", "serde-serialize-no-std", "slow-tests", "sparse", "std"))' -C metadata=c005da0e6cc57fb3 -C extra-filename=-4c12d2edbee62110 --out-dir /opt/rustwide/target/debug/build/nalgebra/4c12d2edbee62110/out -C strip=debuginfo -L dependency=/opt/rustwide/target/debug/build/approx/f469b6143cc69074/out -L dependency=/opt/rustwide/target/debug/build/bytemuck/9d8702099da6e9ed/out -L dependency=/opt/rustwide/target/debug/build/num-bigint/032a226908315358/out -L dependency=/opt/rustwide/target/debug/build/num-complex/fe074506b02fcc6d/out -L dependency=/opt/rustwide/target/debug/build/num-integer/9d98fcdd39abeeb3/out -L dependency=/opt/rustwide/target/debug/build/num-traits/bf39e109227a934c/out -L dependency=/opt/rustwide/target/debug/build/rawpointer/05313e982a6d358a/out -L dependency=/opt/rustwide/target/debug/build/safe_arch/f871b6abdca2c63f/out -L dependency=/opt/rustwide/target/debug/build/wide/9e54b1fc0a51344b/out --extern approx=/opt/rustwide/target/debug/build/approx/f469b6143cc69074/out/libapprox-f469b6143cc69074.rmeta --extern matrixmultiply=/opt/rustwide/target/debug/build/matrixmultiply/3281f0ab6ad8c7f3/out/libmatrixmultiply-3281f0ab6ad8c7f3.rmeta --extern nalgebra_macros=/opt/rustwide/target/debug/build/nalgebra-macros/cb25fc7c57f8f66f/out/libnalgebra_macros-cb25fc7c57f8f66f.so --extern num_complex=/opt/rustwide/target/debug/build/num-complex/fe074506b02fcc6d/out/libnum_complex-fe074506b02fcc6d.rmeta --extern num_rational=/opt/rustwide/target/debug/build/num-rational/8583b77c3080772b/out/libnum_rational-8583b77c3080772b.rmeta --extern num_traits=/opt/rustwide/target/debug/build/num-traits/bf39e109227a934c/out/libnum_traits-bf39e109227a934c.rmeta --extern simba=/opt/rustwide/target/debug/build/simba/cd723d4b53f156eb/out/libsimba-cd723d4b53f156eb.rmeta --extern typenum=/opt/rustwide/target/debug/build/typenum/315959176d2abe66/out/libtypenum-315959176d2abe66.rmeta --cap-lints allow --cap-lints=forbid --force-warn=unused_crate_dependencies` (signal: 9, SIGKILL: kill)
[INFO] [stderr] warning: numkong@7.8.2: cc: error: unrecognized command-line option '-mavx10.2-512'; did you mean '-mavx10.1-512'?
[INFO] [stderr] warning: numkong@7.8.2: NK_TARGET_DIAMOND: not supported by compiler
[INFO] [stderr] warning: numkong@7.8.2: cc: fatal error: Killed signal terminated program cc1
[INFO] [stderr] warning: numkong@7.8.2: compilation terminated.
[INFO] [stderr] warning: numkong@7.8.2: ToolExecError: command did not execute successfully (status code exit status: 1): LC_ALL="C" "cc" "-O3" "-ffunction-sections" "-fdata-sections" "-fPIC" "-m64" "-std=c99" "-I" "include" "-w" "-pedantic" "-Wno-psabi" "-fno-tree-vectorize" "-fno-tree-slp-vectorize" "-march=x86-64" "-DNK_NATIVE_F16=0" "-DNK_NATIVE_BF16=0" "-DNK_DYNAMIC_DISPATCH=1" "-DNK_IS_64BIT_X86=1" "-DNK_IS_64BIT_ARM=0" "-DNK_IS_64BIT_RISCV=0" "-DNK_IS_64BIT_LOONGARCH=0" "-DNK_IS_64BIT_POWER=0" "-DNK_TARGET_HASWELL=1" "-DNK_TARGET_SKYLAKE=1" "-DNK_TARGET_ICELAKE=1" "-DNK_TARGET_GENOA=1" "-DNK_TARGET_SAPPHIRE=1" "-DNK_TARGET_SAPPHIREAMX=1" "-DNK_TARGET_GRANITEAMX=1" "-DNK_TARGET_DIAMOND=0" "-DNK_TARGET_TURIN=1" "-DNK_TARGET_ALDER=1" "-DNK_TARGET_SIERRA=1" "-o" "/opt/rustwide/target/debug/build/numkong/73b4573fae1f0c75/out/a1edd97dd51cd48d-dispatch_f64.o" "-c" "c/dispatch_f64.c"cargo:rerun-if-env-changed=CC_x86_64-unknown-linux-gnu
[INFO] [stderr] warning: numkong@7.8.2: cc: fatal error: Killed signal terminated program cc1
[INFO] [stderr] warning: numkong@7.8.2: compilation terminated.
[INFO] [stderr] warning: numkong@7.8.2: ToolExecError: command did not execute successfully (status code exit status: 1): LC_ALL="C" "cc" "-O3" "-ffunction-sections" "-fdata-sections" "-fPIC" "-m64" "-std=c99" "-I" "include" "-w" "-pedantic" "-Wno-psabi" "-fno-tree-vectorize" "-fno-tree-slp-vectorize" "-march=x86-64" "-DNK_NATIVE_F16=0" "-DNK_NATIVE_BF16=0" "-DNK_DYNAMIC_DISPATCH=1" "-DNK_IS_64BIT_X86=1" "-DNK_IS_64BIT_ARM=0" "-DNK_IS_64BIT_RISCV=0" "-DNK_IS_64BIT_LOONGARCH=0" "-DNK_IS_64BIT_POWER=0" "-DNK_TARGET_HASWELL=1" "-DNK_TARGET_SKYLAKE=1" "-DNK_TARGET_ICELAKE=1" "-DNK_TARGET_GENOA=1" "-DNK_TARGET_SAPPHIRE=1" "-DNK_TARGET_SAPPHIREAMX=1" "-DNK_TARGET_GRANITEAMX=1" "-DNK_TARGET_DIAMOND=0" "-DNK_TARGET_TURIN=1" "-DNK_TARGET_ALDER=1" "-DNK_TARGET_SIERRA=1" "-o" "/opt/rustwide/target/debug/build/numkong/73b4573fae1f0c75/out/a1edd97dd51cd48d-dispatch_f32.o" "-c" "c/dispatch_f32.c"cargo:warning=cc: fatal error: Killed signal terminated program cc1
[INFO] [stderr] warning: numkong@7.8.2: compilation terminated.
[INFO] [stderr] warning: numkong@7.8.2: ToolExecError: command did not execute successfully (status code exit status: 1): LC_ALL="C" "cc" "-O3" "-ffunction-sections" "-fdata-sections" "-fPIC" "-m64" "-std=c99" "-I" "include" "-w" "-pedantic" "-Wno-psabi" "-fno-tree-vectorize" "-fno-tree-slp-vectorize" "-march=x86-64" "-DNK_NATIVE_F16=0" "-DNK_NATIVE_BF16=0" "-DNK_DYNAMIC_DISPATCH=1" "-DNK_IS_64BIT_X86=1" "-DNK_IS_64BIT_ARM=0" "-DNK_IS_64BIT_RISCV=0" "-DNK_IS_64BIT_LOONGARCH=0" "-DNK_IS_64BIT_POWER=0" "-DNK_TARGET_HASWELL=1" "-DNK_TARGET_SKYLAKE=1" "-DNK_TARGET_ICELAKE=1" "-DNK_TARGET_GENOA=1" "-DNK_TARGET_SAPPHIRE=1" "-DNK_TARGET_SAPPHIREAMX=1" "-DNK_TARGET_GRANITEAMX=1" "-DNK_TARGET_DIAMOND=0" "-DNK_TARGET_TURIN=1" "-DNK_TARGET_ALDER=1" "-DNK_TARGET_SIERRA=1" "-o" "/opt/rustwide/target/debug/build/numkong/73b4573fae1f0c75/out/a1edd97dd51cd48d-dispatch_bf16.o" "-c" "c/dispatch_bf16.c"cargo:warning=cc: fatal error: Killed signal terminated program cc1
[INFO] [stderr] warning: numkong@7.8.2: compilation terminated.
[INFO] [stderr] warning: numkong@7.8.2: ToolExecError: command did not execute successfully (status code exit status: 1): LC_ALL="C" "cc" "-O3" "-ffunction-sections" "-fdata-sections" "-fPIC" "-m64" "-std=c99" "-I" "include" "-w" "-pedantic" "-Wno-psabi" "-fno-tree-vectorize" "-fno-tree-slp-vectorize" "-march=x86-64" "-DNK_NATIVE_F16=0" "-DNK_NATIVE_BF16=0" "-DNK_DYNAMIC_DISPATCH=1" "-DNK_IS_64BIT_X86=1" "-DNK_IS_64BIT_ARM=0" "-DNK_IS_64BIT_RISCV=0" "-DNK_IS_64BIT_LOONGARCH=0" "-DNK_IS_64BIT_POWER=0" "-DNK_TARGET_HASWELL=1" "-DNK_TARGET_SKYLAKE=1" "-DNK_TARGET_ICELAKE=1" "-DNK_TARGET_GENOA=1" "-DNK_TARGET_SAPPHIRE=1" "-DNK_TARGET_SAPPHIREAMX=1" "-DNK_TARGET_GRANITEAMX=1" "-DNK_TARGET_DIAMOND=0" "-DNK_TARGET_TURIN=1" "-DNK_TARGET_ALDER=1" "-DNK_TARGET_SIERRA=1" "-o" "/opt/rustwide/target/debug/build/numkong/73b4573fae1f0c75/out/a1edd97dd51cd48d-dispatch_e5m2.o" "-c" "c/dispatch_e5m2.c"cargo:rerun-if-env-changed=CC_x86_64-unknown-linux-gnu
[INFO] [stderr] warning: numkong@7.8.2: cc: fatal error: Killed signal terminated program cc1
[INFO] [stderr] warning: numkong@7.8.2: compilation terminated.
[INFO] [stderr] warning: numkong@7.8.2: ToolExecError: command did not execute successfully (status code exit status: 1): LC_ALL="C" "cc" "-O3" "-ffunction-sections" "-fdata-sections" "-fPIC" "-m64" "-std=c99" "-I" "include" "-w" "-pedantic" "-Wno-psabi" "-fno-tree-vectorize" "-fno-tree-slp-vectorize" "-march=x86-64" "-DNK_NATIVE_F16=0" "-DNK_NATIVE_BF16=0" "-DNK_DYNAMIC_DISPATCH=1" "-DNK_IS_64BIT_X86=1" "-DNK_IS_64BIT_ARM=0" "-DNK_IS_64BIT_RISCV=0" "-DNK_IS_64BIT_LOONGARCH=0" "-DNK_IS_64BIT_POWER=0" "-DNK_TARGET_HASWELL=1" "-DNK_TARGET_SKYLAKE=1" "-DNK_TARGET_ICELAKE=1" "-DNK_TARGET_GENOA=1" "-DNK_TARGET_SAPPHIRE=1" "-DNK_TARGET_SAPPHIREAMX=1" "-DNK_TARGET_GRANITEAMX=1" "-DNK_TARGET_DIAMOND=0" "-DNK_TARGET_TURIN=1" "-DNK_TARGET_ALDER=1" "-DNK_TARGET_SIERRA=1" "-o" "/opt/rustwide/target/debug/build/numkong/73b4573fae1f0c75/out/a1edd97dd51cd48d-dispatch_f16.o" "-c" "c/dispatch_f16.c"cargo:rerun-if-env-changed=CC_x86_64-unknown-linux-gnu
[INFO] [stderr] warning: numkong@7.8.2: cc: fatal error: Killed signal terminated program cc1
[INFO] [stderr] warning: numkong@7.8.2: compilation terminated.
[INFO] [stderr] warning: numkong@7.8.2: ToolExecError: command did not execute successfully (status code exit status: 1): LC_ALL="C" "cc" "-O3" "-ffunction-sections" "-fdata-sections" "-fPIC" "-m64" "-std=c99" "-I" "include" "-w" "-pedantic" "-Wno-psabi" "-fno-tree-vectorize" "-fno-tree-slp-vectorize" "-march=x86-64" "-DNK_NATIVE_F16=0" "-DNK_NATIVE_BF16=0" "-DNK_DYNAMIC_DISPATCH=1" "-DNK_IS_64BIT_X86=1" "-DNK_IS_64BIT_ARM=0" "-DNK_IS_64BIT_RISCV=0" "-DNK_IS_64BIT_LOONGARCH=0" "-DNK_IS_64BIT_POWER=0" "-DNK_TARGET_HASWELL=1" "-DNK_TARGET_SKYLAKE=1" "-DNK_TARGET_ICELAKE=1" "-DNK_TARGET_GENOA=1" "-DNK_TARGET_SAPPHIRE=1" "-DNK_TARGET_SAPPHIREAMX=1" "-DNK_TARGET_GRANITEAMX=1" "-DNK_TARGET_DIAMOND=0" "-DNK_TARGET_TURIN=1" "-DNK_TARGET_ALDER=1" "-DNK_TARGET_SIERRA=1" "-o" "/opt/rustwide/target/debug/build/numkong/73b4573fae1f0c75/out/a1edd97dd51cd48d-dispatch_e3m2.o" "-c" "c/dispatch_e3m2.c"cargo:warning=cc: fatal error: Killed signal terminated program cc1
[INFO] [stderr] warning: numkong@7.8.2: compilation terminated.
[INFO] [stderr] warning: numkong@7.8.2: ToolExecError: command did not execute successfully (status code exit status: 1): LC_ALL="C" "cc" "-O3" "-ffunction-sections" "-fdata-sections" "-fPIC" "-m64" "-std=c99" "-I" "include" "-w" "-pedantic" "-Wno-psabi" "-fno-tree-vectorize" "-fno-tree-slp-vectorize" "-march=x86-64" "-DNK_NATIVE_F16=0" "-DNK_NATIVE_BF16=0" "-DNK_DYNAMIC_DISPATCH=1" "-DNK_IS_64BIT_X86=1" "-DNK_IS_64BIT_ARM=0" "-DNK_IS_64BIT_RISCV=0" "-DNK_IS_64BIT_LOONGARCH=0" "-DNK_IS_64BIT_POWER=0" "-DNK_TARGET_HASWELL=1" "-DNK_TARGET_SKYLAKE=1" "-DNK_TARGET_ICELAKE=1" "-DNK_TARGET_GENOA=1" "-DNK_TARGET_SAPPHIRE=1" "-DNK_TARGET_SAPPHIREAMX=1" "-DNK_TARGET_GRANITEAMX=1" "-DNK_TARGET_DIAMOND=0" "-DNK_TARGET_TURIN=1" "-DNK_TARGET_ALDER=1" "-DNK_TARGET_SIERRA=1" "-o" "/opt/rustwide/target/debug/build/numkong/73b4573fae1f0c75/out/a1edd97dd51cd48d-dispatch_e2m3.o" "-c" "c/dispatch_e2m3.c"cargo:rerun-if-env-changed=CC_x86_64-unknown-linux-gnu
[INFO] [stderr] warning: numkong@7.8.2: cc: fatal error: Killed signal terminated program cc1
[INFO] [stderr] warning: numkong@7.8.2: compilation terminated.
[INFO] [stderr] warning: numkong@7.8.2: ToolExecError: command did not execute successfully (status code exit status: 1): LC_ALL="C" "cc" "-O3" "-ffunction-sections" "-fdata-sections" "-fPIC" "-m64" "-std=c99" "-I" "include" "-w" "-pedantic" "-Wno-psabi" "-fno-tree-vectorize" "-fno-tree-slp-vectorize" "-march=x86-64" "-DNK_NATIVE_F16=0" "-DNK_NATIVE_BF16=0" "-DNK_DYNAMIC_DISPATCH=1" "-DNK_IS_64BIT_X86=1" "-DNK_IS_64BIT_ARM=0" "-DNK_IS_64BIT_RISCV=0" "-DNK_IS_64BIT_LOONGARCH=0" "-DNK_IS_64BIT_POWER=0" "-DNK_TARGET_HASWELL=1" "-DNK_TARGET_SKYLAKE=1" "-DNK_TARGET_ICELAKE=1" "-DNK_TARGET_GENOA=1" "-DNK_TARGET_SAPPHIRE=1" "-DNK_TARGET_SAPPHIREAMX=1" "-DNK_TARGET_GRANITEAMX=1" "-DNK_TARGET_DIAMOND=0" "-DNK_TARGET_TURIN=1" "-DNK_TARGET_ALDER=1" "-DNK_TARGET_SIERRA=1" "-o" "/opt/rustwide/target/debug/build/numkong/73b4573fae1f0c75/out/a1edd97dd51cd48d-dispatch_e4m3.o" "-c" "c/dispatch_e4m3.c"cargo:warning=cc: fatal error: Killed signal terminated program cc1
[INFO] [stderr] warning: numkong@7.8.2: compilation terminated.
[INFO] [stderr] warning: numkong@7.8.2: ToolExecError: command did not execute successfully (status code exit status: 1): LC_ALL="C" "cc" "-O3" "-ffunction-sections" "-fdata-sections" "-fPIC" "-m64" "-std=c99" "-I" "include" "-w" "-pedantic" "-Wno-psabi" "-fno-tree-vectorize" "-fno-tree-slp-vectorize" "-march=x86-64" "-DNK_NATIVE_F16=0" "-DNK_NATIVE_BF16=0" "-DNK_DYNAMIC_DISPATCH=1" "-DNK_IS_64BIT_X86=1" "-DNK_IS_64BIT_ARM=0" "-DNK_IS_64BIT_RISCV=0" "-DNK_IS_64BIT_LOONGARCH=0" "-DNK_IS_64BIT_POWER=0" "-DNK_TARGET_HASWELL=1" "-DNK_TARGET_SKYLAKE=1" "-DNK_TARGET_ICELAKE=1" "-DNK_TARGET_GENOA=1" "-DNK_TARGET_SAPPHIRE=1" "-DNK_TARGET_SAPPHIREAMX=1" "-DNK_TARGET_GRANITEAMX=1" "-DNK_TARGET_DIAMOND=0" "-DNK_TARGET_TURIN=1" "-DNK_TARGET_ALDER=1" "-DNK_TARGET_SIERRA=1" "-o" "/opt/rustwide/target/debug/build/numkong/73b4573fae1f0c75/out/a1edd97dd51cd48d-dispatch_i4.o" "-c" "c/dispatch_i4.c"
[INFO] [stderr] error: failed to run custom build command for `numkong v7.8.2`
[INFO] [stderr] note: To improve backtraces for build dependencies, set the CARGO_PROFILE_DEV_BUILD_OVERRIDE_DEBUG=true environment variable to enable debug information generation.
[INFO] [stderr] 
[INFO] [stderr] Caused by:
[INFO] [stderr]   process didn't exit successfully: `/opt/rustwide/target/debug/build/numkong/08a2185f05496bd1/out/build_script_build` (exit status: 1)
[INFO] [stderr]   --- stdout
[INFO] [stderr]   cargo:rerun-if-env-changed=CC_FORCE_DISABLE
[INFO] [stderr]   CC_FORCE_DISABLE = None
[INFO] [stderr]   cargo:rerun-if-env-changed=CC_x86_64-unknown-linux-gnu
[INFO] [stderr]   CC_x86_64-unknown-linux-gnu = None
[INFO] [stderr]   cargo:rerun-if-env-changed=CC_x86_64_unknown_linux_gnu
[INFO] [stderr]   CC_x86_64_unknown_linux_gnu = None
[INFO] [stderr]   cargo:rerun-if-env-changed=HOST_CC
[INFO] [stderr]   HOST_CC = None
[INFO] [stderr]   cargo:rerun-if-env-changed=CC
[INFO] [stderr]   CC = None
[INFO] [stderr]   cargo:rerun-if-env-changed=CC_ENABLE_DEBUG_OUTPUT
[INFO] [stderr]   cargo:rerun-if-env-changed=CRATE_CC_NO_DEFAULTS
[INFO] [stderr]   CRATE_CC_NO_DEFAULTS = None
[INFO] [stderr]   cargo:rerun-if-env-changed=CFLAGS
[INFO] [stderr]   CFLAGS = None
[INFO] [stderr]   cargo:rerun-if-env-changed=HOST_CFLAGS
[INFO] [stderr]   HOST_CFLAGS = None
[INFO] [stderr]   cargo:rerun-if-env-changed=CFLAGS_x86_64_unknown_linux_gnu
[INFO] [stderr]   CFLAGS_x86_64_unknown_linux_gnu = None
[INFO] [stderr]   cargo:rerun-if-env-changed=CFLAGS_x86_64-unknown-linux-gnu
[INFO] [stderr]   CFLAGS_x86_64-unknown-linux-gnu = None
[INFO] [stderr]   cargo:rerun-if-env-changed=AR_x86_64-unknown-linux-gnu
[INFO] [stderr]   AR_x86_64-unknown-linux-gnu = None
[INFO] [stderr]   cargo:rerun-if-env-changed=AR_x86_64_unknown_linux_gnu
[INFO] [stderr]   AR_x86_64_unknown_linux_gnu = None
[INFO] [stderr]   cargo:rerun-if-env-changed=HOST_AR
[INFO] [stderr]   HOST_AR = None
[INFO] [stderr]   cargo:rerun-if-env-changed=AR
[INFO] [stderr]   AR = None
[INFO] [stderr]   cargo:rerun-if-env-changed=ARFLAGS
[INFO] [stderr]   ARFLAGS = None
[INFO] [stderr]   cargo:rerun-if-env-changed=HOST_ARFLAGS
[INFO] [stderr]   HOST_ARFLAGS = None
[INFO] [stderr]   cargo:rerun-if-env-changed=ARFLAGS_x86_64_unknown_linux_gnu
[INFO] [stderr]   ARFLAGS_x86_64_unknown_linux_gnu = None
[INFO] [stderr]   cargo:rerun-if-env-changed=ARFLAGS_x86_64-unknown-linux-gnu
[INFO] [stderr]   ARFLAGS_x86_64-unknown-linux-gnu = None
[INFO] [stderr]   cargo:rerun-if-env-changed=AR_x86_64-unknown-linux-gnu
[INFO] [stderr]   AR_x86_64-unknown-linux-gnu = None
[INFO] [stderr]   cargo:rerun-if-env-changed=AR_x86_64_unknown_linux_gnu
[INFO] [stderr]   AR_x86_64_unknown_linux_gnu = None
[INFO] [stderr]   cargo:rerun-if-env-changed=HOST_AR
[INFO] [stderr]   HOST_AR = None
[INFO] [stderr]   cargo:rerun-if-env-changed=AR
[INFO] [stderr]   AR = None
[INFO] [stderr]   cargo:rerun-if-env-changed=ARFLAGS
[INFO] [stderr]   ARFLAGS = None
[INFO] [stderr]   cargo:rerun-if-env-changed=HOST_ARFLAGS
[INFO] [stderr]   HOST_ARFLAGS = None
[INFO] [stderr]   cargo:rerun-if-env-changed=ARFLAGS_x86_64_unknown_linux_gnu
[INFO] [stderr]   ARFLAGS_x86_64_unknown_linux_gnu = None
[INFO] [stderr]   cargo:rerun-if-env-changed=ARFLAGS_x86_64-unknown-linux-gnu
[INFO] [stderr]   ARFLAGS_x86_64-unknown-linux-gnu = None
[INFO] [stderr]   cargo:rustc-link-lib=static=probe_x86_haswell
[INFO] [stderr]   cargo:rustc-link-search=native=/opt/rustwide/target/debug/build/numkong/73b4573fae1f0c75/out
[INFO] [stderr]   cargo:rerun-if-env-changed=CC_FORCE_DISABLE
[INFO] [stderr]   CC_FORCE_DISABLE = None
[INFO] [stderr]   cargo:rerun-if-env-changed=CC_x86_64-unknown-linux-gnu
[INFO] [stderr]   CC_x86_64-unknown-linux-gnu = None
[INFO] [stderr]   cargo:rerun-if-env-changed=CC_x86_64_unknown_linux_gnu
[INFO] [stderr]   CC_x86_64_unknown_linux_gnu = None
[INFO] [stderr]   cargo:rerun-if-env-changed=HOST_CC
[INFO] [stderr]   HOST_CC = None
[INFO] [stderr]   cargo:rerun-if-env-changed=CC
[INFO] [stderr]   CC = None
[INFO] [stderr]   cargo:rerun-if-env-changed=CC_ENABLE_DEBUG_OUTPUT
[INFO] [stderr]   cargo:rerun-if-env-changed=CRATE_CC_NO_DEFAULTS
[INFO] [stderr]   CRATE_CC_NO_DEFAULTS = None
[INFO] [stderr]   cargo:rerun-if-env-changed=CFLAGS
[INFO] [stderr]   CFLAGS = None
[INFO] [stderr]   cargo:rerun-if-env-changed=HOST_CFLAGS
[INFO] [stderr]   HOST_CFLAGS = None
[INFO] [stderr]   cargo:rerun-if-env-changed=CFLAGS_x86_64_unknown_linux_gnu
[INFO] [stderr]   CFLAGS_x86_64_unknown_linux_gnu = None
[INFO] [stderr]   cargo:rerun-if-env-changed=CFLAGS_x86_64-unknown-linux-gnu
[INFO] [stderr]   CFLAGS_x86_64-unknown-linux-gnu = None
[INFO] [stderr]   cargo:rerun-if-env-changed=AR_x86_64-unknown-linux-gnu
[INFO] [stderr]   AR_x86_64-unknown-linux-gnu = None
[INFO] [stderr]   cargo:rerun-if-env-changed=AR_x86_64_unknown_linux_gnu
[INFO] [stderr]   AR_x86_64_unknown_linux_gnu = None
[INFO] [stderr]   cargo:rerun-if-env-changed=HOST_AR
[INFO] [stderr]   HOST_AR = None
[INFO] [stderr]   cargo:rerun-if-env-changed=AR
[INFO] [stderr]   AR = None
[INFO] [stderr]   cargo:rerun-if-env-changed=ARFLAGS
[INFO] [stderr]   ARFLAGS = None
[INFO] [stderr]   cargo:rerun-if-env-changed=HOST_ARFLAGS
[INFO] [stderr]   HOST_ARFLAGS = None
[INFO] [stderr]   cargo:rerun-if-env-changed=ARFLAGS_x86_64_unknown_linux_gnu
[INFO] [stderr]   ARFLAGS_x86_64_unknown_linux_gnu = None
[INFO] [stderr]   cargo:rerun-if-env-changed=ARFLAGS_x86_64-unknown-linux-gnu
[INFO] [stderr]   ARFLAGS_x86_64-unknown-linux-gnu = None
[INFO] [stderr]   cargo:rerun-if-env-changed=AR_x86_64-unknown-linux-gnu
[INFO] [stderr]   AR_x86_64-unknown-linux-gnu = None
[INFO] [stderr]   cargo:rerun-if-env-changed=AR_x86_64_unknown_linux_gnu
[INFO] [stderr]   AR_x86_64_unknown_linux_gnu = None
[INFO] [stderr]   cargo:rerun-if-env-changed=HOST_AR
[INFO] [stderr]   HOST_AR = None
[INFO] [stderr]   cargo:rerun-if-env-changed=AR
[INFO] [stderr]   AR = None
[INFO] [stderr]   cargo:rerun-if-env-changed=ARFLAGS
[INFO] [stderr]   ARFLAGS = None
[INFO] [stderr]   cargo:rerun-if-env-changed=HOST_ARFLAGS
[INFO] [stderr]   HOST_ARFLAGS = None
[INFO] [stderr]   cargo:rerun-if-env-changed=ARFLAGS_x86_64_unknown_linux_gnu
[INFO] [stderr]   ARFLAGS_x86_64_unknown_linux_gnu = None
[INFO] [stderr]   cargo:rerun-if-env-changed=ARFLAGS_x86_64-unknown-linux-gnu
[INFO] [stderr]   ARFLAGS_x86_64-unknown-linux-gnu = None
[INFO] [stderr]   cargo:rustc-link-lib=static=probe_x86_skylake
[INFO] [stderr]   cargo:rustc-link-search=native=/opt/rustwide/target/debug/build/numkong/73b4573fae1f0c75/out
[INFO] [stderr]   cargo:rerun-if-env-changed=CC_FORCE_DISABLE
[INFO] [stderr]   CC_FORCE_DISABLE = None
[INFO] [stderr]   cargo:rerun-if-env-changed=CC_x86_64-unknown-linux-gnu
[INFO] [stderr]   CC_x86_64-unknown-linux-gnu = None
[INFO] [stderr]   cargo:rerun-if-env-changed=CC_x86_64_unknown_linux_gnu
[INFO] [stderr]   CC_x86_64_unknown_linux_gnu = None
[INFO] [stderr]   cargo:rerun-if-env-changed=HOST_CC
[INFO] [stderr]   HOST_CC = None
[INFO] [stderr]   cargo:rerun-if-env-changed=CC
[INFO] [stderr]   CC = None
[INFO] [stderr]   cargo:rerun-if-env-changed=CC_ENABLE_DEBUG_OUTPUT
[INFO] [stderr]   cargo:rerun-if-env-changed=CRATE_CC_NO_DEFAULTS
[INFO] [stderr]   CRATE_CC_NO_DEFAULTS = None
[INFO] [stderr]   cargo:rerun-if-env-changed=CFLAGS
[INFO] [stderr]   CFLAGS = None
[INFO] [stderr]   cargo:rerun-if-env-changed=HOST_CFLAGS
[INFO] [stderr]   HOST_CFLAGS = None
[INFO] [stderr]   cargo:rerun-if-env-changed=CFLAGS_x86_64_unknown_linux_gnu
[INFO] [stderr]   CFLAGS_x86_64_unknown_linux_gnu = None
[INFO] [stderr]   cargo:rerun-if-env-changed=CFLAGS_x86_64-unknown-linux-gnu
[INFO] [stderr]   CFLAGS_x86_64-unknown-linux-gnu = None
[INFO] [stderr]   cargo:rerun-if-env-changed=AR_x86_64-unknown-linux-gnu
[INFO] [stderr]   AR_x86_64-unknown-linux-gnu = None
[INFO] [stderr]   cargo:rerun-if-env-changed=AR_x86_64_unknown_linux_gnu
[INFO] [stderr]   AR_x86_64_unknown_linux_gnu = None
[INFO] [stderr]   cargo:rerun-if-env-changed=HOST_AR
[INFO] [stderr]   HOST_AR = None
[INFO] [stderr]   cargo:rerun-if-env-changed=AR
[INFO] [stderr]   AR = None
[INFO] [stderr]   cargo:rerun-if-env-changed=ARFLAGS
[INFO] [stderr]   ARFLAGS = None
[INFO] [stderr]   cargo:rerun-if-env-changed=HOST_ARFLAGS
[INFO] [stderr]   HOST_ARFLAGS = None
[INFO] [stderr]   cargo:rerun-if-env-changed=ARFLAGS_x86_64_unknown_linux_gnu
[INFO] [stderr]   ARFLAGS_x86_64_unknown_linux_gnu = None
[INFO] [stderr]   cargo:rerun-if-env-changed=ARFLAGS_x86_64-unknown-linux-gnu
[INFO] [stderr]   ARFLAGS_x86_64-unknown-linux-gnu = None
[INFO] [stderr]   cargo:rerun-if-env-changed=AR_x86_64-unknown-linux-gnu
[INFO] [stderr]   AR_x86_64-unknown-linux-gnu = None
[INFO] [stderr]   cargo:rerun-if-env-changed=AR_x86_64_unknown_linux_gnu
[INFO] [stderr]   AR_x86_64_unknown_linux_gnu = None
[INFO] [stderr]   cargo:rerun-if-env-changed=HOST_AR
[INFO] [stderr]   HOST_AR = None
[INFO] [stderr]   cargo:rerun-if-env-changed=AR
[INFO] [stderr]   AR = None
[INFO] [stderr]   cargo:rerun-if-env-changed=ARFLAGS
[INFO] [stderr]   ARFLAGS = None
[INFO] [stderr]   cargo:rerun-if-env-changed=HOST_ARFLAGS
[INFO] [stderr]   HOST_ARFLAGS = None
[INFO] [stderr]   cargo:rerun-if-env-changed=ARFLAGS_x86_64_unknown_linux_gnu
[INFO] [stderr]   ARFLAGS_x86_64_unknown_linux_gnu = None
[INFO] [stderr]   cargo:rerun-if-env-changed=ARFLAGS_x86_64-unknown-linux-gnu
[INFO] [stderr]   ARFLAGS_x86_64-unknown-linux-gnu = None
[INFO] [stderr]   cargo:rustc-link-lib=static=probe_x86_icelake
[INFO] [stderr]   cargo:rustc-link-search=native=/opt/rustwide/target/debug/build/numkong/73b4573fae1f0c75/out
[INFO] [stderr]   cargo:rerun-if-env-changed=CC_FORCE_DISABLE
[INFO] [stderr]   CC_FORCE_DISABLE = None
[INFO] [stderr]   cargo:rerun-if-env-changed=CC_x86_64-unknown-linux-gnu
[INFO] [stderr]   CC_x86_64-unknown-linux-gnu = None
[INFO] [stderr]   cargo:rerun-if-env-changed=CC_x86_64_unknown_linux_gnu
[INFO] [stderr]   CC_x86_64_unknown_linux_gnu = None
[INFO] [stderr]   cargo:rerun-if-env-changed=HOST_CC
[INFO] [stderr]   HOST_CC = None
[INFO] [stderr]   cargo:rerun-if-env-changed=CC
[INFO] [stderr]   CC = None
[INFO] [stderr]   cargo:rerun-if-env-changed=CC_ENABLE_DEBUG_OUTPUT
[INFO] [stderr]   cargo:rerun-if-env-changed=CRATE_CC_NO_DEFAULTS
[INFO] [stderr]   CRATE_CC_NO_DEFAULTS = None
[INFO] [stderr]   cargo:rerun-if-env-changed=CFLAGS
[INFO] [stderr]   CFLAGS = None
[INFO] [stderr]   cargo:rerun-if-env-changed=HOST_CFLAGS
[INFO] [stderr]   HOST_CFLAGS = None
[INFO] [stderr]   cargo:rerun-if-env-changed=CFLAGS_x86_64_unknown_linux_gnu
[INFO] [stderr]   CFLAGS_x86_64_unknown_linux_gnu = None
[INFO] [stderr]   cargo:rerun-if-env-changed=CFLAGS_x86_64-unknown-linux-gnu
[INFO] [stderr]   CFLAGS_x86_64-unknown-linux-gnu = None
[INFO] [stderr]   cargo:rerun-if-env-changed=AR_x86_64-unknown-linux-gnu
[INFO] [stderr]   AR_x86_64-unknown-linux-gnu = None
[INFO] [stderr]   cargo:rerun-if-env-changed=AR_x86_64_unknown_linux_gnu
[INFO] [stderr]   AR_x86_64_unknown_linux_gnu = None
[INFO] [stderr]   cargo:rerun-if-env-changed=HOST_AR
[INFO] [stderr]   HOST_AR = None
[INFO] [stderr]   cargo:rerun-if-env-changed=AR
[INFO] [stderr]   AR = None
[INFO] [stderr]   cargo:rerun-if-env-changed=ARFLAGS
[INFO] [stderr]   ARFLAGS = None
[INFO] [stderr]   cargo:rerun-if-env-changed=HOST_ARFLAGS
[INFO] [stderr]   HOST_ARFLAGS = None
[INFO] [stderr]   cargo:rerun-if-env-changed=ARFLAGS_x86_64_unknown_linux_gnu
[INFO] [stderr]   ARFLAGS_x86_64_unknown_linux_gnu = None
[INFO] [stderr]   cargo:rerun-if-env-changed=ARFLAGS_x86_64-unknown-linux-gnu
[INFO] [stderr]   ARFLAGS_x86_64-unknown-linux-gnu = None
[INFO] [stderr]   cargo:rerun-if-env-changed=AR_x86_64-unknown-linux-gnu
[INFO] [stderr]   AR_x86_64-unknown-linux-gnu = None
[INFO] [stderr]   cargo:rerun-if-env-changed=AR_x86_64_unknown_linux_gnu
[INFO] [stderr]   AR_x86_64_unknown_linux_gnu = None
[INFO] [stderr]   cargo:rerun-if-env-changed=HOST_AR
[INFO] [stderr]   HOST_AR = None
[INFO] [stderr]   cargo:rerun-if-env-changed=AR
[INFO] [stderr]   AR = None
[INFO] [stderr]   cargo:rerun-if-env-changed=ARFLAGS
[INFO] [stderr]   ARFLAGS = None
[INFO] [stderr]   cargo:rerun-if-env-changed=HOST_ARFLAGS
[INFO] [stderr]   HOST_ARFLAGS = None
[INFO] [stderr]   cargo:rerun-if-env-changed=ARFLAGS_x86_64_unknown_linux_gnu
[INFO] [stderr]   ARFLAGS_x86_64_unknown_linux_gnu = None
[INFO] [stderr]   cargo:rerun-if-env-changed=ARFLAGS_x86_64-unknown-linux-gnu
[INFO] [stderr]   ARFLAGS_x86_64-unknown-linux-gnu = None
[INFO] [stderr]   cargo:rustc-link-lib=static=probe_x86_genoa
[INFO] [stderr]   cargo:rustc-link-search=native=/opt/rustwide/target/debug/build/numkong/73b4573fae1f0c75/out
[INFO] [stderr]   cargo:rerun-if-env-changed=CC_FORCE_DISABLE
[INFO] [stderr]   CC_FORCE_DISABLE = None
[INFO] [stderr]   cargo:rerun-if-env-changed=CC_x86_64-unknown-linux-gnu
[INFO] [stderr]   CC_x86_64-unknown-linux-gnu = None
[INFO] [stderr]   cargo:rerun-if-env-changed=CC_x86_64_unknown_linux_gnu
[INFO] [stderr]   CC_x86_64_unknown_linux_gnu = None
[INFO] [stderr]   cargo:rerun-if-env-changed=HOST_CC
[INFO] [stderr]   HOST_CC = None
[INFO] [stderr]   cargo:rerun-if-env-changed=CC
[INFO] [stderr]   CC = None
[INFO] [stderr]   cargo:rerun-if-env-changed=CC_ENABLE_DEBUG_OUTPUT
[INFO] [stderr]   cargo:rerun-if-env-changed=CRATE_CC_NO_DEFAULTS
[INFO] [stderr]   CRATE_CC_NO_DEFAULTS = None
[INFO] [stderr]   cargo:rerun-if-env-changed=CFLAGS
[INFO] [stderr]   CFLAGS = None
[INFO] [stderr]   cargo:rerun-if-env-changed=HOST_CFLAGS
[INFO] [stderr]   HOST_CFLAGS = None
[INFO] [stderr]   cargo:rerun-if-env-changed=CFLAGS_x86_64_unknown_linux_gnu
[INFO] [stderr]   CFLAGS_x86_64_unknown_linux_gnu = None
[INFO] [stderr]   cargo:rerun-if-env-changed=CFLAGS_x86_64-unknown-linux-gnu
[INFO] [stderr]   CFLAGS_x86_64-unknown-linux-gnu = None
[INFO] [stderr]   cargo:rerun-if-env-changed=AR_x86_64-unknown-linux-gnu
[INFO] [stderr]   AR_x86_64-unknown-linux-gnu = None
[INFO] [stderr]   cargo:rerun-if-env-changed=AR_x86_64_unknown_linux_gnu
[INFO] [stderr]   AR_x86_64_unknown_linux_gnu = None
[INFO] [stderr]   cargo:rerun-if-env-changed=HOST_AR
[INFO] [stderr]   HOST_AR = None
[INFO] [stderr]   cargo:rerun-if-env-changed=AR
[INFO] [stderr]   AR = None
[INFO] [stderr]   cargo:rerun-if-env-changed=ARFLAGS
[INFO] [stderr]   ARFLAGS = None
[INFO] [stderr]   cargo:rerun-if-env-changed=HOST_ARFLAGS
[INFO] [stderr]   HOST_ARFLAGS = None
[INFO] [stderr]   cargo:rerun-if-env-changed=ARFLAGS_x86_64_unknown_linux_gnu
[INFO] [stderr]   ARFLAGS_x86_64_unknown_linux_gnu = None
[INFO] [stderr]   cargo:rerun-if-env-changed=ARFLAGS_x86_64-unknown-linux-gnu
[INFO] [stderr]   ARFLAGS_x86_64-unknown-linux-gnu = None
[INFO] [stderr]   cargo:rerun-if-env-changed=AR_x86_64-unknown-linux-gnu
[INFO] [stderr]   AR_x86_64-unknown-linux-gnu = None
[INFO] [stderr]   cargo:rerun-if-env-changed=AR_x86_64_unknown_linux_gnu
[INFO] [stderr]   AR_x86_64_unknown_linux_gnu = None
[INFO] [stderr]   cargo:rerun-if-env-changed=HOST_AR
[INFO] [stderr]   HOST_AR = None
[INFO] [stderr]   cargo:rerun-if-env-changed=AR
[INFO] [stderr]   AR = None
[INFO] [stderr]   cargo:rerun-if-env-changed=ARFLAGS
[INFO] [stderr]   ARFLAGS = None
[INFO] [stderr]   cargo:rerun-if-env-changed=HOST_ARFLAGS
[INFO] [stderr]   HOST_ARFLAGS = None
[INFO] [stderr]   cargo:rerun-if-env-changed=ARFLAGS_x86_64_unknown_linux_gnu
[INFO] [stderr]   ARFLAGS_x86_64_unknown_linux_gnu = None
[INFO] [stderr]   cargo:rerun-if-env-changed=ARFLAGS_x86_64-unknown-linux-gnu
[INFO] [stderr]   ARFLAGS_x86_64-unknown-linux-gnu = None
[INFO] [stderr]   cargo:rustc-link-lib=static=probe_x86_sapphire
[INFO] [stderr]   cargo:rustc-link-search=native=/opt/rustwide/target/debug/build/numkong/73b4573fae1f0c75/out
[INFO] [stderr]   cargo:rerun-if-env-changed=CC_FORCE_DISABLE
[INFO] [stderr]   CC_FORCE_DISABLE = None
[INFO] [stderr]   cargo:rerun-if-env-changed=CC_x86_64-unknown-linux-gnu
[INFO] [stderr]   CC_x86_64-unknown-linux-gnu = None
[INFO] [stderr]   cargo:rerun-if-env-changed=CC_x86_64_unknown_linux_gnu
[INFO] [stderr]   CC_x86_64_unknown_linux_gnu = None
[INFO] [stderr]   cargo:rerun-if-env-changed=HOST_CC
[INFO] [stderr]   HOST_CC = None
[INFO] [stderr]   cargo:rerun-if-env-changed=CC
[INFO] [stderr]   CC = None
[INFO] [stderr]   cargo:rerun-if-env-changed=CC_ENABLE_DEBUG_OUTPUT
[INFO] [stderr]   cargo:rerun-if-env-changed=CRATE_CC_NO_DEFAULTS
[INFO] [stderr]   CRATE_CC_NO_DEFAULTS = None
[INFO] [stderr]   cargo:rerun-if-env-changed=CFLAGS
[INFO] [stderr]   CFLAGS = None
[INFO] [stderr]   cargo:rerun-if-env-changed=HOST_CFLAGS
[INFO] [stderr]   HOST_CFLAGS = None
[INFO] [stderr]   cargo:rerun-if-env-changed=CFLAGS_x86_64_unknown_linux_gnu
[INFO] [stderr]   CFLAGS_x86_64_unknown_linux_gnu = None
[INFO] [stderr]   cargo:rerun-if-env-changed=CFLAGS_x86_64-unknown-linux-gnu
[INFO] [stderr]   CFLAGS_x86_64-unknown-linux-gnu = None
[INFO] [stderr]   cargo:rerun-if-env-changed=AR_x86_64-unknown-linux-gnu
[INFO] [stderr]   AR_x86_64-unknown-linux-gnu = None
[INFO] [stderr]   cargo:rerun-if-env-changed=AR_x86_64_unknown_linux_gnu
[INFO] [stderr]   AR_x86_64_unknown_linux_gnu = None
[INFO] [stderr]   cargo:rerun-if-env-changed=HOST_AR
[INFO] [stderr]   HOST_AR = None
[INFO] [stderr]   cargo:rerun-if-env-changed=AR
[INFO] [stderr]   AR = None
[INFO] [stderr]   cargo:rerun-if-env-changed=ARFLAGS
[INFO] [stderr]   ARFLAGS = None
[INFO] [stderr]   cargo:rerun-if-env-changed=HOST_ARFLAGS
[INFO] [stderr]   HOST_ARFLAGS = None
[INFO] [stderr]   cargo:rerun-if-env-changed=ARFLAGS_x86_64_unknown_linux_gnu
[INFO] [stderr]   ARFLAGS_x86_64_unknown_linux_gnu = None
[INFO] [stderr]   cargo:rerun-if-env-changed=ARFLAGS_x86_64-unknown-linux-gnu
[INFO] [stderr]   ARFLAGS_x86_64-unknown-linux-gnu = None
[INFO] [stderr]   cargo:rerun-if-env-changed=AR_x86_64-unknown-linux-gnu
[INFO] [stderr]   AR_x86_64-unknown-linux-gnu = None
[INFO] [stderr]   cargo:rerun-if-env-changed=AR_x86_64_unknown_linux_gnu
[INFO] [stderr]   AR_x86_64_unknown_linux_gnu = None
[INFO] [stderr]   cargo:rerun-if-env-changed=HOST_AR
[INFO] [stderr]   HOST_AR = None
[INFO] [stderr]   cargo:rerun-if-env-changed=AR
[INFO] [stderr]   AR = None
[INFO] [stderr]   cargo:rerun-if-env-changed=ARFLAGS
[INFO] [stderr]   ARFLAGS = None
[INFO] [stderr]   cargo:rerun-if-env-changed=HOST_ARFLAGS
[INFO] [stderr]   HOST_ARFLAGS = None
[INFO] [stderr]   cargo:rerun-if-env-changed=ARFLAGS_x86_64_unknown_linux_gnu
[INFO] [stderr]   ARFLAGS_x86_64_unknown_linux_gnu = None
[INFO] [stderr]   cargo:rerun-if-env-changed=ARFLAGS_x86_64-unknown-linux-gnu
[INFO] [stderr]   ARFLAGS_x86_64-unknown-linux-gnu = None
[INFO] [stderr]   cargo:rustc-link-lib=static=probe_x86_sapphireamx
[INFO] [stderr]   cargo:rustc-link-search=native=/opt/rustwide/target/debug/build/numkong/73b4573fae1f0c75/out
[INFO] [stderr]   cargo:rerun-if-env-changed=CC_FORCE_DISABLE
[INFO] [stderr]   CC_FORCE_DISABLE = None
[INFO] [stderr]   cargo:rerun-if-env-changed=CC_x86_64-unknown-linux-gnu
[INFO] [stderr]   CC_x86_64-unknown-linux-gnu = None
[INFO] [stderr]   cargo:rerun-if-env-changed=CC_x86_64_unknown_linux_gnu
[INFO] [stderr]   CC_x86_64_unknown_linux_gnu = None
[INFO] [stderr]   cargo:rerun-if-env-changed=HOST_CC
[INFO] [stderr]   HOST_CC = None
[INFO] [stderr]   cargo:rerun-if-env-changed=CC
[INFO] [stderr]   CC = None
[INFO] [stderr]   cargo:rerun-if-env-changed=CC_ENABLE_DEBUG_OUTPUT
[INFO] [stderr]   cargo:rerun-if-env-changed=CRATE_CC_NO_DEFAULTS
[INFO] [stderr]   CRATE_CC_NO_DEFAULTS = None
[INFO] [stderr]   cargo:rerun-if-env-changed=CFLAGS
[INFO] [stderr]   CFLAGS = None
[INFO] [stderr]   cargo:rerun-if-env-changed=HOST_CFLAGS
[INFO] [stderr]   HOST_CFLAGS = None
[INFO] [stderr]   cargo:rerun-if-env-changed=CFLAGS_x86_64_unknown_linux_gnu
[INFO] [stderr]   CFLAGS_x86_64_unknown_linux_gnu = None
[INFO] [stderr]   cargo:rerun-if-env-changed=CFLAGS_x86_64-unknown-linux-gnu
[INFO] [stderr]   CFLAGS_x86_64-unknown-linux-gnu = None
[INFO] [stderr]   cargo:rerun-if-env-changed=AR_x86_64-unknown-linux-gnu
[INFO] [stderr]   AR_x86_64-unknown-linux-gnu = None
[INFO] [stderr]   cargo:rerun-if-env-changed=AR_x86_64_unknown_linux_gnu
[INFO] [stderr]   AR_x86_64_unknown_linux_gnu = None
[INFO] [stderr]   cargo:rerun-if-env-changed=HOST_AR
[INFO] [stderr]   HOST_AR = None
[INFO] [stderr]   cargo:rerun-if-env-changed=AR
[INFO] [stderr]   AR = None
[INFO] [stderr]   cargo:rerun-if-env-changed=ARFLAGS
[INFO] [stderr]   ARFLAGS = None
[INFO] [stderr]   cargo:rerun-if-env-changed=HOST_ARFLAGS
[INFO] [stderr]   HOST_ARFLAGS = None
[INFO] [stderr]   cargo:rerun-if-env-changed=ARFLAGS_x86_64_unknown_linux_gnu
[INFO] [stderr]   ARFLAGS_x86_64_unknown_linux_gnu = None
[INFO] [stderr]   cargo:rerun-if-env-changed=ARFLAGS_x86_64-unknown-linux-gnu
[INFO] [stderr]   ARFLAGS_x86_64-unknown-linux-gnu = None
[INFO] [stderr]   cargo:rerun-if-env-changed=AR_x86_64-unknown-linux-gnu
[INFO] [stderr]   AR_x86_64-unknown-linux-gnu = None
[INFO] [stderr]   cargo:rerun-if-env-changed=AR_x86_64_unknown_linux_gnu
[INFO] [stderr]   AR_x86_64_unknown_linux_gnu = None
[INFO] [stderr]   cargo:rerun-if-env-changed=HOST_AR
[INFO] [stderr]   HOST_AR = None
[INFO] [stderr]   cargo:rerun-if-env-changed=AR
[INFO] [stderr]   AR = None
[INFO] [stderr]   cargo:rerun-if-env-changed=ARFLAGS
[INFO] [stderr]   ARFLAGS = None
[INFO] [stderr]   cargo:rerun-if-env-changed=HOST_ARFLAGS
[INFO] [stderr]   HOST_ARFLAGS = None
[INFO] [stderr]   cargo:rerun-if-env-changed=ARFLAGS_x86_64_unknown_linux_gnu
[INFO] [stderr]   ARFLAGS_x86_64_unknown_linux_gnu = None
[INFO] [stderr]   cargo:rerun-if-env-changed=ARFLAGS_x86_64-unknown-linux-gnu
[INFO] [stderr]   ARFLAGS_x86_64-unknown-linux-gnu = None
[INFO] [stderr]   cargo:rustc-link-lib=static=probe_x86_graniteamx
[INFO] [stderr]   cargo:rustc-link-search=native=/opt/rustwide/target/debug/build/numkong/73b4573fae1f0c75/out
[INFO] [stderr]   cargo:rerun-if-env-changed=CC_FORCE_DISABLE
[INFO] [stderr]   CC_FORCE_DISABLE = None
[INFO] [stderr]   cargo:rerun-if-env-changed=CC_x86_64-unknown-linux-gnu
[INFO] [stderr]   CC_x86_64-unknown-linux-gnu = None
[INFO] [stderr]   cargo:rerun-if-env-changed=CC_x86_64_unknown_linux_gnu
[INFO] [stderr]   CC_x86_64_unknown_linux_gnu = None
[INFO] [stderr]   cargo:rerun-if-env-changed=HOST_CC
[INFO] [stderr]   HOST_CC = None
[INFO] [stderr]   cargo:rerun-if-env-changed=CC
[INFO] [stderr]   CC = None
[INFO] [stderr]   cargo:rerun-if-env-changed=CC_ENABLE_DEBUG_OUTPUT
[INFO] [stderr]   cargo:rerun-if-env-changed=CRATE_CC_NO_DEFAULTS
[INFO] [stderr]   CRATE_CC_NO_DEFAULTS = None
[INFO] [stderr]   cargo:rerun-if-env-changed=CFLAGS
[INFO] [stderr]   CFLAGS = None
[INFO] [stderr]   cargo:rerun-if-env-changed=HOST_CFLAGS
[INFO] [stderr]   HOST_CFLAGS = None
[INFO] [stderr]   cargo:rerun-if-env-changed=CFLAGS_x86_64_unknown_linux_gnu
[INFO] [stderr]   CFLAGS_x86_64_unknown_linux_gnu = None
[INFO] [stderr]   cargo:rerun-if-env-changed=CFLAGS_x86_64-unknown-linux-gnu
[INFO] [stderr]   CFLAGS_x86_64-unknown-linux-gnu = None
[INFO] [stderr]   cargo:warning=cc: error: unrecognized command-line option '-mavx10.2-512'; did you mean '-mavx10.1-512'?
[INFO] [stderr]   cargo:warning=NK_TARGET_DIAMOND: not supported by compiler
[INFO] [stderr]   cargo:rerun-if-env-changed=CC_FORCE_DISABLE
[INFO] [stderr]   CC_FORCE_DISABLE = None
[INFO] [stderr]   cargo:rerun-if-env-changed=CC_x86_64-unknown-linux-gnu
[INFO] [stderr]   CC_x86_64-unknown-linux-gnu = None
[INFO] [stderr]   cargo:rerun-if-env-changed=CC_x86_64_unknown_linux_gnu
[INFO] [stderr]   CC_x86_64_unknown_linux_gnu = None
[INFO] [stderr]   cargo:rerun-if-env-changed=HOST_CC
[INFO] [stderr]   HOST_CC = None
[INFO] [stderr]   cargo:rerun-if-env-changed=CC
[INFO] [stderr]   CC = None
[INFO] [stderr]   cargo:rerun-if-env-changed=CC_ENABLE_DEBUG_OUTPUT
[INFO] [stderr]   cargo:rerun-if-env-changed=CRATE_CC_NO_DEFAULTS
[INFO] [stderr]   CRATE_CC_NO_DEFAULTS = None
[INFO] [stderr]   cargo:rerun-if-env-changed=CFLAGS
[INFO] [stderr]   CFLAGS = None
[INFO] [stderr]   cargo:rerun-if-env-changed=HOST_CFLAGS
[INFO] [stderr]   HOST_CFLAGS = None
[INFO] [stderr]   cargo:rerun-if-env-changed=CFLAGS_x86_64_unknown_linux_gnu
[INFO] [stderr]   CFLAGS_x86_64_unknown_linux_gnu = None
[INFO] [stderr]   cargo:rerun-if-env-changed=CFLAGS_x86_64-unknown-linux-gnu
[INFO] [stderr]   CFLAGS_x86_64-unknown-linux-gnu = None
[INFO] [stderr]   cargo:rerun-if-env-changed=AR_x86_64-unknown-linux-gnu
[INFO] [stderr]   AR_x86_64-unknown-linux-gnu = None
[INFO] [stderr]   cargo:rerun-if-env-changed=AR_x86_64_unknown_linux_gnu
[INFO] [stderr]   AR_x86_64_unknown_linux_gnu = None
[INFO] [stderr]   cargo:rerun-if-env-changed=HOST_AR
[INFO] [stderr]   HOST_AR = None
[INFO] [stderr]   cargo:rerun-if-env-changed=AR
[INFO] [stderr]   AR = None
[INFO] [stderr]   cargo:rerun-if-env-changed=ARFLAGS
[INFO] [stderr]   ARFLAGS = None
[INFO] [stderr]   cargo:rerun-if-env-changed=HOST_ARFLAGS
[INFO] [stderr]   HOST_ARFLAGS = None
[INFO] [stderr]   cargo:rerun-if-env-changed=ARFLAGS_x86_64_unknown_linux_gnu
[INFO] [stderr]   ARFLAGS_x86_64_unknown_linux_gnu = None
[INFO] [stderr]   cargo:rerun-if-env-changed=ARFLAGS_x86_64-unknown-linux-gnu
[INFO] [stderr]   ARFLAGS_x86_64-unknown-linux-gnu = None
[INFO] [stderr]   cargo:rerun-if-env-changed=AR_x86_64-unknown-linux-gnu
[INFO] [stderr]   AR_x86_64-unknown-linux-gnu = None
[INFO] [stderr]   cargo:rerun-if-env-changed=AR_x86_64_unknown_linux_gnu
[INFO] [stderr]   AR_x86_64_unknown_linux_gnu = None
[INFO] [stderr]   cargo:rerun-if-env-changed=HOST_AR
[INFO] [stderr]   HOST_AR = None
[INFO] [stderr]   cargo:rerun-if-env-changed=AR
[INFO] [stderr]   AR = None
[INFO] [stderr]   cargo:rerun-if-env-changed=ARFLAGS
[INFO] [stderr]   ARFLAGS = None
[INFO] [stderr]   cargo:rerun-if-env-changed=HOST_ARFLAGS
[INFO] [stderr]   HOST_ARFLAGS = None
[INFO] [stderr]   cargo:rerun-if-env-changed=ARFLAGS_x86_64_unknown_linux_gnu
[INFO] [stderr]   ARFLAGS_x86_64_unknown_linux_gnu = None
[INFO] [stderr]   cargo:rerun-if-env-changed=ARFLAGS_x86_64-unknown-linux-gnu
[INFO] [stderr]   ARFLAGS_x86_64-unknown-linux-gnu = None
[INFO] [stderr]   cargo:rustc-link-lib=static=probe_x86_turin
[INFO] [stderr]   cargo:rustc-link-search=native=/opt/rustwide/target/debug/build/numkong/73b4573fae1f0c75/out
[INFO] [stderr]   cargo:rerun-if-env-changed=CC_FORCE_DISABLE
[INFO] [stderr]   CC_FORCE_DISABLE = None
[INFO] [stderr]   cargo:rerun-if-env-changed=CC_x86_64-unknown-linux-gnu
[INFO] [stderr]   CC_x86_64-unknown-linux-gnu = None
[INFO] [stderr]   cargo:rerun-if-env-changed=CC_x86_64_unknown_linux_gnu
[INFO] [stderr]   CC_x86_64_unknown_linux_gnu = None
[INFO] [stderr]   cargo:rerun-if-env-changed=HOST_CC
[INFO] [stderr]   HOST_CC = None
[INFO] [stderr]   cargo:rerun-if-env-changed=CC
[INFO] [stderr]   CC = None
[INFO] [stderr]   cargo:rerun-if-env-changed=CC_ENABLE_DEBUG_OUTPUT
[INFO] [stderr]   cargo:rerun-if-env-changed=CRATE_CC_NO_DEFAULTS
[INFO] [stderr]   CRATE_CC_NO_DEFAULTS = None
[INFO] [stderr]   cargo:rerun-if-env-changed=CFLAGS
[INFO] [stderr]   CFLAGS = None
[INFO] [stderr]   cargo:rerun-if-env-changed=HOST_CFLAGS
[INFO] [stderr]   HOST_CFLAGS = None
[INFO] [stderr]   cargo:rerun-if-env-changed=CFLAGS_x86_64_unknown_linux_gnu
[INFO] [stderr]   CFLAGS_x86_64_unknown_linux_gnu = None
[INFO] [stderr]   cargo:rerun-if-env-changed=CFLAGS_x86_64-unknown-linux-gnu
[INFO] [stderr]   CFLAGS_x86_64-unknown-linux-gnu = None
[INFO] [stderr]   cargo:rerun-if-env-changed=AR_x86_64-unknown-linux-gnu
[INFO] [stderr]   AR_x86_64-unknown-linux-gnu = None
[INFO] [stderr]   cargo:rerun-if-env-changed=AR_x86_64_unknown_linux_gnu
[INFO] [stderr]   AR_x86_64_unknown_linux_gnu = None
[INFO] [stderr]   cargo:rerun-if-env-changed=HOST_AR
[INFO] [stderr]   HOST_AR = None
[INFO] [stderr]   cargo:rerun-if-env-changed=AR
[INFO] [stderr]   AR = None
[INFO] [stderr]   cargo:rerun-if-env-changed=ARFLAGS
[INFO] [stderr]   ARFLAGS = None
[INFO] [stderr]   cargo:rerun-if-env-changed=HOST_ARFLAGS
[INFO] [stderr]   HOST_ARFLAGS = None
[INFO] [stderr]   cargo:rerun-if-env-changed=ARFLAGS_x86_64_unknown_linux_gnu
[INFO] [stderr]   ARFLAGS_x86_64_unknown_linux_gnu = None
[INFO] [stderr]   cargo:rerun-if-env-changed=ARFLAGS_x86_64-unknown-linux-gnu
[INFO] [stderr]   ARFLAGS_x86_64-unknown-linux-gnu = None
[INFO] [stderr]   cargo:rerun-if-env-changed=AR_x86_64-unknown-linux-gnu
[INFO] [stderr]   AR_x86_64-unknown-linux-gnu = None
[INFO] [stderr]   cargo:rerun-if-env-changed=AR_x86_64_unknown_linux_gnu
[INFO] [stderr]   AR_x86_64_unknown_linux_gnu = None
[INFO] [stderr]   cargo:rerun-if-env-changed=HOST_AR
[INFO] [stderr]   HOST_AR = None
[INFO] [stderr]   cargo:rerun-if-env-changed=AR
[INFO] [stderr]   AR = None
[INFO] [stderr]   cargo:rerun-if-env-changed=ARFLAGS
[INFO] [stderr]   ARFLAGS = None
[INFO] [stderr]   cargo:rerun-if-env-changed=HOST_ARFLAGS
[INFO] [stderr]   HOST_ARFLAGS = None
[INFO] [stderr]   cargo:rerun-if-env-changed=ARFLAGS_x86_64_unknown_linux_gnu
[INFO] [stderr]   ARFLAGS_x86_64_unknown_linux_gnu = None
[INFO] [stderr]   cargo:rerun-if-env-changed=ARFLAGS_x86_64-unknown-linux-gnu
[INFO] [stderr]   ARFLAGS_x86_64-unknown-linux-gnu = None
[INFO] [stderr]   cargo:rustc-link-lib=static=probe_x86_alder
[INFO] [stderr]   cargo:rustc-link-search=native=/opt/rustwide/target/debug/build/numkong/73b4573fae1f0c75/out
[INFO] [stderr]   cargo:rerun-if-env-changed=CC_FORCE_DISABLE
[INFO] [stderr]   CC_FORCE_DISABLE = None
[INFO] [stderr]   cargo:rerun-if-env-changed=CC_x86_64-unknown-linux-gnu
[INFO] [stderr]   CC_x86_64-unknown-linux-gnu = None
[INFO] [stderr]   cargo:rerun-if-env-changed=CC_x86_64_unknown_linux_gnu
[INFO] [stderr]   CC_x86_64_unknown_linux_gnu = None
[INFO] [stderr]   cargo:rerun-if-env-changed=HOST_CC
[INFO] [stderr]   HOST_CC = None
[INFO] [stderr]   cargo:rerun-if-env-changed=CC
[INFO] [stderr]   CC = None
[INFO] [stderr]   cargo:rerun-if-env-changed=CC_ENABLE_DEBUG_OUTPUT
[INFO] [stderr]   cargo:rerun-if-env-changed=CRATE_CC_NO_DEFAULTS
[INFO] [stderr]   CRATE_CC_NO_DEFAULTS = None
[INFO] [stderr]   cargo:rerun-if-env-changed=CFLAGS
[INFO] [stderr]   CFLAGS = None
[INFO] [stderr]   cargo:rerun-if-env-changed=HOST_CFLAGS
[INFO] [stderr]   HOST_CFLAGS = None
[INFO] [stderr]   cargo:rerun-if-env-changed=CFLAGS_x86_64_unknown_linux_gnu
[INFO] [stderr]   CFLAGS_x86_64_unknown_linux_gnu = None
[INFO] [stderr]   cargo:rerun-if-env-changed=CFLAGS_x86_64-unknown-linux-gnu
[INFO] [stderr]   CFLAGS_x86_64-unknown-linux-gnu = None
[INFO] [stderr]   cargo:rerun-if-env-changed=AR_x86_64-unknown-linux-gnu
[INFO] [stderr]   AR_x86_64-unknown-linux-gnu = None
[INFO] [stderr]   cargo:rerun-if-env-changed=AR_x86_64_unknown_linux_gnu
[INFO] [stderr]   AR_x86_64_unknown_linux_gnu = None
[INFO] [stderr]   cargo:rerun-if-env-changed=HOST_AR
[INFO] [stderr]   HOST_AR = None
[INFO] [stderr]   cargo:rerun-if-env-changed=AR
[INFO] [stderr]   AR = None
[INFO] [stderr]   cargo:rerun-if-env-changed=ARFLAGS
[INFO] [stderr]   ARFLAGS = None
[INFO] [stderr]   cargo:rerun-if-env-changed=HOST_ARFLAGS
[INFO] [stderr]   HOST_ARFLAGS = None
[INFO] [stderr]   cargo:rerun-if-env-changed=ARFLAGS_x86_64_unknown_linux_gnu
[INFO] [stderr]   ARFLAGS_x86_64_unknown_linux_gnu = None
[INFO] [stderr]   cargo:rerun-if-env-changed=ARFLAGS_x86_64-unknown-linux-gnu
[INFO] [stderr]   ARFLAGS_x86_64-unknown-linux-gnu = None
[INFO] [stderr]   cargo:rerun-if-env-changed=AR_x86_64-unknown-linux-gnu
[INFO] [stderr]   AR_x86_64-unknown-linux-gnu = None
[INFO] [stderr]   cargo:rerun-if-env-changed=AR_x86_64_unknown_linux_gnu
[INFO] [stderr]   AR_x86_64_unknown_linux_gnu = None
[INFO] [stderr]   cargo:rerun-if-env-changed=HOST_AR
[INFO] [stderr]   HOST_AR = None
[INFO] [stderr]   cargo:rerun-if-env-changed=AR
[INFO] [stderr]   AR = None
[INFO] [stderr]   cargo:rerun-if-env-changed=ARFLAGS
[INFO] [stderr]   ARFLAGS = None
[INFO] [stderr]   cargo:rerun-if-env-changed=HOST_ARFLAGS
[INFO] [stderr]   HOST_ARFLAGS = None
[INFO] [stderr]   cargo:rerun-if-env-changed=ARFLAGS_x86_64_unknown_linux_gnu
[INFO] [stderr]   ARFLAGS_x86_64_unknown_linux_gnu = None
[INFO] [stderr]   cargo:rerun-if-env-changed=ARFLAGS_x86_64-unknown-linux-gnu
[INFO] [stderr]   ARFLAGS_x86_64-unknown-linux-gnu = None
[INFO] [stderr]   cargo:rustc-link-lib=static=probe_x86_sierra
[INFO] [stderr]   cargo:rustc-link-search=native=/opt/rustwide/target/debug/build/numkong/73b4573fae1f0c75/out
[INFO] [stderr]   cargo:rerun-if-env-changed=CC_FORCE_DISABLE
[INFO] [stderr]   CC_FORCE_DISABLE = None
[INFO] [stderr]   cargo:rerun-if-env-changed=CC_x86_64-unknown-linux-gnu
[INFO] [stderr]   CC_x86_64-unknown-linux-gnu = None
[INFO] [stderr]   cargo:rerun-if-env-changed=CC_x86_64_unknown_linux_gnu
[INFO] [stderr]   CC_x86_64_unknown_linux_gnu = None
[INFO] [stderr]   cargo:rerun-if-env-changed=HOST_CC
[INFO] [stderr]   HOST_CC = None
[INFO] [stderr]   cargo:rerun-if-env-changed=CC
[INFO] [stderr]   CC = None
[INFO] [stderr]   cargo:rerun-if-env-changed=CC_ENABLE_DEBUG_OUTPUT
[INFO] [stderr]   cargo:rerun-if-env-changed=CRATE_CC_NO_DEFAULTS
[INFO] [stderr]   CRATE_CC_NO_DEFAULTS = None
[INFO] [stderr]   cargo:rerun-if-env-changed=CFLAGS
[INFO] [stderr]   CFLAGS = None
[INFO] [stderr]   cargo:rerun-if-env-changed=HOST_CFLAGS
[INFO] [stderr]   HOST_CFLAGS = None
[INFO] [stderr]   cargo:rerun-if-env-changed=CFLAGS_x86_64_unknown_linux_gnu
[INFO] [stderr]   CFLAGS_x86_64_unknown_linux_gnu = None
[INFO] [stderr]   cargo:rerun-if-env-changed=CFLAGS_x86_64-unknown-linux-gnu
[INFO] [stderr]   CFLAGS_x86_64-unknown-linux-gnu = None
[INFO] [stderr]   cargo:rerun-if-env-changed=CRATE_CC_NO_DEFAULTS
[INFO] [stderr]   CRATE_CC_NO_DEFAULTS = None
[INFO] [stderr]   cargo:rerun-if-env-changed=CFLAGS
[INFO] [stderr]   CFLAGS = None
[INFO] [stderr]   cargo:rerun-if-env-changed=HOST_CFLAGS
[INFO] [stderr]   HOST_CFLAGS = None
[INFO] [stderr]   cargo:rerun-if-env-changed=CFLAGS_x86_64_unknown_linux_gnu
[INFO] [stderr]   CFLAGS_x86_64_unknown_linux_gnu = None
[INFO] [stderr]   cargo:rerun-if-env-changed=CFLAGS_x86_64-unknown-linux-gnu
[INFO] [stderr]   CFLAGS_x86_64-unknown-linux-gnu = None
[INFO] [stderr]   cargo:rerun-if-env-changed=CRATE_CC_NO_DEFAULTS
[INFO] [stderr]   CRATE_CC_NO_DEFAULTS = None
[INFO] [stderr]   cargo:rerun-if-env-changed=CFLAGS
[INFO] [stderr]   CFLAGS = None
[INFO] [stderr]   cargo:rerun-if-env-changed=HOST_CFLAGS
[INFO] [stderr]   HOST_CFLAGS = None
[INFO] [stderr]   cargo:rerun-if-env-changed=CFLAGS_x86_64_unknown_linux_gnu
[INFO] [stderr]   CFLAGS_x86_64_unknown_linux_gnu = None
[INFO] [stderr]   cargo:rerun-if-env-changed=CFLAGS_x86_64-unknown-linux-gnu
[INFO] [stderr]   CFLAGS_x86_64-unknown-linux-gnu = None
[INFO] [stderr]   cargo:rerun-if-env-changed=CRATE_CC_NO_DEFAULTS
[INFO] [stderr]   CRATE_CC_NO_DEFAULTS = None
[INFO] [stderr]   cargo:rerun-if-env-changed=CFLAGS
[INFO] [stderr]   CFLAGS = None
[INFO] [stderr]   cargo:rerun-if-env-changed=HOST_CFLAGS
[INFO] [stderr]   HOST_CFLAGS = None
[INFO] [stderr]   cargo:rerun-if-env-changed=CFLAGS_x86_64_unknown_linux_gnu
[INFO] [stderr]   CFLAGS_x86_64_unknown_linux_gnu = None
[INFO] [stderr]   cargo:rerun-if-env-changed=CFLAGS_x86_64-unknown-linux-gnu
[INFO] [stderr]   CFLAGS_x86_64-unknown-linux-gnu = None
[INFO] [stderr]   cargo:rerun-if-env-changed=CRATE_CC_NO_DEFAULTS
[INFO] [stderr]   CRATE_CC_NO_DEFAULTS = None
[INFO] [stderr]   cargo:rerun-if-env-changed=CFLAGS
[INFO] [stderr]   CFLAGS = None
[INFO] [stderr]   cargo:rerun-if-env-changed=HOST_CFLAGS
[INFO] [stderr]   HOST_CFLAGS = None
[INFO] [stderr]   cargo:rerun-if-env-changed=CFLAGS_x86_64_unknown_linux_gnu
[INFO] [stderr]   CFLAGS_x86_64_unknown_linux_gnu = None
[INFO] [stderr]   cargo:rerun-if-env-changed=CFLAGS_x86_64-unknown-linux-gnu
[INFO] [stderr]   CFLAGS_x86_64-unknown-linux-gnu = None
[INFO] [stderr]   cargo:rerun-if-env-changed=CRATE_CC_NO_DEFAULTS
[INFO] [stderr]   CRATE_CC_NO_DEFAULTS = None
[INFO] [stderr]   cargo:rerun-if-env-changed=CFLAGS
[INFO] [stderr]   CFLAGS = None
[INFO] [stderr]   cargo:rerun-if-env-changed=HOST_CFLAGS
[INFO] [stderr]   HOST_CFLAGS = None
[INFO] [stderr]   cargo:rerun-if-env-changed=CFLAGS_x86_64_unknown_linux_gnu
[INFO] [stderr]   CFLAGS_x86_64_unknown_linux_gnu = None
[INFO] [stderr]   cargo:rerun-if-env-changed=CFLAGS_x86_64-unknown-linux-gnu
[INFO] [stderr]   CFLAGS_x86_64-unknown-linux-gnu = None
[INFO] [stderr]   cargo:rerun-if-env-changed=CC_x86_64-unknown-linux-gnu
[INFO] [stderr]   CC_x86_64-unknown-linux-gnu = None
[INFO] [stderr]   cargo:rerun-if-env-changed=CC_x86_64_unknown_linux_gnu
[INFO] [stderr]   CC_x86_64_unknown_linux_gnu = None
[INFO] [stderr]   cargo:rerun-if-env-changed=HOST_CC
[INFO] [stderr]   HOST_CC = None
[INFO] [stderr]   cargo:rerun-if-env-changed=CC
[INFO] [stderr]   CC = None
[INFO] [stderr]   cargo:rerun-if-env-changed=CRATE_CC_NO_DEFAULTS
[INFO] [stderr]   CRATE_CC_NO_DEFAULTS = None
[INFO] [stderr]   cargo:rerun-if-env-changed=CFLAGS
[INFO] [stderr]   CFLAGS = None
[INFO] [stderr]   cargo:rerun-if-env-changed=HOST_CFLAGS
[INFO] [stderr]   HOST_CFLAGS = None
[INFO] [stderr]   cargo:rerun-if-env-changed=CFLAGS_x86_64_unknown_linux_gnu
[INFO] [stderr]   CFLAGS_x86_64_unknown_linux_gnu = None
[INFO] [stderr]   cargo:rerun-if-env-changed=CFLAGS_x86_64-unknown-linux-gnu
[INFO] [stderr]   CFLAGS_x86_64-unknown-linux-gnu = None
[INFO] [stderr]   cargo:rerun-if-env-changed=CC_x86_64-unknown-linux-gnu
[INFO] [stderr]   CC_x86_64-unknown-linux-gnu = None
[INFO] [stderr]   cargo:rerun-if-env-changed=CC_x86_64_unknown_linux_gnu
[INFO] [stderr]   CC_x86_64_unknown_linux_gnu = None
[INFO] [stderr]   cargo:rerun-if-env-changed=HOST_CC
[INFO] [stderr]   HOST_CC = None
[INFO] [stderr]   cargo:rerun-if-env-changed=CC
[INFO] [stderr]   CC = None
[INFO] [stderr]   cargo:rerun-if-env-changed=CRATE_CC_NO_DEFAULTS
[INFO] [stderr]   CRATE_CC_NO_DEFAULTS = None
[INFO] [stderr]   cargo:rerun-if-env-changed=CFLAGS
[INFO] [stderr]   CFLAGS = None
[INFO] [stderr]   cargo:rerun-if-env-changed=HOST_CFLAGS
[INFO] [stderr]   HOST_CFLAGS = None
[INFO] [stderr]   cargo:rerun-if-env-changed=CFLAGS_x86_64_unknown_linux_gnu
[INFO] [stderr]   CFLAGS_x86_64_unknown_linux_gnu = None
[INFO] [stderr]   cargo:rerun-if-env-changed=CFLAGS_x86_64-unknown-linux-gnu
[INFO] [stderr]   CFLAGS_x86_64-unknown-linux-gnu = None
[INFO] [stderr]   cargo:rerun-if-env-changed=CC_x86_64-unknown-linux-gnu
[INFO] [stderr]   CC_x86_64-unknown-linux-gnu = None
[INFO] [stderr]   cargo:rerun-if-env-changed=CC_x86_64_unknown_linux_gnu
[INFO] [stderr]   CC_x86_64_unknown_linux_gnu = None
[INFO] [stderr]   cargo:rerun-if-env-changed=HOST_CC
[INFO] [stderr]   HOST_CC = None
[INFO] [stderr]   cargo:rerun-if-env-changed=CC
[INFO] [stderr]   CC = None
[INFO] [stderr]   cargo:rerun-if-env-changed=CRATE_CC_NO_DEFAULTS
[INFO] [stderr]   CRATE_CC_NO_DEFAULTS = None
[INFO] [stderr]   cargo:rerun-if-env-changed=CFLAGS
[INFO] [stderr]   CFLAGS = None
[INFO] [stderr]   cargo:rerun-if-env-changed=HOST_CFLAGS
[INFO] [stderr]   HOST_CFLAGS = None
[INFO] [stderr]   cargo:rerun-if-env-changed=CFLAGS_x86_64_unknown_linux_gnu
[INFO] [stderr]   CFLAGS_x86_64_unknown_linux_gnu = None
[INFO] [stderr]   cargo:rerun-if-env-changed=CFLAGS_x86_64-unknown-linux-gnu
[INFO] [stderr]   CFLAGS_x86_64-unknown-linux-gnu = None
[INFO] [stderr]   cargo:rerun-if-env-changed=CC_x86_64-unknown-linux-gnu
[INFO] [stderr]   CC_x86_64-unknown-linux-gnu = None
[INFO] [stderr]   cargo:rerun-if-env-changed=CC_x86_64_unknown_linux_gnu
[INFO] [stderr]   CC_x86_64_unknown_linux_gnu = None
[INFO] [stderr]   cargo:rerun-if-env-changed=HOST_CC
[INFO] [stderr]   HOST_CC = None
[INFO] [stderr]   cargo:rerun-if-env-changed=CC
[INFO] [stderr]   CC = None
[INFO] [stderr]   cargo:rerun-if-env-changed=CRATE_CC_NO_DEFAULTS
[INFO] [stderr]   CRATE_CC_NO_DEFAULTS = None
[INFO] [stderr]   cargo:rerun-if-env-changed=CFLAGS
[INFO] [stderr]   CFLAGS = None
[INFO] [stderr]   cargo:rerun-if-env-changed=HOST_CFLAGS
[INFO] [stderr]   HOST_CFLAGS = None
[INFO] [stderr]   cargo:rerun-if-env-changed=CFLAGS_x86_64_unknown_linux_gnu
[INFO] [stderr]   CFLAGS_x86_64_unknown_linux_gnu = None
[INFO] [stderr]   cargo:rerun-if-env-changed=CFLAGS_x86_64-unknown-linux-gnu
[INFO] [stderr]   CFLAGS_x86_64-unknown-linux-gnu = None
[INFO] [stderr]   cargo:rerun-if-env-changed=CC_x86_64-unknown-linux-gnu
[INFO] [stderr]   CC_x86_64-unknown-linux-gnu = None
[INFO] [stderr]   cargo:rerun-if-env-changed=CC_x86_64_unknown_linux_gnu
[INFO] [stderr]   CC_x86_64_unknown_linux_gnu = None
[INFO] [stderr]   cargo:rerun-if-env-changed=HOST_CC
[INFO] [stderr]   HOST_CC = None
[INFO] [stderr]   cargo:rerun-if-env-changed=CC
[INFO] [stderr]   CC = None
[INFO] [stderr]   cargo:rerun-if-env-changed=CRATE_CC_NO_DEFAULTS
[INFO] [stderr]   CRATE_CC_NO_DEFAULTS = None
[INFO] [stderr]   cargo:rerun-if-env-changed=CFLAGS
[INFO] [stderr]   CFLAGS = None
[INFO] [stderr]   cargo:rerun-if-env-changed=HOST_CFLAGS
[INFO] [stderr]   HOST_CFLAGS = None
[INFO] [stderr]   cargo:rerun-if-env-changed=CFLAGS_x86_64_unknown_linux_gnu
[INFO] [stderr]   CFLAGS_x86_64_unknown_linux_gnu = None
[INFO] [stderr]   cargo:rerun-if-env-changed=CFLAGS_x86_64-unknown-linux-gnu
[INFO] [stderr]   CFLAGS_x86_64-unknown-linux-gnu = None
[INFO] [stderr]   cargo:rerun-if-env-changed=CC_x86_64-unknown-linux-gnu
[INFO] [stderr]   CC_x86_64-unknown-linux-gnu = None
[INFO] [stderr]   cargo:rerun-if-env-changed=CC_x86_64_unknown_linux_gnu
[INFO] [stderr]   CC_x86_64_unknown_linux_gnu = None
[INFO] [stderr]   cargo:rerun-if-env-changed=HOST_CC
[INFO] [stderr]   HOST_CC = None
[INFO] [stderr]   cargo:rerun-if-env-changed=CC
[INFO] [stderr]   CC = None
[INFO] [stderr]   cargo:rerun-if-env-changed=CRATE_CC_NO_DEFAULTS
[INFO] [stderr]   CRATE_CC_NO_DEFAULTS = None
[INFO] [stderr]   cargo:rerun-if-env-changed=CFLAGS
[INFO] [stderr]   CFLAGS = None
[INFO] [stderr]   cargo:rerun-if-env-changed=HOST_CFLAGS
[INFO] [stderr]   HOST_CFLAGS = None
[INFO] [stderr]   cargo:rerun-if-env-changed=CFLAGS_x86_64_unknown_linux_gnu
[INFO] [stderr]   CFLAGS_x86_64_unknown_linux_gnu = None
[INFO] [stderr]   cargo:rerun-if-env-changed=CFLAGS_x86_64-unknown-linux-gnu
[INFO] [stderr]   CFLAGS_x86_64-unknown-linux-gnu = None
[INFO] [stderr]   cargo:rerun-if-env-changed=CC_x86_64-unknown-linux-gnu
[INFO] [stderr]   CC_x86_64-unknown-linux-gnu = None
[INFO] [stderr]   cargo:rerun-if-env-changed=CC_x86_64_unknown_linux_gnu
[INFO] [stderr]   CC_x86_64_unknown_linux_gnu = None
[INFO] [stderr]   cargo:rerun-if-env-changed=HOST_CC
[INFO] [stderr]   HOST_CC = None
[INFO] [stderr]   cargo:rerun-if-env-changed=CC
[INFO] [stderr]   CC = None
[INFO] [stderr]   cargo:rerun-if-env-changed=CRATE_CC_NO_DEFAULTS
[INFO] [stderr]   CRATE_CC_NO_DEFAULTS = None
[INFO] [stderr]   cargo:rerun-if-env-changed=CFLAGS
[INFO] [stderr]   CFLAGS = None
[INFO] [stderr]   cargo:rerun-if-env-changed=HOST_CFLAGS
[INFO] [stderr]   HOST_CFLAGS = None
[INFO] [stderr]   cargo:rerun-if-env-changed=CFLAGS_x86_64_unknown_linux_gnu
[INFO] [stderr]   CFLAGS_x86_64_unknown_linux_gnu = None
[INFO] [stderr]   cargo:rerun-if-env-changed=CFLAGS_x86_64-unknown-linux-gnu
[INFO] [stderr]   CFLAGS_x86_64-unknown-linux-gnu = None
[INFO] [stderr]   cargo:rerun-if-env-changed=CC_x86_64-unknown-linux-gnu
[INFO] [stderr]   CC_x86_64-unknown-linux-gnu = None
[INFO] [stderr]   cargo:rerun-if-env-changed=CC_x86_64_unknown_linux_gnu
[INFO] [stderr]   CC_x86_64_unknown_linux_gnu = None
[INFO] [stderr]   cargo:rerun-if-env-changed=HOST_CC
[INFO] [stderr]   HOST_CC = None
[INFO] [stderr]   cargo:rerun-if-env-changed=CC
[INFO] [stderr]   CC = None
[INFO] [stderr]   cargo:rerun-if-env-changed=CRATE_CC_NO_DEFAULTS
[INFO] [stderr]   CRATE_CC_NO_DEFAULTS = None
[INFO] [stderr]   cargo:rerun-if-env-changed=CFLAGS
[INFO] [stderr]   CFLAGS = None
[INFO] [stderr]   cargo:rerun-if-env-changed=HOST_CFLAGS
[INFO] [stderr]   HOST_CFLAGS = None
[INFO] [stderr]   cargo:rerun-if-env-changed=CFLAGS_x86_64_unknown_linux_gnu
[INFO] [stderr]   CFLAGS_x86_64_unknown_linux_gnu = None
[INFO] [stderr]   cargo:rerun-if-env-changed=CFLAGS_x86_64-unknown-linux-gnu
[INFO] [stderr]   CFLAGS_x86_64-unknown-linux-gnu = None
[INFO] [stderr]   cargo:warning=cc: fatal error: Killed signal terminated program cc1
[INFO] [stderr]   cargo:warning=compilation terminated.
[INFO] [stderr]   exit status: 0
[INFO] [stderr]   exit status: 0
[INFO] [stderr]   exit status: 0
[INFO] [stderr]   exit status: 0
[INFO] [stderr]   exit status: 0
[INFO] [stderr]   exit status: 1
[INFO] [stderr]   cargo:warning=ToolExecError: command did not execute successfully (status code exit status: 1): LC_ALL="C" "cc" "-O3" "-ffunction-sections" "-fdata-sections" "-fPIC" "-m64" "-std=c99" "-I" "include" "-w" "-pedantic" "-Wno-psabi" "-fno-tree-vectorize" "-fno-tree-slp-vectorize" "-march=x86-64" "-DNK_NATIVE_F16=0" "-DNK_NATIVE_BF16=0" "-DNK_DYNAMIC_DISPATCH=1" "-DNK_IS_64BIT_X86=1" "-DNK_IS_64BIT_ARM=0" "-DNK_IS_64BIT_RISCV=0" "-DNK_IS_64BIT_LOONGARCH=0" "-DNK_IS_64BIT_POWER=0" "-DNK_TARGET_HASWELL=1" "-DNK_TARGET_SKYLAKE=1" "-DNK_TARGET_ICELAKE=1" "-DNK_TARGET_GENOA=1" "-DNK_TARGET_SAPPHIRE=1" "-DNK_TARGET_SAPPHIREAMX=1" "-DNK_TARGET_GRANITEAMX=1" "-DNK_TARGET_DIAMOND=0" "-DNK_TARGET_TURIN=1" "-DNK_TARGET_ALDER=1" "-DNK_TARGET_SIERRA=1" "-o" "/opt/rustwide/target/debug/build/numkong/73b4573fae1f0c75/out/a1edd97dd51cd48d-dispatch_f64.o" "-c" "c/dispatch_f64.c"cargo:rerun-if-env-changed=CC_x86_64-unknown-linux-gnu
[INFO] [stderr]   CC_x86_64-unknown-linux-gnu = None
[INFO] [stderr]   cargo:rerun-if-env-changed=CC_x86_64_unknown_linux_gnu
[INFO] [stderr]   CC_x86_64_unknown_linux_gnu = None
[INFO] [stderr]   cargo:rerun-if-env-changed=HOST_CC
[INFO] [stderr]   HOST_CC = None
[INFO] [stderr]   cargo:rerun-if-env-changed=CC
[INFO] [stderr]   CC = None
[INFO] [stderr]   cargo:rerun-if-env-changed=CRATE_CC_NO_DEFAULTS
[INFO] [stderr]   CRATE_CC_NO_DEFAULTS = None
[INFO] [stderr]   cargo:rerun-if-env-changed=CFLAGS
[INFO] [stderr]   CFLAGS = None
[INFO] [stderr]   cargo:rerun-if-env-changed=HOST_CFLAGS
[INFO] [stderr]   HOST_CFLAGS = None
[INFO] [stderr]   cargo:rerun-if-env-changed=CFLAGS_x86_64_unknown_linux_gnu
[INFO] [stderr]   CFLAGS_x86_64_unknown_linux_gnu = None
[INFO] [stderr]   cargo:rerun-if-env-changed=CFLAGS_x86_64-unknown-linux-gnu
[INFO] [stderr]   CFLAGS_x86_64-unknown-linux-gnu = None
[INFO] [stderr]   cargo:rerun-if-env-changed=CC_x86_64-unknown-linux-gnu
[INFO] [stderr]   CC_x86_64-unknown-linux-gnu = None
[INFO] [stderr]   cargo:rerun-if-env-changed=CC_x86_64_unknown_linux_gnu
[INFO] [stderr]   CC_x86_64_unknown_linux_gnu = None
[INFO] [stderr]   cargo:rerun-if-env-changed=HOST_CC
[INFO] [stderr]   HOST_CC = None
[INFO] [stderr]   cargo:rerun-if-env-changed=CC
[INFO] [stderr]   CC = None
[INFO] [stderr]   cargo:rerun-if-env-changed=CRATE_CC_NO_DEFAULTS
[INFO] [stderr]   CRATE_CC_NO_DEFAULTS = None
[INFO] [stderr]   cargo:rerun-if-env-changed=CFLAGS
[INFO] [stderr]   CFLAGS = None
[INFO] [stderr]   cargo:rerun-if-env-changed=HOST_CFLAGS
[INFO] [stderr]   HOST_CFLAGS = None
[INFO] [stderr]   cargo:rerun-if-env-changed=CFLAGS_x86_64_unknown_linux_gnu
[INFO] [stderr]   CFLAGS_x86_64_unknown_linux_gnu = None
[INFO] [stderr]   cargo:rerun-if-env-changed=CFLAGS_x86_64-unknown-linux-gnu
[INFO] [stderr]   CFLAGS_x86_64-unknown-linux-gnu = None
[INFO] [stderr]   cargo:rerun-if-env-changed=CC_x86_64-unknown-linux-gnu
[INFO] [stderr]   CC_x86_64-unknown-linux-gnu = None
[INFO] [stderr]   cargo:rerun-if-env-changed=CC_x86_64_unknown_linux_gnu
[INFO] [stderr]   CC_x86_64_unknown_linux_gnu = None
[INFO] [stderr]   cargo:rerun-if-env-changed=HOST_CC
[INFO] [stderr]   HOST_CC = None
[INFO] [stderr]   cargo:rerun-if-env-changed=CC
[INFO] [stderr]   CC = None
[INFO] [stderr]   cargo:rerun-if-env-changed=CRATE_CC_NO_DEFAULTS
[INFO] [stderr]   CRATE_CC_NO_DEFAULTS = None
[INFO] [stderr]   cargo:rerun-if-env-changed=CFLAGS
[INFO] [stderr]   CFLAGS = None
[INFO] [stderr]   cargo:rerun-if-env-changed=HOST_CFLAGS
[INFO] [stderr]   HOST_CFLAGS = None
[INFO] [stderr]   cargo:rerun-if-env-changed=CFLAGS_x86_64_unknown_linux_gnu
[INFO] [stderr]   CFLAGS_x86_64_unknown_linux_gnu = None
[INFO] [stderr]   cargo:rerun-if-env-changed=CFLAGS_x86_64-unknown-linux-gnu
[INFO] [stderr]   CFLAGS_x86_64-unknown-linux-gnu = None
[INFO] [stderr]   cargo:rerun-if-env-changed=CC_x86_64-unknown-linux-gnu
[INFO] [stderr]   CC_x86_64-unknown-linux-gnu = None
[INFO] [stderr]   cargo:rerun-if-env-changed=CC_x86_64_unknown_linux_gnu
[INFO] [stderr]   CC_x86_64_unknown_linux_gnu = None
[INFO] [stderr]   cargo:rerun-if-env-changed=HOST_CC
[INFO] [stderr]   HOST_CC = None
[INFO] [stderr]   cargo:rerun-if-env-changed=CC
[INFO] [stderr]   CC = None
[INFO] [stderr]   cargo:rerun-if-env-changed=CRATE_CC_NO_DEFAULTS
[INFO] [stderr]   CRATE_CC_NO_DEFAULTS = None
[INFO] [stderr]   cargo:rerun-if-env-changed=CFLAGS
[INFO] [stderr]   CFLAGS = None
[INFO] [stderr]   cargo:rerun-if-env-changed=HOST_CFLAGS
[INFO] [stderr]   HOST_CFLAGS = None
[INFO] [stderr]   cargo:rerun-if-env-changed=CFLAGS_x86_64_unknown_linux_gnu
[INFO] [stderr]   CFLAGS_x86_64_unknown_linux_gnu = None
[INFO] [stderr]   cargo:rerun-if-env-changed=CFLAGS_x86_64-unknown-linux-gnu
[INFO] [stderr]   CFLAGS_x86_64-unknown-linux-gnu = None
[INFO] [stderr]   cargo:rerun-if-env-changed=CC_x86_64-unknown-linux-gnu
[INFO] [stderr]   CC_x86_64-unknown-linux-gnu = None
[INFO] [stderr]   cargo:rerun-if-env-changed=CC_x86_64_unknown_linux_gnu
[INFO] [stderr]   CC_x86_64_unknown_linux_gnu = None
[INFO] [stderr]   cargo:rerun-if-env-changed=HOST_CC
[INFO] [stderr]   HOST_CC = None
[INFO] [stderr]   cargo:rerun-if-env-changed=CC
[INFO] [stderr]   CC = None
[INFO] [stderr]   cargo:rerun-if-env-changed=CRATE_CC_NO_DEFAULTS
[INFO] [stderr]   CRATE_CC_NO_DEFAULTS = None
[INFO] [stderr]   cargo:rerun-if-env-changed=CFLAGS
[INFO] [stderr]   CFLAGS = None
[INFO] [stderr]   cargo:rerun-if-env-changed=HOST_CFLAGS
[INFO] [stderr]   HOST_CFLAGS = None
[INFO] [stderr]   cargo:rerun-if-env-changed=CFLAGS_x86_64_unknown_linux_gnu
[INFO] [stderr]   CFLAGS_x86_64_unknown_linux_gnu = None
[INFO] [stderr]   cargo:rerun-if-env-changed=CFLAGS_x86_64-unknown-linux-gnu
[INFO] [stderr]   CFLAGS_x86_64-unknown-linux-gnu = None
[INFO] [stderr]   cargo:rerun-if-env-changed=CC_x86_64-unknown-linux-gnu
[INFO] [stderr]   CC_x86_64-unknown-linux-gnu = None
[INFO] [stderr]   cargo:rerun-if-env-changed=CC_x86_64_unknown_linux_gnu
[INFO] [stderr]   CC_x86_64_unknown_linux_gnu = None
[INFO] [stderr]   cargo:rerun-if-env-changed=HOST_CC
[INFO] [stderr]   HOST_CC = None
[INFO] [stderr]   cargo:rerun-if-env-changed=CC
[INFO] [stderr]   CC = None
[INFO] [stderr]   cargo:rerun-if-env-changed=CRATE_CC_NO_DEFAULTS
[INFO] [stderr]   CRATE_CC_NO_DEFAULTS = None
[INFO] [stderr]   cargo:rerun-if-env-changed=CFLAGS
[INFO] [stderr]   CFLAGS = None
[INFO] [stderr]   cargo:rerun-if-env-changed=HOST_CFLAGS
[INFO] [stderr]   HOST_CFLAGS = None
[INFO] [stderr]   cargo:rerun-if-env-changed=CFLAGS_x86_64_unknown_linux_gnu
[INFO] [stderr]   CFLAGS_x86_64_unknown_linux_gnu = None
[INFO] [stderr]   cargo:rerun-if-env-changed=CFLAGS_x86_64-unknown-linux-gnu
[INFO] [stderr]   CFLAGS_x86_64-unknown-linux-gnu = None
[INFO] [stderr]   cargo:warning=cc: fatal error: Killed signal terminated program cc1
[INFO] [stderr]   cargo:warning=compilation terminated.
[INFO] [stderr] 
[INFO] [stderr]   exit status: 1
[INFO] [stderr]   cargo:warning=ToolExecError: command did not execute successfully (status code exit status: 1): LC_ALL="C" "cc" "-O3" "-ffunction-sections" "-fdata-sections" "-fPIC" "-m64" "-std=c99" "-I" "include" "-w" "-pedantic" "-Wno-psabi" "-fno-tree-vectorize" "-fno-tree-slp-vectorize" "-march=x86-64" "-DNK_NATIVE_F16=0" "-DNK_NATIVE_BF16=0" "-DNK_DYNAMIC_DISPATCH=1" "-DNK_IS_64BIT_X86=1" "-DNK_IS_64BIT_ARM=0" "-DNK_IS_64BIT_RISCV=0" "-DNK_IS_64BIT_LOONGARCH=0" "-DNK_IS_64BIT_POWER=0" "-DNK_TARGET_HASWELL=1" "-DNK_TARGET_SKYLAKE=1" "-DNK_TARGET_ICELAKE=1" "-DNK_TARGET_GENOA=1" "-DNK_TARGET_SAPPHIRE=1" "-DNK_TARGET_SAPPHIREAMX=1" "-DNK_TARGET_GRANITEAMX=1" "-DNK_TARGET_DIAMOND=0" "-DNK_TARGET_TURIN=1" "-DNK_TARGET_ALDER=1" "-DNK_TARGET_SIERRA=1" "-o" "/opt/rustwide/target/debug/build/numkong/73b4573fae1f0c75/out/a1edd97dd51cd48d-dispatch_f32.o" "-c" "c/dispatch_f32.c"cargo:warning=cc: fatal error: Killed signal terminated program cc1
[INFO] [stderr]   cargo:warning=compilation terminated.
[INFO] [stderr] 
[INFO] [stderr]   exit status: 1
[INFO] [stderr]   cargo:warning=ToolExecError: command did not execute successfully (status code exit status: 1): LC_ALL="C" "cc" "-O3" "-ffunction-sections" "-fdata-sections" "-fPIC" "-m64" "-std=c99" "-I" "include" "-w" "-pedantic" "-Wno-psabi" "-fno-tree-vectorize" "-fno-tree-slp-vectorize" "-march=x86-64" "-DNK_NATIVE_F16=0" "-DNK_NATIVE_BF16=0" "-DNK_DYNAMIC_DISPATCH=1" "-DNK_IS_64BIT_X86=1" "-DNK_IS_64BIT_ARM=0" "-DNK_IS_64BIT_RISCV=0" "-DNK_IS_64BIT_LOONGARCH=0" "-DNK_IS_64BIT_POWER=0" "-DNK_TARGET_HASWELL=1" "-DNK_TARGET_SKYLAKE=1" "-DNK_TARGET_ICELAKE=1" "-DNK_TARGET_GENOA=1" "-DNK_TARGET_SAPPHIRE=1" "-DNK_TARGET_SAPPHIREAMX=1" "-DNK_TARGET_GRANITEAMX=1" "-DNK_TARGET_DIAMOND=0" "-DNK_TARGET_TURIN=1" "-DNK_TARGET_ALDER=1" "-DNK_TARGET_SIERRA=1" "-o" "/opt/rustwide/target/debug/build/numkong/73b4573fae1f0c75/out/a1edd97dd51cd48d-dispatch_bf16.o" "-c" "c/dispatch_bf16.c"cargo:warning=cc: fatal error: Killed signal terminated program cc1
[INFO] [stderr]   cargo:warning=compilation terminated.
[INFO] [stderr] 
[INFO] [stderr]   exit status: 1
[INFO] [stderr]   cargo:warning=ToolExecError: command did not execute successfully (status code exit status: 1): LC_ALL="C" "cc" "-O3" "-ffunction-sections" "-fdata-sections" "-fPIC" "-m64" "-std=c99" "-I" "include" "-w" "-pedantic" "-Wno-psabi" "-fno-tree-vectorize" "-fno-tree-slp-vectorize" "-march=x86-64" "-DNK_NATIVE_F16=0" "-DNK_NATIVE_BF16=0" "-DNK_DYNAMIC_DISPATCH=1" "-DNK_IS_64BIT_X86=1" "-DNK_IS_64BIT_ARM=0" "-DNK_IS_64BIT_RISCV=0" "-DNK_IS_64BIT_LOONGARCH=0" "-DNK_IS_64BIT_POWER=0" "-DNK_TARGET_HASWELL=1" "-DNK_TARGET_SKYLAKE=1" "-DNK_TARGET_ICELAKE=1" "-DNK_TARGET_GENOA=1" "-DNK_TARGET_SAPPHIRE=1" "-DNK_TARGET_SAPPHIREAMX=1" "-DNK_TARGET_GRANITEAMX=1" "-DNK_TARGET_DIAMOND=0" "-DNK_TARGET_TURIN=1" "-DNK_TARGET_ALDER=1" "-DNK_TARGET_SIERRA=1" "-o" "/opt/rustwide/target/debug/build/numkong/73b4573fae1f0c75/out/a1edd97dd51cd48d-dispatch_e5m2.o" "-c" "c/dispatch_e5m2.c"cargo:rerun-if-env-changed=CC_x86_64-unknown-linux-gnu
[INFO] [stderr]   CC_x86_64-unknown-linux-gnu = None
[INFO] [stderr]   cargo:rerun-if-env-changed=CC_x86_64_unknown_linux_gnu
[INFO] [stderr]   CC_x86_64_unknown_linux_gnu = None
[INFO] [stderr]   cargo:rerun-if-env-changed=HOST_CC
[INFO] [stderr]   HOST_CC = None
[INFO] [stderr]   cargo:rerun-if-env-changed=CC
[INFO] [stderr]   CC = None
[INFO] [stderr]   cargo:rerun-if-env-changed=CRATE_CC_NO_DEFAULTS
[INFO] [stderr]   CRATE_CC_NO_DEFAULTS = None
[INFO] [stderr]   cargo:rerun-if-env-changed=CFLAGS
[INFO] [stderr]   CFLAGS = None
[INFO] [stderr]   cargo:rerun-if-env-changed=HOST_CFLAGS
[INFO] [stderr]   HOST_CFLAGS = None
[INFO] [stderr]   cargo:rerun-if-env-changed=CFLAGS_x86_64_unknown_linux_gnu
[INFO] [stderr]   CFLAGS_x86_64_unknown_linux_gnu = None
[INFO] [stderr]   cargo:rerun-if-env-changed=CFLAGS_x86_64-unknown-linux-gnu
[INFO] [stderr]   CFLAGS_x86_64-unknown-linux-gnu = None
[INFO] [stderr]   cargo:rerun-if-env-changed=CC_x86_64-unknown-linux-gnu
[INFO] [stderr]   CC_x86_64-unknown-linux-gnu = None
[INFO] [stderr]   cargo:rerun-if-env-changed=CC_x86_64_unknown_linux_gnu
[INFO] [stderr]   CC_x86_64_unknown_linux_gnu = None
[INFO] [stderr]   cargo:rerun-if-env-changed=HOST_CC
[INFO] [stderr]   HOST_CC = None
[INFO] [stderr]   cargo:rerun-if-env-changed=CC
[INFO] [stderr]   CC = None
[INFO] [stderr]   cargo:rerun-if-env-changed=CRATE_CC_NO_DEFAULTS
[INFO] [stderr]   CRATE_CC_NO_DEFAULTS = None
[INFO] [stderr]   cargo:rerun-if-env-changed=CFLAGS
[INFO] [stderr]   CFLAGS = None
[INFO] [stderr]   cargo:rerun-if-env-changed=HOST_CFLAGS
[INFO] [stderr]   HOST_CFLAGS = None
[INFO] [stderr]   cargo:rerun-if-env-changed=CFLAGS_x86_64_unknown_linux_gnu
[INFO] [stderr]   CFLAGS_x86_64_unknown_linux_gnu = None
[INFO] [stderr]   cargo:rerun-if-env-changed=CFLAGS_x86_64-unknown-linux-gnu
[INFO] [stderr]   CFLAGS_x86_64-unknown-linux-gnu = None
[INFO] [stderr]   cargo:rerun-if-env-changed=CC_x86_64-unknown-linux-gnu
[INFO] [stderr]   CC_x86_64-unknown-linux-gnu = None
[INFO] [stderr]   cargo:rerun-if-env-changed=CC_x86_64_unknown_linux_gnu
[INFO] [stderr]   CC_x86_64_unknown_linux_gnu = None
[INFO] [stderr]   cargo:rerun-if-env-changed=HOST_CC
[INFO] [stderr]   HOST_CC = None
[INFO] [stderr]   cargo:rerun-if-env-changed=CC
[INFO] [stderr]   CC = None
[INFO] [stderr]   cargo:rerun-if-env-changed=CRATE_CC_NO_DEFAULTS
[INFO] [stderr]   CRATE_CC_NO_DEFAULTS = None
[INFO] [stderr]   cargo:rerun-if-env-changed=CFLAGS
[INFO] [stderr]   CFLAGS = None
[INFO] [stderr]   cargo:rerun-if-env-changed=HOST_CFLAGS
[INFO] [stderr]   HOST_CFLAGS = None
[INFO] [stderr]   cargo:rerun-if-env-changed=CFLAGS_x86_64_unknown_linux_gnu
[INFO] [stderr]   CFLAGS_x86_64_unknown_linux_gnu = None
[INFO] [stderr]   cargo:rerun-if-env-changed=CFLAGS_x86_64-unknown-linux-gnu
[INFO] [stderr]   CFLAGS_x86_64-unknown-linux-gnu = None
[INFO] [stderr]   cargo:warning=cc: fatal error: Killed signal terminated program cc1
[INFO] [stderr]   cargo:warning=compilation terminated.
[INFO] [stderr] 
[INFO] [stderr]   exit status: 1
[INFO] [stderr]   cargo:warning=ToolExecError: command did not execute successfully (status code exit status: 1): LC_ALL="C" "cc" "-O3" "-ffunction-sections" "-fdata-sections" "-fPIC" "-m64" "-std=c99" "-I" "include" "-w" "-pedantic" "-Wno-psabi" "-fno-tree-vectorize" "-fno-tree-slp-vectorize" "-march=x86-64" "-DNK_NATIVE_F16=0" "-DNK_NATIVE_BF16=0" "-DNK_DYNAMIC_DISPATCH=1" "-DNK_IS_64BIT_X86=1" "-DNK_IS_64BIT_ARM=0" "-DNK_IS_64BIT_RISCV=0" "-DNK_IS_64BIT_LOONGARCH=0" "-DNK_IS_64BIT_POWER=0" "-DNK_TARGET_HASWELL=1" "-DNK_TARGET_SKYLAKE=1" "-DNK_TARGET_ICELAKE=1" "-DNK_TARGET_GENOA=1" "-DNK_TARGET_SAPPHIRE=1" "-DNK_TARGET_SAPPHIREAMX=1" "-DNK_TARGET_GRANITEAMX=1" "-DNK_TARGET_DIAMOND=0" "-DNK_TARGET_TURIN=1" "-DNK_TARGET_ALDER=1" "-DNK_TARGET_SIERRA=1" "-o" "/opt/rustwide/target/debug/build/numkong/73b4573fae1f0c75/out/a1edd97dd51cd48d-dispatch_f16.o" "-c" "c/dispatch_f16.c"cargo:rerun-if-env-changed=CC_x86_64-unknown-linux-gnu
[INFO] [stderr]   CC_x86_64-unknown-linux-gnu = None
[INFO] [stderr]   cargo:rerun-if-env-changed=CC_x86_64_unknown_linux_gnu
[INFO] [stderr]   CC_x86_64_unknown_linux_gnu = None
[INFO] [stderr]   cargo:rerun-if-env-changed=HOST_CC
[INFO] [stderr]   HOST_CC = None
[INFO] [stderr]   cargo:rerun-if-env-changed=CC
[INFO] [stderr]   CC = None
[INFO] [stderr]   cargo:rerun-if-env-changed=CRATE_CC_NO_DEFAULTS
[INFO] [stderr]   CRATE_CC_NO_DEFAULTS = None
[INFO] [stderr]   cargo:rerun-if-env-changed=CFLAGS
[INFO] [stderr]   CFLAGS = None
[INFO] [stderr]   cargo:rerun-if-env-changed=HOST_CFLAGS
[INFO] [stderr]   HOST_CFLAGS = None
[INFO] [stderr]   cargo:rerun-if-env-changed=CFLAGS_x86_64_unknown_linux_gnu
[INFO] [stderr]   CFLAGS_x86_64_unknown_linux_gnu = None
[INFO] [stderr]   cargo:rerun-if-env-changed=CFLAGS_x86_64-unknown-linux-gnu
[INFO] [stderr]   CFLAGS_x86_64-unknown-linux-gnu = None
[INFO] [stderr]   cargo:warning=cc: fatal error: Killed signal terminated program cc1
[INFO] [stderr]   cargo:warning=compilation terminated.
[INFO] [stderr] 
[INFO] [stderr]   exit status: 1
[INFO] [stderr]   cargo:warning=ToolExecError: command did not execute successfully (status code exit status: 1): LC_ALL="C" "cc" "-O3" "-ffunction-sections" "-fdata-sections" "-fPIC" "-m64" "-std=c99" "-I" "include" "-w" "-pedantic" "-Wno-psabi" "-fno-tree-vectorize" "-fno-tree-slp-vectorize" "-march=x86-64" "-DNK_NATIVE_F16=0" "-DNK_NATIVE_BF16=0" "-DNK_DYNAMIC_DISPATCH=1" "-DNK_IS_64BIT_X86=1" "-DNK_IS_64BIT_ARM=0" "-DNK_IS_64BIT_RISCV=0" "-DNK_IS_64BIT_LOONGARCH=0" "-DNK_IS_64BIT_POWER=0" "-DNK_TARGET_HASWELL=1" "-DNK_TARGET_SKYLAKE=1" "-DNK_TARGET_ICELAKE=1" "-DNK_TARGET_GENOA=1" "-DNK_TARGET_SAPPHIRE=1" "-DNK_TARGET_SAPPHIREAMX=1" "-DNK_TARGET_GRANITEAMX=1" "-DNK_TARGET_DIAMOND=0" "-DNK_TARGET_TURIN=1" "-DNK_TARGET_ALDER=1" "-DNK_TARGET_SIERRA=1" "-o" "/opt/rustwide/target/debug/build/numkong/73b4573fae1f0c75/out/a1edd97dd51cd48d-dispatch_e3m2.o" "-c" "c/dispatch_e3m2.c"cargo:warning=cc: fatal error: Killed signal terminated program cc1
[INFO] [stderr]   cargo:warning=compilation terminated.
[INFO] [stderr] 
[INFO] [stderr]   exit status: 1
[INFO] [stderr]   cargo:warning=ToolExecError: command did not execute successfully (status code exit status: 1): LC_ALL="C" "cc" "-O3" "-ffunction-sections" "-fdata-sections" "-fPIC" "-m64" "-std=c99" "-I" "include" "-w" "-pedantic" "-Wno-psabi" "-fno-tree-vectorize" "-fno-tree-slp-vectorize" "-march=x86-64" "-DNK_NATIVE_F16=0" "-DNK_NATIVE_BF16=0" "-DNK_DYNAMIC_DISPATCH=1" "-DNK_IS_64BIT_X86=1" "-DNK_IS_64BIT_ARM=0" "-DNK_IS_64BIT_RISCV=0" "-DNK_IS_64BIT_LOONGARCH=0" "-DNK_IS_64BIT_POWER=0" "-DNK_TARGET_HASWELL=1" "-DNK_TARGET_SKYLAKE=1" "-DNK_TARGET_ICELAKE=1" "-DNK_TARGET_GENOA=1" "-DNK_TARGET_SAPPHIRE=1" "-DNK_TARGET_SAPPHIREAMX=1" "-DNK_TARGET_GRANITEAMX=1" "-DNK_TARGET_DIAMOND=0" "-DNK_TARGET_TURIN=1" "-DNK_TARGET_ALDER=1" "-DNK_TARGET_SIERRA=1" "-o" "/opt/rustwide/target/debug/build/numkong/73b4573fae1f0c75/out/a1edd97dd51cd48d-dispatch_e2m3.o" "-c" "c/dispatch_e2m3.c"cargo:rerun-if-env-changed=CC_x86_64-unknown-linux-gnu
[INFO] [stderr]   CC_x86_64-unknown-linux-gnu = None
[INFO] [stderr]   cargo:rerun-if-env-changed=CC_x86_64_unknown_linux_gnu
[INFO] [stderr]   CC_x86_64_unknown_linux_gnu = None
[INFO] [stderr]   cargo:rerun-if-env-changed=HOST_CC
[INFO] [stderr]   HOST_CC = None
[INFO] [stderr]   cargo:rerun-if-env-changed=CC
[INFO] [stderr]   CC = None
[INFO] [stderr]   cargo:rerun-if-env-changed=CRATE_CC_NO_DEFAULTS
[INFO] [stderr]   CRATE_CC_NO_DEFAULTS = None
[INFO] [stderr]   cargo:rerun-if-env-changed=CFLAGS
[INFO] [stderr]   CFLAGS = None
[INFO] [stderr]   cargo:rerun-if-env-changed=HOST_CFLAGS
[INFO] [stderr]   HOST_CFLAGS = None
[INFO] [stderr]   cargo:rerun-if-env-changed=CFLAGS_x86_64_unknown_linux_gnu
[INFO] [stderr]   CFLAGS_x86_64_unknown_linux_gnu = None
[INFO] [stderr]   cargo:rerun-if-env-changed=CFLAGS_x86_64-unknown-linux-gnu
[INFO] [stderr]   CFLAGS_x86_64-unknown-linux-gnu = None
[INFO] [stderr]   cargo:rerun-if-env-changed=CC_x86_64-unknown-linux-gnu
[INFO] [stderr]   CC_x86_64-unknown-linux-gnu = None
[INFO] [stderr]   cargo:rerun-if-env-changed=CC_x86_64_unknown_linux_gnu
[INFO] [stderr]   CC_x86_64_unknown_linux_gnu = None
[INFO] [stderr]   cargo:rerun-if-env-changed=HOST_CC
[INFO] [stderr]   HOST_CC = None
[INFO] [stderr]   cargo:rerun-if-env-changed=CC
[INFO] [stderr]   CC = None
[INFO] [stderr]   cargo:rerun-if-env-changed=CRATE_CC_NO_DEFAULTS
[INFO] [stderr]   CRATE_CC_NO_DEFAULTS = None
[INFO] [stderr]   cargo:rerun-if-env-changed=CFLAGS
[INFO] [stderr]   CFLAGS = None
[INFO] [stderr]   cargo:rerun-if-env-changed=HOST_CFLAGS
[INFO] [stderr]   HOST_CFLAGS = None
[INFO] [stderr]   cargo:rerun-if-env-changed=CFLAGS_x86_64_unknown_linux_gnu
[INFO] [stderr]   CFLAGS_x86_64_unknown_linux_gnu = None
[INFO] [stderr]   cargo:rerun-if-env-changed=CFLAGS_x86_64-unknown-linux-gnu
[INFO] [stderr]   CFLAGS_x86_64-unknown-linux-gnu = None
[INFO] [stderr]   cargo:rerun-if-env-changed=CC_x86_64-unknown-linux-gnu
[INFO] [stderr]   CC_x86_64-unknown-linux-gnu = None
[INFO] [stderr]   cargo:rerun-if-env-changed=CC_x86_64_unknown_linux_gnu
[INFO] [stderr]   CC_x86_64_unknown_linux_gnu = None
[INFO] [stderr]   cargo:rerun-if-env-changed=HOST_CC
[INFO] [stderr]   HOST_CC = None
[INFO] [stderr]   cargo:rerun-if-env-changed=CC
[INFO] [stderr]   CC = None
[INFO] [stderr]   cargo:rerun-if-env-changed=CRATE_CC_NO_DEFAULTS
[INFO] [stderr]   CRATE_CC_NO_DEFAULTS = None
[INFO] [stderr]   cargo:rerun-if-env-changed=CFLAGS
[INFO] [stderr]   CFLAGS = None
[INFO] [stderr]   cargo:rerun-if-env-changed=HOST_CFLAGS
[INFO] [stderr]   HOST_CFLAGS = None
[INFO] [stderr]   cargo:rerun-if-env-changed=CFLAGS_x86_64_unknown_linux_gnu
[INFO] [stderr]   CFLAGS_x86_64_unknown_linux_gnu = None
[INFO] [stderr]   cargo:rerun-if-env-changed=CFLAGS_x86_64-unknown-linux-gnu
[INFO] [stderr]   CFLAGS_x86_64-unknown-linux-gnu = None
[INFO] [stderr]   cargo:rerun-if-env-changed=CC_x86_64-unknown-linux-gnu
[INFO] [stderr]   CC_x86_64-unknown-linux-gnu = None
[INFO] [stderr]   cargo:rerun-if-env-changed=CC_x86_64_unknown_linux_gnu
[INFO] [stderr]   CC_x86_64_unknown_linux_gnu = None
[INFO] [stderr]   cargo:rerun-if-env-changed=HOST_CC
[INFO] [stderr]   HOST_CC = None
[INFO] [stderr]   cargo:rerun-if-env-changed=CC
[INFO] [stderr]   CC = None
[INFO] [stderr]   cargo:rerun-if-env-changed=CRATE_CC_NO_DEFAULTS
[INFO] [stderr]   CRATE_CC_NO_DEFAULTS = None
[INFO] [stderr]   cargo:rerun-if-env-changed=CFLAGS
[INFO] [stderr]   CFLAGS = None
[INFO] [stderr]   cargo:rerun-if-env-changed=HOST_CFLAGS
[INFO] [stderr]   HOST_CFLAGS = None
[INFO] [stderr]   cargo:rerun-if-env-changed=CFLAGS_x86_64_unknown_linux_gnu
[INFO] [stderr]   CFLAGS_x86_64_unknown_linux_gnu = None
[INFO] [stderr]   cargo:rerun-if-env-changed=CFLAGS_x86_64-unknown-linux-gnu
[INFO] [stderr]   CFLAGS_x86_64-unknown-linux-gnu = None
[INFO] [stderr]   cargo:rerun-if-env-changed=CC_x86_64-unknown-linux-gnu
[INFO] [stderr]   CC_x86_64-unknown-linux-gnu = None
[INFO] [stderr]   cargo:rerun-if-env-changed=CC_x86_64_unknown_linux_gnu
[INFO] [stderr]   CC_x86_64_unknown_linux_gnu = None
[INFO] [stderr]   cargo:rerun-if-env-changed=HOST_CC
[INFO] [stderr]   HOST_CC = None
[INFO] [stderr]   cargo:rerun-if-env-changed=CC
[INFO] [stderr]   CC = None
[INFO] [stderr]   cargo:rerun-if-env-changed=CRATE_CC_NO_DEFAULTS
[INFO] [stderr]   CRATE_CC_NO_DEFAULTS = None
[INFO] [stderr]   cargo:rerun-if-env-changed=CFLAGS
[INFO] [stderr]   CFLAGS = None
[INFO] [stderr]   cargo:rerun-if-env-changed=HOST_CFLAGS
[INFO] [stderr]   HOST_CFLAGS = None
[INFO] [stderr]   cargo:rerun-if-env-changed=CFLAGS_x86_64_unknown_linux_gnu
[INFO] [stderr]   CFLAGS_x86_64_unknown_linux_gnu = None
[INFO] [stderr]   cargo:rerun-if-env-changed=CFLAGS_x86_64-unknown-linux-gnu
[INFO] [stderr]   CFLAGS_x86_64-unknown-linux-gnu = None
[INFO] [stderr]   cargo:rerun-if-env-changed=CC_x86_64-unknown-linux-gnu
[INFO] [stderr]   CC_x86_64-unknown-linux-gnu = None
[INFO] [stderr]   cargo:rerun-if-env-changed=CC_x86_64_unknown_linux_gnu
[INFO] [stderr]   CC_x86_64_unknown_linux_gnu = None
[INFO] [stderr]   cargo:rerun-if-env-changed=HOST_CC
[INFO] [stderr]   HOST_CC = None
[INFO] [stderr]   cargo:rerun-if-env-changed=CC
[INFO] [stderr]   CC = None
[INFO] [stderr]   cargo:rerun-if-env-changed=CRATE_CC_NO_DEFAULTS
[INFO] [stderr]   CRATE_CC_NO_DEFAULTS = None
[INFO] [stderr]   cargo:rerun-if-env-changed=CFLAGS
[INFO] [stderr]   CFLAGS = None
[INFO] [stderr]   cargo:rerun-if-env-changed=HOST_CFLAGS
[INFO] [stderr]   HOST_CFLAGS = None
[INFO] [stderr]   cargo:rerun-if-env-changed=CFLAGS_x86_64_unknown_linux_gnu
[INFO] [stderr]   CFLAGS_x86_64_unknown_linux_gnu = None
[INFO] [stderr]   cargo:rerun-if-env-changed=CFLAGS_x86_64-unknown-linux-gnu
[INFO] [stderr]   CFLAGS_x86_64-unknown-linux-gnu = None
[INFO] [stderr]   cargo:warning=cc: fatal error: Killed signal terminated program cc1
[INFO] [stderr]   cargo:warning=compilation terminated.
[INFO] [stderr] 
[INFO] [stderr]   exit status: 0
[INFO] [stderr]   exit status: 0
[INFO] [stderr]   exit status: 0
[INFO] [stderr]   exit status: 0
[INFO] [stderr]   exit status: 0
[INFO] [stderr]   exit status: 0
[INFO] [stderr]   exit status: 1
[INFO] [stderr]   cargo:warning=ToolExecError: command did not execute successfully (status code exit status: 1): LC_ALL="C" "cc" "-O3" "-ffunction-sections" "-fdata-sections" "-fPIC" "-m64" "-std=c99" "-I" "include" "-w" "-pedantic" "-Wno-psabi" "-fno-tree-vectorize" "-fno-tree-slp-vectorize" "-march=x86-64" "-DNK_NATIVE_F16=0" "-DNK_NATIVE_BF16=0" "-DNK_DYNAMIC_DISPATCH=1" "-DNK_IS_64BIT_X86=1" "-DNK_IS_64BIT_ARM=0" "-DNK_IS_64BIT_RISCV=0" "-DNK_IS_64BIT_LOONGARCH=0" "-DNK_IS_64BIT_POWER=0" "-DNK_TARGET_HASWELL=1" "-DNK_TARGET_SKYLAKE=1" "-DNK_TARGET_ICELAKE=1" "-DNK_TARGET_GENOA=1" "-DNK_TARGET_SAPPHIRE=1" "-DNK_TARGET_SAPPHIREAMX=1" "-DNK_TARGET_GRANITEAMX=1" "-DNK_TARGET_DIAMOND=0" "-DNK_TARGET_TURIN=1" "-DNK_TARGET_ALDER=1" "-DNK_TARGET_SIERRA=1" "-o" "/opt/rustwide/target/debug/build/numkong/73b4573fae1f0c75/out/a1edd97dd51cd48d-dispatch_e4m3.o" "-c" "c/dispatch_e4m3.c"cargo:warning=cc: fatal error: Killed signal terminated program cc1
[INFO] [stderr]   cargo:warning=compilation terminated.
[INFO] [stderr] 
[INFO] [stderr]   exit status: 1
[INFO] [stderr]   cargo:warning=ToolExecError: command did not execute successfully (status code exit status: 1): LC_ALL="C" "cc" "-O3" "-ffunction-sections" "-fdata-sections" "-fPIC" "-m64" "-std=c99" "-I" "include" "-w" "-pedantic" "-Wno-psabi" "-fno-tree-vectorize" "-fno-tree-slp-vectorize" "-march=x86-64" "-DNK_NATIVE_F16=0" "-DNK_NATIVE_BF16=0" "-DNK_DYNAMIC_DISPATCH=1" "-DNK_IS_64BIT_X86=1" "-DNK_IS_64BIT_ARM=0" "-DNK_IS_64BIT_RISCV=0" "-DNK_IS_64BIT_LOONGARCH=0" "-DNK_IS_64BIT_POWER=0" "-DNK_TARGET_HASWELL=1" "-DNK_TARGET_SKYLAKE=1" "-DNK_TARGET_ICELAKE=1" "-DNK_TARGET_GENOA=1" "-DNK_TARGET_SAPPHIRE=1" "-DNK_TARGET_SAPPHIREAMX=1" "-DNK_TARGET_GRANITEAMX=1" "-DNK_TARGET_DIAMOND=0" "-DNK_TARGET_TURIN=1" "-DNK_TARGET_ALDER=1" "-DNK_TARGET_SIERRA=1" "-o" "/opt/rustwide/target/debug/build/numkong/73b4573fae1f0c75/out/a1edd97dd51cd48d-dispatch_i4.o" "-c" "c/dispatch_i4.c"
[INFO] [stderr]   exit status: 0
[INFO] [stderr]   exit status: 0
[INFO] [stderr]   exit status: 0
[INFO] [stderr]   exit status: 0
[INFO] [stderr]   exit status: 0
[INFO] [stderr] 
[INFO] [stderr]   --- stderr
[INFO] [stderr] 
[INFO] [stderr] 
[INFO] [stderr]   error occurred in cc-rs: command did not execute successfully (status code exit status: 1): LC_ALL="C" "cc" "-O3" "-ffunction-sections" "-fdata-sections" "-fPIC" "-m64" "-std=c99" "-I" "include" "-w" "-pedantic" "-Wno-psabi" "-fno-tree-vectorize" "-fno-tree-slp-vectorize" "-march=x86-64" "-DNK_NATIVE_F16=0" "-DNK_NATIVE_BF16=0" "-DNK_DYNAMIC_DISPATCH=1" "-DNK_IS_64BIT_X86=1" "-DNK_IS_64BIT_ARM=0" "-DNK_IS_64BIT_RISCV=0" "-DNK_IS_64BIT_LOONGARCH=0" "-DNK_IS_64BIT_POWER=0" "-DNK_TARGET_HASWELL=1" "-DNK_TARGET_SKYLAKE=1" "-DNK_TARGET_ICELAKE=1" "-DNK_TARGET_GENOA=1" "-DNK_TARGET_SAPPHIRE=1" "-DNK_TARGET_SAPPHIREAMX=1" "-DNK_TARGET_GRANITEAMX=1" "-DNK_TARGET_DIAMOND=0" "-DNK_TARGET_TURIN=1" "-DNK_TARGET_ALDER=1" "-DNK_TARGET_SIERRA=1" "-o" "/opt/rustwide/target/debug/build/numkong/73b4573fae1f0c75/out/a1edd97dd51cd48d-dispatch_i4.o" "-c" "c/dispatch_i4.c"
[INFO] [stderr] 
[INFO] [stderr] 
[INFO] running `Command { std: "docker" "inspect" "5aea3f50a4ebda65995fdc3f41aa03fe004ca309722fb81231fa4ba7847e7831", kill_on_drop: false }`
[INFO] running `Command { std: "docker" "rm" "-f" "5aea3f50a4ebda65995fdc3f41aa03fe004ca309722fb81231fa4ba7847e7831", kill_on_drop: false }`
[INFO] [stdout] 5aea3f50a4ebda65995fdc3f41aa03fe004ca309722fb81231fa4ba7847e7831
