[INFO] cloning repository https://github.com/ArmyRusterMaster/cabask
[INFO] running `Command { std: "git" "-c" "credential.helper=" "-c" "credential.helper=/workspace/cargo-home/bin/git-credential-null" "clone" "--bare" "https://github.com/ArmyRusterMaster/cabask" "/workspace/cache/git-repos/https%3A%2F%2Fgithub.com%2FArmyRusterMaster%2Fcabask", kill_on_drop: false }`
[INFO] [stderr] Cloning into bare repository '/workspace/cache/git-repos/https%3A%2F%2Fgithub.com%2FArmyRusterMaster%2Fcabask'...
[INFO] running `Command { std: "git" "rev-parse" "HEAD", kill_on_drop: false }`
[INFO] [stdout] 460b1e210ca123b28ba8fc4cc853a40db6751191
[INFO] checking ArmyRusterMaster/cabask against 3154cc1a3e6424e44f438a95007d043ed5ceaaf6+rustflags=-Znext-solver=coherence for pr-133502-30
[INFO] running `Command { std: "git" "clone" "/workspace/cache/git-repos/https%3A%2F%2Fgithub.com%2FArmyRusterMaster%2Fcabask" "/workspace/builds/worker-5-tc1/source", kill_on_drop: false }`
[INFO] [stderr] Cloning into '/workspace/builds/worker-5-tc1/source'...
[INFO] [stderr] done.
[INFO] removed /workspace/builds/worker-5-tc1/source/.cargo/config.toml
[INFO] started tweaking git repo https://github.com/ArmyRusterMaster/cabask
[INFO] finished tweaking git repo https://github.com/ArmyRusterMaster/cabask
[INFO] tweaked toml for git repo https://github.com/ArmyRusterMaster/cabask written to /workspace/builds/worker-5-tc1/source/Cargo.toml
[INFO] validating manifest of git repo https://github.com/ArmyRusterMaster/cabask on toolchain 3154cc1a3e6424e44f438a95007d043ed5ceaaf6
[INFO] running `Command { std: CARGO_HOME="/workspace/cargo-home" RUSTUP_HOME="/workspace/rustup-home" "/workspace/cargo-home/bin/cargo" "+3154cc1a3e6424e44f438a95007d043ed5ceaaf6" "metadata" "--manifest-path" "Cargo.toml" "--no-deps", kill_on_drop: false }`
[INFO] crate git repo https://github.com/ArmyRusterMaster/cabask already has a lockfile, it will not be regenerated
[INFO] running `Command { std: CARGO_HOME="/workspace/cargo-home" RUSTUP_HOME="/workspace/rustup-home" "/workspace/cargo-home/bin/cargo" "+3154cc1a3e6424e44f438a95007d043ed5ceaaf6" "fetch" "--manifest-path" "Cargo.toml", kill_on_drop: false }`
[INFO] [stderr]     Updating crates.io index
[INFO] [stderr]     Blocking waiting for file lock on package cache
[INFO] [stderr]     Blocking waiting for file lock on package cache
[INFO] [stderr]  Downloading crates ...
[INFO] [stderr]   Downloaded num_threads v0.1.7
[INFO] [stderr]   Downloaded simple_logger v5.2.0
[INFO] [stderr]   Downloaded compression-codecs v0.4.39
[INFO] [stderr]   Downloaded async-compression v0.4.44
[INFO] running `Command { std: "docker" "create" "-v" "/var/lib/crater-agent-workspace/builds/worker-5-tc1/source:/opt/rustwide/workdir:ro,Z" "-v" "/var/lib/crater-agent-workspace/builds/worker-5-tc1/target:/opt/rustwide/target:rw,Z" "-v" "/var/lib/crater-agent-workspace/cargo-home:/opt/rustwide/cargo-home:ro,Z" "-v" "/var/lib/crater-agent-workspace/rustup-home:/opt/rustwide/rustup-home:ro,Z" "-m" "1610612736" "--network" "none" "ghcr.io/rust-lang/crates-build-env/linux@sha256:77db811e55d90add9212f6832c23229e3de5f1c1f9905e8cb07319ea15df73ac" "sleep" "infinity", kill_on_drop: false }`
[INFO] [stdout] 04065814b273ffeaca4d0e7de922d3b37363381b370a193a476203ff7db67314
[INFO] running `Command { std: "docker" "start" "04065814b273ffeaca4d0e7de922d3b37363381b370a193a476203ff7db67314", kill_on_drop: false }`
[INFO] running `Command { std: "docker" "inspect" "04065814b273ffeaca4d0e7de922d3b37363381b370a193a476203ff7db67314", kill_on_drop: false }`
[INFO] running `Command { std: "docker" "exec" "-e" "SOURCE_DIR=/opt/rustwide/workdir" "-e" "CARGO_HOME=/opt/rustwide/cargo-home" "-e" "RUSTUP_HOME=/opt/rustwide/rustup-home" "-e" "CARGO_TARGET_DIR=/opt/rustwide/target" "-w" "/opt/rustwide/workdir" "--user" "0:0" "04065814b273ffeaca4d0e7de922d3b37363381b370a193a476203ff7db67314" "/opt/rustwide/cargo-home/bin/cargo" "+3154cc1a3e6424e44f438a95007d043ed5ceaaf6" "metadata" "--no-deps" "--format-version=1", kill_on_drop: false }`
[INFO] running `Command { std: "docker" "inspect" "04065814b273ffeaca4d0e7de922d3b37363381b370a193a476203ff7db67314", kill_on_drop: false }`
[INFO] running `Command { std: "docker" "exec" "-e" "SOURCE_DIR=/opt/rustwide/workdir" "-e" "CARGO_HOME=/opt/rustwide/cargo-home" "-e" "RUSTUP_HOME=/opt/rustwide/rustup-home" "-e" "CARGO_TARGET_DIR=/opt/rustwide/target" "-e" "CARGO_INCREMENTAL=0" "-e" "RUST_BACKTRACE=full" "-e" "RUSTFLAGS=--cap-lints=forbid -Znext-solver=coherence" "-e" "RUSTDOCFLAGS=--cap-lints=forbid" "-w" "/opt/rustwide/workdir" "--user" "0:0" "04065814b273ffeaca4d0e7de922d3b37363381b370a193a476203ff7db67314" "/opt/rustwide/cargo-home/bin/cargo" "+3154cc1a3e6424e44f438a95007d043ed5ceaaf6" "check" "--frozen" "--all" "--all-targets" "--message-format=json", kill_on_drop: false }`
[INFO] [stderr]    Compiling proc-macro2 v1.0.107
[INFO] [stderr]    Compiling quote v1.0.47
[INFO] [stderr]     Checking memchr v2.8.3
[INFO] [stderr]    Compiling libc v0.2.189
[INFO] [stderr]     Checking futures-core v0.3.34
[INFO] [stderr]    Compiling serde_core v1.0.229
[INFO] [stderr]     Checking futures-sink v0.3.34
[INFO] [stderr]    Compiling semver v1.0.28
[INFO] [stderr]     Checking unicode-ident v1.0.24
[INFO] [stderr]     Checking futures-channel v0.3.34
[INFO] [stderr]    Compiling thiserror v2.0.20
[INFO] [stderr]     Checking futures-io v0.3.34
[INFO] [stderr]    Compiling rustc_version v0.4.1
[INFO] [stderr]     Checking slab v0.4.12
[INFO] [stderr]     Checking bytes v1.12.1
[INFO] [stderr]     Checking futures-task v0.3.34
[INFO] [stderr]    Compiling wasm-bindgen-shared v0.2.128
[INFO] [stderr]     Checking smallvec v1.16.0
[INFO] [stderr]    Compiling rustversion v1.0.23
[INFO] [stderr]    Compiling serde v1.0.229
[INFO] [stderr]    Compiling bumpalo v3.20.3
[INFO] [stderr]    Compiling parking_lot_core v0.9.12
[INFO] [stderr]     Checking lock_api v0.4.14
[INFO] [stderr]     Checking http v1.5.0
[INFO] [stderr]     Checking log v0.4.34
[INFO] [stderr]    Compiling unicode-segmentation v1.13.3
[INFO] [stderr]    Compiling syn v3.0.5
[INFO] [stderr]    Compiling syn v2.0.119
[INFO] [stderr]    Compiling proc-macro-error-attr2 v2.0.0
[INFO] [stderr]    Compiling wasm-bindgen v0.2.128
[INFO] [stderr]    Compiling zmij v1.0.23
[INFO] [stderr]    Compiling zerocopy v0.8.56
[INFO] [stderr]    Compiling convert_case v0.11.0
[INFO] [stderr]    Compiling serde_json v1.0.151
[INFO] [stderr]     Checking errno v0.3.14
[INFO] [stderr]     Checking signal-hook-registry v1.4.8
[INFO] [stderr]     Checking mio v1.2.3
[INFO] [stderr]     Checking parking_lot v0.12.5
[INFO] [stderr]     Checking socket2 v0.6.5
[INFO] [stderr]     Checking typenum v1.20.1
[INFO] [stderr]    Compiling getrandom v0.3.4
[INFO] [stderr]     Checking litemap v0.8.3
[INFO] [stderr]     Checking writeable v0.6.4
[INFO] [stderr]     Checking http-body v1.1.0
[INFO] [stderr]    Compiling proc-macro2-diagnostics v0.10.1
[INFO] [stderr]    Compiling icu_properties_data v2.3.0
[INFO] [stderr]     Checking parking v2.2.1
[INFO] [stderr]    Compiling icu_normalizer_data v2.3.0
[INFO] [stderr]     Checking or_poisoned v0.1.0
[INFO] [stderr]    Compiling unicode-xid v0.2.6
[INFO] [stderr]     Checking event-listener v5.4.2
[INFO] [stderr]    Compiling const_format_proc_macros v0.2.34
[INFO] [stderr]     Checking generic-array v0.14.7
[INFO] [stderr]    Compiling proc-macro-utils v0.10.0
[INFO] [stderr]     Checking rand_core v0.9.5
[INFO] [stderr]     Checking tracing-core v0.1.36
[INFO] [stderr]    Compiling slotmap v1.1.1
[INFO] [stderr]     Checking throw_error v0.3.1
[INFO] [stderr]     Checking crypto-common v0.1.7
[INFO] [stderr]     Checking block-buffer v0.10.4
[INFO] [stderr]    Compiling konst_macro_rules v0.2.19
[INFO] [stderr]     Checking hashbrown v0.17.1
[INFO] [stderr]     Checking digest v0.10.7
[INFO] [stderr]    Compiling konst v0.2.20
[INFO] [stderr]     Checking tracing v0.1.44
[INFO] [stderr]     Checking event-listener-strategy v0.5.4
[INFO] [stderr]    Compiling reactive_graph v0.2.14
[INFO] [stderr]    Compiling server_fn_macro v0.8.10
[INFO] [stderr]     Checking send_wrapper v0.6.0
[INFO] [stderr]    Compiling camino v1.2.5
[INFO] [stderr]    Compiling cfg-if v1.0.4
[INFO] [stderr]    Compiling getrandom v0.4.3
[INFO] [stderr]    Compiling anyhow v1.0.104
[INFO] [stderr]     Checking sha1 v0.10.7
[INFO] [stderr]     Checking async-lock v3.4.2
[INFO] [stderr]    Compiling const_format v0.2.36
[INFO] [stderr]     Checking indexmap v2.14.2
[INFO] [stderr]     Checking http-body-util v0.1.5
[INFO] [stderr]    Compiling multer v3.1.0
[INFO] [stderr]     Checking data-encoding v2.11.1
[INFO] [stderr]     Checking rustc-hash v2.1.3
[INFO] [stderr]     Checking sync_wrapper v1.0.2
[INFO] [stderr]    Compiling xxhash-rust v0.8.18
[INFO] [stderr]    Compiling thiserror v1.0.69
[INFO] [stderr]     Checking either v1.18.0
[INFO] [stderr]     Checking guardian v1.3.0
[INFO] [stderr]     Checking itertools v0.14.0
[INFO] [stderr]    Compiling manyhow-macros v0.11.4
[INFO] [stderr]    Compiling tachys v0.2.18
[INFO] [stderr]     Checking encoding_rs v0.8.35
[INFO] [stderr]     Checking spin v0.9.9
[INFO] [stderr]     Checking winnow v1.0.4
[INFO] [stderr]    Compiling yansi v1.0.1
[INFO] [stderr]    Compiling prettyplease v0.2.37
[INFO] [stderr]    Compiling synstructure v0.13.2
[INFO] [stderr]    Compiling wasm-bindgen-macro-support v0.2.128
[INFO] [stderr]    Compiling proc-macro-error2 v2.0.1
[INFO] [stderr]     Checking toml_parser v1.1.3+spec-1.1.0
[INFO] [stderr]    Compiling manyhow v0.11.4
[INFO] [stderr]     Checking axum-core v0.5.6
[INFO] [stderr]     Checking either_of v0.1.9
[INFO] [stderr]     Checking ppv-lite86 v0.2.21
[INFO] [stderr]     Checking rand_chacha v0.9.0
[INFO] [stderr]     Checking rand v0.9.5
[INFO] [stderr]    Compiling futures-macro v0.3.34
[INFO] [stderr]    Compiling thiserror-impl v2.0.20
[INFO] [stderr]    Compiling serde_derive v1.0.229
[INFO] [stderr]     Checking futures-util v0.3.34
[INFO] [stderr]    Compiling zerofrom-derive v0.1.7
[INFO] [stderr]    Compiling tokio-macros v2.7.2
[INFO] [stderr]    Compiling yoke-derive v0.8.2
[INFO] [stderr]     Checking zerofrom v0.1.8
[INFO] [stderr]    Compiling zerovec-derive v0.11.6
[INFO] [stderr]     Checking tokio v1.53.1
[INFO] [stderr]    Compiling displaydoc v0.2.7
[INFO] [stderr]    Compiling derive-where v1.6.1
[INFO] [stderr]     Checking yoke v0.8.3
[INFO] [stderr]    Compiling syn_derive v0.2.0
[INFO] [stderr]     Checking zerotrie v0.2.5
[INFO] [stderr]     Checking zerovec v0.11.8
[INFO] [stderr]     Checking tungstenite v0.29.0
[INFO] [stderr]    Compiling pin-project-internal v1.1.13
[INFO] [stderr]    Compiling thiserror-impl v1.0.69
[INFO] [stderr]     Checking tinystr v0.8.4
[INFO] [stderr]     Checking futures-executor v0.3.34
[INFO] [stderr]     Checking icu_locale_core v2.3.0
[INFO] [stderr]     Checking potential_utf v0.1.6
[INFO] [stderr]     Checking icu_collections v2.3.0
[INFO] [stderr]     Checking futures v0.3.34
[INFO] [stderr]    Compiling quote-use-macros v0.8.4
[INFO] [stderr]    Compiling reactive_stores_macro v0.4.3
[INFO] [stderr]    Compiling quote-use v0.8.4
[INFO] [stderr]     Checking pin-project v1.1.13
[INFO] [stderr]    Compiling async-trait v0.1.92
[INFO] [stderr]     Checking serde_path_to_error v0.1.20
[INFO] [stderr]     Checking icu_provider v2.3.1
[INFO] [stderr]     Checking serde_urlencoded v0.7.1
[INFO] [stderr]     Checking oco_ref v0.2.1
[INFO] [stderr]     Checking toml_datetime v1.1.1+spec-1.1.0
[INFO] [stderr]     Checking serde_spanned v1.1.1
[INFO] [stderr]    Compiling wasm-bindgen-macro v0.2.128
[INFO] [stderr]    Compiling server_fn v0.8.13
[INFO] [stderr]     Checking aho-corasick v1.1.5
[INFO] [stderr]     Checking regex-syntax v0.8.11
[INFO] [stderr]    Compiling same-file v1.0.6
[INFO] [stderr]     Checking erased v0.1.2
[INFO] [stderr]     Checking icu_normalizer v2.3.0
[INFO] [stderr]     Checking icu_properties v2.3.0
[INFO] [stderr]    Compiling equivalent v1.0.2
[INFO] [stderr]     Checking matchit v0.8.4
[INFO] [stderr]     Checking const_str_slice_concat v0.1.0
[INFO] [stderr]     Checking drain_filter_polyfill v0.1.3
[INFO] [stderr]     Checking next_tuple v0.1.0
[INFO] [stderr]    Compiling cpufeatures v0.2.17
[INFO] [stderr]    Compiling interpolator v0.5.0
[INFO] [stderr]    Compiling collection_literals v1.0.3
[INFO] [stderr]     Checking html-escape v0.2.15
[INFO] [stderr]    Compiling attribute-derive-macro v0.10.5
[INFO] [stderr]     Checking convert_case v0.6.0
[INFO] [stderr]    Compiling sha2 v0.10.9
[INFO] [stderr]     Checking idna_adapter v1.2.2
[INFO] [stderr]     Checking idna v1.1.0
[INFO] [stderr]     Checking js-sys v0.3.105
[INFO] [stderr]    Compiling walkdir v2.5.0
[INFO] [stderr]     Checking url v2.5.8
[INFO] [stderr]     Checking toml v1.1.5+spec-1.1.0
[INFO] [stderr]     Checking serde_qs v0.15.0
[INFO] [stderr]     Checking regex-automata v0.4.18
[INFO] [stderr]    Compiling rstml v0.12.1
[INFO] [stderr]     Checking hyper v1.11.1
[INFO] [stderr]     Checking tokio-tungstenite v0.29.0
[INFO] [stderr]     Checking tower v0.5.3
[INFO] [stderr]    Compiling typed-builder-macro v0.23.2
[INFO] [stderr]    Compiling server_fn_macro_default v0.8.5
[INFO] [stderr]    Compiling leptos_macro v0.8.17
[INFO] [stderr]     Checking hyper-util v0.1.20
[INFO] [stderr]     Checking inventory v0.3.24
[INFO] [stderr]    Compiling base16 v0.2.1
[INFO] [stderr]     Checking const-str v1.1.0
[INFO] [stderr]    Compiling crc32fast v1.5.1
[INFO] [stderr]     Checking axum v0.8.9
[INFO] [stderr]     Checking pathdiff v0.2.3
[INFO] [stderr]    Compiling leptos_hot_reload v0.8.6
[INFO] [stderr]     Checking config v0.15.25
[INFO] [stderr]    Compiling wasm_split_macros v0.2.2
[INFO] [stderr]    Compiling uuid v1.26.0
[INFO] [stderr]    Compiling attribute-derive v0.10.5
[INFO] [stderr]     Checking typed-builder v0.23.2
[INFO] [stderr]     Checking codee v0.3.5
[INFO] [stderr]     Checking regex v1.13.1
[INFO] [stderr]    Compiling convert_case_extras v0.2.0
[INFO] [stderr]    Compiling leptos v0.8.20
[INFO] [stderr]     Checking adler2 v2.0.1
[INFO] [stderr]     Checking simd-adler32 v0.3.10
[INFO] [stderr]     Checking async-once-cell v0.5.4
[INFO] [stderr]     Checking wasm_split_helpers v0.2.3
[INFO] [stderr]     Checking leptos_config v0.8.10
[INFO] [stderr]     Checking miniz_oxide v0.9.1
[INFO] [stderr]    Compiling leptos_router v0.8.15
[INFO] [stderr]     Checking compression-core v0.4.33
[INFO] [stderr]    Compiling leptos_router_macro v0.8.6
[INFO] [stderr]     Checking flate2 v1.1.10
[INFO] [stderr]     Checking tokio-util v0.7.19
[INFO] [stderr]     Checking http-range-header v0.4.2
[INFO] [stderr]     Checking bitflags v2.13.1
[INFO] [stderr]    Compiling num-conv v0.2.2
[INFO] [stderr]    Compiling time-core v0.1.9
[INFO] [stderr]     Checking console_error_panic_hook v0.1.7
[INFO] [stderr]     Checking shared v0.1.0 (/opt/rustwide/workdir/shared)
[INFO] [stderr]     Checking compression-codecs v0.4.39
[INFO] [stderr]    Compiling time-macros v0.2.32
[INFO] [stderr]     Checking async-compression v0.4.44
[INFO] [stderr]     Checking deranged v0.5.8
[INFO] [stderr]     Checking num_threads v0.1.7
[INFO] [stderr]     Checking colored v3.1.1
[INFO] [stderr]     Checking tower-http v0.6.11
[INFO] [stderr]     Checking time v0.3.55
[INFO] [stderr]     Checking simple_logger v5.2.0
[INFO] [stderr]     Checking wasm-bindgen-futures v0.4.78
[INFO] [stderr]     Checking web-sys v0.3.105
[INFO] [stderr]     Checking hydration_context v0.3.1
[INFO] [stderr]     Checking any_spawner v0.3.0
[INFO] [stderr]     Checking reactive_stores v0.4.3
[INFO] [stderr]     Checking gloo-utils v0.2.0
[INFO] [stderr]     Checking wasm-streams v0.5.0
[INFO] [stderr]     Checking console_log v1.1.0
[INFO] [stderr]     Checking gloo-net v0.6.0
[INFO] [stderr]     Checking leptos_server v0.8.7
[INFO] [stderr]     Checking leptos_dom v0.8.8
[INFO] [stderr]     Checking leptos_meta v0.8.6
[INFO] [stderr]     Checking leptos_integration_utils v0.8.8
[INFO] [stderr]     Checking leptos_axum v0.8.10
[INFO] [stderr]     Checking frontend v0.1.0 (/opt/rustwide/workdir/frontend)
[INFO] [stdout] error[E0425]: cannot find function `extract` in this scope
[INFO] [stdout]    --> frontend/src/app/server_fns.rs:112:36
[INFO] [stdout]     |
[INFO] [stdout] 112 |     let headers: http::HeaderMap = extract().ok()?;
[INFO] [stdout]     |                                    ^^^^^^^ not found in this scope
[INFO] [stdout]     |
[INFO] [stdout] help: consider importing this function
[INFO] [stdout]     |
[INFO] [stdout]   7 + use leptos_axum::extract;
[INFO] [stdout]     |
[INFO] [stdout] 
[INFO] [stdout] 
[INFO] [stdout] error[E0425]: cannot find function `extract` in this scope
[INFO] [stdout]    --> frontend/src/app/server_fns.rs:112:36
[INFO] [stdout]     |
[INFO] [stdout] 112 |     let headers: http::HeaderMap = extract().ok()?;
[INFO] [stdout]     |                                    ^^^^^^^ not found in this scope
[INFO] [stdout]     |
[INFO] [stdout] help: consider importing this function
[INFO] [stdout]     |
[INFO] [stdout]   7 + use leptos_axum::extract;
[INFO] [stdout]     |
[INFO] [stdout] 
[INFO] [stdout] 
[INFO] [stdout] error[E0609]: no field `email` on type `std::option::Option<UserInfo>`
[INFO] [stdout]   --> frontend/src/app/pages/dashboard.rs:62:51
[INFO] [stdout]    |
[INFO] [stdout] 62 |         user.get().and_then(|r| r.ok()).map(|u| u.email).unwrap_or_default()
[INFO] [stdout]    |                                                   ^^^^^ unknown field
[INFO] [stdout]    |
[INFO] [stdout] help: one of the expressions' fields has a field of the same name
[INFO] [stdout]    |
[INFO] [stdout] 62 |         user.get().and_then(|r| r.ok()).map(|u| u.unwrap().email).unwrap_or_default()
[INFO] [stdout]    |                                                   +++++++++
[INFO] [stdout] 
[INFO] [stdout] 
[INFO] [stdout] error[E0308]: mismatched types
[INFO] [stdout]    --> frontend/src/app/pages/dashboard.rs:113:70
[INFO] [stdout]     |
[INFO] [stdout] 113 |   ...                   on_status_change=move |status: TaskStatus| {
[INFO] [stdout]     |  ________________________________________^
[INFO] [stdout] 114 | | ...                       leptos::task::spawn_local(async move {
[INFO] [stdout] 115 | | ...                           let _ =
[INFO] [stdout] 116 | | ...                               update_task_status(task.id.clone(), status).await;
[INFO] [stdout] 117 | | ...                           tasks.refetch();
[INFO] [stdout] 118 | | ...                       });
[INFO] [stdout] 119 | | ...                   }
[INFO] [stdout]     | |_______________________^ expected `Callback<TaskStatus>`, found closure
[INFO] [stdout]     |
[INFO] [stdout]     = note: expected struct `leptos::prelude::Callback<TaskStatus>`
[INFO] [stdout]               found closure `{closure@frontend/src/app/pages/dashboard.rs:113:70: 113:95}`
[INFO] [stdout] 
[INFO] [stdout] 
[INFO] [stdout] error[E0308]: mismatched types
[INFO] [stdout]    --> frontend/src/app/pages/dashboard.rs:120:63
[INFO] [stdout]     |
[INFO] [stdout] 120 |   ...                   on_delete=move || {
[INFO] [stdout]     |  _________________________________^
[INFO] [stdout] 121 | | ...                       leptos::task::spawn_local(async move {
[INFO] [stdout] 122 | | ...                           let _ = delete_task(task.id.clone()).await;
[INFO] [stdout] 123 | | ...                           tasks.refetch();
[INFO] [stdout] 124 | | ...                       });
[INFO] [stdout] 125 | | ...                   }
[INFO] [stdout]     | |_______________________^ expected `Callback<()>`, found closure
[INFO] [stdout]     |
[INFO] [stdout]     = note: expected struct `leptos::prelude::Callback<()>`
[INFO] [stdout]               found closure `{closure@frontend/src/app/pages/dashboard.rs:120:63: 120:70}`
[INFO] [stdout] 
[INFO] [stdout] 
[INFO] [stdout] error[E0609]: no field `email` on type `std::option::Option<UserInfo>`
[INFO] [stdout]   --> frontend/src/app/pages/dashboard.rs:62:51
[INFO] [stdout]    |
[INFO] [stdout] 62 |         user.get().and_then(|r| r.ok()).map(|u| u.email).unwrap_or_default()
[INFO] [stdout]    |                                                   ^^^^^ unknown field
[INFO] [stdout]    |
[INFO] [stdout] help: one of the expressions' fields has a field of the same name
[INFO] [stdout]    |
[INFO] [stdout] 62 |         user.get().and_then(|r| r.ok()).map(|u| u.unwrap().email).unwrap_or_default()
[INFO] [stdout]    |                                                   +++++++++
[INFO] [stdout] 
[INFO] [stdout] 
[INFO] [stdout] error[E0308]: mismatched types
[INFO] [stdout]   --> frontend/src/app/server_fns.rs:45:49
[INFO] [stdout]    |
[INFO] [stdout] 45 |     let (token, user) = crate::app::auth::login(&store, &payload).map_err(from_app)?;
[INFO] [stdout]    |                         ----------------------- ^^^^^^ expected `Arc<Store>`, found `&Arc<Store>`
[INFO] [stdout]    |                         |
[INFO] [stdout]    |                         arguments to this function are incorrect
[INFO] [stdout]    |
[INFO] [stdout]    = note: expected struct `Arc<_>`
[INFO] [stdout]            found reference `&Arc<_>`
[INFO] [stdout] note: function defined here
[INFO] [stdout]   --> frontend/src/app/auth.rs:63:8
[INFO] [stdout]    |
[INFO] [stdout] 63 | pub fn login(store: Arc<Store>, payload: &AuthPayload) -> AppResult<(String, UserInfo)> {
[INFO] [stdout]    |        ^^^^^ -----------------
[INFO] [stdout] help: consider removing the borrow
[INFO] [stdout]    |
[INFO] [stdout] 45 -     let (token, user) = crate::app::auth::login(&store, &payload).map_err(from_app)?;
[INFO] [stdout] 45 +     let (token, user) = crate::app::auth::login(store, &payload).map_err(from_app)?;
[INFO] [stdout]    |
[INFO] [stdout] 
[INFO] [stdout] 
[INFO] [stdout] error[E0308]: mismatched types
[INFO] [stdout]    --> frontend/src/app/pages/dashboard.rs:113:70
[INFO] [stdout]     |
[INFO] [stdout] 113 |   ...                   on_status_change=move |status: TaskStatus| {
[INFO] [stdout]     |  ________________________________________^
[INFO] [stdout] 114 | | ...                       leptos::task::spawn_local(async move {
[INFO] [stdout] 115 | | ...                           let _ =
[INFO] [stdout] 116 | | ...                               update_task_status(task.id.clone(), status).await;
[INFO] [stdout] 117 | | ...                           tasks.refetch();
[INFO] [stdout] 118 | | ...                       });
[INFO] [stdout] 119 | | ...                   }
[INFO] [stdout]     | |_______________________^ expected `Callback<TaskStatus>`, found closure
[INFO] [stdout]     |
[INFO] [stdout]     = note: expected struct `leptos::prelude::Callback<TaskStatus>`
[INFO] [stdout]               found closure `{closure@frontend/src/app/pages/dashboard.rs:113:70: 113:95}`
[INFO] [stdout] 
[INFO] [stdout] 
[INFO] [stdout] error[E0308]: mismatched types
[INFO] [stdout]    --> frontend/src/app/pages/dashboard.rs:120:63
[INFO] [stdout]     |
[INFO] [stdout] 120 |   ...                   on_delete=move || {
[INFO] [stdout]     |  _________________________________^
[INFO] [stdout] 121 | | ...                       leptos::task::spawn_local(async move {
[INFO] [stdout] 122 | | ...                           let _ = delete_task(task.id.clone()).await;
[INFO] [stdout] 123 | | ...                           tasks.refetch();
[INFO] [stdout] 124 | | ...                       });
[INFO] [stdout] 125 | | ...                   }
[INFO] [stdout]     | |_______________________^ expected `Callback<()>`, found closure
[INFO] [stdout]     |
[INFO] [stdout]     = note: expected struct `leptos::prelude::Callback<()>`
[INFO] [stdout]               found closure `{closure@frontend/src/app/pages/dashboard.rs:120:63: 120:70}`
[INFO] [stdout] 
[INFO] [stdout] 
[INFO] [stdout] error[E0308]: mismatched types
[INFO] [stdout]   --> frontend/src/app/server_fns.rs:45:49
[INFO] [stdout]    |
[INFO] [stdout] 45 |     let (token, user) = crate::app::auth::login(&store, &payload).map_err(from_app)?;
[INFO] [stdout]    |                         ----------------------- ^^^^^^ expected `Arc<Store>`, found `&Arc<Store>`
[INFO] [stdout]    |                         |
[INFO] [stdout]    |                         arguments to this function are incorrect
[INFO] [stdout]    |
[INFO] [stdout]    = note: expected struct `Arc<_>`
[INFO] [stdout]            found reference `&Arc<_>`
[INFO] [stdout] note: function defined here
[INFO] [stdout]   --> frontend/src/app/auth.rs:63:8
[INFO] [stdout]    |
[INFO] [stdout] 63 | pub fn login(store: Arc<Store>, payload: &AuthPayload) -> AppResult<(String, UserInfo)> {
[INFO] [stdout]    |        ^^^^^ -----------------
[INFO] [stdout] help: consider removing the borrow
[INFO] [stdout]    |
[INFO] [stdout] 45 -     let (token, user) = crate::app::auth::login(&store, &payload).map_err(from_app)?;
[INFO] [stdout] 45 +     let (token, user) = crate::app::auth::login(store, &payload).map_err(from_app)?;
[INFO] [stdout]    |
[INFO] [stdout] 
[INFO] [stdout] 
[INFO] [stdout] error[E0308]: mismatched types
[INFO] [stdout]   --> frontend/src/app/server_fns.rs:36:52
[INFO] [stdout]    |
[INFO] [stdout] 36 |     let (token, user) = crate::app::auth::register(&store, &payload).map_err(from_app)?;
[INFO] [stdout]    |                         -------------------------- ^^^^^^ expected `Arc<Store>`, found `&Arc<Store>`
[INFO] [stdout]    |                         |
[INFO] [stdout]    |                         arguments to this function are incorrect
[INFO] [stdout]    |
[INFO] [stdout]    = note: expected struct `Arc<_>`
[INFO] [stdout]            found reference `&Arc<_>`
[INFO] [stdout] note: function defined here
[INFO] [stdout]   --> frontend/src/app/auth.rs:34:8
[INFO] [stdout]    |
[INFO] [stdout] 34 | pub fn register(store: Arc<Store>, payload: &AuthPayload) -> AppResult<(String, UserInfo)> {
[INFO] [stdout]    |        ^^^^^^^^ -----------------
[INFO] [stdout] help: consider removing the borrow
[INFO] [stdout]    |
[INFO] [stdout] 36 -     let (token, user) = crate::app::auth::register(&store, &payload).map_err(from_app)?;
[INFO] [stdout] 36 +     let (token, user) = crate::app::auth::register(store, &payload).map_err(from_app)?;
[INFO] [stdout]    |
[INFO] [stdout] 
[INFO] [stdout] 
[INFO] [stdout] error[E0308]: mismatched types
[INFO] [stdout]   --> frontend/src/app/server_fns.rs:36:52
[INFO] [stdout]    |
[INFO] [stdout] 36 |     let (token, user) = crate::app::auth::register(&store, &payload).map_err(from_app)?;
[INFO] [stdout]    |                         -------------------------- ^^^^^^ expected `Arc<Store>`, found `&Arc<Store>`
[INFO] [stdout]    |                         |
[INFO] [stdout]    |                         arguments to this function are incorrect
[INFO] [stdout]    |
[INFO] [stdout]    = note: expected struct `Arc<_>`
[INFO] [stdout]            found reference `&Arc<_>`
[INFO] [stdout] note: function defined here
[INFO] [stdout]   --> frontend/src/app/auth.rs:34:8
[INFO] [stdout]    |
[INFO] [stdout] 34 | pub fn register(store: Arc<Store>, payload: &AuthPayload) -> AppResult<(String, UserInfo)> {
[INFO] [stdout]    |        ^^^^^^^^ -----------------
[INFO] [stdout] help: consider removing the borrow
[INFO] [stdout]    |
[INFO] [stdout] 36 -     let (token, user) = crate::app::auth::register(&store, &payload).map_err(from_app)?;
[INFO] [stdout] 36 +     let (token, user) = crate::app::auth::register(store, &payload).map_err(from_app)?;
[INFO] [stdout]    |
[INFO] [stdout] 
[INFO] [stdout] 
[INFO] [stdout] error[E0282]: type annotations needed
[INFO] [stdout]    --> frontend/src/app/server_fns.rs:133:57
[INFO] [stdout]     |
[INFO] [stdout] 133 |         http::HeaderValue::from_str(&value).map_err(|e| ServerFnError::ServerError(e.to_string()))?;
[INFO] [stdout]     |                                                         ^^^^^^^^^^^^^^^^^^^^^^^^^^ cannot infer type of the type parameter `E` declared on the enum `ServerFnError`
[INFO] [stdout]     |
[INFO] [stdout] help: consider specifying a concrete type for the type parameter `E`
[INFO] [stdout]     |
[INFO] [stdout] 133 |         http::HeaderValue::from_str(&value).map_err(|e| ServerFnError::</* Type */>::ServerError(e.to_string()))?;
[INFO] [stdout]     |                                                                      ++++++++++++++
[INFO] [stdout] 
[INFO] [stdout] 
[INFO] [stdout] error[E0282]: type annotations needed
[INFO] [stdout]    --> frontend/src/app/server_fns.rs:144:57
[INFO] [stdout]     |
[INFO] [stdout] 144 |         http::HeaderValue::from_str(&value).map_err(|e| ServerFnError::ServerError(e.to_string()))?;
[INFO] [stdout]     |                                                         ^^^^^^^^^^^^^^^^^^^^^^^^^^ cannot infer type of the type parameter `E` declared on the enum `ServerFnError`
[INFO] [stdout]     |
[INFO] [stdout] help: consider specifying a concrete type for the type parameter `E`
[INFO] [stdout]     |
[INFO] [stdout] 144 |         http::HeaderValue::from_str(&value).map_err(|e| ServerFnError::</* Type */>::ServerError(e.to_string()))?;
[INFO] [stdout]     |                                                                      ++++++++++++++
[INFO] [stdout] 
[INFO] [stdout] 
[INFO] [stdout] Some errors have detailed explanations: E0282, E0308, E0425, E0609.
[INFO] [stdout] 
[INFO] [stdout] For more information about an error, try `rustc --explain E0282`.
[INFO] [stdout] 
[INFO] [stdout] error[E0282]: type annotations needed
[INFO] [stdout]    --> frontend/src/app/server_fns.rs:133:57
[INFO] [stdout]     |
[INFO] [stdout] 133 |         http::HeaderValue::from_str(&value).map_err(|e| ServerFnError::ServerError(e.to_string()))?;
[INFO] [stdout]     |                                                         ^^^^^^^^^^^^^^^^^^^^^^^^^^ cannot infer type of the type parameter `E` declared on the enum `ServerFnError`
[INFO] [stdout]     |
[INFO] [stdout] help: consider specifying a concrete type for the type parameter `E`
[INFO] [stdout]     |
[INFO] [stdout] 133 |         http::HeaderValue::from_str(&value).map_err(|e| ServerFnError::</* Type */>::ServerError(e.to_string()))?;
[INFO] [stdout]     |                                                                      ++++++++++++++
[INFO] [stdout] 
[INFO] [stdout] 
[INFO] [stdout] error[E0282]: type annotations needed
[INFO] [stdout]    --> frontend/src/app/server_fns.rs:144:57
[INFO] [stdout]     |
[INFO] [stdout] 144 |         http::HeaderValue::from_str(&value).map_err(|e| ServerFnError::ServerError(e.to_string()))?;
[INFO] [stdout]     |                                                         ^^^^^^^^^^^^^^^^^^^^^^^^^^ cannot infer type of the type parameter `E` declared on the enum `ServerFnError`
[INFO] [stdout]     |
[INFO] [stdout] help: consider specifying a concrete type for the type parameter `E`
[INFO] [stdout]     |
[INFO] [stdout] 144 |         http::HeaderValue::from_str(&value).map_err(|e| ServerFnError::</* Type */>::ServerError(e.to_string()))?;
[INFO] [stdout]     |                                                                      ++++++++++++++
[INFO] [stdout] 
[INFO] [stdout] 
[INFO] [stderr] error: could not compile `frontend` (lib) due to 8 previous errors
[INFO] [stderr] warning: build failed, waiting for other jobs to finish...
[INFO] [stdout] Some errors have detailed explanations: E0282, E0308, E0425, E0609.
[INFO] [stdout] 
[INFO] [stdout] For more information about an error, try `rustc --explain E0282`.
[INFO] [stdout] 
[INFO] [stderr] error: could not compile `frontend` (lib test) due to 8 previous errors
[INFO] [stderr] warning: unused dependency `console_error_panic_hook`
[INFO] [stderr]   --> frontend/Cargo.toml:17:1
[INFO] [stderr]    |
[INFO] [stderr] 17 | console_error_panic_hook.workspace = true
[INFO] [stderr]    | ^^^^^^^^^^^^^^^^^^^^^^^^
[INFO] [stderr]    |
[INFO] [stderr]    = note: `cargo::unused_dependencies` is set to `warn` by default
[INFO] [stderr] help: consider removing the dependency on `console_error_panic_hook`
[INFO] [stderr] warning: unused dependency `console_log`
[INFO] [stderr]   --> frontend/Cargo.toml:18:1
[INFO] [stderr]    |
[INFO] [stderr] 18 | console_log.workspace = true
[INFO] [stderr]    | ^^^^^^^^^^^
[INFO] [stderr]    |
[INFO] [stderr] help: consider removing the dependency on `console_log`
[INFO] [stderr] warning: `frontend` (manifest) generated 2 warnings
[INFO] [stderr] warning: unused dependency `serde_json`
[INFO] [stderr]  --> shared/Cargo.toml:8:1
[INFO] [stderr]   |
[INFO] [stderr] 8 | serde_json.workspace = true
[INFO] [stderr]   | ^^^^^^^^^^
[INFO] [stderr]   |
[INFO] [stderr]   = note: `cargo::unused_dependencies` is set to `warn` by default
[INFO] [stderr] help: consider removing the dependency on `serde_json`
[INFO] [stderr] warning: `shared` (manifest) generated 1 warning
[INFO] running `Command { std: "docker" "inspect" "04065814b273ffeaca4d0e7de922d3b37363381b370a193a476203ff7db67314", kill_on_drop: false }`
[INFO] running `Command { std: "docker" "rm" "-f" "04065814b273ffeaca4d0e7de922d3b37363381b370a193a476203ff7db67314", kill_on_drop: false }`
[INFO] [stdout] 04065814b273ffeaca4d0e7de922d3b37363381b370a193a476203ff7db67314
