[INFO] cloning repository https://github.com/Arielpoghon/zkverify-rs
[INFO] running `Command { std: "git" "-c" "credential.helper=" "-c" "credential.helper=/workspace/cargo-home/bin/git-credential-null" "clone" "--bare" "https://github.com/Arielpoghon/zkverify-rs" "/workspace/cache/git-repos/https%3A%2F%2Fgithub.com%2FArielpoghon%2Fzkverify-rs", kill_on_drop: false }`
[INFO] [stderr] Cloning into bare repository '/workspace/cache/git-repos/https%3A%2F%2Fgithub.com%2FArielpoghon%2Fzkverify-rs'...
[INFO] running `Command { std: "git" "rev-parse" "HEAD", kill_on_drop: false }`
[INFO] [stdout] 1a2c645045b42258309e4080082185d6ced1c1aa
[INFO] checking Arielpoghon/zkverify-rs against 3154cc1a3e6424e44f438a95007d043ed5ceaaf6+rustflags=-Znext-solver=coherence for pr-133502-30
[INFO] running `Command { std: "git" "clone" "/workspace/cache/git-repos/https%3A%2F%2Fgithub.com%2FArielpoghon%2Fzkverify-rs" "/workspace/builds/worker-2-tc1/source", kill_on_drop: false }`
[INFO] [stderr] Cloning into '/workspace/builds/worker-2-tc1/source'...
[INFO] [stderr] done.
[INFO] removed /workspace/builds/worker-2-tc1/source/.cargo/config.toml
[INFO] removed /workspace/builds/worker-2-tc1/source/rust-toolchain.toml
[INFO] started tweaking git repo https://github.com/Arielpoghon/zkverify-rs
[INFO] finished tweaking git repo https://github.com/Arielpoghon/zkverify-rs
[INFO] tweaked toml for git repo https://github.com/Arielpoghon/zkverify-rs written to /workspace/builds/worker-2-tc1/source/Cargo.toml
[INFO] validating manifest of git repo https://github.com/Arielpoghon/zkverify-rs on toolchain 3154cc1a3e6424e44f438a95007d043ed5ceaaf6
[INFO] running `Command { std: CARGO_HOME="/workspace/cargo-home" RUSTUP_HOME="/workspace/rustup-home" "/workspace/cargo-home/bin/cargo" "+3154cc1a3e6424e44f438a95007d043ed5ceaaf6" "metadata" "--manifest-path" "Cargo.toml" "--no-deps", kill_on_drop: false }`
[INFO] crate git repo https://github.com/Arielpoghon/zkverify-rs already has a lockfile, it will not be regenerated
[INFO] running `Command { std: CARGO_HOME="/workspace/cargo-home" RUSTUP_HOME="/workspace/rustup-home" "/workspace/cargo-home/bin/cargo" "+3154cc1a3e6424e44f438a95007d043ed5ceaaf6" "fetch" "--manifest-path" "Cargo.toml", kill_on_drop: false }`
[INFO] [stderr]     Blocking waiting for file lock on package cache
[INFO] [stderr]     Updating crates.io index
[INFO] [stderr]     Blocking waiting for file lock on package cache
[INFO] [stderr]      Locking 38 packages to highest compatible versions
[INFO] [stderr]       Adding aho-corasick v1.1.5
[INFO] [stderr]       Adding anes v0.1.6
[INFO] [stderr]       Adding bumpalo v3.20.3
[INFO] [stderr]       Adding cast v0.3.0
[INFO] [stderr]       Adding ciborium v0.2.2
[INFO] [stderr]       Adding ciborium-io v0.2.2
[INFO] [stderr]       Adding ciborium-ll v0.2.2
[INFO] [stderr]       Adding criterion v0.5.1 (available: v0.8.2)
[INFO] [stderr]       Adding criterion-plot v0.5.0
[INFO] [stderr]       Adding crunchy v0.2.4
[INFO] [stderr]       Adding futures-core v0.3.34
[INFO] [stderr]       Adding futures-task v0.3.34
[INFO] [stderr]       Adding futures-util v0.3.34
[INFO] [stderr]       Adding half v2.7.1
[INFO] [stderr]       Adding hermit-abi v0.5.3
[INFO] [stderr]       Adding is-terminal v0.4.17
[INFO] [stderr]       Adding js-sys v0.3.106
[INFO] [stderr]       Adding oorandom v11.1.5
[INFO] [stderr]       Adding plotters v0.3.7
[INFO] [stderr]       Adding plotters-backend v0.3.7
[INFO] [stderr]       Adding plotters-svg v0.3.7
[INFO] [stderr]       Adding regex v1.13.1
[INFO] [stderr]       Adding regex-automata v0.4.18
[INFO] [stderr]       Adding regex-syntax v0.8.11
[INFO] [stderr]       Adding rustversion v1.0.23
[INFO] [stderr]       Adding same-file v1.0.6
[INFO] [stderr]       Adding slab v0.4.12
[INFO] [stderr]       Adding syn v3.0.7
[INFO] [stderr]       Adding thiserror v1.0.69 (available: v2.0.21)
[INFO] [stderr]       Adding thiserror-impl v1.0.69
[INFO] [stderr]       Adding tinytemplate v1.2.1
[INFO] [stderr]       Adding walkdir v2.5.0
[INFO] [stderr]       Adding wasm-bindgen v0.2.129
[INFO] [stderr]       Adding wasm-bindgen-macro v0.2.129
[INFO] [stderr]       Adding wasm-bindgen-macro-support v0.2.129
[INFO] [stderr]       Adding wasm-bindgen-shared v0.2.129
[INFO] [stderr]       Adding web-sys v0.3.106
[INFO] [stderr]       Adding winapi-util v0.1.11
[INFO] [stderr]     Blocking waiting for file lock on package cache
[INFO] [stderr]  Downloading crates ...
[INFO] [stderr]   Downloaded ark-groth16 v0.4.0
[INFO] [stderr]   Downloaded ark-snark v0.4.0
[INFO] [stderr]   Downloaded criterion-plot v0.5.0
[INFO] [stderr]   Downloaded ark-relations v0.4.0
[INFO] [stderr]   Downloaded criterion v0.5.1
[INFO] [stderr]   Downloaded ark-crypto-primitives v0.4.0
[INFO] running `Command { std: "docker" "create" "-v" "/var/lib/crater-agent-workspace/builds/worker-2-tc1/source:/opt/rustwide/workdir:ro,Z" "-v" "/var/lib/crater-agent-workspace/builds/worker-2-tc1/target:/opt/rustwide/target:rw,Z" "-v" "/var/lib/crater-agent-workspace/cargo-home:/opt/rustwide/cargo-home:ro,Z" "-v" "/var/lib/crater-agent-workspace/rustup-home:/opt/rustwide/rustup-home:ro,Z" "-m" "1610612736" "--network" "none" "ghcr.io/rust-lang/crates-build-env/linux@sha256:77db811e55d90add9212f6832c23229e3de5f1c1f9905e8cb07319ea15df73ac" "sleep" "infinity", kill_on_drop: false }`
[INFO] [stdout] cfb1724f3a9eb8a16c1e0acb738453b7e2c645e58ccef1db3fba4cc2f24ed377
[INFO] running `Command { std: "docker" "start" "cfb1724f3a9eb8a16c1e0acb738453b7e2c645e58ccef1db3fba4cc2f24ed377", kill_on_drop: false }`
[INFO] running `Command { std: "docker" "inspect" "cfb1724f3a9eb8a16c1e0acb738453b7e2c645e58ccef1db3fba4cc2f24ed377", kill_on_drop: false }`
[INFO] running `Command { std: "docker" "exec" "-e" "SOURCE_DIR=/opt/rustwide/workdir" "-e" "CARGO_HOME=/opt/rustwide/cargo-home" "-e" "RUSTUP_HOME=/opt/rustwide/rustup-home" "-e" "CARGO_TARGET_DIR=/opt/rustwide/target" "-w" "/opt/rustwide/workdir" "--user" "0:0" "cfb1724f3a9eb8a16c1e0acb738453b7e2c645e58ccef1db3fba4cc2f24ed377" "/opt/rustwide/cargo-home/bin/cargo" "+3154cc1a3e6424e44f438a95007d043ed5ceaaf6" "metadata" "--no-deps" "--format-version=1", kill_on_drop: false }`
[INFO] running `Command { std: "docker" "inspect" "cfb1724f3a9eb8a16c1e0acb738453b7e2c645e58ccef1db3fba4cc2f24ed377", kill_on_drop: false }`
[INFO] running `Command { std: "docker" "exec" "-e" "SOURCE_DIR=/opt/rustwide/workdir" "-e" "CARGO_HOME=/opt/rustwide/cargo-home" "-e" "RUSTUP_HOME=/opt/rustwide/rustup-home" "-e" "CARGO_TARGET_DIR=/opt/rustwide/target" "-e" "CARGO_INCREMENTAL=0" "-e" "RUST_BACKTRACE=full" "-e" "RUSTFLAGS=--cap-lints=forbid -Znext-solver=coherence" "-e" "RUSTDOCFLAGS=--cap-lints=forbid" "-w" "/opt/rustwide/workdir" "--user" "0:0" "cfb1724f3a9eb8a16c1e0acb738453b7e2c645e58ccef1db3fba4cc2f24ed377" "/opt/rustwide/cargo-home/bin/cargo" "+3154cc1a3e6424e44f438a95007d043ed5ceaaf6" "check" "--frozen" "--all" "--all-targets" "--message-format=json", kill_on_drop: false }`
[INFO] [stderr]    Compiling quote v1.0.46
[INFO] [stderr]    Compiling zerocopy v0.8.52
[INFO] [stderr]    Compiling libc v0.2.186
[INFO] [stderr]    Compiling proc-macro2 v1.0.106
[INFO] [stderr]    Compiling syn v1.0.109
[INFO] [stderr]    Compiling crossbeam-utils v0.8.21
[INFO] [stderr]     Checking generic-array v0.14.7
[INFO] [stderr]     Checking either v1.16.0
[INFO] [stderr]    Compiling num-traits v0.2.19
[INFO] [stderr]     Checking itertools v0.10.5
[INFO] [stderr]     Checking num-integer v0.1.46
[INFO] [stderr]    Compiling serde_core v1.0.228
[INFO] [stderr]     Checking crossbeam-epoch v0.9.18
[INFO] [stderr]    Compiling syn v2.0.118
[INFO] [stderr]     Checking crossbeam-deque v0.8.6
[INFO] [stderr]     Checking crypto-common v0.1.7
[INFO] [stderr]     Checking block-buffer v0.10.4
[INFO] [stderr]     Checking rayon-core v1.13.0
[INFO] [stderr]     Checking digest v0.10.7
[INFO] [stderr]     Checking num-bigint v0.4.6
[INFO] [stderr]     Checking rayon v1.12.0
[INFO] [stderr]     Checking getrandom v0.2.17
[INFO] [stderr]     Checking rand_core v0.6.4
[INFO] [stderr]    Compiling zmij v1.0.21
[INFO] [stderr]     Checking anstyle-parse v1.0.0
[INFO] [stderr]     Checking tracing v0.1.44
[INFO] [stderr]    Compiling serde v1.0.228
[INFO] [stderr]     Checking tracing-subscriber v0.2.25
[INFO] [stderr]    Compiling serde_json v1.0.150
[INFO] [stderr]     Checking anstyle-query v1.1.5
[INFO] [stderr]     Checking colorchoice v1.0.5
[INFO] [stderr]     Checking is_terminal_polyfill v1.70.2
[INFO] [stderr]     Checking anstyle v1.0.14
[INFO] [stderr]     Checking anstream v1.0.0
[INFO] [stderr]     Checking memchr v2.8.2
[INFO] [stderr]     Checking clap_lex v1.1.0
[INFO] [stderr]     Checking sha2 v0.10.9
[INFO] [stderr]     Checking clap_builder v4.6.0
[INFO] [stderr]     Checking blake2 v0.10.6
[INFO] [stderr]     Checking ciborium-io v0.2.2
[INFO] [stderr]     Checking plotters-backend v0.3.7
[INFO] [stderr]     Checking regex-syntax v0.8.11
[INFO] [stderr]     Checking cast v0.3.0
[INFO] [stderr]     Checking plotters-svg v0.3.7
[INFO] [stderr]     Checking same-file v1.0.6
[INFO] [stderr]     Checking plotters v0.3.7
[INFO] [stderr]     Checking walkdir v2.5.0
[INFO] [stderr]     Checking criterion-plot v0.5.0
[INFO] [stderr]     Checking is-terminal v0.4.17
[INFO] [stderr]     Checking oorandom v11.1.5
[INFO] [stderr]     Checking anes v0.1.6
[INFO] [stderr]     Checking regex-automata v0.4.18
[INFO] [stderr]     Checking regex v1.13.1
[INFO] [stderr]    Compiling ark-serialize-derive v0.4.2
[INFO] [stderr]    Compiling ark-ff-macros v0.4.2
[INFO] [stderr]    Compiling derivative v2.2.0
[INFO] [stderr]    Compiling ark-ff-asm v0.4.2
[INFO] [stderr]    Compiling zerocopy-derive v0.8.52
[INFO] [stderr]    Compiling zeroize_derive v1.5.0
[INFO] [stderr]    Compiling serde_derive v1.0.228
[INFO] [stderr]    Compiling clap_derive v4.6.1
[INFO] [stderr]    Compiling thiserror-impl v1.0.69
[INFO] [stderr]     Checking zeroize v1.9.0
[INFO] [stderr]     Checking thiserror v1.0.69
[INFO] [stderr]     Checking clap v4.6.1
[INFO] [stderr]     Checking tinytemplate v1.2.1
[INFO] [stderr]     Checking ppv-lite86 v0.2.21
[INFO] [stderr]     Checking ahash v0.8.12
[INFO] [stderr]     Checking half v2.7.1
[INFO] [stderr]     Checking hashbrown v0.13.2
[INFO] [stderr]     Checking ciborium-ll v0.2.2
[INFO] [stderr]     Checking rand_chacha v0.3.1
[INFO] [stderr]     Checking ciborium v0.2.2
[INFO] [stderr]     Checking rand v0.8.6
[INFO] [stderr]     Checking criterion v0.5.1
[INFO] [stderr]     Checking ark-std v0.4.0
[INFO] [stderr]     Checking ark-serialize v0.4.2
[INFO] [stderr]     Checking ark-ff v0.4.2
[INFO] [stderr]     Checking ark-poly v0.4.2
[INFO] [stderr]     Checking ark-relations v0.4.0
[INFO] [stderr]     Checking ark-snark v0.4.0
[INFO] [stderr]     Checking ark-ec v0.4.2
[INFO] [stderr]     Checking ark-crypto-primitives v0.4.0
[INFO] [stderr]     Checking ark-bn254 v0.4.0
[INFO] [stderr]     Checking ark-groth16 v0.4.0
[INFO] [stderr]     Checking zkverify-rs v0.1.0 (/opt/rustwide/workdir)
[INFO] [stdout] error[E0428]: the name `test_parse_g2_wrong_outer_length` is defined multiple times
[INFO] [stdout]     --> src/parser.rs:1025:5
[INFO] [stdout]      |
[INFO] [stdout]  755 |     fn test_parse_g2_wrong_outer_length() {
[INFO] [stdout]      |     ------------------------------------- previous definition of the value `test_parse_g2_wrong_outer_length` here
[INFO] [stdout] ...
[INFO] [stdout] 1025 |     fn test_parse_g2_wrong_outer_length() {
[INFO] [stdout]      |     ^^^^^^^^^^^^^^^^^^^^^^^^^^^^^^^^^^^^^ `test_parse_g2_wrong_outer_length` redefined here
[INFO] [stdout]      |
[INFO] [stdout]      = note: `test_parse_g2_wrong_outer_length` must be defined only once in the value namespace of this module
[INFO] [stdout] 
[INFO] [stdout] 
[INFO] [stdout] error[E0428]: the name `test_parse_g2_wrong_inner_length` is defined multiple times
[INFO] [stdout]     --> src/parser.rs:1034:5
[INFO] [stdout]      |
[INFO] [stdout]  765 |     fn test_parse_g2_wrong_inner_length() {
[INFO] [stdout]      |     ------------------------------------- previous definition of the value `test_parse_g2_wrong_inner_length` here
[INFO] [stdout] ...
[INFO] [stdout] 1034 |     fn test_parse_g2_wrong_inner_length() {
[INFO] [stdout]      |     ^^^^^^^^^^^^^^^^^^^^^^^^^^^^^^^^^^^^^ `test_parse_g2_wrong_inner_length` redefined here
[INFO] [stdout]      |
[INFO] [stdout]      = note: `test_parse_g2_wrong_inner_length` must be defined only once in the value namespace of this module
[INFO] [stdout] 
[INFO] [stdout] 
[INFO] [stdout] error[E0428]: the name `test_parse_g2_point_at_infinity` is defined multiple times
[INFO] [stdout]     --> src/parser.rs:1044:5
[INFO] [stdout]      |
[INFO] [stdout]  776 |     fn test_parse_g2_point_at_infinity() {
[INFO] [stdout]      |     ------------------------------------ previous definition of the value `test_parse_g2_point_at_infinity` here
[INFO] [stdout] ...
[INFO] [stdout] 1044 |     fn test_parse_g2_point_at_infinity() {
[INFO] [stdout]      |     ^^^^^^^^^^^^^^^^^^^^^^^^^^^^^^^^^^^^ `test_parse_g2_point_at_infinity` redefined here
[INFO] [stdout]      |
[INFO] [stdout]      = note: `test_parse_g2_point_at_infinity` must be defined only once in the value namespace of this module
[INFO] [stdout] 
[INFO] [stdout] 
[INFO] [stdout] error[E0428]: the name `test_load_proof_invalid_json` is defined multiple times
[INFO] [stdout]     --> src/parser.rs:1061:5
[INFO] [stdout]      |
[INFO] [stdout]  792 |     fn test_load_proof_invalid_json() {
[INFO] [stdout]      |     --------------------------------- previous definition of the value `test_load_proof_invalid_json` here
[INFO] [stdout] ...
[INFO] [stdout] 1061 |     fn test_load_proof_invalid_json() {
[INFO] [stdout]      |     ^^^^^^^^^^^^^^^^^^^^^^^^^^^^^^^^^ `test_load_proof_invalid_json` redefined here
[INFO] [stdout]      |
[INFO] [stdout]      = note: `test_load_proof_invalid_json` must be defined only once in the value namespace of this module
[INFO] [stdout] 
[INFO] [stdout] 
[INFO] [stdout] error[E0428]: the name `test_load_vkey_invalid_json` is defined multiple times
[INFO] [stdout]     --> src/parser.rs:1080:5
[INFO] [stdout]      |
[INFO] [stdout]  839 |     fn test_load_vkey_invalid_json() {
[INFO] [stdout]      |     -------------------------------- previous definition of the value `test_load_vkey_invalid_json` here
[INFO] [stdout] ...
[INFO] [stdout] 1080 |     fn test_load_vkey_invalid_json() {
[INFO] [stdout]      |     ^^^^^^^^^^^^^^^^^^^^^^^^^^^^^^^^ `test_load_vkey_invalid_json` redefined here
[INFO] [stdout]      |
[INFO] [stdout]      = note: `test_load_vkey_invalid_json` must be defined only once in the value namespace of this module
[INFO] [stdout] 
[INFO] [stdout] 
[INFO] [stdout] error[E0428]: the name `test_load_public_invalid_json` is defined multiple times
[INFO] [stdout]     --> src/parser.rs:1099:5
[INFO] [stdout]      |
[INFO] [stdout]  872 |     fn test_load_public_invalid_json() {
[INFO] [stdout]      |     ---------------------------------- previous definition of the value `test_load_public_invalid_json` here
[INFO] [stdout] ...
[INFO] [stdout] 1099 |     fn test_load_public_invalid_json() {
[INFO] [stdout]      |     ^^^^^^^^^^^^^^^^^^^^^^^^^^^^^^^^^^ `test_load_public_invalid_json` redefined here
[INFO] [stdout]      |
[INFO] [stdout]      = note: `test_load_public_invalid_json` must be defined only once in the value namespace of this module
[INFO] [stdout] 
[INFO] [stdout] 
[INFO] [stdout] error[E0308]: mismatched types
[INFO] [stdout]    --> src/parser.rs:317:17
[INFO] [stdout]     |
[INFO] [stdout] 317 |         source: e,
[INFO] [stdout]     |                 ^ expected `Error`, found `Utf8Error`
[INFO] [stdout] 
[INFO] [stdout] 
[INFO] [stdout] error[E0308]: mismatched types
[INFO] [stdout]    --> src/parser.rs:326:17
[INFO] [stdout]     |
[INFO] [stdout] 326 |         source: e,
[INFO] [stdout]     |                 ^ expected `Error`, found `Utf8Error`
[INFO] [stdout] 
[INFO] [stdout] 
[INFO] [stdout] error[E0308]: mismatched types
[INFO] [stdout]    --> src/parser.rs:335:17
[INFO] [stdout]     |
[INFO] [stdout] 335 |         source: e,
[INFO] [stdout]     |                 ^ expected `Error`, found `Utf8Error`
[INFO] [stdout] 
[INFO] [stdout] 
[INFO] [stdout] error[E0308]: mismatched types
[INFO] [stdout]    --> src/parser.rs:317:17
[INFO] [stdout]     |
[INFO] [stdout] 317 |         source: e,
[INFO] [stdout]     |                 ^ expected `Error`, found `Utf8Error`
[INFO] [stdout] 
[INFO] [stdout] 
[INFO] [stdout] error[E0308]: mismatched types
[INFO] [stdout]    --> src/parser.rs:326:17
[INFO] [stdout]     |
[INFO] [stdout] 326 |         source: e,
[INFO] [stdout]     |                 ^ expected `Error`, found `Utf8Error`
[INFO] [stdout] 
[INFO] [stdout] 
[INFO] [stdout] error[E0308]: mismatched types
[INFO] [stdout]    --> src/parser.rs:335:17
[INFO] [stdout]     |
[INFO] [stdout] 335 |         source: e,
[INFO] [stdout]     |                 ^ expected `Error`, found `Utf8Error`
[INFO] [stdout] 
[INFO] [stdout] 
[INFO] [stdout] For more information about this error, try `rustc --explain E0308`.
[INFO] [stdout] 
[INFO] [stderr] error: could not compile `zkverify-rs` (lib) due to 3 previous errors
[INFO] [stderr] warning: build failed, waiting for other jobs to finish...
[INFO] [stdout] error[E0599]: no method named `to_json_string` found for struct `ark_groth16::Proof<E>` in the current scope
[INFO] [stdout]    --> src/parser.rs:646:28
[INFO] [stdout]     |
[INFO] [stdout] 646 |         let output = proof.to_json_string().unwrap();
[INFO] [stdout]     |                            ^^^^^^^^^^^^^^ method not found in `ark_groth16::Proof<ark_ec::models::bn::Bn<ark_bn254::Config>>`
[INFO] [stdout] 
[INFO] [stdout] 
[INFO] [stdout] error[E0609]: no field `protocol` on type `ark_groth16::Proof<ark_ec::models::bn::Bn<ark_bn254::Config>>`
[INFO] [stdout]    --> src/parser.rs:648:45
[INFO] [stdout]     |
[INFO] [stdout] 648 |         assert_eq!(reparsed.protocol, proof.protocol);
[INFO] [stdout]     |                                             ^^^^^^^^ unknown field
[INFO] [stdout]     |
[INFO] [stdout]     = note: available fields are: `a`, `b`, `c`
[INFO] [stdout] 
[INFO] [stdout] 
[INFO] [stdout] error[E0609]: no field `curve` on type `ark_groth16::Proof<ark_ec::models::bn::Bn<ark_bn254::Config>>`
[INFO] [stdout]    --> src/parser.rs:649:42
[INFO] [stdout]     |
[INFO] [stdout] 649 |         assert_eq!(reparsed.curve, proof.curve);
[INFO] [stdout]     |                                          ^^^^^ unknown field
[INFO] [stdout]     |
[INFO] [stdout]     = note: available fields are: `a`, `b`, `c`
[INFO] [stdout] 
[INFO] [stdout] 
[INFO] [stdout] error[E0277]: `ark_groth16::Proof<ark_ec::models::bn::Bn<ark_bn254::Config>>` doesn't implement `std::fmt::Display`
[INFO] [stdout]    --> src/parser.rs:656:37
[INFO] [stdout]     |
[INFO] [stdout] 656 |         let display = format!("{}", proof);
[INFO] [stdout]     |                                --   ^^^^^ `ark_groth16::Proof<ark_ec::models::bn::Bn<ark_bn254::Config>>` cannot be formatted with the default formatter
[INFO] [stdout]     |                                |
[INFO] [stdout]     |                                required by this formatting parameter
[INFO] [stdout]     |
[INFO] [stdout]     = help: the trait `std::fmt::Display` is not implemented for `ark_groth16::Proof<ark_ec::models::bn::Bn<ark_bn254::Config>>`
[INFO] [stdout]     = note: in format strings you may be able to use `{:?}` (or `{:#?}` for pretty-print) instead
[INFO] [stdout] 
[INFO] [stdout] 
[INFO] [stdout] error[E0599]: no method named `protocol` found for struct `ark_groth16::Proof<E>` in the current scope
[INFO] [stdout]    --> src/parser.rs:695:26
[INFO] [stdout]     |
[INFO] [stdout] 695 |         assert_eq!(proof.protocol(), "groth16");
[INFO] [stdout]     |                          ^^^^^^^^ method not found in `ark_groth16::Proof<ark_ec::models::bn::Bn<ark_bn254::Config>>`
[INFO] [stdout] 
[INFO] [stdout] 
[INFO] [stdout] error[E0599]: no method named `curve` found for struct `ark_groth16::Proof<E>` in the current scope
[INFO] [stdout]    --> src/parser.rs:696:26
[INFO] [stdout]     |
[INFO] [stdout] 696 |         assert_eq!(proof.curve(), "bn254");
[INFO] [stdout]     |                          ^^^^^ method not found in `ark_groth16::Proof<ark_ec::models::bn::Bn<ark_bn254::Config>>`
[INFO] [stdout] 
[INFO] [stdout] 
[INFO] [stdout] warning: unused variable: `proof`
[INFO] [stdout]    --> src/parser.rs:711:13
[INFO] [stdout]     |
[INFO] [stdout] 711 |         let proof = parse_proof_json(&json).unwrap();
[INFO] [stdout]     |             ^^^^^ help: if this is intentional, prefix it with an underscore: `_proof`
[INFO] [stdout]     |
[INFO] [stdout]     = note: `#[warn(unused_variables)]` (part of `#[warn(unused)]`) on by default
[INFO] [stdout] 
[INFO] [stdout] 
[INFO] [stdout] Some errors have detailed explanations: E0277, E0308, E0428, E0599, E0609.
[INFO] [stdout] 
[INFO] [stdout] For more information about an error, try `rustc --explain E0277`.
[INFO] [stdout] 
[INFO] [stderr] error: could not compile `zkverify-rs` (lib test) due to 15 previous errors; 1 warning emitted
[INFO] running `Command { std: "docker" "inspect" "cfb1724f3a9eb8a16c1e0acb738453b7e2c645e58ccef1db3fba4cc2f24ed377", kill_on_drop: false }`
[INFO] running `Command { std: "docker" "rm" "-f" "cfb1724f3a9eb8a16c1e0acb738453b7e2c645e58ccef1db3fba4cc2f24ed377", kill_on_drop: false }`
[INFO] [stdout] cfb1724f3a9eb8a16c1e0acb738453b7e2c645e58ccef1db3fba4cc2f24ed377
