[INFO] cloning repository https://github.com/AriBermeki/taurino-core
[INFO] running `Command { std: "git" "-c" "credential.helper=" "-c" "credential.helper=/workspace/cargo-home/bin/git-credential-null" "clone" "--bare" "https://github.com/AriBermeki/taurino-core" "/workspace/cache/git-repos/https%3A%2F%2Fgithub.com%2FAriBermeki%2Ftaurino-core", kill_on_drop: false }`
[INFO] [stderr] Cloning into bare repository '/workspace/cache/git-repos/https%3A%2F%2Fgithub.com%2FAriBermeki%2Ftaurino-core'...
[INFO] running `Command { std: "git" "rev-parse" "HEAD", kill_on_drop: false }`
[INFO] [stdout] b1f6c491ea0593a9bac3393c7557400d59c97e87
[INFO] checking AriBermeki/taurino-core against 3154cc1a3e6424e44f438a95007d043ed5ceaaf6+rustflags=-Znext-solver=coherence for pr-133502-30
[INFO] running `Command { std: "git" "clone" "/workspace/cache/git-repos/https%3A%2F%2Fgithub.com%2FAriBermeki%2Ftaurino-core" "/workspace/builds/worker-0-tc1/source", kill_on_drop: false }`
[INFO] [stderr] Cloning into '/workspace/builds/worker-0-tc1/source'...
[INFO] [stderr] done.
[INFO] started tweaking git repo https://github.com/AriBermeki/taurino-core
[INFO] finished tweaking git repo https://github.com/AriBermeki/taurino-core
[INFO] tweaked toml for git repo https://github.com/AriBermeki/taurino-core written to /workspace/builds/worker-0-tc1/source/Cargo.toml
[INFO] validating manifest of git repo https://github.com/AriBermeki/taurino-core on toolchain 3154cc1a3e6424e44f438a95007d043ed5ceaaf6
[INFO] running `Command { std: CARGO_HOME="/workspace/cargo-home" RUSTUP_HOME="/workspace/rustup-home" "/workspace/cargo-home/bin/cargo" "+3154cc1a3e6424e44f438a95007d043ed5ceaaf6" "metadata" "--manifest-path" "Cargo.toml" "--no-deps", kill_on_drop: false }`
[INFO] crate git repo https://github.com/AriBermeki/taurino-core already has a lockfile, it will not be regenerated
[INFO] running `Command { std: CARGO_HOME="/workspace/cargo-home" RUSTUP_HOME="/workspace/rustup-home" "/workspace/cargo-home/bin/cargo" "+3154cc1a3e6424e44f438a95007d043ed5ceaaf6" "fetch" "--manifest-path" "Cargo.toml", kill_on_drop: false }`
[INFO] [stderr]  Downloading crates ...
[INFO] [stderr]   Downloaded urlpattern v0.6.0
[INFO] [stderr]   Downloaded web_atoms v0.2.5
[INFO] [stderr]   Downloaded json-patch v4.2.0
[INFO] [stderr]   Downloaded infer v0.22.0
[INFO] [stderr]   Downloaded ctor v1.0.12
[INFO] [stderr]   Downloaded jsonptr v0.7.1
[INFO] [stderr]   Downloaded time v0.3.54
[INFO] running `Command { std: "docker" "create" "-v" "/var/lib/crater-agent-workspace/builds/worker-0-tc1/source:/opt/rustwide/workdir:ro,Z" "-v" "/var/lib/crater-agent-workspace/builds/worker-0-tc1/target:/opt/rustwide/target:rw,Z" "-v" "/var/lib/crater-agent-workspace/cargo-home:/opt/rustwide/cargo-home:ro,Z" "-v" "/var/lib/crater-agent-workspace/rustup-home:/opt/rustwide/rustup-home:ro,Z" "-m" "1610612736" "--network" "none" "ghcr.io/rust-lang/crates-build-env/linux@sha256:77db811e55d90add9212f6832c23229e3de5f1c1f9905e8cb07319ea15df73ac" "sleep" "infinity", kill_on_drop: false }`
[INFO] [stdout] bb03bb2b6fd4753888b9eae9b3735ce557e3e844b09652cc96022c90c21f0467
[INFO] running `Command { std: "docker" "start" "bb03bb2b6fd4753888b9eae9b3735ce557e3e844b09652cc96022c90c21f0467", kill_on_drop: false }`
[INFO] running `Command { std: "docker" "inspect" "bb03bb2b6fd4753888b9eae9b3735ce557e3e844b09652cc96022c90c21f0467", kill_on_drop: false }`
[INFO] running `Command { std: "docker" "exec" "-e" "SOURCE_DIR=/opt/rustwide/workdir" "-e" "CARGO_HOME=/opt/rustwide/cargo-home" "-e" "RUSTUP_HOME=/opt/rustwide/rustup-home" "-e" "CARGO_TARGET_DIR=/opt/rustwide/target" "-w" "/opt/rustwide/workdir" "--user" "0:0" "bb03bb2b6fd4753888b9eae9b3735ce557e3e844b09652cc96022c90c21f0467" "/opt/rustwide/cargo-home/bin/cargo" "+3154cc1a3e6424e44f438a95007d043ed5ceaaf6" "metadata" "--no-deps" "--format-version=1", kill_on_drop: false }`
[INFO] running `Command { std: "docker" "inspect" "bb03bb2b6fd4753888b9eae9b3735ce557e3e844b09652cc96022c90c21f0467", kill_on_drop: false }`
[INFO] running `Command { std: "docker" "exec" "-e" "SOURCE_DIR=/opt/rustwide/workdir" "-e" "CARGO_HOME=/opt/rustwide/cargo-home" "-e" "RUSTUP_HOME=/opt/rustwide/rustup-home" "-e" "CARGO_TARGET_DIR=/opt/rustwide/target" "-e" "CARGO_INCREMENTAL=0" "-e" "RUST_BACKTRACE=full" "-e" "RUSTFLAGS=--cap-lints=forbid -Znext-solver=coherence" "-e" "RUSTDOCFLAGS=--cap-lints=forbid" "-w" "/opt/rustwide/workdir" "--user" "0:0" "bb03bb2b6fd4753888b9eae9b3735ce557e3e844b09652cc96022c90c21f0467" "/opt/rustwide/cargo-home/bin/cargo" "+3154cc1a3e6424e44f438a95007d043ed5ceaaf6" "check" "--frozen" "--all" "--all-targets" "--message-format=json", kill_on_drop: false }`
[INFO] [stderr]    Compiling serde_core v1.0.229
[INFO] [stderr]    Compiling pkg-config v0.3.33
[INFO] [stderr]    Compiling serde v1.0.229
[INFO] [stderr]    Compiling indexmap v2.14.0
[INFO] [stderr]    Compiling winnow v0.5.40
[INFO] [stderr]    Compiling target-lexicon v0.12.16
[INFO] [stderr]    Compiling smallvec v1.15.2
[INFO] [stderr]    Compiling version-compare v0.2.1
[INFO] [stderr]    Compiling syn v3.0.3
[INFO] [stderr]    Compiling proc-macro-error-attr v1.0.4
[INFO] [stderr]    Compiling syn v1.0.109
[INFO] [stderr]    Compiling proc-macro-error v1.0.4
[INFO] [stderr]     Checking futures-core v0.3.33
[INFO] [stderr]    Compiling cfg-expr v0.15.8
[INFO] [stderr]     Checking zerofrom v0.1.8
[INFO] [stderr]    Compiling futures-macro v0.3.33
[INFO] [stderr]     Checking futures-task v0.3.33
[INFO] [stderr]     Checking slab v0.4.12
[INFO] [stderr]     Checking stable_deref_trait v1.2.1
[INFO] [stderr]    Compiling thiserror-impl v1.0.69
[INFO] [stderr]     Checking yoke v0.8.3
[INFO] [stderr]    Compiling heck v0.4.1
[INFO] [stderr]     Checking futures-channel v0.3.33
[INFO] [stderr]    Compiling zerovec-derive v0.11.3
[INFO] [stderr]    Compiling gio v0.18.4
[INFO] [stderr]     Checking litemap v0.8.2
[INFO] [stderr]     Checking futures-util v0.3.33
[INFO] [stderr]     Checking writeable v0.6.3
[INFO] [stderr]     Checking futures-io v0.3.33
[INFO] [stderr]    Compiling icu_normalizer_data v2.2.0
[INFO] [stderr]    Compiling icu_properties_data v2.2.0
[INFO] [stderr]     Checking thiserror v1.0.69
[INFO] [stderr]    Compiling gtk v0.18.2
[INFO] [stderr]    Compiling serde_json v1.0.151
[INFO] [stderr]    Compiling darling_core v0.23.0
[INFO] [stderr]    Compiling libdbus-sys v0.2.7
[INFO] [stderr]    Compiling x11 v2.21.0
[INFO] [stderr]    Compiling thiserror v2.0.19
[INFO] [stderr]     Checking zerovec v0.11.6
[INFO] [stderr]    Compiling crossbeam-utils v0.8.22
[INFO] [stderr]    Compiling time-macros v0.2.32
[INFO] [stderr]     Checking form_urlencoded v1.2.2
[INFO] [stderr]    Compiling x11-dl v2.21.0
[INFO] [stderr]     Checking aho-corasick v1.1.4
[INFO] [stderr]     Checking potential_utf v0.1.5
[INFO] [stderr]    Compiling cookie v0.18.1
[INFO] [stderr]    Compiling displaydoc v0.2.7
[INFO] [stderr]    Compiling serde_derive v1.0.229
[INFO] [stderr]     Checking futures-executor v0.3.33
[INFO] [stderr]    Compiling thiserror-impl v2.0.19
[INFO] [stderr]     Checking tinystr v0.8.3
[INFO] [stderr]     Checking icu_locale_core v2.2.0
[INFO] [stderr]    Compiling toml_datetime v0.6.3
[INFO] [stderr]    Compiling serde_spanned v0.6.9
[INFO] [stderr]     Checking zerotrie v0.2.4
[INFO] [stderr]     Checking icu_collections v2.2.0
[INFO] [stderr]    Compiling toml_edit v0.20.2
[INFO] [stderr]    Compiling toml_edit v0.19.15
[INFO] [stderr]     Checking option-ext v0.2.0
[INFO] [stderr]     Checking deranged v0.5.8
[INFO] [stderr]     Checking icu_provider v2.2.0
[INFO] [stderr]     Checking icu_normalizer v2.2.0
[INFO] [stderr]     Checking icu_properties v2.2.0
[INFO] [stderr]     Checking dirs-sys v0.5.0
[INFO] [stderr]     Checking parking_lot_core v0.9.12
[INFO] [stderr]     Checking regex-automata v0.4.16
[INFO] [stderr]    Compiling darling_macro v0.23.0
[INFO] [stderr]    Compiling darling v0.23.0
[INFO] [stderr]     Checking time v0.3.54
[INFO] [stderr]    Compiling dlopen2_derive v0.4.3
[INFO] [stderr]     Checking idna_adapter v1.2.2
[INFO] [stderr]     Checking idna v1.1.0
[INFO] [stderr]    Compiling toml v0.8.2
[INFO] [stderr]    Compiling proc-macro-crate v2.0.2
[INFO] [stderr]    Compiling proc-macro-crate v1.3.1
[INFO] [stderr]     Checking uuid v1.24.0
[INFO] [stderr]    Compiling system-deps v6.2.2
[INFO] [stderr]     Checking raw-window-handle v0.6.2
[INFO] [stderr]    Compiling wry v0.55.1
[INFO] [stderr]     Checking cfb v0.14.0
[INFO] [stderr]     Checking dlopen2 v0.8.2
[INFO] [stderr]     Checking dpi v0.1.2
[INFO] [stderr]     Checking url v2.5.8
[INFO] [stderr]     Checking regex v1.13.1
[INFO] [stderr]    Compiling glib-macros v0.18.5
[INFO] [stderr]    Compiling gtk3-macros v0.18.2
[INFO] [stderr]     Checking jsonptr v0.7.1
[INFO] [stderr]     Checking crossbeam-channel v0.5.16
[INFO] [stderr]    Compiling glib-sys v0.18.1
[INFO] [stderr]    Compiling gobject-sys v0.18.0
[INFO] [stderr]    Compiling gio-sys v0.18.1
[INFO] [stderr]    Compiling gdk-sys v0.18.2
[INFO] [stderr]    Compiling cairo-sys-rs v0.18.2
[INFO] [stderr]    Compiling atk-sys v0.18.2
[INFO] [stderr]    Compiling pango-sys v0.18.0
[INFO] [stderr]    Compiling gdk-pixbuf-sys v0.18.0
[INFO] [stderr]    Compiling gtk-sys v0.18.2
[INFO] [stderr]    Compiling soup3-sys v0.5.0
[INFO] [stderr]    Compiling javascriptcore-rs-sys v1.1.1
[INFO] [stderr]    Compiling webkit2gtk-sys v2.0.2
[INFO] [stderr]    Compiling gdkx11-sys v0.18.2
[INFO] [stderr]    Compiling serde_with_macros v3.21.0
[INFO] [stderr]     Checking dbus v0.9.12
[INFO] [stderr]     Checking parking_lot v0.12.5
[INFO] [stderr]     Checking dirs v6.0.0
[INFO] [stderr]    Compiling tracing-attributes v0.1.31
[INFO] [stderr]    Compiling serialize-to-javascript-impl v0.1.2
[INFO] [stderr]     Checking log v0.4.33
[INFO] [stderr]    Compiling taurino-core v0.1.0 (/opt/rustwide/workdir)
[INFO] [stderr]     Checking serialize-to-javascript v0.1.2
[INFO] [stderr]     Checking urlpattern v0.6.0
[INFO] [stderr]     Checking infer v0.22.0
[INFO] [stderr]     Checking serde_with v3.21.0
[INFO] [stderr]     Checking json-patch v4.2.0
[INFO] [stderr]     Checking tracing v0.1.44
[INFO] [stderr]     Checking semver v1.0.28
[INFO] [stderr]     Checking ctor v1.0.12
[INFO] [stderr]     Checking glob v0.3.4
[INFO] [stderr]     Checking dunce v1.0.5
[INFO] [stderr]     Checking gdkwayland-sys v0.18.2
[INFO] [stderr]     Checking glib v0.18.5
[INFO] [stderr]     Checking cairo-rs v0.18.5
[INFO] [stderr]     Checking atk v0.18.2
[INFO] [stderr]     Checking javascriptcore-rs v1.1.2
[INFO] [stderr]     Checking pango v0.18.3
[INFO] [stderr]     Checking gdk-pixbuf v0.18.5
[INFO] [stderr]     Checking soup3 v0.5.0
[INFO] [stderr]     Checking gdk v0.18.2
[INFO] [stderr]     Checking webkit2gtk v2.0.2
[INFO] [stderr]     Checking tao v0.35.3
[INFO] [stdout] error[E0432]: unresolved import `tao::platform::linux::WindowExtLinux`
[INFO] [stdout]   --> src/window/mod.rs:13:5
[INFO] [stdout]    |
[INFO] [stdout] 13 | use tao::platform::linux::WindowExtLinux;
[INFO] [stdout]    |     ^^^^^^^^^^^^^^^^^^^^^^--------------
[INFO] [stdout]    |                           |
[INFO] [stdout]    |                           no `WindowExtLinux` in `platform::linux`
[INFO] [stdout] 
[INFO] [stdout] 
[INFO] [stdout] error[E0432]: unresolved import `tao::platform::linux::WindowExtLinux`
[INFO] [stdout]   --> src/window/mod.rs:13:5
[INFO] [stdout]    |
[INFO] [stdout] 13 | use tao::platform::linux::WindowExtLinux;
[INFO] [stdout]    |     ^^^^^^^^^^^^^^^^^^^^^^--------------
[INFO] [stdout]    |                           |
[INFO] [stdout]    |                           no `WindowExtLinux` in `platform::linux`
[INFO] [stdout] 
[INFO] [stdout] 
[INFO] [stdout] error[E0425]: cannot find type `Arc` in this scope
[INFO] [stdout]    --> src/web/mod.rs:234:22
[INFO] [stdout]     |
[INFO] [stdout] 234 |     focused_webview: Arc<Mutex<FocusState>>,
[INFO] [stdout]     |                      ^^^ not found in this scope
[INFO] [stdout]     |
[INFO] [stdout] help: consider importing this struct
[INFO] [stdout]     |
[INFO] [stdout]  15 + use std::sync::Arc;
[INFO] [stdout]     |
[INFO] [stdout] 
[INFO] [stdout] 
[INFO] [stdout] error[E0425]: cannot find type `Arc` in this scope
[INFO] [stdout]    --> src/web/mod.rs:234:22
[INFO] [stdout]     |
[INFO] [stdout] 234 |     focused_webview: Arc<Mutex<FocusState>>,
[INFO] [stdout]     |                      ^^^ not found in this scope
[INFO] [stdout]     |
[INFO] [stdout] help: consider importing this struct
[INFO] [stdout]     |
[INFO] [stdout]  15 + use std::sync::Arc;
[INFO] [stdout]     |
[INFO] [stdout] 
[INFO] [stdout] 
[INFO] [stdout] error[E0425]: cannot find type `Mutex` in this scope
[INFO] [stdout]    --> src/web/mod.rs:234:26
[INFO] [stdout]     |
[INFO] [stdout] 234 |     focused_webview: Arc<Mutex<FocusState>>,
[INFO] [stdout]     |                          ^^^^^ not found in this scope
[INFO] [stdout]     |
[INFO] [stdout] help: consider importing one of these structs
[INFO] [stdout]     |
[INFO] [stdout]  15 + use std::sync::Mutex;
[INFO] [stdout]     |
[INFO] [stdout]  15 + use std::sync::nonpoison::Mutex;
[INFO] [stdout]     |
[INFO] [stdout] 
[INFO] [stdout] 
[INFO] [stdout] error[E0425]: cannot find type `Mutex` in this scope
[INFO] [stdout]    --> src/web/mod.rs:234:26
[INFO] [stdout]     |
[INFO] [stdout] 234 |     focused_webview: Arc<Mutex<FocusState>>,
[INFO] [stdout]     |                          ^^^^^ not found in this scope
[INFO] [stdout]     |
[INFO] [stdout] help: consider importing one of these structs
[INFO] [stdout]     |
[INFO] [stdout]  15 + use std::sync::Mutex;
[INFO] [stdout]     |
[INFO] [stdout]  15 + use std::sync::nonpoison::Mutex;
[INFO] [stdout]     |
[INFO] [stdout] 
[INFO] [stdout] 
[INFO] [stdout] error[E0425]: cannot find type `WebViewHostEventCallback` in this scope
[INFO] [stdout]    --> src/web/mod.rs:236:22
[INFO] [stdout]     |
[INFO] [stdout] 236 |     callback: Option<WebViewHostEventCallback>,
[INFO] [stdout]     |                      ^^^^^^^^^^^^^^^^^^^^^^^^ not found in this scope
[INFO] [stdout]     |
[INFO] [stdout] help: you might be missing a type parameter
[INFO] [stdout]     |
[INFO] [stdout] 230 | pub fn build_webview<'a, WebViewHostEventCallback>(
[INFO] [stdout]     |                        ++++++++++++++++++++++++++
[INFO] [stdout] 
[INFO] [stdout] 
[INFO] [stdout] error[E0433]: cannot find module or crate `undecorated_resizing` in this scope
[INFO] [stdout]    --> src/web/mod.rs:297:9
[INFO] [stdout]     |
[INFO] [stdout] 297 |         undecorated_resizing::attach_resize_handler(&webview);
[INFO] [stdout]     |         ^^^^^^^^^^^^^^^^^^^^ use of unresolved module or unlinked crate `undecorated_resizing`
[INFO] [stdout]     |
[INFO] [stdout]     = help: if you wanted to use a crate named `undecorated_resizing`, use `cargo add undecorated_resizing` to add it to your `Cargo.toml`
[INFO] [stdout] help: consider importing this module
[INFO] [stdout]     |
[INFO] [stdout]  15 + use crate::undecorated_resizing;
[INFO] [stdout]     |
[INFO] [stdout] 
[INFO] [stdout] 
[INFO] [stdout] error[E0425]: cannot find type `WebViewHostEventCallback` in this scope
[INFO] [stdout]    --> src/web/mod.rs:236:22
[INFO] [stdout]     |
[INFO] [stdout] 236 |     callback: Option<WebViewHostEventCallback>,
[INFO] [stdout]     |                      ^^^^^^^^^^^^^^^^^^^^^^^^ not found in this scope
[INFO] [stdout]     |
[INFO] [stdout] help: you might be missing a type parameter
[INFO] [stdout]     |
[INFO] [stdout] 230 | pub fn build_webview<'a, WebViewHostEventCallback>(
[INFO] [stdout]     |                        ++++++++++++++++++++++++++
[INFO] [stdout] 
[INFO] [stdout] 
[INFO] [stdout] error[E0433]: cannot find module or crate `undecorated_resizing` in this scope
[INFO] [stdout]    --> src/web/mod.rs:297:9
[INFO] [stdout]     |
[INFO] [stdout] 297 |         undecorated_resizing::attach_resize_handler(&webview);
[INFO] [stdout]     |         ^^^^^^^^^^^^^^^^^^^^ use of unresolved module or unlinked crate `undecorated_resizing`
[INFO] [stdout]     |
[INFO] [stdout]     = help: if you wanted to use a crate named `undecorated_resizing`, use `cargo add undecorated_resizing` to add it to your `Cargo.toml`
[INFO] [stdout] help: consider importing this module
[INFO] [stdout]     |
[INFO] [stdout]  15 + use crate::undecorated_resizing;
[INFO] [stdout]     |
[INFO] [stdout] 
[INFO] [stdout] 
[INFO] [stdout] error[E0425]: cannot find value `inner` in this scope
[INFO] [stdout]    --> src/window/factory.rs:110:10
[INFO] [stdout]     |
[INFO] [stdout] 110 |         (inner.window.position, inner.window.fullscreen.is_some());
[INFO] [stdout]     |          ^^^^^ not found in this scope
[INFO] [stdout] 
[INFO] [stdout] 
[INFO] [stdout] error[E0425]: cannot find value `inner` in this scope
[INFO] [stdout]    --> src/window/factory.rs:110:33
[INFO] [stdout]     |
[INFO] [stdout] 110 |         (inner.window.position, inner.window.fullscreen.is_some());
[INFO] [stdout]     |                                 ^^^^^ not found in this scope
[INFO] [stdout] 
[INFO] [stdout] 
[INFO] [stdout] error[E0425]: cannot find value `inner` in this scope
[INFO] [stdout]    --> src/window/factory.rs:119:13
[INFO] [stdout]     |
[INFO] [stdout] 119 |             inner.window.fullscreen = Some(Fullscreen::Borderless(Some(target_monitor)));
[INFO] [stdout]     |             ^^^^^ not found in this scope
[INFO] [stdout] 
[INFO] [stdout] 
[INFO] [stdout] error[E0425]: cannot find value `inner` in this scope
[INFO] [stdout]    --> src/window/factory.rs:110:10
[INFO] [stdout]     |
[INFO] [stdout] 110 |         (inner.window.position, inner.window.fullscreen.is_some());
[INFO] [stdout]     |          ^^^^^ not found in this scope
[INFO] [stdout] 
[INFO] [stdout] 
[INFO] [stdout] error[E0425]: cannot find value `inner` in this scope
[INFO] [stdout]    --> src/window/factory.rs:110:33
[INFO] [stdout]     |
[INFO] [stdout] 110 |         (inner.window.position, inner.window.fullscreen.is_some());
[INFO] [stdout]     |                                 ^^^^^ not found in this scope
[INFO] [stdout] 
[INFO] [stdout] 
[INFO] [stdout] error[E0425]: cannot find value `inner` in this scope
[INFO] [stdout]    --> src/window/factory.rs:119:13
[INFO] [stdout]     |
[INFO] [stdout] 119 |             inner.window.fullscreen = Some(Fullscreen::Borderless(Some(target_monitor)));
[INFO] [stdout]     |             ^^^^^ not found in this scope
[INFO] [stdout] 
[INFO] [stdout] 
[INFO] [stdout] error[E0433]: cannot find type `Fullscreen` in this scope
[INFO] [stdout]    --> src/window/factory.rs:119:44
[INFO] [stdout]     |
[INFO] [stdout] 119 |             inner.window.fullscreen = Some(Fullscreen::Borderless(Some(target_monitor)));
[INFO] [stdout]     |                                            ^^^^^^^^^^ use of undeclared type `Fullscreen`
[INFO] [stdout]     |
[INFO] [stdout] help: consider importing one of these enums
[INFO] [stdout]     |
[INFO] [stdout]   9 + use crate::window::Fullscreen;
[INFO] [stdout]     |
[INFO] [stdout]   9 + use tao::window::Fullscreen;
[INFO] [stdout]     |
[INFO] [stdout] 
[INFO] [stdout] 
[INFO] [stdout] error[E0433]: cannot find type `Fullscreen` in this scope
[INFO] [stdout]    --> src/window/factory.rs:119:44
[INFO] [stdout]     |
[INFO] [stdout] 119 |             inner.window.fullscreen = Some(Fullscreen::Borderless(Some(target_monitor)));
[INFO] [stdout]     |                                            ^^^^^^^^^^ use of undeclared type `Fullscreen`
[INFO] [stdout]     |
[INFO] [stdout] help: consider importing one of these enums
[INFO] [stdout]     |
[INFO] [stdout]   9 + use crate::window::Fullscreen;
[INFO] [stdout]     |
[INFO] [stdout]   9 + use tao::window::Fullscreen;
[INFO] [stdout]     |
[INFO] [stdout] 
[INFO] [stdout] 
[INFO] [stdout] error[E0599]: no method named `default_vbox` found for reference `&tao::window::Window` in the current scope
[INFO] [stdout]    --> src/web/mod.rs:249:31
[INFO] [stdout]     |
[INFO] [stdout] 249 |             let vbox = window.default_vbox().unwrap();
[INFO] [stdout]     |                               ^^^^^^^^^^^^ method not found in `&tao::window::Window`
[INFO] [stdout]     |
[INFO] [stdout]     = help: items from traits can only be used if the trait is in scope
[INFO] [stdout] help: trait `WindowExtUnix` which provides `default_vbox` is implemented but not in scope; perhaps you want to import it
[INFO] [stdout]     |
[INFO] [stdout]   9 + use tao::platform::unix::WindowExtUnix;
[INFO] [stdout]     |
[INFO] [stdout] 
[INFO] [stdout] 
[INFO] [stdout] error[E0599]: no method named `default_vbox` found for reference `&tao::window::Window` in the current scope
[INFO] [stdout]    --> src/web/mod.rs:249:31
[INFO] [stdout]     |
[INFO] [stdout] 249 |             let vbox = window.default_vbox().unwrap();
[INFO] [stdout]     |                               ^^^^^^^^^^^^ method not found in `&tao::window::Window`
[INFO] [stdout]     |
[INFO] [stdout]     = help: items from traits can only be used if the trait is in scope
[INFO] [stdout] help: trait `WindowExtUnix` which provides `default_vbox` is implemented but not in scope; perhaps you want to import it
[INFO] [stdout]     |
[INFO] [stdout]   9 + use tao::platform::unix::WindowExtUnix;
[INFO] [stdout]     |
[INFO] [stdout] 
[INFO] [stdout] 
[INFO] [stdout] error[E0599]: no method named `build_gtk` found for struct `wry::WebViewBuilder<'a>` in the current scope
[INFO] [stdout]     --> src/web/mod.rs:251:18
[INFO] [stdout]      |
[INFO] [stdout]  250 |             webview_builder
[INFO] [stdout]  251 |                 .build_gtk(vbox)
[INFO] [stdout]      |                  ^^^^^^^^^
[INFO] [stdout]      |
[INFO] [stdout]     ::: /opt/rustwide/cargo-home/registry/src/index.crates.io-1949cf8c6b5b557f/wry-0.55.1/src/lib.rs:1943:6
[INFO] [stdout]      |
[INFO] [stdout] 1943 |   fn build_gtk<W>(self, widget: &'a W) -> Result<WebView>
[INFO] [stdout]      |      --------- the method is available for `wry::WebViewBuilder<'a>` here
[INFO] [stdout]      |
[INFO] [stdout]      = help: items from traits can only be used if the trait is in scope
[INFO] [stdout] help: trait `WebViewBuilderExtUnix` which provides `build_gtk` is implemented but not in scope; perhaps you want to import it
[INFO] [stdout]      |
[INFO] [stdout]    9 + use wry::WebViewBuilderExtUnix;
[INFO] [stdout]      |
[INFO] [stdout] help: there is a method `build` with a similar name
[INFO] [stdout]      |
[INFO] [stdout]  251 -                 .build_gtk(vbox)
[INFO] [stdout]  251 +                 .build(vbox)
[INFO] [stdout]      |
[INFO] [stdout] 
[INFO] [stdout] 
[INFO] [stdout] error[E0599]: no method named `build_gtk` found for struct `wry::WebViewBuilder<'a>` in the current scope
[INFO] [stdout]     --> src/web/mod.rs:251:18
[INFO] [stdout]      |
[INFO] [stdout]  250 |             webview_builder
[INFO] [stdout]  251 |                 .build_gtk(vbox)
[INFO] [stdout]      |                  ^^^^^^^^^
[INFO] [stdout]      |
[INFO] [stdout]     ::: /opt/rustwide/cargo-home/registry/src/index.crates.io-1949cf8c6b5b557f/wry-0.55.1/src/lib.rs:1943:6
[INFO] [stdout]      |
[INFO] [stdout] 1943 |   fn build_gtk<W>(self, widget: &'a W) -> Result<WebView>
[INFO] [stdout]      |      --------- the method is available for `wry::WebViewBuilder<'a>` here
[INFO] [stdout]      |
[INFO] [stdout]      = help: items from traits can only be used if the trait is in scope
[INFO] [stdout] help: trait `WebViewBuilderExtUnix` which provides `build_gtk` is implemented but not in scope; perhaps you want to import it
[INFO] [stdout]      |
[INFO] [stdout]    9 + use wry::WebViewBuilderExtUnix;
[INFO] [stdout]      |
[INFO] [stdout] help: there is a method `build` with a similar name
[INFO] [stdout]      |
[INFO] [stdout]  251 -                 .build_gtk(vbox)
[INFO] [stdout]  251 +                 .build(vbox)
[INFO] [stdout]      |
[INFO] [stdout] 
[INFO] [stdout] 
[INFO] [stdout] error[E0599]: no method named `default_vbox` found for reference `&tao::window::Window` in the current scope
[INFO] [stdout]    --> src/web/mod.rs:280:35
[INFO] [stdout]     |
[INFO] [stdout] 280 |                 let vbox = window.default_vbox().unwrap();
[INFO] [stdout]     |                                   ^^^^^^^^^^^^ method not found in `&tao::window::Window`
[INFO] [stdout]     |
[INFO] [stdout]     = help: items from traits can only be used if the trait is in scope
[INFO] [stdout] help: trait `WindowExtUnix` which provides `default_vbox` is implemented but not in scope; perhaps you want to import it
[INFO] [stdout]     |
[INFO] [stdout]   9 + use tao::platform::unix::WindowExtUnix;
[INFO] [stdout]     |
[INFO] [stdout] 
[INFO] [stdout] 
[INFO] [stdout] error[E0599]: no method named `default_vbox` found for reference `&tao::window::Window` in the current scope
[INFO] [stdout]    --> src/web/mod.rs:280:35
[INFO] [stdout]     |
[INFO] [stdout] 280 |                 let vbox = window.default_vbox().unwrap();
[INFO] [stdout]     |                                   ^^^^^^^^^^^^ method not found in `&tao::window::Window`
[INFO] [stdout]     |
[INFO] [stdout]     = help: items from traits can only be used if the trait is in scope
[INFO] [stdout] help: trait `WindowExtUnix` which provides `default_vbox` is implemented but not in scope; perhaps you want to import it
[INFO] [stdout]     |
[INFO] [stdout]   9 + use tao::platform::unix::WindowExtUnix;
[INFO] [stdout]     |
[INFO] [stdout] 
[INFO] [stdout] 
[INFO] [stdout] error[E0599]: no method named `build_gtk` found for struct `wry::WebViewBuilder<'a>` in the current scope
[INFO] [stdout]     --> src/web/mod.rs:282:22
[INFO] [stdout]      |
[INFO] [stdout]  281 |                 webview_builder
[INFO] [stdout]  282 |                     .build_gtk(vbox)
[INFO] [stdout]      |                      ^^^^^^^^^
[INFO] [stdout]      |
[INFO] [stdout]     ::: /opt/rustwide/cargo-home/registry/src/index.crates.io-1949cf8c6b5b557f/wry-0.55.1/src/lib.rs:1943:6
[INFO] [stdout]      |
[INFO] [stdout] 1943 |   fn build_gtk<W>(self, widget: &'a W) -> Result<WebView>
[INFO] [stdout]      |      --------- the method is available for `wry::WebViewBuilder<'a>` here
[INFO] [stdout]      |
[INFO] [stdout]      = help: items from traits can only be used if the trait is in scope
[INFO] [stdout] help: trait `WebViewBuilderExtUnix` which provides `build_gtk` is implemented but not in scope; perhaps you want to import it
[INFO] [stdout]      |
[INFO] [stdout]    9 + use wry::WebViewBuilderExtUnix;
[INFO] [stdout]      |
[INFO] [stdout] help: there is a method `build` with a similar name
[INFO] [stdout]      |
[INFO] [stdout]  282 -                     .build_gtk(vbox)
[INFO] [stdout]  282 +                     .build(vbox)
[INFO] [stdout]      |
[INFO] [stdout] 
[INFO] [stdout] 
[INFO] [stdout] error[E0599]: no method named `build_gtk` found for struct `wry::WebViewBuilder<'a>` in the current scope
[INFO] [stdout]     --> src/web/mod.rs:282:22
[INFO] [stdout]      |
[INFO] [stdout]  281 |                 webview_builder
[INFO] [stdout]  282 |                     .build_gtk(vbox)
[INFO] [stdout]      |                      ^^^^^^^^^
[INFO] [stdout]      |
[INFO] [stdout]     ::: /opt/rustwide/cargo-home/registry/src/index.crates.io-1949cf8c6b5b557f/wry-0.55.1/src/lib.rs:1943:6
[INFO] [stdout]      |
[INFO] [stdout] 1943 |   fn build_gtk<W>(self, widget: &'a W) -> Result<WebView>
[INFO] [stdout]      |      --------- the method is available for `wry::WebViewBuilder<'a>` here
[INFO] [stdout]      |
[INFO] [stdout]      = help: items from traits can only be used if the trait is in scope
[INFO] [stdout] help: trait `WebViewBuilderExtUnix` which provides `build_gtk` is implemented but not in scope; perhaps you want to import it
[INFO] [stdout]      |
[INFO] [stdout]    9 + use wry::WebViewBuilderExtUnix;
[INFO] [stdout]      |
[INFO] [stdout] help: there is a method `build` with a similar name
[INFO] [stdout]      |
[INFO] [stdout]  282 -                     .build_gtk(vbox)
[INFO] [stdout]  282 +                     .build(vbox)
[INFO] [stdout]      |
[INFO] [stdout] 
[INFO] [stdout] 
[INFO] [stdout] error[E0308]: mismatched types
[INFO] [stdout]    --> src/web/mod.rs:324:8
[INFO] [stdout]     |
[INFO] [stdout] 324 |     Ok(webview)
[INFO] [stdout]     |     -- ^^^^^^^ expected `WebView`, found `()`
[INFO] [stdout]     |     |
[INFO] [stdout]     |     arguments to this enum variant are incorrect
[INFO] [stdout]     |
[INFO] [stdout] help: the type constructed contains `()` due to the type of the argument passed
[INFO] [stdout]    --> src/web/mod.rs:324:5
[INFO] [stdout]     |
[INFO] [stdout] 324 |     Ok(webview)
[INFO] [stdout]     |     ^^^-------^
[INFO] [stdout]     |        |
[INFO] [stdout]     |        this argument influences the type of `Ok`
[INFO] [stdout] note: tuple variant defined here
[INFO] [stdout]    --> /rustc/3154cc1a3e6424e44f438a95007d043ed5ceaaf6/library/core/src/result.rs:562:4
[INFO] [stdout] 
[INFO] [stdout] 
[INFO] [stdout] error[E0308]: mismatched types
[INFO] [stdout]    --> src/web/mod.rs:324:8
[INFO] [stdout]     |
[INFO] [stdout] 324 |     Ok(webview)
[INFO] [stdout]     |     -- ^^^^^^^ expected `WebView`, found `()`
[INFO] [stdout]     |     |
[INFO] [stdout]     |     arguments to this enum variant are incorrect
[INFO] [stdout]     |
[INFO] [stdout] help: the type constructed contains `()` due to the type of the argument passed
[INFO] [stdout]    --> src/web/mod.rs:324:5
[INFO] [stdout]     |
[INFO] [stdout] 324 |     Ok(webview)
[INFO] [stdout]     |     ^^^-------^
[INFO] [stdout]     |        |
[INFO] [stdout]     |        this argument influences the type of `Ok`
[INFO] [stdout] note: tuple variant defined here
[INFO] [stdout]    --> /rustc/3154cc1a3e6424e44f438a95007d043ed5ceaaf6/library/core/src/result.rs:562:4
[INFO] [stdout] 
[INFO] [stdout] 
[INFO] [stdout] Some errors have detailed explanations: E0308, E0425, E0432, E0433, E0599.
[INFO] [stdout] 
[INFO] [stdout] Some errors have detailed explanations: E0308, E0425, E0432, E0433, E0599.
[INFO] [stdout] 
[INFO] [stdout] For more information about an error, try `rustc --explain E0308`.
[INFO] [stdout] 
[INFO] [stdout] For more information about an error, try `rustc --explain E0308`.
[INFO] [stdout] 
[INFO] [stderr] error: could not compile `taurino-core` (lib) due to 14 previous errors
[INFO] [stderr] warning: build failed, waiting for other jobs to finish...
[INFO] [stderr] error: could not compile `taurino-core` (lib test) due to 14 previous errors
[INFO] [stderr] warning: unused dependency `ctor`
[INFO] [stderr]   --> Cargo.toml:18:15
[INFO] [stderr]    |
[INFO] [stderr] 18 | [dependencies.ctor]
[INFO] [stderr]    |               ^^^^^
[INFO] [stderr]    |
[INFO] [stderr]    = note: `cargo::unused_dependencies` is set to `warn` by default
[INFO] [stderr] help: consider removing the dependency on `ctor`
[INFO] [stderr] warning: unused dependency `dunce`
[INFO] [stderr]  --> Cargo.toml:2:1
[INFO] [stderr]   |
[INFO] [stderr] 2 | dunce = "1"
[INFO] [stderr]   | ^^^^^^^^^^^
[INFO] [stderr]   |
[INFO] [stderr] help: consider removing the dependency on `dunce`
[INFO] [stderr] warning: unused dependency `infer`
[INFO] [stderr]  --> Cargo.toml:5:1
[INFO] [stderr]   |
[INFO] [stderr] 5 | infer = "0.22"
[INFO] [stderr]   | ^^^^^^^^^^^^^^
[INFO] [stderr]   |
[INFO] [stderr] help: consider removing the dependency on `infer`
[INFO] [stderr] warning: unused dependency `json-patch`
[INFO] [stderr]  --> Cargo.toml:6:1
[INFO] [stderr]   |
[INFO] [stderr] 6 | json-patch = "4.0"
[INFO] [stderr]   | ^^^^^^^^^^^^^^^^^^
[INFO] [stderr]   |
[INFO] [stderr] help: consider removing the dependency on `json-patch`
[INFO] [stderr] warning: unused dependency `semver`
[INFO] [stderr]   --> Cargo.toml:10:1
[INFO] [stderr]    |
[INFO] [stderr] 10 | semver = "1"
[INFO] [stderr]    | ^^^^^^^^^^^^
[INFO] [stderr]    |
[INFO] [stderr] help: consider removing the dependency on `semver`
[INFO] [stderr] warning: unused dependency `serialize-to-javascript`
[INFO] [stderr]   --> Cargo.toml:13:1
[INFO] [stderr]    |
[INFO] [stderr] 13 | serialize-to-javascript = "0.1.2"
[INFO] [stderr]    | ^^^^^^^^^^^^^^^^^^^^^^^^^^^^^^^^^
[INFO] [stderr]    |
[INFO] [stderr] help: consider removing the dependency on `serialize-to-javascript`
[INFO] [stderr] warning: unused dependency `tracing`
[INFO] [stderr]   --> Cargo.toml:15:1
[INFO] [stderr]    |
[INFO] [stderr] 15 | tracing = "0.1"
[INFO] [stderr]    | ^^^^^^^^^^^^^^^
[INFO] [stderr]    |
[INFO] [stderr] help: consider removing the dependency on `tracing`
[INFO] [stderr] warning: unused dependency `urlpattern`
[INFO] [stderr]   --> Cargo.toml:16:1
[INFO] [stderr]    |
[INFO] [stderr] 16 | urlpattern = "0.6"
[INFO] [stderr]    | ^^^^^^^^^^^^^^^^^^
[INFO] [stderr]    |
[INFO] [stderr] help: consider removing the dependency on `urlpattern`
[INFO] [stderr] warning: `taurino-core` (manifest) generated 8 warnings
[INFO] running `Command { std: "docker" "inspect" "bb03bb2b6fd4753888b9eae9b3735ce557e3e844b09652cc96022c90c21f0467", kill_on_drop: false }`
[INFO] running `Command { std: "docker" "rm" "-f" "bb03bb2b6fd4753888b9eae9b3735ce557e3e844b09652cc96022c90c21f0467", kill_on_drop: false }`
[INFO] [stdout] bb03bb2b6fd4753888b9eae9b3735ce557e3e844b09652cc96022c90c21f0467
