[INFO] cloning repository https://github.com/Ari-Joon/KAM-Security
[INFO] running `Command { std: "git" "-c" "credential.helper=" "-c" "credential.helper=/workspace/cargo-home/bin/git-credential-null" "clone" "--bare" "https://github.com/Ari-Joon/KAM-Security" "/workspace/cache/git-repos/https%3A%2F%2Fgithub.com%2FAri-Joon%2FKAM-Security", kill_on_drop: false }`
[INFO] [stderr] Cloning into bare repository '/workspace/cache/git-repos/https%3A%2F%2Fgithub.com%2FAri-Joon%2FKAM-Security'...
[INFO] running `Command { std: "git" "rev-parse" "HEAD", kill_on_drop: false }`
[INFO] [stdout] 5a7090b2379df14d0b9ff143885b318db1064d4a
[INFO] checking Ari-Joon/KAM-Security against 3154cc1a3e6424e44f438a95007d043ed5ceaaf6+rustflags=-Znext-solver=coherence for pr-133502-30
[INFO] running `Command { std: "git" "clone" "/workspace/cache/git-repos/https%3A%2F%2Fgithub.com%2FAri-Joon%2FKAM-Security" "/workspace/builds/worker-6-tc1/source", kill_on_drop: false }`
[INFO] [stderr] Cloning into '/workspace/builds/worker-6-tc1/source'...
[INFO] [stderr] done.
[INFO] removed /workspace/builds/worker-6-tc1/source/.cargo/config.toml
[INFO] removed /workspace/builds/worker-6-tc1/source/rust-toolchain.toml
[INFO] started tweaking git repo https://github.com/Ari-Joon/KAM-Security
[INFO] finished tweaking git repo https://github.com/Ari-Joon/KAM-Security
[INFO] tweaked toml for git repo https://github.com/Ari-Joon/KAM-Security written to /workspace/builds/worker-6-tc1/source/Cargo.toml
[INFO] validating manifest of git repo https://github.com/Ari-Joon/KAM-Security on toolchain 3154cc1a3e6424e44f438a95007d043ed5ceaaf6
[INFO] running `Command { std: CARGO_HOME="/workspace/cargo-home" RUSTUP_HOME="/workspace/rustup-home" "/workspace/cargo-home/bin/cargo" "+3154cc1a3e6424e44f438a95007d043ed5ceaaf6" "metadata" "--manifest-path" "Cargo.toml" "--no-deps", kill_on_drop: false }`
[INFO] crate git repo https://github.com/Ari-Joon/KAM-Security already has a lockfile, it will not be regenerated
[INFO] running `Command { std: CARGO_HOME="/workspace/cargo-home" RUSTUP_HOME="/workspace/rustup-home" "/workspace/cargo-home/bin/cargo" "+3154cc1a3e6424e44f438a95007d043ed5ceaaf6" "fetch" "--manifest-path" "Cargo.toml", kill_on_drop: false }`
[INFO] [stderr] warning: unused workspace dependency `anyhow`
[INFO] [stderr]   --> Cargo.toml:12:1
[INFO] [stderr]    |
[INFO] [stderr] 12 | anyhow = "1"
[INFO] [stderr]    | ^^^^^^
[INFO] [stderr]    |
[INFO] [stderr]    = note: `cargo::unused_workspace_dependencies` is set to `warn` by default
[INFO] [stderr] help: consider removing the workspace dependency `anyhow`
[INFO] [stderr] warning: unused field `authors` in `workspace.package`
[INFO] [stderr]   --> Cargo.toml:94:1
[INFO] [stderr]    |
[INFO] [stderr] 94 | authors = ["KAM Security contributors"]
[INFO] [stderr]    | ^^^^^^^
[INFO] [stderr]    |
[INFO] [stderr]    = note: `cargo::unused_workspace_package_fields` is set to `warn` by default
[INFO] [stderr] help: consider removing the field `workspace.package.authors`
[INFO] [stderr] warning: unused field `repository` in `workspace.package`
[INFO] [stderr]   --> Cargo.toml:97:1
[INFO] [stderr]    |
[INFO] [stderr] 97 | repository = "https://github.com/Ari-Joon/KAM-Security"
[INFO] [stderr]    | ^^^^^^^^^^
[INFO] [stderr]    |
[INFO] [stderr] help: consider removing the field `workspace.package.repository`
[INFO] [stderr] warning: workspace (manifest) generated 3 warnings
[INFO] [stderr]     Updating crates.io index
[INFO] [stderr]     Blocking waiting for file lock on package cache
[INFO] [stderr]  Downloading crates ...
[INFO] [stderr]   Downloaded tauri-plugin-single-instance v2.4.4
[INFO] [stderr]   Downloaded zvariant_utils v4.0.0
[INFO] [stderr]   Downloaded objc2-exception-helper v0.1.1
[INFO] [stderr]   Downloaded webview2-com-macros v0.8.1
[INFO] [stderr]   Downloaded zvariant v5.14.0
[INFO] [stderr]   Downloaded javascriptcore-rs-sys v1.1.1
[INFO] [stderr]   Downloaded soup3-sys v0.5.0
[INFO] [stderr]   Downloaded unic-char-range v0.9.0
[INFO] [stderr]   Downloaded windows-version v0.1.7
[INFO] [stderr]   Downloaded javascriptcore-rs v1.1.2
[INFO] [stderr]   Downloaded unic-ucd-version v0.9.0
[INFO] [stderr]   Downloaded unic-common v0.9.0
[INFO] [stderr]   Downloaded zvariant_derive v5.14.0
[INFO] [stderr]   Downloaded webview2-com v0.38.2
[INFO] [stderr]   Downloaded webkit2gtk-sys v2.0.2
[INFO] [stderr]   Downloaded unic-ucd-ident v0.9.0
[INFO] [stderr]   Downloaded swift-rs v1.0.7
[INFO] [stderr]   Downloaded soup3 v0.5.0
[INFO] [stderr]   Downloaded urlpattern v0.3.0
[INFO] [stderr]   Downloaded keyboard-types v0.7.0
[INFO] [stderr]   Downloaded unic-char-property v0.9.0
[INFO] [stderr]   Downloaded time-core v0.1.9
[INFO] [stderr]   Downloaded tray-icon v0.24.2
[INFO] [stderr]   Downloaded powerfmt v0.2.0
[INFO] [stderr]   Downloaded webkit2gtk v2.0.2
[INFO] [stderr]   Downloaded jiff-tzdb-platform v0.1.3
[INFO] [stderr]   Downloaded precomputed-hash v0.1.1
[INFO] [stderr]   Downloaded ref-cast v1.0.26
[INFO] [stderr]   Downloaded ref-cast-impl v1.0.26
[INFO] [stderr]   Downloaded dyn-clone v1.0.20
[INFO] [stderr]   Downloaded num-conv v0.2.2
[INFO] [stderr]   Downloaded typeid v1.0.3
[INFO] [stderr]   Downloaded infer v0.19.0
[INFO] [stderr]   Downloaded ctor-proc-macro v0.0.7
[INFO] [stderr]   Downloaded cargo-platform v0.1.9
[INFO] [stderr]   Downloaded crossbeam-channel v0.5.16
[INFO] [stderr]   Downloaded time-macros v0.2.32
[INFO] [stderr]   Downloaded deranged v0.5.8
[INFO] [stderr]   Downloaded bs58 v0.5.1
[INFO] [stderr]   Downloaded serde-untagged v0.1.9
[INFO] [stderr]   Downloaded schemars_derive v0.8.22
[INFO] [stderr]   Downloaded serde_derive_internals v0.29.1
[INFO] [stderr]   Downloaded json-patch v3.0.1
[INFO] [stderr]   Downloaded new_debug_unreachable v1.0.6
[INFO] [stderr]   Downloaded dtor-proc-macro v0.0.6
[INFO] [stderr]   Downloaded muda v0.19.3
[INFO] [stderr]   Downloaded tauri-utils v2.9.3
[INFO] [stderr]   Downloaded serde_with_macros v3.22.0
[INFO] [stderr]   Downloaded schemars v1.2.2
[INFO] [stderr]   Downloaded schemars v0.9.0
[INFO] [stderr]   Downloaded jiff-tzdb v0.1.8
[INFO] [stderr]   Downloaded erased-serde v0.4.10
[INFO] [stderr]   Downloaded schemars v0.8.22
[INFO] [stderr]   Downloaded plist v1.10.0
[INFO] [stderr]   Downloaded jsonptr v0.6.3
[INFO] [stderr]   Downloaded cfb v0.7.3
[INFO] [stderr]   Downloaded tendril v0.5.1
[INFO] [stderr]   Downloaded servo_arc v0.4.3
[INFO] [stderr]   Downloaded phf_codegen v0.13.1
[INFO] [stderr]   Downloaded cssparser v0.36.0
[INFO] [stderr]   Downloaded dtoa-short v0.3.5
[INFO] [stderr]   Downloaded dtoa v1.0.11
[INFO] [stderr]   Downloaded cssparser-macros v0.6.1
[INFO] [stderr]   Downloaded html5ever v0.38.0
[INFO] [stderr]   Downloaded markup5ever v0.38.0
[INFO] [stderr]   Downloaded web_atoms v0.2.6
[INFO] [stderr]   Downloaded string_cache_codegen v0.6.1
[INFO] [stderr]   Downloaded string_cache v0.9.0
[INFO] [stderr]   Downloaded ctor v0.8.0
[INFO] [stderr]   Downloaded dtor v0.3.0
[INFO] [stderr]   Downloaded camino v1.2.5
[INFO] [stderr]   Downloaded alloc-stdlib v0.2.4
[INFO] [stderr]   Downloaded alloc-no-stdlib v2.0.4
[INFO] [stderr]   Downloaded tao-macros v0.1.4
[INFO] [stderr]   Downloaded objc2-user-notifications v0.3.2
[INFO] [stderr]   Downloaded objc2-core-location v0.3.2
[INFO] [stderr]   Downloaded objc2-core-image v0.3.2
[INFO] [stderr]   Downloaded gdkx11 v0.18.2
[INFO] [stderr]   Downloaded gdkwayland-sys v0.18.2
[INFO] [stderr]   Downloaded tauri v2.11.5
[INFO] [stderr]   Downloaded serde_with v3.22.0
[INFO] [stderr]   Downloaded dom_query v0.27.0
[INFO] [stderr]   Downloaded selectors v0.36.1
[INFO] [stderr]   Downloaded cargo_metadata v0.19.2
[INFO] [stderr]   Downloaded brotli-decompressor v5.0.3
[INFO] [stderr]   Downloaded tauri-runtime-wry v2.11.4
[INFO] [stderr]   Downloaded objc2-core-text v0.3.2
[INFO] [stderr]   Downloaded objc2-core-data v0.3.2
[INFO] [stderr]   Downloaded objc2-cloud-kit v0.3.2
[INFO] [stderr]   Downloaded gdkx11-sys v0.18.2
[INFO] [stderr]   Downloaded cookie v0.18.2
[INFO] [stderr]   Downloaded tauri-runtime v2.11.3
[INFO] [stderr]   Downloaded dlopen2 v0.8.2
[INFO] [stderr]   Downloaded dlopen2_derive v0.4.3
[INFO] [stderr]   Downloaded core-graphics v0.25.0
[INFO] [stderr]   Downloaded core-graphics-types v0.2.0
[INFO] [stderr]   Downloaded tauri-macros v2.6.3
[INFO] [stderr]   Downloaded tauri-codegen v2.6.3
[INFO] [stderr]   Downloaded vswhom v0.1.0
[INFO] [stderr]   Downloaded serialize-to-javascript v0.1.2
[INFO] [stderr]   Downloaded serialize-to-javascript-impl v0.1.2
[INFO] [stderr]   Downloaded time v0.3.55
[INFO] [stderr]   Downloaded wry v0.55.1
[INFO] [stderr]   Downloaded objc2-web-kit v0.3.2
[INFO] [stderr]   Downloaded dbus v0.9.12
[INFO] [stderr]   Downloaded tauri-build v2.6.3
[INFO] [stderr]   Downloaded tauri-winres v0.3.6
[INFO] [stderr]   Downloaded embed-resource v3.0.11
[INFO] [stderr]   Downloaded vswhom-sys v0.1.3
[INFO] [stderr]   Downloaded cargo_toml v0.22.3
[INFO] [stderr]   Downloaded reqwest v0.13.4
[INFO] [stderr]   Downloaded wasm-streams v0.5.0
[INFO] [stderr]   Downloaded tao v0.35.3
[INFO] [stderr]   Downloaded block-buffer v0.12.1
[INFO] [stderr]   Downloaded constant_time_eq v0.4.2
[INFO] [stderr]   Downloaded brotli v8.0.4
[INFO] [stderr]   Downloaded ico v0.5.0
[INFO] [stderr]   Downloaded embed_plist v1.2.2
[INFO] [stderr]   Downloaded tauri-plugin v2.6.3
[INFO] [stderr]   Downloaded open v5.4.1
[INFO] [stderr]   Downloaded is-docker v0.2.0
[INFO] [stderr]   Downloaded sha2 v0.11.0
[INFO] [stderr]   Downloaded digest v0.11.3
[INFO] [stderr]   Downloaded crypto-common v0.2.2
[INFO] [stderr]   Downloaded hybrid-array v0.4.14
[INFO] [stderr]   Downloaded rsqlite-vfs v0.1.1
[INFO] [stderr]   Downloaded hashlink v0.12.1
[INFO] [stderr]   Downloaded tauri-plugin-opener v2.5.5
[INFO] [stderr]   Downloaded is-wsl v0.4.0
[INFO] [stderr]   Downloaded const-oid v0.10.2
[INFO] [stderr]   Downloaded wasmtime-internal-jit-icache-coherence v45.0.3
[INFO] [stderr]   Downloaded wasmtime-internal-jit-debug v45.0.3
[INFO] [stderr]   Downloaded rusqlite v0.40.2
[INFO] [stderr]   Downloaded blake3 v1.8.7
[INFO] [stderr]   Downloaded yara-x-parser v1.20.0
[INFO] [stderr]   Downloaded cranelift-assembler-x64 v0.132.3
[INFO] [stderr]   Downloaded window-vibrancy v0.6.0
[INFO] [stderr]   Downloaded libdbus-sys v0.2.7
[INFO] [stderr]   Downloaded wasmtime-internal-fiber v45.0.3
[INFO] [stderr]   Downloaded intaglio v1.15.1
[INFO] [stderr]   Downloaded globset v0.4.20
[INFO] [stderr]   Downloaded protobuf-support v3.7.2
[INFO] [stderr]   Downloaded primeorder v0.13.6
[INFO] [stderr]   Downloaded ff v0.13.1
[INFO] [stderr]   Downloaded rfc6979 v0.4.0
[INFO] [stderr]   Downloaded inventory v0.3.24
[INFO] [stderr]   Downloaded cranelift-native v0.132.3
[INFO] [stderr]   Downloaded walrus-macro v0.26.0
[INFO] [stderr]   Downloaded base16ct v0.2.0
[INFO] [stderr]   Downloaded globwalk v0.9.1
[INFO] [stderr]   Downloaded unty v0.0.4
[INFO] [stderr]   Downloaded bincode_derive v2.0.1
[INFO] [stderr]   Downloaded strum_macros v0.28.0
[INFO] [stderr]   Downloaded ecdsa v0.16.9
[INFO] [stderr]   Downloaded md2 v0.10.2
[INFO] [stderr]   Downloaded dsa v0.6.3
[INFO] [stderr]   Downloaded annotate-snippets v0.12.16
[INFO] [stderr]   Downloaded mach2 v0.4.3
[INFO] [stderr]   Downloaded sec1 v0.7.3
[INFO] [stderr]   Downloaded group v0.13.0
[INFO] [stderr]   Downloaded virtue v0.0.18
[INFO] [stderr]   Downloaded windows-service v0.8.1
[INFO] [stderr]   Downloaded logos-derive v0.16.1
[INFO] [stderr]   Downloaded ascii_tree v0.1.1
[INFO] [stderr]   Downloaded yara-x-macros v1.20.0
[INFO] [stderr]   Downloaded darling_macro v0.24.1
[INFO] [stderr]   Downloaded elliptic-curve v0.13.8
[INFO] [stderr]   Downloaded p256 v0.13.2
[INFO] [stderr]   Downloaded logos v0.16.1
[INFO] [stderr]   Downloaded logos-codegen v0.16.1
[INFO] [stderr]   Downloaded darling v0.24.1
[INFO] [stderr]   Downloaded cranelift-frontend v0.132.3
[INFO] [stderr]   Downloaded crypto-bigint v0.5.5
[INFO] [stderr]   Downloaded ignore v0.4.33
[INFO] [stderr]   Downloaded bincode v2.0.1
[INFO] [stderr]   Downloaded wasm-encoder v0.245.1
[INFO] [stderr]   Downloaded daachorse v5.0.0
[INFO] [stderr]   Downloaded widestring v1.2.1
[INFO] [stderr]   Downloaded countme v3.0.1
[INFO] [stderr]   Downloaded bstr v1.13.1
[INFO] [stderr]   Downloaded rowan v0.17.0
[INFO] [stderr]   Downloaded text-size v1.1.1
[INFO] [stderr]   Downloaded rusticata-macros v4.1.0
[INFO] [stderr]   Downloaded asn1-rs-impl v0.2.0
[INFO] [stderr]   Downloaded wasmtime-internal-versioned-export-macros v45.0.3
[INFO] [stderr]   Downloaded cranelift-control v0.132.3
[INFO] [stderr]   Downloaded cranelift-codegen-shared v0.132.3
[INFO] [stderr]   Downloaded oid-registry v0.8.1
[INFO] [stderr]   Downloaded asn1-rs-derive v0.6.0
[INFO] [stderr]   Downloaded der-parser v10.0.0
[INFO] [stderr]   Downloaded data-encoding v2.11.1
[INFO] [stderr]   Downloaded wasmtime-internal-core v45.0.3
[INFO] [stderr]   Downloaded nom v8.0.0
[INFO] [stderr]   Downloaded darling_core v0.24.1
[INFO] [stderr]   Downloaded x509-parser v0.18.1
[INFO] [stderr]   Downloaded asn1-rs v0.7.2
[INFO] [stderr]   Downloaded wasmprinter v0.248.0
[INFO] [stderr]   Downloaded p384 v0.13.1
[INFO] [stderr]   Downloaded cranelift-bitset v0.132.3
[INFO] [stderr]   Downloaded cranelift-bforest v0.132.3
[INFO] [stderr]   Downloaded cranelift-srcgen v0.132.3
[INFO] [stderr]   Downloaded walrus v0.26.4
[INFO] [stderr]   Downloaded wasm-encoder v0.248.0
[INFO] [stderr]   Downloaded pulley-macros v45.0.3
[INFO] [stderr]   Downloaded protobuf v3.7.2
[INFO] [stderr]   Downloaded wasmtime-internal-unwinder v45.0.3
[INFO] [stderr]   Downloaded cranelift-entity v0.132.3
[INFO] [stderr]   Downloaded cranelift-assembler-x64-meta v0.132.3
[INFO] [stderr]   Downloaded wasmtime-internal-cranelift v45.0.3
[INFO] [stderr]   Downloaded wasmparser v0.245.1
[INFO] [stderr]   Downloaded cpp_demangle v0.4.5
[INFO] [stderr]   Downloaded pulley-interpreter v45.0.3
[INFO] [stderr]   Downloaded cranelift-codegen-meta v0.132.3
[INFO] [stderr]   Downloaded gimli v0.32.3
[INFO] [stderr]   Downloaded cranelift-isle v0.132.3
[INFO] [stderr]   Downloaded wasmtime-environ v45.0.3
[INFO] [stderr]   Downloaded wasmparser v0.248.0
[INFO] [stderr]   Downloaded yara-x v1.20.0
[INFO] [stderr]   Downloaded wasmtime v45.0.3
[INFO] [stderr]   Downloaded webview2-com-sys v0.38.2
[INFO] [stderr]   Downloaded cranelift-codegen v0.132.3
[INFO] [stderr]   Downloaded libsqlite3-sys v0.38.2
[INFO] [stderr]   Downloaded sqlite-wasm-rs v0.5.5
[INFO] running `Command { std: "docker" "create" "-v" "/var/lib/crater-agent-workspace/builds/worker-6-tc1/source:/opt/rustwide/workdir:ro,Z" "-v" "/var/lib/crater-agent-workspace/builds/worker-6-tc1/target:/opt/rustwide/target:rw,Z" "-v" "/var/lib/crater-agent-workspace/cargo-home:/opt/rustwide/cargo-home:ro,Z" "-v" "/var/lib/crater-agent-workspace/rustup-home:/opt/rustwide/rustup-home:ro,Z" "-m" "1610612736" "--network" "none" "ghcr.io/rust-lang/crates-build-env/linux@sha256:77db811e55d90add9212f6832c23229e3de5f1c1f9905e8cb07319ea15df73ac" "sleep" "infinity", kill_on_drop: false }`
[INFO] [stdout] 437b1bf6592364c623e82fdd84fe4412fab11f60feff47c1430ddb5b13f71bba
[INFO] running `Command { std: "docker" "start" "437b1bf6592364c623e82fdd84fe4412fab11f60feff47c1430ddb5b13f71bba", kill_on_drop: false }`
[INFO] running `Command { std: "docker" "inspect" "437b1bf6592364c623e82fdd84fe4412fab11f60feff47c1430ddb5b13f71bba", kill_on_drop: false }`
[INFO] running `Command { std: "docker" "exec" "-e" "SOURCE_DIR=/opt/rustwide/workdir" "-e" "CARGO_HOME=/opt/rustwide/cargo-home" "-e" "RUSTUP_HOME=/opt/rustwide/rustup-home" "-e" "CARGO_TARGET_DIR=/opt/rustwide/target" "-w" "/opt/rustwide/workdir" "--user" "0:0" "437b1bf6592364c623e82fdd84fe4412fab11f60feff47c1430ddb5b13f71bba" "/opt/rustwide/cargo-home/bin/cargo" "+3154cc1a3e6424e44f438a95007d043ed5ceaaf6" "metadata" "--no-deps" "--format-version=1", kill_on_drop: false }`
[INFO] running `Command { std: "docker" "inspect" "437b1bf6592364c623e82fdd84fe4412fab11f60feff47c1430ddb5b13f71bba", kill_on_drop: false }`
[INFO] running `Command { std: "docker" "exec" "-e" "SOURCE_DIR=/opt/rustwide/workdir" "-e" "CARGO_HOME=/opt/rustwide/cargo-home" "-e" "RUSTUP_HOME=/opt/rustwide/rustup-home" "-e" "CARGO_TARGET_DIR=/opt/rustwide/target" "-e" "CARGO_INCREMENTAL=0" "-e" "RUST_BACKTRACE=full" "-e" "RUSTFLAGS=--cap-lints=forbid -Znext-solver=coherence" "-e" "RUSTDOCFLAGS=--cap-lints=forbid" "-w" "/opt/rustwide/workdir" "--user" "0:0" "437b1bf6592364c623e82fdd84fe4412fab11f60feff47c1430ddb5b13f71bba" "/opt/rustwide/cargo-home/bin/cargo" "+3154cc1a3e6424e44f438a95007d043ed5ceaaf6" "check" "--frozen" "--all" "--all-targets" "--message-format=json", kill_on_drop: false }`
[INFO] [stderr] warning: unused workspace dependency `anyhow`
[INFO] [stderr]   --> Cargo.toml:12:1
[INFO] [stderr]    |
[INFO] [stderr] 12 | anyhow = "1"
[INFO] [stderr]    | ^^^^^^
[INFO] [stderr]    |
[INFO] [stderr]    = note: `cargo::unused_workspace_dependencies` is set to `warn` by default
[INFO] [stderr] help: consider removing the workspace dependency `anyhow`
[INFO] [stderr] warning: unused field `authors` in `workspace.package`
[INFO] [stderr]   --> Cargo.toml:94:1
[INFO] [stderr]    |
[INFO] [stderr] 94 | authors = ["KAM Security contributors"]
[INFO] [stderr]    | ^^^^^^^
[INFO] [stderr]    |
[INFO] [stderr]    = note: `cargo::unused_workspace_package_fields` is set to `warn` by default
[INFO] [stderr] help: consider removing the field `workspace.package.authors`
[INFO] [stderr] warning: unused field `repository` in `workspace.package`
[INFO] [stderr]   --> Cargo.toml:97:1
[INFO] [stderr]    |
[INFO] [stderr] 97 | repository = "https://github.com/Ari-Joon/KAM-Security"
[INFO] [stderr]    | ^^^^^^^^^^
[INFO] [stderr]    |
[INFO] [stderr] help: consider removing the field `workspace.package.repository`
[INFO] [stderr] warning: workspace (manifest) generated 3 warnings
[INFO] [stderr]    Compiling quote v1.0.47
[INFO] [stderr]    Compiling proc-macro2 v1.0.107
[INFO] [stderr]    Compiling serde_core v1.0.229
[INFO] [stderr]    Compiling foldhash v0.2.0
[INFO] [stderr]    Compiling serde v1.0.229
[INFO] [stderr]    Compiling libc v0.2.189
[INFO] [stderr]    Compiling pkg-config v0.3.34
[INFO] [stderr]    Compiling hashbrown v0.17.1
[INFO] [stderr]    Compiling smallvec v1.15.2
[INFO] [stderr]    Compiling winnow v0.5.40
[INFO] [stderr]    Compiling target-lexicon v0.12.16
[INFO] [stderr]    Compiling version-compare v0.2.1
[INFO] [stderr]     Checking memchr v2.8.3
[INFO] [stderr]    Compiling indexmap v2.14.0
[INFO] [stderr]     Checking pin-project-lite v0.2.17
[INFO] [stderr]    Compiling syn v3.0.3
[INFO] [stderr]    Compiling syn v2.0.119
[INFO] [stderr]    Compiling cfg-expr v0.15.8
[INFO] [stderr]     Checking once_cell v1.21.4
[INFO] [stderr]    Compiling thiserror v2.0.20
[INFO] [stderr]    Compiling find-msvc-tools v0.1.11
[INFO] [stderr]    Compiling zmij v1.0.23
[INFO] [stderr]    Compiling cc v1.4.3
[INFO] [stderr]    Compiling libm v0.2.16
[INFO] [stderr]    Compiling log v0.4.33
[INFO] [stderr]     Checking bitflags v2.13.1
[INFO] [stderr]     Checking typenum v1.20.1
[INFO] [stderr]     Checking futures-core v0.3.34
[INFO] [stderr]    Compiling siphasher v1.0.3
[INFO] [stderr]    Compiling phf_shared v0.13.1
[INFO] [stderr]     Checking zeroize v1.9.0
[INFO] [stderr]    Compiling fastrand v2.5.0
[INFO] [stderr]    Compiling stable_deref_trait v1.2.1
[INFO] [stderr]    Compiling icu_normalizer_data v2.3.0
[INFO] [stderr]    Compiling icu_properties_data v2.3.0
[INFO] [stderr]    Compiling phf_generator v0.13.1
[INFO] [stderr]    Compiling time-core v0.1.9
[INFO] [stderr]    Compiling anyhow v1.0.104
[INFO] [stderr]    Compiling num-conv v0.2.2
[INFO] [stderr]    Compiling semver v1.0.28
[INFO] [stderr]     Checking windows-link v0.2.1
[INFO] [stderr]    Compiling winnow v1.0.4
[INFO] [stderr]    Compiling aho-corasick v1.1.5
[INFO] [stderr]    Compiling generic-array v0.14.7
[INFO] [stderr]    Compiling regex-syntax v0.8.11
[INFO] [stderr]     Checking slab v0.4.12
[INFO] [stderr]     Checking tracing-core v0.1.36
[INFO] [stderr]     Checking const-oid v0.9.6
[INFO] [stderr]    Compiling crossbeam-utils v0.8.22
[INFO] [stderr]    Compiling toml_parser v1.1.3+spec-1.1.0
[INFO] [stderr]     Checking windows-strings v0.5.1
[INFO] [stderr]     Checking windows-result v0.4.1
[INFO] [stderr]    Compiling proc-macro-error-attr v1.0.4
[INFO] [stderr]     Checking subtle v2.6.1
[INFO] [stderr]    Compiling synstructure v0.13.2
[INFO] [stderr]    Compiling syn v1.0.109
[INFO] [stderr]    Compiling toml_datetime v1.1.1+spec-1.1.0
[INFO] [stderr]    Compiling proc-macro-error v1.0.4
[INFO] [stderr]     Checking fallible-iterator v0.3.0
[INFO] [stderr]    Compiling serde_json v1.0.151
[INFO] [stderr]     Checking futures-io v0.3.34
[INFO] [stderr]    Compiling libsqlite3-sys v0.38.2
[INFO] [stderr]    Compiling regex-automata v0.4.18
[INFO] [stderr]     Checking windows-threading v0.2.1
[INFO] [stderr]     Checking futures-task v0.3.34
[INFO] [stderr]    Compiling typeid v1.0.3
[INFO] [stderr]     Checking block-buffer v0.10.4
[INFO] [stderr]     Checking crypto-common v0.1.7
[INFO] [stderr]    Compiling rustc_version v0.4.1
[INFO] [stderr]    Compiling phf_codegen v0.13.1
[INFO] [stderr]     Checking hashlink v0.12.1
[INFO] [stderr]    Compiling fnv v1.0.7
[INFO] [stderr]    Compiling litemap v0.8.3
[INFO] [stderr]    Compiling writeable v0.6.4
[INFO] [stderr]    Compiling heck v0.4.1
[INFO] [stderr]    Compiling itoa v1.0.18
[INFO] [stderr]     Checking digest v0.10.7
[INFO] [stderr]    Compiling darling_core v0.23.0
[INFO] [stderr]     Checking futures-channel v0.3.34
[INFO] [stderr]    Compiling serde_derive v1.0.229
[INFO] [stderr]    Compiling thiserror-impl v2.0.20
[INFO] [stderr]    Compiling displaydoc v0.2.7
[INFO] [stderr]    Compiling zerofrom-derive v0.1.7
[INFO] [stderr]    Compiling thiserror-impl v1.0.69
[INFO] [stderr]    Compiling yoke-derive v0.8.2
[INFO] [stderr]    Compiling zerovec-derive v0.11.4
[INFO] [stderr]    Compiling zerofrom v0.1.8
[INFO] [stderr]     Checking thiserror v1.0.69
[INFO] [stderr]    Compiling windows-interface v0.59.3
[INFO] [stderr]    Compiling windows-implement v0.60.2
[INFO] [stderr]    Compiling yoke v0.8.3
[INFO] [stderr]    Compiling tracing-attributes v0.1.31
[INFO] [stderr]    Compiling phf_macros v0.13.1
[INFO] [stderr]     Checking windows-core v0.62.2
[INFO] [stderr]    Compiling zerovec v0.11.7
[INFO] [stderr]    Compiling futures-macro v0.3.34
[INFO] [stderr]     Checking windows-future v0.3.2
[INFO] [stderr]    Compiling tinystr v0.8.4
[INFO] [stdout] error[E0425]: cannot find type `IMarshal` in module `windows_core::imp`
[INFO] [stdout]   --> /opt/rustwide/cargo-home/registry/src/index.crates.io-1949cf8c6b5b557f/windows-future-0.3.2/src/bindings.rs:87:51
[INFO] [stdout]    |
[INFO] [stdout] 87 |             } else if *iid == <windows_core::imp::IMarshal as windows_core::Interface>::IID {
[INFO] [stdout]    |                                                   ^^^^^^^^ not found in `windows_core::imp`
[INFO] [stdout] 
[INFO] [stdout] 
[INFO] [stdout] error[E0425]: cannot find function `marshaler` in module `windows_core::imp`
[INFO] [stdout]   --> /opt/rustwide/cargo-home/registry/src/index.crates.io-1949cf8c6b5b557f/windows-future-0.3.2/src/bindings.rs:89:43
[INFO] [stdout]    |
[INFO] [stdout] 89 |                 return windows_core::imp::marshaler(
[INFO] [stdout]    |                                           ^^^^^^^^^ not found in `windows_core::imp`
[INFO] [stdout] 
[INFO] [stdout] 
[INFO] [stdout] error[E0425]: cannot find type `IMarshal` in module `windows_core::imp`
[INFO] [stdout]    --> /opt/rustwide/cargo-home/registry/src/index.crates.io-1949cf8c6b5b557f/windows-future-0.3.2/src/bindings.rs:255:51
[INFO] [stdout]     |
[INFO] [stdout] 255 |             } else if *iid == <windows_core::imp::IMarshal as windows_core::Interface>::IID {
[INFO] [stdout]     |                                                   ^^^^^^^^ not found in `windows_core::imp`
[INFO] [stdout] 
[INFO] [stdout] 
[INFO] [stdout] error[E0425]: cannot find function `marshaler` in module `windows_core::imp`
[INFO] [stdout]    --> /opt/rustwide/cargo-home/registry/src/index.crates.io-1949cf8c6b5b557f/windows-future-0.3.2/src/bindings.rs:257:43
[INFO] [stdout]     |
[INFO] [stdout] 257 |                 return windows_core::imp::marshaler(
[INFO] [stdout]     |                                           ^^^^^^^^^ not found in `windows_core::imp`
[INFO] [stdout] 
[INFO] [stdout] 
[INFO] [stdout] error[E0425]: cannot find type `IMarshal` in module `windows_core::imp`
[INFO] [stdout]    --> /opt/rustwide/cargo-home/registry/src/index.crates.io-1949cf8c6b5b557f/windows-future-0.3.2/src/bindings.rs:422:364
[INFO] [stdout]     |
[INFO] [stdout] 422 | ... _ } else if * iid == < windows_core::imp::IMarshal as windows_core::Interface >::IID { ( * this ) . count . add_ref ( ) ; retur...
[INFO] [stdout]     |                                               ^^^^^^^^ not found in `windows_core::imp`
[INFO] [stdout] 
[INFO] [stdout] 
[INFO] [stdout] error[E0425]: cannot find function `marshaler` in module `windows_core::imp`
[INFO] [stdout]    --> /opt/rustwide/cargo-home/registry/src/index.crates.io-1949cf8c6b5b557f/windows-future-0.3.2/src/bindings.rs:422:470
[INFO] [stdout]     |
[INFO] [stdout] 422 | ... . add_ref ( ) ; return windows_core::imp::marshaler ( core::mem::transmute ( & mut ( * this ) . vtable as * mut _ as * mut core...
[INFO] [stdout]     |                                               ^^^^^^^^^ not found in `windows_core::imp`
[INFO] [stdout] 
[INFO] [stdout] 
[INFO] [stdout] error[E0425]: cannot find type `IMarshal` in module `windows_core::imp`
[INFO] [stdout]    --> /opt/rustwide/cargo-home/registry/src/index.crates.io-1949cf8c6b5b557f/windows-future-0.3.2/src/bindings.rs:572:51
[INFO] [stdout]     |
[INFO] [stdout] 572 |             } else if *iid == <windows_core::imp::IMarshal as windows_core::Interface>::IID {
[INFO] [stdout]     |                                                   ^^^^^^^^ not found in `windows_core::imp`
[INFO] [stdout] 
[INFO] [stdout] 
[INFO] [stdout] error[E0425]: cannot find function `marshaler` in module `windows_core::imp`
[INFO] [stdout]    --> /opt/rustwide/cargo-home/registry/src/index.crates.io-1949cf8c6b5b557f/windows-future-0.3.2/src/bindings.rs:574:43
[INFO] [stdout]     |
[INFO] [stdout] 574 |                 return windows_core::imp::marshaler(
[INFO] [stdout]     |                                           ^^^^^^^^^ not found in `windows_core::imp`
[INFO] [stdout] 
[INFO] [stdout] 
[INFO] [stdout] error[E0425]: cannot find type `IMarshal` in module `windows_core::imp`
[INFO] [stdout]    --> /opt/rustwide/cargo-home/registry/src/index.crates.io-1949cf8c6b5b557f/windows-future-0.3.2/src/bindings.rs:752:364
[INFO] [stdout]     |
[INFO] [stdout] 752 | ... _ } else if * iid == < windows_core::imp::IMarshal as windows_core::Interface >::IID { ( * this ) . count . add_ref ( ) ; retur...
[INFO] [stdout]     |                                               ^^^^^^^^ not found in `windows_core::imp`
[INFO] [stdout] 
[INFO] [stdout] 
[INFO] [stdout] error[E0425]: cannot find function `marshaler` in module `windows_core::imp`
[INFO] [stdout]    --> /opt/rustwide/cargo-home/registry/src/index.crates.io-1949cf8c6b5b557f/windows-future-0.3.2/src/bindings.rs:752:470
[INFO] [stdout]     |
[INFO] [stdout] 752 | ... . add_ref ( ) ; return windows_core::imp::marshaler ( core::mem::transmute ( & mut ( * this ) . vtable as * mut _ as * mut core...
[INFO] [stdout]     |                                               ^^^^^^^^^ not found in `windows_core::imp`
[INFO] [stdout] 
[INFO] [stdout] 
[INFO] [stdout] error[E0425]: cannot find type `IMarshal` in module `windows_core::imp`
[INFO] [stdout]    --> /opt/rustwide/cargo-home/registry/src/index.crates.io-1949cf8c6b5b557f/windows-future-0.3.2/src/bindings.rs:927:377
[INFO] [stdout]     |
[INFO] [stdout] 927 | ... _ } else if * iid == < windows_core::imp::IMarshal as windows_core::Interface >::IID { ( * this ) . count . add_ref ( ) ; retur...
[INFO] [stdout]     |                                               ^^^^^^^^ not found in `windows_core::imp`
[INFO] [stdout] 
[INFO] [stdout] 
[INFO] [stdout] error[E0425]: cannot find function `marshaler` in module `windows_core::imp`
[INFO] [stdout]    --> /opt/rustwide/cargo-home/registry/src/index.crates.io-1949cf8c6b5b557f/windows-future-0.3.2/src/bindings.rs:927:483
[INFO] [stdout]     |
[INFO] [stdout] 927 | ... . add_ref ( ) ; return windows_core::imp::marshaler ( core::mem::transmute ( & mut ( * this ) . vtable as * mut _ as * mut core...
[INFO] [stdout]     |                                               ^^^^^^^^^ not found in `windows_core::imp`
[INFO] [stdout] 
[INFO] [stdout] 
[INFO] [stdout] error[E0425]: cannot find function `submit` in crate `windows_threading`
[INFO] [stdout]    --> /opt/rustwide/cargo-home/registry/src/index.crates.io-1949cf8c6b5b557f/windows-future-0.3.2/src/async_spawn.rs:264:28
[INFO] [stdout]     |
[INFO] [stdout] 264 |         windows_threading::submit(move || {
[INFO] [stdout]     |                            ^^^^^^ not found in `windows_threading`
[INFO] [stdout] 
[INFO] [stdout] 
[INFO] [stdout] error[E0425]: cannot find function `submit` in crate `windows_threading`
[INFO] [stdout]    --> /opt/rustwide/cargo-home/registry/src/index.crates.io-1949cf8c6b5b557f/windows-future-0.3.2/src/async_spawn.rs:281:28
[INFO] [stdout]     |
[INFO] [stdout] 281 |         windows_threading::submit(move || {
[INFO] [stdout]     |                            ^^^^^^ not found in `windows_threading`
[INFO] [stdout] 
[INFO] [stdout] 
[INFO] [stdout] error[E0425]: cannot find function `submit` in crate `windows_threading`
[INFO] [stdout]    --> /opt/rustwide/cargo-home/registry/src/index.crates.io-1949cf8c6b5b557f/windows-future-0.3.2/src/async_spawn.rs:298:28
[INFO] [stdout]     |
[INFO] [stdout] 298 |         windows_threading::submit(move || {
[INFO] [stdout]     |                            ^^^^^^ not found in `windows_threading`
[INFO] [stdout] 
[INFO] [stdout] 
[INFO] [stdout] error[E0425]: cannot find function `submit` in crate `windows_threading`
[INFO] [stdout]    --> /opt/rustwide/cargo-home/registry/src/index.crates.io-1949cf8c6b5b557f/windows-future-0.3.2/src/async_spawn.rs:315:28
[INFO] [stdout]     |
[INFO] [stdout] 315 |         windows_threading::submit(move || {
[INFO] [stdout]     |                            ^^^^^^ not found in `windows_threading`
[INFO] [stdout] 
[INFO] [stdout] 
[INFO] [stderr]     Checking tracing v0.1.44
[INFO] [stderr]     Checking windows-numerics v0.3.1
[INFO] [stderr]     Checking windows-collections v0.3.2
[INFO] [stderr]    Compiling icu_locale_core v2.3.0
[INFO] [stderr]     Checking futures-util v0.3.34
[INFO] [stderr]    Compiling potential_utf v0.1.6
[INFO] [stderr]    Compiling zerotrie v0.2.5
[INFO] [stdout] For more information about this error, try `rustc --explain E0425`.
[INFO] [stdout] 
[INFO] [stderr] error: could not compile `windows-future` (lib) due to 16 previous errors
[INFO] [stderr] warning: build failed, waiting for other jobs to finish...
[INFO] running `Command { std: "docker" "inspect" "437b1bf6592364c623e82fdd84fe4412fab11f60feff47c1430ddb5b13f71bba", kill_on_drop: false }`
[INFO] running `Command { std: "docker" "rm" "-f" "437b1bf6592364c623e82fdd84fe4412fab11f60feff47c1430ddb5b13f71bba", kill_on_drop: false }`
[INFO] [stdout] 437b1bf6592364c623e82fdd84fe4412fab11f60feff47c1430ddb5b13f71bba
