[INFO] cloning repository https://github.com/Aphelion-Development/hybrid-predict-trainer-rs
[INFO] running `Command { std: "git" "-c" "credential.helper=" "-c" "credential.helper=/workspace/cargo-home/bin/git-credential-null" "clone" "--bare" "https://github.com/Aphelion-Development/hybrid-predict-trainer-rs" "/workspace/cache/git-repos/https%3A%2F%2Fgithub.com%2FAphelion-Development%2Fhybrid-predict-trainer-rs", kill_on_drop: false }`
[INFO] [stderr] Cloning into bare repository '/workspace/cache/git-repos/https%3A%2F%2Fgithub.com%2FAphelion-Development%2Fhybrid-predict-trainer-rs'...
[INFO] running `Command { std: "git" "rev-parse" "HEAD", kill_on_drop: false }`
[INFO] [stdout] 8b9bd99187002950fed89b66bac15008fac39a1a
[INFO] checking Aphelion-Development/hybrid-predict-trainer-rs against 3154cc1a3e6424e44f438a95007d043ed5ceaaf6 for pr-133502-30
[INFO] running `Command { std: "git" "clone" "/workspace/cache/git-repos/https%3A%2F%2Fgithub.com%2FAphelion-Development%2Fhybrid-predict-trainer-rs" "/workspace/builds/worker-2-tc2/source", kill_on_drop: false }`
[INFO] [stderr] Cloning into '/workspace/builds/worker-2-tc2/source'...
[INFO] [stderr] done.
[INFO] started tweaking git repo https://github.com/Aphelion-Development/hybrid-predict-trainer-rs
[INFO] removed 0 missing examples
[INFO] finished tweaking git repo https://github.com/Aphelion-Development/hybrid-predict-trainer-rs
[INFO] tweaked toml for git repo https://github.com/Aphelion-Development/hybrid-predict-trainer-rs written to /workspace/builds/worker-2-tc2/source/Cargo.toml
[INFO] validating manifest of git repo https://github.com/Aphelion-Development/hybrid-predict-trainer-rs on toolchain 3154cc1a3e6424e44f438a95007d043ed5ceaaf6
[INFO] running `Command { std: CARGO_HOME="/workspace/cargo-home" RUSTUP_HOME="/workspace/rustup-home" "/workspace/cargo-home/bin/cargo" "+3154cc1a3e6424e44f438a95007d043ed5ceaaf6" "metadata" "--manifest-path" "Cargo.toml" "--no-deps", kill_on_drop: false }`
[INFO] crate git repo https://github.com/Aphelion-Development/hybrid-predict-trainer-rs already has a lockfile, it will not be regenerated
[INFO] running `Command { std: CARGO_HOME="/workspace/cargo-home" RUSTUP_HOME="/workspace/rustup-home" "/workspace/cargo-home/bin/cargo" "+3154cc1a3e6424e44f438a95007d043ed5ceaaf6" "fetch" "--manifest-path" "Cargo.toml", kill_on_drop: false }`
[INFO] [stderr] warning: `package.homepage` is redundant with `package.repository`
[INFO] [stderr]    --> Cargo.toml:161:12
[INFO] [stderr]     |
[INFO] [stderr] 161 | homepage = "https://github.com/tzervas/hybrid-predict-trainer-rs"
[INFO] [stderr]     |            ^^^^^^^^^^^^^^^^^^^^^^^^^^^^^^^^^^^^^^^^^^^^^^^^^^^^^^
[INFO] [stderr] ...
[INFO] [stderr] 166 | repository = "https://github.com/tzervas/hybrid-predict-trainer-rs"
[INFO] [stderr]     |              ------------------------------------------------------
[INFO] [stderr]     |
[INFO] [stderr]     = note: `cargo::redundant_homepage` is set to `warn` by default
[INFO] [stderr] help: consider removing `package.homepage`
[INFO] [stderr] warning: `hybrid-predict-trainer-rs` (manifest) generated 1 warning
[INFO] [stderr]     Updating crates.io index
[INFO] [stderr]     Blocking waiting for file lock on package cache
[INFO] [stderr]      Locking 6 packages to highest compatible versions
[INFO] [stderr]       Adding bincode v1.3.3 (available: v3.0.0)
[INFO] [stderr]       Adding chrono v0.4.45
[INFO] [stderr]       Adding hostname v0.4.2
[INFO] [stderr]       Adding iana-time-zone v0.1.65
[INFO] [stderr]       Adding iana-time-zone-haiku v0.1.2
[INFO] [stderr]       Adding ndarray v0.16.1 (available: v0.17.2)
[INFO] [stderr]     Blocking waiting for file lock on package cache
[INFO] running `Command { std: "docker" "create" "-v" "/var/lib/crater-agent-workspace/builds/worker-2-tc2/source:/opt/rustwide/workdir:ro,Z" "-v" "/var/lib/crater-agent-workspace/builds/worker-2-tc2/target:/opt/rustwide/target:rw,Z" "-v" "/var/lib/crater-agent-workspace/cargo-home:/opt/rustwide/cargo-home:ro,Z" "-v" "/var/lib/crater-agent-workspace/rustup-home:/opt/rustwide/rustup-home:ro,Z" "-m" "1610612736" "--network" "none" "ghcr.io/rust-lang/crates-build-env/linux@sha256:77db811e55d90add9212f6832c23229e3de5f1c1f9905e8cb07319ea15df73ac" "sleep" "infinity", kill_on_drop: false }`
[INFO] [stdout] 7844ff79d8cdcddd643c0b268ba71f1f4158c70651db7617df6ee112fce310a9
[INFO] running `Command { std: "docker" "start" "7844ff79d8cdcddd643c0b268ba71f1f4158c70651db7617df6ee112fce310a9", kill_on_drop: false }`
[INFO] running `Command { std: "docker" "inspect" "7844ff79d8cdcddd643c0b268ba71f1f4158c70651db7617df6ee112fce310a9", kill_on_drop: false }`
[INFO] running `Command { std: "docker" "exec" "-e" "SOURCE_DIR=/opt/rustwide/workdir" "-e" "CARGO_HOME=/opt/rustwide/cargo-home" "-e" "RUSTUP_HOME=/opt/rustwide/rustup-home" "-e" "CARGO_TARGET_DIR=/opt/rustwide/target" "-w" "/opt/rustwide/workdir" "--user" "0:0" "7844ff79d8cdcddd643c0b268ba71f1f4158c70651db7617df6ee112fce310a9" "/opt/rustwide/cargo-home/bin/cargo" "+3154cc1a3e6424e44f438a95007d043ed5ceaaf6" "metadata" "--no-deps" "--format-version=1", kill_on_drop: false }`
[INFO] running `Command { std: "docker" "inspect" "7844ff79d8cdcddd643c0b268ba71f1f4158c70651db7617df6ee112fce310a9", kill_on_drop: false }`
[INFO] running `Command { std: "docker" "exec" "-e" "SOURCE_DIR=/opt/rustwide/workdir" "-e" "CARGO_HOME=/opt/rustwide/cargo-home" "-e" "RUSTUP_HOME=/opt/rustwide/rustup-home" "-e" "CARGO_TARGET_DIR=/opt/rustwide/target" "-e" "CARGO_INCREMENTAL=0" "-e" "RUST_BACKTRACE=full" "-e" "RUSTFLAGS=--cap-lints=forbid" "-e" "RUSTDOCFLAGS=--cap-lints=forbid" "-w" "/opt/rustwide/workdir" "--user" "0:0" "7844ff79d8cdcddd643c0b268ba71f1f4158c70651db7617df6ee112fce310a9" "/opt/rustwide/cargo-home/bin/cargo" "+3154cc1a3e6424e44f438a95007d043ed5ceaaf6" "check" "--frozen" "--all" "--all-targets" "--message-format=json", kill_on_drop: false }`
[INFO] [stderr] warning: `package.homepage` is redundant with `package.repository`
[INFO] [stderr]    --> Cargo.toml:161:12
[INFO] [stderr]     |
[INFO] [stderr] 161 | homepage = "https://github.com/tzervas/hybrid-predict-trainer-rs"
[INFO] [stderr]     |            ^^^^^^^^^^^^^^^^^^^^^^^^^^^^^^^^^^^^^^^^^^^^^^^^^^^^^^
[INFO] [stderr] ...
[INFO] [stderr] 166 | repository = "https://github.com/tzervas/hybrid-predict-trainer-rs"
[INFO] [stderr]     |              ------------------------------------------------------
[INFO] [stderr]     |
[INFO] [stderr]     = note: `cargo::redundant_homepage` is set to `warn` by default
[INFO] [stderr] help: consider removing `package.homepage`
[INFO] [stderr] warning: `hybrid-predict-trainer-rs` (manifest) generated 1 warning
[INFO] [stderr]    Compiling libc v0.2.180
[INFO] [stderr]    Compiling zerocopy v0.8.37
[INFO] [stderr]     Checking memchr v2.7.6
[INFO] [stderr]    Compiling portable-atomic v1.13.0
[INFO] [stderr]    Compiling proc-macro2 v1.0.106
[INFO] [stderr]    Compiling num-traits v0.2.19
[INFO] [stderr]    Compiling serde v1.0.228
[INFO] [stderr]     Checking simd-adler32 v0.3.8
[INFO] [stderr]    Compiling object v0.37.3
[INFO] [stderr]     Checking gimli v0.32.3
[INFO] [stderr]    Compiling cubecl-common v0.9.0
[INFO] [stderr]     Checking rustc-demangle v0.1.27
[INFO] [stderr]     Checking serde_bytes v0.11.19
[INFO] [stderr]     Checking futures-lite v2.6.1
[INFO] [stderr]     Checking bytes v1.11.0
[INFO] [stderr]     Checking web-time v1.1.0
[INFO] [stderr]     Checking embassy-futures v0.1.2
[INFO] [stderr]     Checking hashbrown v0.16.1
[INFO] [stderr]    Compiling zmij v1.0.18
[INFO] [stderr]     Checking miniz_oxide v0.8.9
[INFO] [stderr]    Compiling serde_json v1.0.149
[INFO] [stderr]     Checking regex-syntax v0.8.8
[INFO] [stderr]    Compiling matrixmultiply v0.3.10
[INFO] [stderr]     Checking unty v0.0.4
[INFO] [stderr]    Compiling macerator v0.2.9
[INFO] [stderr]    Compiling once_cell v1.21.3
[INFO] [stderr]     Checking uuid v1.20.0
[INFO] [stderr]    Compiling cc v1.2.55
[INFO] [stderr]    Compiling burn-ndarray v0.20.1
[INFO] [stderr]     Checking aho-corasick v1.1.4
[INFO] [stderr]     Checking flate2 v1.1.8
[INFO] [stderr]    Compiling quote v1.0.44
[INFO] [stderr]     Checking moddef v0.3.0
[INFO] [stderr]     Checking clap_lex v0.7.7
[INFO] [stderr]    Compiling rustix v1.1.3
[INFO] [stderr]     Checking atomic_float v1.1.0
[INFO] [stderr]     Checking winnow v0.7.14
[INFO] [stderr]     Checking ciborium-io v0.2.2
[INFO] [stderr]     Checking spin v0.10.0
[INFO] [stderr]     Checking clap_builder v4.5.56
[INFO] [stderr]     Checking itertools v0.13.0
[INFO] [stderr]    Compiling syn v2.0.114
[INFO] [stderr]     Checking serde_spanned v1.0.4
[INFO] [stderr]     Checking toml_datetime v0.7.5+spec-1.1.0
[INFO] [stderr]     Checking tokio v1.49.0
[INFO] [stderr]     Checking rmp v0.8.15
[INFO] [stderr]     Checking num-integer v0.1.46
[INFO] [stderr]     Checking num-complex v0.4.6
[INFO] [stderr]     Checking linux-raw-sys v0.11.0
[INFO] [stderr]     Checking bitflags v2.10.0
[INFO] [stderr]     Checking cast v0.3.0
[INFO] [stderr]     Checking getrandom v0.3.4
[INFO] [stderr]     Checking parking_lot_core v0.9.12
[INFO] [stderr]     Checking parking_lot v0.12.5
[INFO] [stderr]     Checking rand_core v0.9.5
[INFO] [stderr]     Checking ndarray v0.17.2
[INFO] [stderr]     Checking ndarray v0.16.1
[INFO] [stderr]     Checking page_size v0.6.0
[INFO] [stderr]     Checking hostname v0.4.2
[INFO] [stderr]    Compiling alloca v0.4.0
[INFO] [stderr]    Compiling getrandom v0.2.17
[INFO] [stderr]     Checking anes v0.1.6
[INFO] [stderr]     Checking oorandom v11.1.5
[INFO] [stderr]     Checking approx v0.5.1
[INFO] [stderr]    Compiling const-random-macro v0.1.16
[INFO] [stderr]     Checking regex-automata v0.4.13
[INFO] [stderr]     Checking const-random v0.1.18
[INFO] [stderr]     Checking addr2line v0.25.1
[INFO] [stderr]     Checking toml_parser v1.0.6+spec-1.1.0
[INFO] [stderr]     Checking clap v4.5.56
[INFO] [stderr]     Checking criterion-plot v0.8.1
[INFO] [stderr]     Checking tokio-stream v0.1.18
[INFO] [stderr]     Checking toml v0.9.11+spec-1.1.0
[INFO] [stderr]     Checking tempfile v3.24.0
[INFO] [stderr]     Checking tokio-test v0.4.5
[INFO] [stderr]     Checking backtrace v0.3.76
[INFO] [stderr]     Checking regex v1.12.2
[INFO] [stderr]     Checking matchers v0.2.0
[INFO] [stderr]    Compiling darling_core v0.20.11
[INFO] [stderr]    Compiling serde_derive v1.0.228
[INFO] [stderr]    Compiling zerocopy-derive v0.8.37
[INFO] [stderr]    Compiling bytemuck_derive v1.10.2
[INFO] [stderr]    Compiling derive_more-impl v2.1.1
[INFO] [stderr]    Compiling derive-new v0.7.0
[INFO] [stderr]    Compiling thiserror-impl v2.0.18
[INFO] [stderr]    Compiling tracing-attributes v0.1.31
[INFO] [stderr]    Compiling burn-derive v0.20.1
[INFO] [stderr]     Checking tracing v0.1.44
[INFO] [stderr]     Checking bytemuck v1.24.0
[INFO] [stderr]     Checking thiserror v2.0.18
[INFO] [stderr]     Checking tracing-subscriber v0.3.22
[INFO] [stderr]    Compiling darling_macro v0.20.11
[INFO] [stderr]     Checking derive_more v2.1.1
[INFO] [stderr]    Compiling darling v0.20.11
[INFO] [stderr]    Compiling macerator-macros v0.1.3
[INFO] [stderr]     Checking rmp-serde v1.3.1
[INFO] [stderr]     Checking bincode v2.0.1
[INFO] [stderr]     Checking safetensors v0.7.0
[INFO] [stderr]     Checking chrono v0.4.45
[INFO] [stderr]     Checking tinytemplate v1.2.1
[INFO] [stderr]     Checking bincode v1.3.3
[INFO] [stderr]     Checking half v2.7.1
[INFO] [stderr]     Checking ppv-lite86 v0.2.21
[INFO] [stderr]     Checking ahash v0.8.12
[INFO] [stderr]     Checking rand_chacha v0.9.0
[INFO] [stderr]     Checking ciborium-ll v0.2.2
[INFO] [stderr]     Checking rand v0.9.2
[INFO] [stderr]     Checking ciborium v0.2.2
[INFO] [stderr]     Checking rand_distr v0.5.1
[INFO] [stderr]     Checking criterion v0.8.1
[INFO] [stderr]     Checking burn-std v0.20.1
[INFO] [stderr]     Checking burn-backend v0.20.1
[INFO] [stderr]     Checking burn-tensor v0.20.1
[INFO] [stderr]     Checking burn-ir v0.20.1
[INFO] [stderr]     Checking burn-autodiff v0.20.1
[INFO] [stderr]     Checking burn-core v0.20.1
[INFO] [stderr]     Checking burn-optim v0.20.1
[INFO] [stderr]     Checking burn-nn v0.20.1
[INFO] [stderr]     Checking burn v0.20.1
[INFO] [stderr]     Checking hybrid-predict-trainer-rs v0.2.0 (/opt/rustwide/workdir)
[INFO] [stdout] warning: unused import: `crate::HybridResult`
[INFO] [stdout]   --> src/delta_accumulator.rs:21:5
[INFO] [stdout]    |
[INFO] [stdout] 21 | use crate::HybridResult;
[INFO] [stdout]    |     ^^^^^^^^^^^^^^^^^^^
[INFO] [stdout]    |
[INFO] [stdout]    = note: `#[warn(unused_imports)]` (part of `#[warn(unused)]`) on by default
[INFO] [stdout] 
[INFO] [stdout] 
[INFO] [stdout] warning: unused import: `Shape`
[INFO] [stdout]   --> src/burn_integration.rs:68:20
[INFO] [stdout]    |
[INFO] [stdout] 68 | use burn::tensor::{Shape, Tensor, TensorData};
[INFO] [stdout]    |                    ^^^^^
[INFO] [stdout] 
[INFO] [stdout] 
[INFO] [stdout] warning: unused import: `HashMap`
[INFO] [stdout]   --> src/cpu_offloading.rs:44:24
[INFO] [stdout]    |
[INFO] [stdout] 44 | use std::collections::{HashMap, VecDeque};
[INFO] [stdout]    |                        ^^^^^^^
[INFO] [stdout] 
[INFO] [stdout] 
[INFO] [stdout] warning: unused import: `crate::HybridResult`
[INFO] [stdout]   --> src/delta_accumulator.rs:21:5
[INFO] [stdout]    |
[INFO] [stdout] 21 | use crate::HybridResult;
[INFO] [stdout]    |     ^^^^^^^^^^^^^^^^^^^
[INFO] [stdout]    |
[INFO] [stdout]    = note: `#[warn(unused_imports)]` (part of `#[warn(unused)]`) on by default
[INFO] [stdout] 
[INFO] [stdout] 
[INFO] [stdout] warning: unused import: `Shape`
[INFO] [stdout]   --> src/burn_integration.rs:68:20
[INFO] [stdout]    |
[INFO] [stdout] 68 | use burn::tensor::{Shape, Tensor, TensorData};
[INFO] [stdout]    |                    ^^^^^
[INFO] [stdout] 
[INFO] [stdout] 
[INFO] [stdout] warning: unused import: `super::*`
[INFO] [stdout]    --> src/burn_integration.rs:751:9
[INFO] [stdout]     |
[INFO] [stdout] 751 |     use super::*;
[INFO] [stdout]     |         ^^^^^^^^
[INFO] [stdout] 
[INFO] [stdout] 
[INFO] [stdout] warning: unused import: `HashMap`
[INFO] [stdout]   --> src/cpu_offloading.rs:44:24
[INFO] [stdout]    |
[INFO] [stdout] 44 | use std::collections::{HashMap, VecDeque};
[INFO] [stdout]    |                        ^^^^^^^
[INFO] [stdout] 
[INFO] [stdout] 
[INFO] [stdout] warning: unused variable: `config`
[INFO] [stdout]    --> src/predict_aware_memory.rs:421:42
[INFO] [stdout]     |
[INFO] [stdout] 421 |     pub fn exit_predict_phase(&mut self, config: &PredictAwareMemoryConfig) {
[INFO] [stdout]     |                                          ^^^^^^ help: if this is intentional, prefix it with an underscore: `_config`
[INFO] [stdout]     |
[INFO] [stdout]     = note: `#[warn(unused_variables)]` (part of `#[warn(unused)]`) on by default
[INFO] [stdout] 
[INFO] [stdout] 
[INFO] [stdout] warning: unused variable: `memory_bytes`
[INFO] [stdout]    --> src/gradient_checkpointing.rs:174:13
[INFO] [stdout]     |
[INFO] [stdout] 174 |         let memory_bytes: usize = activations
[INFO] [stdout]     |             ^^^^^^^^^^^^ help: if this is intentional, prefix it with an underscore: `_memory_bytes`
[INFO] [stdout] 
[INFO] [stdout] 
[INFO] [stdout] warning: function `sync_cuda_memory` is never used
[INFO] [stdout]    --> src/vram_manager.rs:195:4
[INFO] [stdout]     |
[INFO] [stdout] 195 | fn sync_cuda_memory() {
[INFO] [stdout]     |    ^^^^^^^^^^^^^^^^
[INFO] [stdout]     |
[INFO] [stdout]     = note: `#[warn(dead_code)]` (part of `#[warn(unused)]`) on by default
[INFO] [stdout] 
[INFO] [stdout] 
[INFO] [stdout] warning: field `memory_saved_bytes` is never read
[INFO] [stdout]   --> src/gradient_checkpointing.rs:86:5
[INFO] [stdout]    |
[INFO] [stdout] 71 | pub struct GradientCheckpointer {
[INFO] [stdout]    |            -------------------- field in this struct
[INFO] [stdout] ...
[INFO] [stdout] 86 |     memory_saved_bytes: usize,
[INFO] [stdout]    |     ^^^^^^^^^^^^^^^^^^
[INFO] [stdout] 
[INFO] [stdout] 
[INFO] [stdout] warning: unused variable: `config`
[INFO] [stdout]    --> src/predict_aware_memory.rs:421:42
[INFO] [stdout]     |
[INFO] [stdout] 421 |     pub fn exit_predict_phase(&mut self, config: &PredictAwareMemoryConfig) {
[INFO] [stdout]     |                                          ^^^^^^ help: if this is intentional, prefix it with an underscore: `_config`
[INFO] [stdout]     |
[INFO] [stdout]     = note: `#[warn(unused_variables)]` (part of `#[warn(unused)]`) on by default
[INFO] [stdout] 
[INFO] [stdout] 
[INFO] [stdout] warning: unused import: `PhaseController`
[INFO] [stdout]  --> benches/phase_transitions.rs:7:65
[INFO] [stdout]   |
[INFO] [stdout] 7 | use hybrid_predict_trainer_rs::phases::{DefaultPhaseController, PhaseController};
[INFO] [stdout]   |                                                                 ^^^^^^^^^^^^^^^
[INFO] [stdout]   |
[INFO] [stdout]   = note: `#[warn(unused_imports)]` (part of `#[warn(unused)]`) on by default
[INFO] [stdout] 
[INFO] [stdout] 
[INFO] [stdout] error[E0432]: unresolved import `burn::backend::Autodiff`
[INFO] [stdout]   --> tests/burn_autodiff_sync_fix.rs:9:9
[INFO] [stdout]    |
[INFO] [stdout]  9 |     use burn::backend::Autodiff;
[INFO] [stdout]    |         ^^^^^^^^^^^^^^^--------
[INFO] [stdout]    |                        |
[INFO] [stdout]    |                        no `Autodiff` in `backend`
[INFO] [stdout]    |
[INFO] [stdout] note: found an item that was configured out
[INFO] [stdout]   --> /opt/rustwide/cargo-home/registry/src/index.crates.io-1949cf8c6b5b557f/burn-0.20.1/src/backend.rs:16:24
[INFO] [stdout]    |
[INFO] [stdout] 15 | #[cfg(feature = "autodiff")]
[INFO] [stdout]    |       -------------------- the item is gated behind the `autodiff` feature
[INFO] [stdout] 16 | pub use burn_autodiff::Autodiff;
[INFO] [stdout]    |                        ^^^^^^^^
[INFO] [stdout] 
[INFO] [stdout] 
[INFO] [stdout] warning: use of deprecated function `criterion::black_box`: use `std::hint::black_box()` instead
[INFO] [stdout]  --> benches/phase_transitions.rs:5:17
[INFO] [stdout]   |
[INFO] [stdout] 5 | use criterion::{black_box, criterion_group, criterion_main, Criterion};
[INFO] [stdout]   |                 ^^^^^^^^^
[INFO] [stdout]   |
[INFO] [stdout]   = note: `#[warn(deprecated)]` on by default
[INFO] [stdout] 
[INFO] [stdout] 
[INFO] [stdout] warning: use of deprecated function `criterion::black_box`: use `std::hint::black_box()` instead
[INFO] [stdout]   --> benches/phase_transitions.rs:21:19
[INFO] [stdout]    |
[INFO] [stdout] 21 |         b.iter(|| black_box(controller.decide(black_box(&state), 0.85)))
[INFO] [stdout]    |                   ^^^^^^^^^
[INFO] [stdout] 
[INFO] [stdout] 
[INFO] [stdout] warning: use of deprecated function `criterion::black_box`: use `std::hint::black_box()` instead
[INFO] [stdout]   --> benches/phase_transitions.rs:21:47
[INFO] [stdout]    |
[INFO] [stdout] 21 |         b.iter(|| black_box(controller.decide(black_box(&state), 0.85)))
[INFO] [stdout]    |                                               ^^^^^^^^^
[INFO] [stdout] 
[INFO] [stdout] 
[INFO] [stdout] warning: use of deprecated function `criterion::black_box`: use `std::hint::black_box()` instead
[INFO] [stdout]   --> benches/phase_transitions.rs:34:19
[INFO] [stdout]    |
[INFO] [stdout] 34 |         b.iter(|| black_box(state.compute_features()))
[INFO] [stdout]    |                   ^^^^^^^^^
[INFO] [stdout] 
[INFO] [stdout] 
[INFO] [stdout] error[E0432]: unresolved import `burn::backend::Autodiff`
[INFO] [stdout]   --> examples/correction_accuracy_validation.rs:29:15
[INFO] [stdout]    |
[INFO] [stdout] 29 |     backend::{Autodiff, NdArray},
[INFO] [stdout]    |               ^^^^^^^^ no `Autodiff` in `backend`
[INFO] [stdout]    |
[INFO] [stdout] note: found an item that was configured out
[INFO] [stdout]   --> /opt/rustwide/cargo-home/registry/src/index.crates.io-1949cf8c6b5b557f/burn-0.20.1/src/backend.rs:16:24
[INFO] [stdout]    |
[INFO] [stdout] 15 | #[cfg(feature = "autodiff")]
[INFO] [stdout]    |       -------------------- the item is gated behind the `autodiff` feature
[INFO] [stdout] 16 | pub use burn_autodiff::Autodiff;
[INFO] [stdout]    |                        ^^^^^^^^
[INFO] [stdout] 
[INFO] [stdout] 
[INFO] [stdout] warning: use of deprecated function `criterion::black_box`: use `std::hint::black_box()` instead
[INFO] [stdout]  --> benches/predictor_performance.rs:5:17
[INFO] [stdout]   |
[INFO] [stdout] 5 | use criterion::{black_box, criterion_group, criterion_main, Criterion};
[INFO] [stdout]   |                 ^^^^^^^^^
[INFO] [stdout]   |
[INFO] [stdout]   = note: `#[warn(deprecated)]` on by default
[INFO] [stdout] 
[INFO] [stdout] 
[INFO] [stdout] warning: use of deprecated function `criterion::black_box`: use `std::hint::black_box()` instead
[INFO] [stdout]   --> benches/predictor_performance.rs:22:19
[INFO] [stdout]    |
[INFO] [stdout] 22 |         b.iter(|| black_box(rssm.predict_y_steps(black_box(&state), 10)))
[INFO] [stdout]    |                   ^^^^^^^^^
[INFO] [stdout] 
[INFO] [stdout] 
[INFO] [stdout] warning: use of deprecated function `criterion::black_box`: use `std::hint::black_box()` instead
[INFO] [stdout]   --> benches/predictor_performance.rs:22:50
[INFO] [stdout]    |
[INFO] [stdout] 22 |         b.iter(|| black_box(rssm.predict_y_steps(black_box(&state), 10)))
[INFO] [stdout]    |                                                  ^^^^^^^^^
[INFO] [stdout] 
[INFO] [stdout] 
[INFO] [stdout] warning: use of deprecated function `criterion::black_box`: use `std::hint::black_box()` instead
[INFO] [stdout]   --> benches/predictor_performance.rs:26:19
[INFO] [stdout]    |
[INFO] [stdout] 26 |         b.iter(|| black_box(rssm.predict_y_steps(black_box(&state), 50)))
[INFO] [stdout]    |                   ^^^^^^^^^
[INFO] [stdout] 
[INFO] [stdout] 
[INFO] [stdout] warning: use of deprecated function `criterion::black_box`: use `std::hint::black_box()` instead
[INFO] [stdout]   --> benches/predictor_performance.rs:26:50
[INFO] [stdout]    |
[INFO] [stdout] 26 |         b.iter(|| black_box(rssm.predict_y_steps(black_box(&state), 50)))
[INFO] [stdout]    |                                                  ^^^^^^^^^
[INFO] [stdout] 
[INFO] [stdout] 
[INFO] [stdout] warning: use of deprecated function `criterion::black_box`: use `std::hint::black_box()` instead
[INFO] [stdout]   --> benches/predictor_performance.rs:37:19
[INFO] [stdout]    |
[INFO] [stdout] 37 |         b.iter(|| black_box(rssm.prediction_confidence(black_box(&state))))
[INFO] [stdout]    |                   ^^^^^^^^^
[INFO] [stdout] 
[INFO] [stdout] 
[INFO] [stdout] warning: use of deprecated function `criterion::black_box`: use `std::hint::black_box()` instead
[INFO] [stdout]   --> benches/predictor_performance.rs:37:56
[INFO] [stdout]    |
[INFO] [stdout] 37 |         b.iter(|| black_box(rssm.prediction_confidence(black_box(&state))))
[INFO] [stdout]    |                                                        ^^^^^^^^^
[INFO] [stdout] 
[INFO] [stdout] 
[INFO] [stdout] error[E0432]: unresolved import `burn::backend::Autodiff`
[INFO] [stdout]   --> examples/burn_mlp_mnist.rs:20:5
[INFO] [stdout]    |
[INFO] [stdout] 20 | use burn::backend::Autodiff;
[INFO] [stdout]    |     ^^^^^^^^^^^^^^^--------
[INFO] [stdout]    |                    |
[INFO] [stdout]    |                    no `Autodiff` in `backend`
[INFO] [stdout]    |
[INFO] [stdout] note: found an item that was configured out
[INFO] [stdout]   --> /opt/rustwide/cargo-home/registry/src/index.crates.io-1949cf8c6b5b557f/burn-0.20.1/src/backend.rs:16:24
[INFO] [stdout]    |
[INFO] [stdout] 15 | #[cfg(feature = "autodiff")]
[INFO] [stdout]    |       -------------------- the item is gated behind the `autodiff` feature
[INFO] [stdout] 16 | pub use burn_autodiff::Autodiff;
[INFO] [stdout]    |                        ^^^^^^^^
[INFO] [stdout] 
[INFO] [stdout] 
[INFO] [stdout] error[E0432]: unresolved import `burn::backend::Autodiff`
[INFO] [stdout]   --> examples/confidence_tuning_experiment.rs:13:5
[INFO] [stdout]    |
[INFO] [stdout] 13 | use burn::backend::Autodiff;
[INFO] [stdout]    |     ^^^^^^^^^^^^^^^--------
[INFO] [stdout]    |                    |
[INFO] [stdout]    |                    no `Autodiff` in `backend`
[INFO] [stdout]    |
[INFO] [stdout] note: found an item that was configured out
[INFO] [stdout]   --> /opt/rustwide/cargo-home/registry/src/index.crates.io-1949cf8c6b5b557f/burn-0.20.1/src/backend.rs:16:24
[INFO] [stdout]    |
[INFO] [stdout] 15 | #[cfg(feature = "autodiff")]
[INFO] [stdout]    |       -------------------- the item is gated behind the `autodiff` feature
[INFO] [stdout] 16 | pub use burn_autodiff::Autodiff;
[INFO] [stdout]    |                        ^^^^^^^^
[INFO] [stdout] 
[INFO] [stdout] 
[INFO] [stdout] For more information about this error, try `rustc --explain E0432`.
[INFO] [stdout] 
[INFO] [stderr] error: could not compile `hybrid-predict-trainer-rs` (test "burn_autodiff_sync_fix") due to 1 previous error
[INFO] [stderr] warning: build failed, waiting for other jobs to finish...
[INFO] [stdout] error[E0432]: unresolved import `burn::backend::Autodiff`
[INFO] [stdout]   --> examples/comprehensive_parameter_sweep.rs:29:5
[INFO] [stdout]    |
[INFO] [stdout] 29 | use burn::backend::Autodiff;
[INFO] [stdout]    |     ^^^^^^^^^^^^^^^--------
[INFO] [stdout]    |                    |
[INFO] [stdout]    |                    no `Autodiff` in `backend`
[INFO] [stdout]    |
[INFO] [stdout] note: found an item that was configured out
[INFO] [stdout]   --> /opt/rustwide/cargo-home/registry/src/index.crates.io-1949cf8c6b5b557f/burn-0.20.1/src/backend.rs:16:24
[INFO] [stdout]    |
[INFO] [stdout] 15 | #[cfg(feature = "autodiff")]
[INFO] [stdout]    |       -------------------- the item is gated behind the `autodiff` feature
[INFO] [stdout] 16 | pub use burn_autodiff::Autodiff;
[INFO] [stdout]    |                        ^^^^^^^^
[INFO] [stdout] 
[INFO] [stdout] 
[INFO] [stdout] error[E0599]: no method named `decide` found for struct `DefaultPhaseController` in the current scope
[INFO] [stdout]   --> benches/phase_transitions.rs:21:40
[INFO] [stdout]    |
[INFO] [stdout] 21 |         b.iter(|| black_box(controller.decide(black_box(&state), 0.85)))
[INFO] [stdout]    |                                        ^^^^^^ method not found in `DefaultPhaseController`
[INFO] [stdout] 
[INFO] [stdout] 
[INFO] [stdout] error[E0432]: unresolved import `burn::backend::Autodiff`
[INFO] [stdout]   --> examples/prediction_horizon_research.rs:23:5
[INFO] [stdout]    |
[INFO] [stdout] 23 | use burn::backend::Autodiff;
[INFO] [stdout]    |     ^^^^^^^^^^^^^^^--------
[INFO] [stdout]    |                    |
[INFO] [stdout]    |                    no `Autodiff` in `backend`
[INFO] [stdout]    |
[INFO] [stdout] note: found an item that was configured out
[INFO] [stdout]   --> /opt/rustwide/cargo-home/registry/src/index.crates.io-1949cf8c6b5b557f/burn-0.20.1/src/backend.rs:16:24
[INFO] [stdout]    |
[INFO] [stdout] 15 | #[cfg(feature = "autodiff")]
[INFO] [stdout]    |       -------------------- the item is gated behind the `autodiff` feature
[INFO] [stdout] 16 | pub use burn_autodiff::Autodiff;
[INFO] [stdout]    |                        ^^^^^^^^
[INFO] [stdout] 
[INFO] [stdout] 
[INFO] [stdout] error[E0432]: unresolved import `burn::backend::Autodiff`
[INFO] [stdout]   --> tests/burn_integration_mlp.rs:9:9
[INFO] [stdout]    |
[INFO] [stdout]  9 |     use burn::backend::Autodiff;
[INFO] [stdout]    |         ^^^^^^^^^^^^^^^--------
[INFO] [stdout]    |                        |
[INFO] [stdout]    |                        no `Autodiff` in `backend`
[INFO] [stdout]    |
[INFO] [stdout] note: found an item that was configured out
[INFO] [stdout]   --> /opt/rustwide/cargo-home/registry/src/index.crates.io-1949cf8c6b5b557f/burn-0.20.1/src/backend.rs:16:24
[INFO] [stdout]    |
[INFO] [stdout] 15 | #[cfg(feature = "autodiff")]
[INFO] [stdout]    |       -------------------- the item is gated behind the `autodiff` feature
[INFO] [stdout] 16 | pub use burn_autodiff::Autodiff;
[INFO] [stdout]    |                        ^^^^^^^^
[INFO] [stdout] 
[INFO] [stdout] 
[INFO] [stdout] warning: unused import: `Param`
[INFO] [stdout]   --> tests/burn_integration_mlp.rs:10:48
[INFO] [stdout]    |
[INFO] [stdout] 10 |     use burn::module::{AutodiffModule, Module, Param};
[INFO] [stdout]    |                                                ^^^^^
[INFO] [stdout]    |
[INFO] [stdout]    = note: `#[warn(unused_imports)]` (part of `#[warn(unused)]`) on by default
[INFO] [stdout] 
[INFO] [stdout] 
[INFO] [stdout] warning: unused import: `Adam`
[INFO] [stdout]   --> tests/burn_integration_mlp.rs:12:23
[INFO] [stdout]    |
[INFO] [stdout] 12 |     use burn::optim::{Adam, AdamConfig};
[INFO] [stdout]    |                       ^^^^
[INFO] [stdout] 
[INFO] [stdout] 
[INFO] [stdout] warning: unused imports: `Batch` and `GradientInfo`
[INFO] [stdout]   --> tests/burn_integration_mlp.rs:18:37
[INFO] [stdout]    |
[INFO] [stdout] 18 |     use hybrid_predict_trainer_rs::{Batch, GradientInfo, Model, Optimizer};
[INFO] [stdout]    |                                     ^^^^^  ^^^^^^^^^^^^
[INFO] [stdout] 
[INFO] [stdout] 
[INFO] [stdout] For more information about this error, try `rustc --explain E0599`.
[INFO] [stdout] 
[INFO] [stderr] error: could not compile `hybrid-predict-trainer-rs` (bench "phase_transitions") due to 1 previous error; 5 warnings emitted
[INFO] [stdout] error[E0283]: type annotations needed
[INFO] [stdout]    --> examples/correction_accuracy_validation.rs:152:18
[INFO] [stdout]     |
[INFO] [stdout] 152 |     let _model = QuadraticModel::new(&device);
[INFO] [stdout]     |                  ^^^^^^^^^^^^^^^^^^^ cannot infer type of the type parameter `B` declared on the struct `QuadraticModel`
[INFO] [stdout]     |
[INFO] [stdout]     = note: the type must implement `Backend`
[INFO] [stdout] help: the trait `Backend` is implemented for `NdArray<E, I, Q>`
[INFO] [stdout]    --> /opt/rustwide/cargo-home/registry/src/index.crates.io-1949cf8c6b5b557f/burn-ndarray-0.20.1/src/backend.rs:60:1
[INFO] [stdout]     |
[INFO] [stdout]  60 | / impl<E: FloatNdArrayElement, I: IntNdArrayElement, Q: QuantElement> Backend for NdArray<E, I, Q>
[INFO] [stdout]  61 | | where
[INFO] [stdout]  62 | |     NdArrayTensor: From<SharedArray<E>>,
[INFO] [stdout]  63 | |     NdArrayTensor: From<SharedArray<I>>,
[INFO] [stdout]     | |________________________________________^
[INFO] [stdout]     = note: cannot satisfy `<_ as Backend>::Device == NdArrayDevice`
[INFO] [stdout] note: required by a bound in `QuadraticModel::<B>::new`
[INFO] [stdout]    --> examples/correction_accuracy_validation.rs:47:9
[INFO] [stdout]     |
[INFO] [stdout]  47 | impl<B: Backend> QuadraticModel<B> {
[INFO] [stdout]     |         ^^^^^^^ required by this bound in `QuadraticModel::<B>::new`
[INFO] [stdout]  48 |     fn new(device: &B::Device) -> Self {
[INFO] [stdout]     |
[INFO] [stdout] help: consider specifying a concrete type for the type parameter `B`
[INFO] [stdout]     |
[INFO] [stdout] 152 |     let _model = QuadraticModel::</* Type */>::new(&device);
[INFO] [stdout]     |                                ++++++++++++++
[INFO] [stdout] 
[INFO] [stdout] 
[INFO] [stdout] For more information about this error, try `rustc --explain E0432`.
[INFO] [stdout] 
[INFO] [stderr] error: could not compile `hybrid-predict-trainer-rs` (example "burn_mlp_mnist") due to 1 previous error
[INFO] [stdout] error[E0063]: missing field `metadata` in initializer of `WeightDelta`
[INFO] [stdout]    --> tests/burn_integration_mlp.rs:254:28
[INFO] [stdout]     |
[INFO] [stdout] 254 |         let weight_delta = WeightDelta { deltas, scale: 1.0 };
[INFO] [stdout]     |                            ^^^^^^^^^^^ missing `metadata`
[INFO] [stdout] 
[INFO] [stdout] 
[INFO] [stdout] Some errors have detailed explanations: E0283, E0432.
[INFO] [stdout] 
[INFO] [stdout] For more information about an error, try `rustc --explain E0283`.
[INFO] [stdout] 
[INFO] [stdout] error[E0277]: the trait bound `TensorData: From<Vec<[{float}; 2]>>` is not satisfied
[INFO] [stdout]     --> tests/burn_integration_mlp.rs:306:44
[INFO] [stdout]      |
[INFO] [stdout]  306 |             let inputs = Tensor::from_data(xor_inputs.clone(), &device);
[INFO] [stdout]      |                          ----------------- ^^^^^^^^^^^^^^^^^^ the trait `From<Vec<[{float}; 2]>>` is not implemented for `TensorData`
[INFO] [stdout]      |                          |
[INFO] [stdout]      |                          required by a bound introduced by this call
[INFO] [stdout]      |
[INFO] [stdout]      = help: `TensorData` implements trait `From<T>`:
[INFO] [stdout]                From<&[E]>
[INFO] [stdout]                From<&[usize]>
[INFO] [stdout]                From<[E; A]>
[INFO] [stdout]                From<[[E; B]; A]>
[INFO] [stdout]                From<[[[E; C]; B]; A]>
[INFO] [stdout]                From<[[[[E; D]; C]; B]; A]>
[INFO] [stdout]                From<[[[[[Elem; E]; D]; C]; B]; A]>
[INFO] [stdout]                From<[usize; A]>
[INFO] [stdout]      = note: required for `Vec<[{float}; 2]>` to implement `Into<TensorData>`
[INFO] [stdout] note: required by a bound in `burn::Tensor::<B, D, K>::from_data`
[INFO] [stdout]     --> /opt/rustwide/cargo-home/registry/src/index.crates.io-1949cf8c6b5b557f/burn-tensor-0.20.1/src/tensor/api/base.rs:1863:12
[INFO] [stdout]      |
[INFO] [stdout]   94 | impl<B, const D: usize, K> Tensor<B, D, K>
[INFO] [stdout] ...
[INFO] [stdout] 1861 |     pub fn from_data<T>(data: T, device: &B::Device) -> Self
[INFO] [stdout] 1862 |     where
[INFO] [stdout] 1863 |         T: Into<TensorData>,
[INFO] [stdout]      |            ^^^^^^^^^^^^^^^^ required by this bound in `Tensor::<B, D, K>::from_data`
[INFO] [stdout] help: consider removing this method call, as the receiver has type `Vec<[{float}; 2]>` and `Vec<[{float}; 2]>: From<Vec<[{float}; 2]>>` trivially holds
[INFO] [stdout]      |
[INFO] [stdout]  306 -             let inputs = Tensor::from_data(xor_inputs.clone(), &device);
[INFO] [stdout]  306 +             let inputs = Tensor::from_data(xor_inputs, &device);
[INFO] [stdout]      |
[INFO] [stdout] 
[INFO] [stdout] 
[INFO] [stdout] error[E0277]: the trait bound `TensorData: From<Vec<i32>>` is not satisfied
[INFO] [stdout]     --> tests/burn_integration_mlp.rs:307:45
[INFO] [stdout]      |
[INFO] [stdout]  307 |             let targets = Tensor::from_data(xor_targets.clone(), &device);
[INFO] [stdout]      |                           ----------------- ^^^^^^^^^^^^^^^^^^^ the trait `From<Vec<i32>>` is not implemented for `TensorData`
[INFO] [stdout]      |                           |
[INFO] [stdout]      |                           required by a bound introduced by this call
[INFO] [stdout]      |
[INFO] [stdout]      = help: `TensorData` implements trait `From<T>`:
[INFO] [stdout]                From<&[E]>
[INFO] [stdout]                From<&[usize]>
[INFO] [stdout]                From<[E; A]>
[INFO] [stdout]                From<[[E; B]; A]>
[INFO] [stdout]                From<[[[E; C]; B]; A]>
[INFO] [stdout]                From<[[[[E; D]; C]; B]; A]>
[INFO] [stdout]                From<[[[[[Elem; E]; D]; C]; B]; A]>
[INFO] [stdout]                From<[usize; A]>
[INFO] [stdout]      = note: required for `Vec<i32>` to implement `Into<TensorData>`
[INFO] [stdout] note: required by a bound in `burn::Tensor::<B, D, K>::from_data`
[INFO] [stdout]     --> /opt/rustwide/cargo-home/registry/src/index.crates.io-1949cf8c6b5b557f/burn-tensor-0.20.1/src/tensor/api/base.rs:1863:12
[INFO] [stdout]      |
[INFO] [stdout]   94 | impl<B, const D: usize, K> Tensor<B, D, K>
[INFO] [stdout] ...
[INFO] [stdout] 1861 |     pub fn from_data<T>(data: T, device: &B::Device) -> Self
[INFO] [stdout] 1862 |     where
[INFO] [stdout] 1863 |         T: Into<TensorData>,
[INFO] [stdout]      |            ^^^^^^^^^^^^^^^^ required by this bound in `Tensor::<B, D, K>::from_data`
[INFO] [stdout] help: consider removing this method call, as the receiver has type `Vec<i32>` and `Vec<i32>: From<Vec<i32>>` trivially holds
[INFO] [stdout]      |
[INFO] [stdout]  307 -             let targets = Tensor::from_data(xor_targets.clone(), &device);
[INFO] [stdout]  307 +             let targets = Tensor::from_data(xor_targets, &device);
[INFO] [stdout]      |
[INFO] [stdout] 
[INFO] [stdout] 
[INFO] [stdout] error[E0277]: the trait bound `TensorData: From<Vec<[{float}; 2]>>` is not satisfied
[INFO] [stdout]     --> tests/burn_integration_mlp.rs:315:44
[INFO] [stdout]      |
[INFO] [stdout]  315 |             let inputs = Tensor::from_data(xor_inputs.clone(), &device);
[INFO] [stdout]      |                          ----------------- ^^^^^^^^^^^^^^^^^^ the trait `From<Vec<[{float}; 2]>>` is not implemented for `TensorData`
[INFO] [stdout]      |                          |
[INFO] [stdout]      |                          required by a bound introduced by this call
[INFO] [stdout]      |
[INFO] [stdout]      = help: `TensorData` implements trait `From<T>`:
[INFO] [stdout]                From<&[E]>
[INFO] [stdout]                From<&[usize]>
[INFO] [stdout]                From<[E; A]>
[INFO] [stdout]                From<[[E; B]; A]>
[INFO] [stdout]                From<[[[E; C]; B]; A]>
[INFO] [stdout]                From<[[[[E; D]; C]; B]; A]>
[INFO] [stdout]                From<[[[[[Elem; E]; D]; C]; B]; A]>
[INFO] [stdout]                From<[usize; A]>
[INFO] [stdout]      = note: required for `Vec<[{float}; 2]>` to implement `Into<TensorData>`
[INFO] [stdout] note: required by a bound in `burn::Tensor::<B, D, K>::from_data`
[INFO] [stdout]     --> /opt/rustwide/cargo-home/registry/src/index.crates.io-1949cf8c6b5b557f/burn-tensor-0.20.1/src/tensor/api/base.rs:1863:12
[INFO] [stdout]      |
[INFO] [stdout]   94 | impl<B, const D: usize, K> Tensor<B, D, K>
[INFO] [stdout] ...
[INFO] [stdout] 1861 |     pub fn from_data<T>(data: T, device: &B::Device) -> Self
[INFO] [stdout] 1862 |     where
[INFO] [stdout] 1863 |         T: Into<TensorData>,
[INFO] [stdout]      |            ^^^^^^^^^^^^^^^^ required by this bound in `Tensor::<B, D, K>::from_data`
[INFO] [stdout] help: consider removing this method call, as the receiver has type `Vec<[{float}; 2]>` and `Vec<[{float}; 2]>: From<Vec<[{float}; 2]>>` trivially holds
[INFO] [stdout]      |
[INFO] [stdout]  315 -             let inputs = Tensor::from_data(xor_inputs.clone(), &device);
[INFO] [stdout]  315 +             let inputs = Tensor::from_data(xor_inputs, &device);
[INFO] [stdout]      |
[INFO] [stdout] 
[INFO] [stdout] 
[INFO] [stdout] error[E0277]: the trait bound `TensorData: From<Vec<i32>>` is not satisfied
[INFO] [stdout]     --> tests/burn_integration_mlp.rs:316:45
[INFO] [stdout]      |
[INFO] [stdout]  316 |             let targets = Tensor::from_data(xor_targets.clone(), &device);
[INFO] [stdout]      |                           ----------------- ^^^^^^^^^^^^^^^^^^^ the trait `From<Vec<i32>>` is not implemented for `TensorData`
[INFO] [stdout]      |                           |
[INFO] [stdout]      |                           required by a bound introduced by this call
[INFO] [stdout]      |
[INFO] [stdout]      = help: `TensorData` implements trait `From<T>`:
[INFO] [stdout]                From<&[E]>
[INFO] [stdout]                From<&[usize]>
[INFO] [stdout]                From<[E; A]>
[INFO] [stdout]                From<[[E; B]; A]>
[INFO] [stdout]                From<[[[E; C]; B]; A]>
[INFO] [stdout]                From<[[[[E; D]; C]; B]; A]>
[INFO] [stdout]                From<[[[[[Elem; E]; D]; C]; B]; A]>
[INFO] [stdout]                From<[usize; A]>
[INFO] [stdout]      = note: required for `Vec<i32>` to implement `Into<TensorData>`
[INFO] [stdout] note: required by a bound in `burn::Tensor::<B, D, K>::from_data`
[INFO] [stdout]     --> /opt/rustwide/cargo-home/registry/src/index.crates.io-1949cf8c6b5b557f/burn-tensor-0.20.1/src/tensor/api/base.rs:1863:12
[INFO] [stdout]      |
[INFO] [stdout]   94 | impl<B, const D: usize, K> Tensor<B, D, K>
[INFO] [stdout] ...
[INFO] [stdout] 1861 |     pub fn from_data<T>(data: T, device: &B::Device) -> Self
[INFO] [stdout] 1862 |     where
[INFO] [stdout] 1863 |         T: Into<TensorData>,
[INFO] [stdout]      |            ^^^^^^^^^^^^^^^^ required by this bound in `Tensor::<B, D, K>::from_data`
[INFO] [stdout] help: consider removing this method call, as the receiver has type `Vec<i32>` and `Vec<i32>: From<Vec<i32>>` trivially holds
[INFO] [stdout]      |
[INFO] [stdout]  316 -             let targets = Tensor::from_data(xor_targets.clone(), &device);
[INFO] [stdout]  316 +             let targets = Tensor::from_data(xor_targets, &device);
[INFO] [stdout]      |
[INFO] [stdout] 
[INFO] [stdout] 
[INFO] [stdout] error[E0277]: the trait bound `TensorData: From<Vec<[{float}; 2]>>` is not satisfied
[INFO] [stdout]     --> tests/burn_integration_mlp.rs:329:44
[INFO] [stdout]      |
[INFO] [stdout]  329 |             let inputs = Tensor::from_data(xor_inputs.clone(), &device);
[INFO] [stdout]      |                          ----------------- ^^^^^^^^^^^^^^^^^^ the trait `From<Vec<[{float}; 2]>>` is not implemented for `TensorData`
[INFO] [stdout]      |                          |
[INFO] [stdout]      |                          required by a bound introduced by this call
[INFO] [stdout]      |
[INFO] [stdout]      = help: `TensorData` implements trait `From<T>`:
[INFO] [stdout]                From<&[E]>
[INFO] [stdout]                From<&[usize]>
[INFO] [stdout]                From<[E; A]>
[INFO] [stdout]                From<[[E; B]; A]>
[INFO] [stdout]                From<[[[E; C]; B]; A]>
[INFO] [stdout]                From<[[[[E; D]; C]; B]; A]>
[INFO] [stdout]                From<[[[[[Elem; E]; D]; C]; B]; A]>
[INFO] [stdout]                From<[usize; A]>
[INFO] [stdout]      = note: required for `Vec<[{float}; 2]>` to implement `Into<TensorData>`
[INFO] [stdout] note: required by a bound in `burn::Tensor::<B, D, K>::from_data`
[INFO] [stdout]     --> /opt/rustwide/cargo-home/registry/src/index.crates.io-1949cf8c6b5b557f/burn-tensor-0.20.1/src/tensor/api/base.rs:1863:12
[INFO] [stdout]      |
[INFO] [stdout]   94 | impl<B, const D: usize, K> Tensor<B, D, K>
[INFO] [stdout] ...
[INFO] [stdout] 1861 |     pub fn from_data<T>(data: T, device: &B::Device) -> Self
[INFO] [stdout] 1862 |     where
[INFO] [stdout] 1863 |         T: Into<TensorData>,
[INFO] [stdout]      |            ^^^^^^^^^^^^^^^^ required by this bound in `Tensor::<B, D, K>::from_data`
[INFO] [stdout] help: consider removing this method call, as the receiver has type `Vec<[{float}; 2]>` and `Vec<[{float}; 2]>: From<Vec<[{float}; 2]>>` trivially holds
[INFO] [stdout]      |
[INFO] [stdout]  329 -             let inputs = Tensor::from_data(xor_inputs.clone(), &device);
[INFO] [stdout]  329 +             let inputs = Tensor::from_data(xor_inputs, &device);
[INFO] [stdout]      |
[INFO] [stdout] 
[INFO] [stdout] 
[INFO] [stdout] error[E0277]: the trait bound `TensorData: From<Vec<i32>>` is not satisfied
[INFO] [stdout]     --> tests/burn_integration_mlp.rs:330:45
[INFO] [stdout]      |
[INFO] [stdout]  330 |             let targets = Tensor::from_data(xor_targets.clone(), &device);
[INFO] [stdout]      |                           ----------------- ^^^^^^^^^^^^^^^^^^^ the trait `From<Vec<i32>>` is not implemented for `TensorData`
[INFO] [stdout]      |                           |
[INFO] [stdout]      |                           required by a bound introduced by this call
[INFO] [stdout]      |
[INFO] [stdout]      = help: `TensorData` implements trait `From<T>`:
[INFO] [stdout]                From<&[E]>
[INFO] [stdout]                From<&[usize]>
[INFO] [stdout]                From<[E; A]>
[INFO] [stdout]                From<[[E; B]; A]>
[INFO] [stdout]                From<[[[E; C]; B]; A]>
[INFO] [stdout]                From<[[[[E; D]; C]; B]; A]>
[INFO] [stdout]                From<[[[[[Elem; E]; D]; C]; B]; A]>
[INFO] [stdout]                From<[usize; A]>
[INFO] [stdout]      = note: required for `Vec<i32>` to implement `Into<TensorData>`
[INFO] [stdout] note: required by a bound in `burn::Tensor::<B, D, K>::from_data`
[INFO] [stdout]     --> /opt/rustwide/cargo-home/registry/src/index.crates.io-1949cf8c6b5b557f/burn-tensor-0.20.1/src/tensor/api/base.rs:1863:12
[INFO] [stdout]      |
[INFO] [stdout]   94 | impl<B, const D: usize, K> Tensor<B, D, K>
[INFO] [stdout] ...
[INFO] [stdout] 1861 |     pub fn from_data<T>(data: T, device: &B::Device) -> Self
[INFO] [stdout] 1862 |     where
[INFO] [stdout] 1863 |         T: Into<TensorData>,
[INFO] [stdout]      |            ^^^^^^^^^^^^^^^^ required by this bound in `Tensor::<B, D, K>::from_data`
[INFO] [stdout] help: consider removing this method call, as the receiver has type `Vec<i32>` and `Vec<i32>: From<Vec<i32>>` trivially holds
[INFO] [stdout]      |
[INFO] [stdout]  330 -             let targets = Tensor::from_data(xor_targets.clone(), &device);
[INFO] [stdout]  330 +             let targets = Tensor::from_data(xor_targets, &device);
[INFO] [stdout]      |
[INFO] [stdout] 
[INFO] [stdout] 
[INFO] [stdout] error[E0599]: the method `parameter_count` exists for reference `&BurnModelWrapper<B, M, T, F>`, but its trait bounds were not satisfied
[INFO] [stdout]    --> tests/burn_integration_mlp.rs:381:30
[INFO] [stdout]     |
[INFO] [stdout] 381 |         let _count = wrapper.parameter_count();
[INFO] [stdout]     |                              ^^^^^^^^^^^^^^^ method cannot be called on `&BurnModelWrapper<B, M, T, F>` due to unsatisfied trait bounds
[INFO] [stdout]     |
[INFO] [stdout]    ::: src/burn_integration.rs:205:1
[INFO] [stdout]     |
[INFO] [stdout] 205 | pub struct BurnModelWrapper<B, M, T, F>
[INFO] [stdout]     | --------------------------------------- doesn't satisfy `BurnModelWrapper<B, M, T, F>: Model<_>`
[INFO] [stdout]     |
[INFO] [stdout]     = note: the following trait bounds were not satisfied:
[INFO] [stdout]             `T: Send`
[INFO] [stdout]             which is required by `BurnModelWrapper<B, M, T, F>: Model<_>`
[INFO] [stdout] help: consider restricting the type parameter to satisfy the trait bound
[INFO] [stdout]     |
[INFO] [stdout] 361 |         <B as burn::tensor::backend::AutodiffBackend>::Gradients: Send + Sync, T: Send
[INFO] [stdout]     |                                                                                +++++++
[INFO] [stdout] 
[INFO] [stdout] 
[INFO] [stderr] error: could not compile `hybrid-predict-trainer-rs` (example "correction_accuracy_validation") due to 2 previous errors
[INFO] [stdout] Some errors have detailed explanations: E0063, E0277, E0432, E0599.
[INFO] [stdout] 
[INFO] [stdout] For more information about an error, try `rustc --explain E0063`.
[INFO] [stdout] 
[INFO] [stdout] error[E0432]: unresolved import `burn::backend::Autodiff`
[INFO] [stdout]   --> examples/mnist_cnn_validation.rs:46:5
[INFO] [stdout]    |
[INFO] [stdout] 46 | use burn::backend::Autodiff;
[INFO] [stdout]    |     ^^^^^^^^^^^^^^^--------
[INFO] [stdout]    |                    |
[INFO] [stdout]    |                    no `Autodiff` in `backend`
[INFO] [stdout]    |
[INFO] [stdout] note: found an item that was configured out
[INFO] [stdout]   --> /opt/rustwide/cargo-home/registry/src/index.crates.io-1949cf8c6b5b557f/burn-0.20.1/src/backend.rs:16:24
[INFO] [stdout]    |
[INFO] [stdout] 15 | #[cfg(feature = "autodiff")]
[INFO] [stdout]    |       -------------------- the item is gated behind the `autodiff` feature
[INFO] [stdout] 16 | pub use burn_autodiff::Autodiff;
[INFO] [stdout]    |                        ^^^^^^^^
[INFO] [stdout] 
[INFO] [stdout] 
[INFO] [stderr] error: could not compile `hybrid-predict-trainer-rs` (test "burn_integration_mlp") due to 9 previous errors; 3 warnings emitted
[INFO] [stdout] For more information about this error, try `rustc --explain E0432`.
[INFO] [stdout] 
[INFO] [stderr] error: could not compile `hybrid-predict-trainer-rs` (example "confidence_tuning_experiment") due to 1 previous error
[INFO] [stdout] warning: unused variable: `memory_bytes`
[INFO] [stdout]    --> src/gradient_checkpointing.rs:174:13
[INFO] [stdout]     |
[INFO] [stdout] 174 |         let memory_bytes: usize = activations
[INFO] [stdout]     |             ^^^^^^^^^^^^ help: if this is intentional, prefix it with an underscore: `_memory_bytes`
[INFO] [stdout] 
[INFO] [stdout] 
[INFO] [stdout] warning: unused variable: `scale`
[INFO] [stdout]    --> src/quantization.rs:552:25
[INFO] [stdout]     |
[INFO] [stdout] 552 |         let (quantized, scale) = quantizer.quantize_tensor(&values);
[INFO] [stdout]     |                         ^^^^^ help: if this is intentional, prefix it with an underscore: `_scale`
[INFO] [stdout] 
[INFO] [stdout] 
[INFO] [stdout] warning: function `sync_cuda_memory` is never used
[INFO] [stdout]    --> src/vram_manager.rs:195:4
[INFO] [stdout]     |
[INFO] [stdout] 195 | fn sync_cuda_memory() {
[INFO] [stdout]     |    ^^^^^^^^^^^^^^^^
[INFO] [stdout]     |
[INFO] [stdout]     = note: `#[warn(dead_code)]` (part of `#[warn(unused)]`) on by default
[INFO] [stdout] 
[INFO] [stdout] 
[INFO] [stdout] warning: field `memory_saved_bytes` is never read
[INFO] [stdout]   --> src/gradient_checkpointing.rs:86:5
[INFO] [stdout]    |
[INFO] [stdout] 71 | pub struct GradientCheckpointer {
[INFO] [stdout]    |            -------------------- field in this struct
[INFO] [stdout] ...
[INFO] [stdout] 86 |     memory_saved_bytes: usize,
[INFO] [stdout]    |     ^^^^^^^^^^^^^^^^^^
[INFO] [stdout] 
[INFO] [stdout] 
[INFO] [stdout] For more information about this error, try `rustc --explain E0432`.
[INFO] [stdout] 
[INFO] [stderr] error: could not compile `hybrid-predict-trainer-rs` (example "comprehensive_parameter_sweep") due to 1 previous error
[INFO] [stdout] For more information about this error, try `rustc --explain E0432`.
[INFO] [stdout] 
[INFO] [stdout] warning: comparison is useless due to type limits
[INFO] [stdout]    --> src/quantization.rs:559:34
[INFO] [stdout]     |
[INFO] [stdout] 559 |             assert!(q >= -127 && q <= 127);
[INFO] [stdout]     |                                  ^^^^^^^^
[INFO] [stdout]     |
[INFO] [stdout]     = note: `#[warn(unused_comparisons)]` on by default
[INFO] [stdout] 
[INFO] [stdout] 
[INFO] [stderr] error: could not compile `hybrid-predict-trainer-rs` (example "prediction_horizon_research") due to 1 previous error
[INFO] [stdout] For more information about this error, try `rustc --explain E0432`.
[INFO] [stdout] 
[INFO] [stderr] error: could not compile `hybrid-predict-trainer-rs` (example "mnist_cnn_validation") due to 1 previous error
[INFO] [stderr] warning: unused dependency `anyhow`
[INFO] [stderr]   --> Cargo.toml:17:15
[INFO] [stderr]    |
[INFO] [stderr] 17 | [dependencies.anyhow]
[INFO] [stderr]    |               ^^^^^^^
[INFO] [stderr]    |
[INFO] [stderr]    = note: `cargo::unused_dependencies` is set to `warn` by default
[INFO] [stderr] help: consider removing the dependency on `anyhow`
[INFO] [stderr] warning: unused dependency `bincode`
[INFO] [stderr]   --> Cargo.toml:20:15
[INFO] [stderr]    |
[INFO] [stderr] 20 | [dependencies.bincode]
[INFO] [stderr]    |               ^^^^^^^^
[INFO] [stderr]    |
[INFO] [stderr] help: consider removing the dependency on `bincode`
[INFO] [stderr] warning: unused dependency `ndarray`
[INFO] [stderr]   --> Cargo.toml:48:15
[INFO] [stderr]    |
[INFO] [stderr] 48 | [dependencies.ndarray]
[INFO] [stderr]    |               ^^^^^^^^
[INFO] [stderr]    |
[INFO] [stderr] help: consider removing the dependency on `ndarray`
[INFO] [stderr] warning: unused dependency `safetensors`
[INFO] [stderr]   --> Cargo.toml:61:15
[INFO] [stderr]    |
[INFO] [stderr] 61 | [dependencies.safetensors]
[INFO] [stderr]    |               ^^^^^^^^^^^^
[INFO] [stderr]    |
[INFO] [stderr] help: consider removing the dependency on `safetensors`
[INFO] [stderr] warning: unused dependency `tracing-subscriber`
[INFO] [stderr]   --> Cargo.toml:85:15
[INFO] [stderr]    |
[INFO] [stderr] 85 | [dependencies.tracing-subscriber]
[INFO] [stderr]    |               ^^^^^^^^^^^^^^^^^^^
[INFO] [stderr]    |
[INFO] [stderr] help: consider removing the dependency on `tracing-subscriber`
[INFO] [stderr] warning: `hybrid-predict-trainer-rs` (manifest) generated 5 warnings
[INFO] running `Command { std: "docker" "inspect" "7844ff79d8cdcddd643c0b268ba71f1f4158c70651db7617df6ee112fce310a9", kill_on_drop: false }`
[INFO] running `Command { std: "docker" "rm" "-f" "7844ff79d8cdcddd643c0b268ba71f1f4158c70651db7617df6ee112fce310a9", kill_on_drop: false }`
[INFO] [stdout] 7844ff79d8cdcddd643c0b268ba71f1f4158c70651db7617df6ee112fce310a9
