[INFO] cloning repository https://github.com/Antoinenz/battery-tray
[INFO] running `Command { std: "git" "-c" "credential.helper=" "-c" "credential.helper=/workspace/cargo-home/bin/git-credential-null" "clone" "--bare" "https://github.com/Antoinenz/battery-tray" "/workspace/cache/git-repos/https%3A%2F%2Fgithub.com%2FAntoinenz%2Fbattery-tray", kill_on_drop: false }`
[INFO] [stderr] Cloning into bare repository '/workspace/cache/git-repos/https%3A%2F%2Fgithub.com%2FAntoinenz%2Fbattery-tray'...
[INFO] running `Command { std: "git" "rev-parse" "HEAD", kill_on_drop: false }`
[INFO] [stdout] 6f079836a2e30d7ce85e1eaa6538dd75a65dcf39
[INFO] checking Antoinenz/battery-tray against 3154cc1a3e6424e44f438a95007d043ed5ceaaf6 for pr-133502-30
[INFO] running `Command { std: "git" "clone" "/workspace/cache/git-repos/https%3A%2F%2Fgithub.com%2FAntoinenz%2Fbattery-tray" "/workspace/builds/worker-0-tc2/source", kill_on_drop: false }`
[INFO] [stderr] Cloning into '/workspace/builds/worker-0-tc2/source'...
[INFO] [stderr] done.
[INFO] started tweaking git repo https://github.com/Antoinenz/battery-tray
[INFO] finished tweaking git repo https://github.com/Antoinenz/battery-tray
[INFO] tweaked toml for git repo https://github.com/Antoinenz/battery-tray written to /workspace/builds/worker-0-tc2/source/Cargo.toml
[INFO] validating manifest of git repo https://github.com/Antoinenz/battery-tray on toolchain 3154cc1a3e6424e44f438a95007d043ed5ceaaf6
[INFO] running `Command { std: CARGO_HOME="/workspace/cargo-home" RUSTUP_HOME="/workspace/rustup-home" "/workspace/cargo-home/bin/cargo" "+3154cc1a3e6424e44f438a95007d043ed5ceaaf6" "metadata" "--manifest-path" "Cargo.toml" "--no-deps", kill_on_drop: false }`
[INFO] crate git repo https://github.com/Antoinenz/battery-tray already has a lockfile, it will not be regenerated
[INFO] running `Command { std: CARGO_HOME="/workspace/cargo-home" RUSTUP_HOME="/workspace/rustup-home" "/workspace/cargo-home/bin/cargo" "+3154cc1a3e6424e44f438a95007d043ed5ceaaf6" "fetch" "--manifest-path" "Cargo.toml", kill_on_drop: false }`
[INFO] running `Command { std: "docker" "create" "-v" "/var/lib/crater-agent-workspace/builds/worker-0-tc2/source:/opt/rustwide/workdir:ro,Z" "-v" "/var/lib/crater-agent-workspace/builds/worker-0-tc2/target:/opt/rustwide/target:rw,Z" "-v" "/var/lib/crater-agent-workspace/cargo-home:/opt/rustwide/cargo-home:ro,Z" "-v" "/var/lib/crater-agent-workspace/rustup-home:/opt/rustwide/rustup-home:ro,Z" "-m" "1610612736" "--network" "none" "ghcr.io/rust-lang/crates-build-env/linux@sha256:77db811e55d90add9212f6832c23229e3de5f1c1f9905e8cb07319ea15df73ac" "sleep" "infinity", kill_on_drop: false }`
[INFO] [stdout] aa09f5406f9d51373d5059ef594ccde5ef2e6420eaf2c50c0fe680672080f61b
[INFO] running `Command { std: "docker" "start" "aa09f5406f9d51373d5059ef594ccde5ef2e6420eaf2c50c0fe680672080f61b", kill_on_drop: false }`
[INFO] running `Command { std: "docker" "inspect" "aa09f5406f9d51373d5059ef594ccde5ef2e6420eaf2c50c0fe680672080f61b", kill_on_drop: false }`
[INFO] running `Command { std: "docker" "exec" "-e" "SOURCE_DIR=/opt/rustwide/workdir" "-e" "CARGO_HOME=/opt/rustwide/cargo-home" "-e" "RUSTUP_HOME=/opt/rustwide/rustup-home" "-e" "CARGO_TARGET_DIR=/opt/rustwide/target" "-w" "/opt/rustwide/workdir" "--user" "0:0" "aa09f5406f9d51373d5059ef594ccde5ef2e6420eaf2c50c0fe680672080f61b" "/opt/rustwide/cargo-home/bin/cargo" "+3154cc1a3e6424e44f438a95007d043ed5ceaaf6" "metadata" "--no-deps" "--format-version=1", kill_on_drop: false }`
[INFO] running `Command { std: "docker" "inspect" "aa09f5406f9d51373d5059ef594ccde5ef2e6420eaf2c50c0fe680672080f61b", kill_on_drop: false }`
[INFO] running `Command { std: "docker" "exec" "-e" "SOURCE_DIR=/opt/rustwide/workdir" "-e" "CARGO_HOME=/opt/rustwide/cargo-home" "-e" "RUSTUP_HOME=/opt/rustwide/rustup-home" "-e" "CARGO_TARGET_DIR=/opt/rustwide/target" "-e" "CARGO_INCREMENTAL=0" "-e" "RUST_BACKTRACE=full" "-e" "RUSTFLAGS=--cap-lints=forbid" "-e" "RUSTDOCFLAGS=--cap-lints=forbid" "-w" "/opt/rustwide/workdir" "--user" "0:0" "aa09f5406f9d51373d5059ef594ccde5ef2e6420eaf2c50c0fe680672080f61b" "/opt/rustwide/cargo-home/bin/cargo" "+3154cc1a3e6424e44f438a95007d043ed5ceaaf6" "check" "--frozen" "--all" "--all-targets" "--message-format=json", kill_on_drop: false }`
[INFO] [stderr]    Compiling serde_core v1.0.229
[INFO] [stderr]     Checking memchr v2.8.3
[INFO] [stderr]    Compiling serde_json v1.0.151
[INFO] [stderr]    Compiling windows_x86_64_gnu v0.53.1
[INFO] [stderr]    Compiling winnow v1.0.4
[INFO] [stderr]    Compiling cc v1.4.5
[INFO] [stderr]    Compiling rustc_version v0.4.1
[INFO] [stderr]     Checking windows-targets v0.53.5
[INFO] [stderr]     Checking windows-sys v0.60.2
[INFO] [stderr]    Compiling toml_parser v1.1.3+spec-1.1.0
[INFO] [stderr]     Checking battery-core v0.1.1 (/opt/rustwide/workdir/crates/battery-core)
[INFO] [stderr]    Compiling toml_datetime v1.1.1+spec-1.1.0
[INFO] [stderr]    Compiling serde_spanned v1.1.1
[INFO] [stderr]    Compiling serde v1.0.229
[INFO] [stderr]    Compiling toml v1.1.5+spec-1.1.0
[INFO] [stderr]    Compiling embed-resource v3.0.11
[INFO] [stderr]    Compiling battery-tray v0.1.1 (/opt/rustwide/workdir/crates/battery-tray)
[INFO] [stderr]     Checking battery-win v0.1.1 (/opt/rustwide/workdir/crates/battery-win)
[INFO] [stdout] error[E0433]: cannot find `windows` in `os`
[INFO] [stdout]  --> crates/battery-tray/src/seedjob.rs:8:14
[INFO] [stdout]   |
[INFO] [stdout] 8 | use std::os::windows::process::CommandExt;
[INFO] [stdout]   |              ^^^^^^^ could not find `windows` in `os`
[INFO] [stdout]   |
[INFO] [stdout] note: found an item that was configured out
[INFO] [stdout]  --> /rustc/3154cc1a3e6424e44f438a95007d043ed5ceaaf6/library/std/src/os/mod.rs:62:4
[INFO] [stdout]   |
[INFO] [stdout]   = note: the item is gated behind the `windows` feature
[INFO] [stdout] 
[INFO] [stdout] 
[INFO] [stdout] error[E0433]: cannot find `windows` in `os`
[INFO] [stdout]  --> crates/battery-tray/src/seedjob.rs:8:14
[INFO] [stdout]   |
[INFO] [stdout] 8 | use std::os::windows::process::CommandExt;
[INFO] [stdout]   |              ^^^^^^^ could not find `windows` in `os`
[INFO] [stdout]   |
[INFO] [stdout] note: found an item that was configured out
[INFO] [stdout]  --> /rustc/3154cc1a3e6424e44f438a95007d043ed5ceaaf6/library/std/src/os/mod.rs:62:4
[INFO] [stdout]   |
[INFO] [stdout]   = note: the item is gated behind the `windows` feature
[INFO] [stdout] 
[INFO] [stdout] 
[INFO] [stdout] error[E0599]: no method named `creation_flags` found for mutable reference `&mut Command` in the current scope
[INFO] [stdout]   --> crates/battery-tray/src/seedjob.rs:44:10
[INFO] [stdout]    |
[INFO] [stdout] 35 |     let status = std::process::Command::new("powercfg")
[INFO] [stdout] 36 |         .args([
[INFO] [stdout] 37 |             "/batteryreport",
[INFO] [stdout] 38 |             "/xml",
[INFO] [stdout] 39 |             "/output",
[INFO] [stdout] 40 |             &out.to_string_lossy(),
[INFO] [stdout] 41 |             "/duration",
[INFO] [stdout] 42 |             "14",
[INFO] [stdout] 43 |         ])
[INFO] [stdout] 44 |         .creation_flags(CREATE_NO_WINDOW)
[INFO] [stdout]    |          ^^^^^^^^^^^^^^ method not found in `&mut Command`
[INFO] [stdout] 
[INFO] [stdout] 
[INFO] [stdout] error[E0599]: no method named `creation_flags` found for mutable reference `&mut Command` in the current scope
[INFO] [stdout]   --> crates/battery-tray/src/seedjob.rs:44:10
[INFO] [stdout]    |
[INFO] [stdout] 35 |     let status = std::process::Command::new("powercfg")
[INFO] [stdout] 36 |         .args([
[INFO] [stdout] 37 |             "/batteryreport",
[INFO] [stdout] 38 |             "/xml",
[INFO] [stdout] 39 |             "/output",
[INFO] [stdout] 40 |             &out.to_string_lossy(),
[INFO] [stdout] 41 |             "/duration",
[INFO] [stdout] 42 |             "14",
[INFO] [stdout] 43 |         ])
[INFO] [stdout] 44 |         .creation_flags(CREATE_NO_WINDOW)
[INFO] [stdout]    |          ^^^^^^^^^^^^^^ method not found in `&mut Command`
[INFO] [stdout] 
[INFO] [stdout] 
[INFO] [stdout] Some errors have detailed explanations: E0433, E0599.
[INFO] [stdout] 
[INFO] [stdout] For more information about an error, try `rustc --explain E0433`.
[INFO] [stdout] 
[INFO] [stderr] error: could not compile `battery-tray` (bin "battery-tray" test) due to 2 previous errors
[INFO] [stderr] warning: build failed, waiting for other jobs to finish...
[INFO] [stdout] Some errors have detailed explanations: E0433, E0599.
[INFO] [stdout] 
[INFO] [stdout] For more information about an error, try `rustc --explain E0433`.
[INFO] [stdout] 
[INFO] [stderr] error: could not compile `battery-tray` (bin "battery-tray") due to 2 previous errors
[INFO] running `Command { std: "docker" "inspect" "aa09f5406f9d51373d5059ef594ccde5ef2e6420eaf2c50c0fe680672080f61b", kill_on_drop: false }`
[INFO] running `Command { std: "docker" "rm" "-f" "aa09f5406f9d51373d5059ef594ccde5ef2e6420eaf2c50c0fe680672080f61b", kill_on_drop: false }`
[INFO] [stdout] aa09f5406f9d51373d5059ef594ccde5ef2e6420eaf2c50c0fe680672080f61b
