[INFO] cloning repository https://github.com/AntCPLab/openNTPIR
[INFO] running `Command { std: "git" "-c" "credential.helper=" "-c" "credential.helper=/workspace/cargo-home/bin/git-credential-null" "clone" "--bare" "https://github.com/AntCPLab/openNTPIR" "/workspace/cache/git-repos/https%3A%2F%2Fgithub.com%2FAntCPLab%2FopenNTPIR", kill_on_drop: false }`
[INFO] [stderr] Cloning into bare repository '/workspace/cache/git-repos/https%3A%2F%2Fgithub.com%2FAntCPLab%2FopenNTPIR'...
[INFO] running `Command { std: "git" "rev-parse" "HEAD", kill_on_drop: false }`
[INFO] [stdout] a7988569e1a713c88d6ca104ad9cc9cfbc51a88e
[INFO] checking AntCPLab/openNTPIR against 3154cc1a3e6424e44f438a95007d043ed5ceaaf6+rustflags=-Znext-solver=coherence for pr-133502-30
[INFO] running `Command { std: "git" "clone" "/workspace/cache/git-repos/https%3A%2F%2Fgithub.com%2FAntCPLab%2FopenNTPIR" "/workspace/builds/worker-7-tc1/source", kill_on_drop: false }`
[INFO] [stderr] Cloning into '/workspace/builds/worker-7-tc1/source'...
[INFO] [stderr] done.
[INFO] removed /workspace/builds/worker-7-tc1/source/rust-toolchain.toml
[INFO] started tweaking git repo https://github.com/AntCPLab/openNTPIR
[INFO] finished tweaking git repo https://github.com/AntCPLab/openNTPIR
[INFO] tweaked toml for git repo https://github.com/AntCPLab/openNTPIR written to /workspace/builds/worker-7-tc1/source/Cargo.toml
[INFO] validating manifest of git repo https://github.com/AntCPLab/openNTPIR on toolchain 3154cc1a3e6424e44f438a95007d043ed5ceaaf6
[INFO] running `Command { std: CARGO_HOME="/workspace/cargo-home" RUSTUP_HOME="/workspace/rustup-home" "/workspace/cargo-home/bin/cargo" "+3154cc1a3e6424e44f438a95007d043ed5ceaaf6" "metadata" "--manifest-path" "Cargo.toml" "--no-deps", kill_on_drop: false }`
[INFO] crate git repo https://github.com/AntCPLab/openNTPIR already has a lockfile, it will not be regenerated
[INFO] running `Command { std: CARGO_HOME="/workspace/cargo-home" RUSTUP_HOME="/workspace/rustup-home" "/workspace/cargo-home/bin/cargo" "+3154cc1a3e6424e44f438a95007d043ed5ceaaf6" "fetch" "--manifest-path" "Cargo.toml", kill_on_drop: false }`
[INFO] [stderr]     Updating crates.io index
[INFO] [stderr]  Downloading crates ...
[INFO] [stderr]   Downloaded tfhe-fft v0.10.0
[INFO] running `Command { std: "docker" "create" "-v" "/var/lib/crater-agent-workspace/builds/worker-7-tc1/source:/opt/rustwide/workdir:ro,Z" "-v" "/var/lib/crater-agent-workspace/builds/worker-7-tc1/target:/opt/rustwide/target:rw,Z" "-v" "/var/lib/crater-agent-workspace/cargo-home:/opt/rustwide/cargo-home:ro,Z" "-v" "/var/lib/crater-agent-workspace/rustup-home:/opt/rustwide/rustup-home:ro,Z" "-m" "1610612736" "--network" "none" "ghcr.io/rust-lang/crates-build-env/linux@sha256:77db811e55d90add9212f6832c23229e3de5f1c1f9905e8cb07319ea15df73ac" "sleep" "infinity", kill_on_drop: false }`
[INFO] [stdout] e3c5abac44f179175582a2f953c3e6aefc4e00e5bc11c5077cc66411255d5dae
[INFO] running `Command { std: "docker" "start" "e3c5abac44f179175582a2f953c3e6aefc4e00e5bc11c5077cc66411255d5dae", kill_on_drop: false }`
[INFO] running `Command { std: "docker" "inspect" "e3c5abac44f179175582a2f953c3e6aefc4e00e5bc11c5077cc66411255d5dae", kill_on_drop: false }`
[INFO] running `Command { std: "docker" "exec" "-e" "SOURCE_DIR=/opt/rustwide/workdir" "-e" "CARGO_HOME=/opt/rustwide/cargo-home" "-e" "RUSTUP_HOME=/opt/rustwide/rustup-home" "-e" "CARGO_TARGET_DIR=/opt/rustwide/target" "-w" "/opt/rustwide/workdir" "--user" "0:0" "e3c5abac44f179175582a2f953c3e6aefc4e00e5bc11c5077cc66411255d5dae" "/opt/rustwide/cargo-home/bin/cargo" "+3154cc1a3e6424e44f438a95007d043ed5ceaaf6" "metadata" "--no-deps" "--format-version=1", kill_on_drop: false }`
[INFO] running `Command { std: "docker" "inspect" "e3c5abac44f179175582a2f953c3e6aefc4e00e5bc11c5077cc66411255d5dae", kill_on_drop: false }`
[INFO] running `Command { std: "docker" "exec" "-e" "SOURCE_DIR=/opt/rustwide/workdir" "-e" "CARGO_HOME=/opt/rustwide/cargo-home" "-e" "RUSTUP_HOME=/opt/rustwide/rustup-home" "-e" "CARGO_TARGET_DIR=/opt/rustwide/target" "-e" "CARGO_INCREMENTAL=0" "-e" "RUST_BACKTRACE=full" "-e" "RUSTFLAGS=--cap-lints=forbid -Znext-solver=coherence" "-e" "RUSTDOCFLAGS=--cap-lints=forbid" "-w" "/opt/rustwide/workdir" "--user" "0:0" "e3c5abac44f179175582a2f953c3e6aefc4e00e5bc11c5077cc66411255d5dae" "/opt/rustwide/cargo-home/bin/cargo" "+3154cc1a3e6424e44f438a95007d043ed5ceaaf6" "check" "--frozen" "--all" "--all-targets" "--message-format=json", kill_on_drop: false }`
[INFO] [stderr]    Compiling quote v1.0.44
[INFO] [stderr]    Compiling libc v0.2.182
[INFO] [stderr]    Compiling zerocopy v0.8.40
[INFO] [stderr]     Checking bytemuck v1.25.0
[INFO] [stderr]     Checking pulp-wasm-simd-flag v0.1.0
[INFO] [stderr]    Compiling dyn-stack-macros v0.1.3
[INFO] [stderr]    Compiling pulp v0.22.2
[INFO] [stderr]     Checking raw-cpuid v11.6.0
[INFO] [stderr]    Compiling syn v2.0.117
[INFO] [stderr]     Checking num-complex v0.4.6
[INFO] [stderr]     Checking dyn-stack v0.13.2
[INFO] [stderr]     Checking getrandom v0.2.17
[INFO] [stderr]     Checking rand_core v0.6.4
[INFO] [stderr]    Compiling equator-macro v0.4.2
[INFO] [stderr]     Checking equator v0.4.2
[INFO] [stderr]     Checking aligned-vec v0.6.4
[INFO] [stderr]     Checking ppv-lite86 v0.2.21
[INFO] [stderr]     Checking rand_chacha v0.3.1
[INFO] [stderr]     Checking rand v0.8.8
[INFO] [stderr]     Checking tfhe-fft v0.10.0
[INFO] [stderr]     Checking ntpir v0.1.0 (/opt/rustwide/workdir)
[INFO] [stdout] error[E0425]: cannot find function `dot_product_avx512_u64` in this scope
[INFO] [stdout]    --> src/pir_fft/kernel.rs:270:9
[INFO] [stdout]     |
[INFO] [stdout] 270 |         dot_product_avx512_u64(&mut c_avx, &a, a_elems, &b_t, b_rows, b_cols);
[INFO] [stdout]     |         ^^^^^^^^^^^^^^^^^^^^^^ not found in this scope
[INFO] [stdout]     |
[INFO] [stdout] note: similarly named function `dot_product_scalar_u64` defined here
[INFO] [stdout]    --> src/pir_fft/kernel.rs:232:1
[INFO] [stdout]     |
[INFO] [stdout] 232 | / pub fn dot_product_scalar_u64(
[INFO] [stdout] 233 | |     c: &mut [u64],
[INFO] [stdout] 234 | |     a: &[u64],
[INFO] [stdout] 235 | |     a_elems: usize,
[INFO] [stdout] ...   |
[INFO] [stdout] 248 | | }
[INFO] [stdout]     | |_^
[INFO] [stdout] help: a function with a similar name exists
[INFO] [stdout]     |
[INFO] [stdout] 270 -         dot_product_avx512_u64(&mut c_avx, &a, a_elems, &b_t, b_rows, b_cols);
[INFO] [stdout] 270 +         dot_product_scalar_u64(&mut c_avx, &a, a_elems, &b_t, b_rows, b_cols);
[INFO] [stdout]     |
[INFO] [stdout] 
[INFO] [stdout] 
[INFO] [stdout] error[E0425]: cannot find function `dot_product_avx512_u64` in this scope
[INFO] [stdout]    --> src/pir_fft/kernel.rs:297:9
[INFO] [stdout]     |
[INFO] [stdout] 297 |         dot_product_avx512_u64(&mut c_avx, &a, a_elems, &b_t_u8, b_rows, b_cols);
[INFO] [stdout]     |         ^^^^^^^^^^^^^^^^^^^^^^ not found in this scope
[INFO] [stdout]     |
[INFO] [stdout] note: similarly named function `dot_product_scalar_u64` defined here
[INFO] [stdout]    --> src/pir_fft/kernel.rs:232:1
[INFO] [stdout]     |
[INFO] [stdout] 232 | / pub fn dot_product_scalar_u64(
[INFO] [stdout] 233 | |     c: &mut [u64],
[INFO] [stdout] 234 | |     a: &[u64],
[INFO] [stdout] 235 | |     a_elems: usize,
[INFO] [stdout] ...   |
[INFO] [stdout] 248 | | }
[INFO] [stdout]     | |_^
[INFO] [stdout] help: a function with a similar name exists
[INFO] [stdout]     |
[INFO] [stdout] 297 -         dot_product_avx512_u64(&mut c_avx, &a, a_elems, &b_t_u8, b_rows, b_cols);
[INFO] [stdout] 297 +         dot_product_scalar_u64(&mut c_avx, &a, a_elems, &b_t_u8, b_rows, b_cols);
[INFO] [stdout]     |
[INFO] [stdout] 
[INFO] [stdout] 
[INFO] [stdout] error[E0425]: cannot find function `dot_product_avx512_u64_v2` in this scope
[INFO] [stdout]    --> src/pir_fft/kernel.rs:322:9
[INFO] [stdout]     |
[INFO] [stdout] 322 |         dot_product_avx512_u64_v2(&mut c_v2, &a, a_elems, &b_t, b_rows, b_cols);
[INFO] [stdout]     |         ^^^^^^^^^^^^^^^^^^^^^^^^^ not found in this scope
[INFO] [stdout] 
[INFO] [stdout] 
[INFO] [stdout] error[E0425]: cannot find function `dot_product_avx512_u64` in this scope
[INFO] [stdout]    --> src/pir_fft/kernel.rs:344:9
[INFO] [stdout]     |
[INFO] [stdout] 344 |         dot_product_avx512_u64(&mut c_v1, &a, a_elems, &b_t, b_rows, b_cols);
[INFO] [stdout]     |         ^^^^^^^^^^^^^^^^^^^^^^ not found in this scope
[INFO] [stdout]     |
[INFO] [stdout] note: similarly named function `dot_product_scalar_u64` defined here
[INFO] [stdout]    --> src/pir_fft/kernel.rs:232:1
[INFO] [stdout]     |
[INFO] [stdout] 232 | / pub fn dot_product_scalar_u64(
[INFO] [stdout] 233 | |     c: &mut [u64],
[INFO] [stdout] 234 | |     a: &[u64],
[INFO] [stdout] 235 | |     a_elems: usize,
[INFO] [stdout] ...   |
[INFO] [stdout] 248 | | }
[INFO] [stdout]     | |_^
[INFO] [stdout] help: a function with a similar name exists
[INFO] [stdout]     |
[INFO] [stdout] 344 -         dot_product_avx512_u64(&mut c_v1, &a, a_elems, &b_t, b_rows, b_cols);
[INFO] [stdout] 344 +         dot_product_scalar_u64(&mut c_v1, &a, a_elems, &b_t, b_rows, b_cols);
[INFO] [stdout]     |
[INFO] [stdout] 
[INFO] [stdout] 
[INFO] [stdout] error[E0425]: cannot find function `dot_product_avx512_u64_v2` in this scope
[INFO] [stdout]    --> src/pir_fft/kernel.rs:347:9
[INFO] [stdout]     |
[INFO] [stdout] 347 |         dot_product_avx512_u64_v2(&mut c_v2, &a, a_elems, &b_t, b_rows, b_cols);
[INFO] [stdout]     |         ^^^^^^^^^^^^^^^^^^^^^^^^^ not found in this scope
[INFO] [stdout] 
[INFO] [stdout] 
[INFO] [stdout] error[E0425]: cannot find function `dot_product_avx512_u64` in this scope
[INFO] [stdout]    --> src/pir_fft/kernel.rs:369:9
[INFO] [stdout]     |
[INFO] [stdout] 369 |         dot_product_avx512_u64(&mut c, &a, a_elems, &b_t, b_rows, b_cols);
[INFO] [stdout]     |         ^^^^^^^^^^^^^^^^^^^^^^ not found in this scope
[INFO] [stdout]     |
[INFO] [stdout] note: similarly named function `dot_product_scalar_u64` defined here
[INFO] [stdout]    --> src/pir_fft/kernel.rs:232:1
[INFO] [stdout]     |
[INFO] [stdout] 232 | / pub fn dot_product_scalar_u64(
[INFO] [stdout] 233 | |     c: &mut [u64],
[INFO] [stdout] 234 | |     a: &[u64],
[INFO] [stdout] 235 | |     a_elems: usize,
[INFO] [stdout] ...   |
[INFO] [stdout] 248 | | }
[INFO] [stdout]     | |_^
[INFO] [stdout] help: a function with a similar name exists
[INFO] [stdout]     |
[INFO] [stdout] 369 -         dot_product_avx512_u64(&mut c, &a, a_elems, &b_t, b_rows, b_cols);
[INFO] [stdout] 369 +         dot_product_scalar_u64(&mut c, &a, a_elems, &b_t, b_rows, b_cols);
[INFO] [stdout]     |
[INFO] [stdout] 
[INFO] [stdout] 
[INFO] [stdout] error[E0425]: cannot find function `dot_product_avx512_u64` in this scope
[INFO] [stdout]    --> src/pir_fft/kernel.rs:373:9
[INFO] [stdout]     |
[INFO] [stdout] 373 |         dot_product_avx512_u64(&mut c, &a, a_elems, &b_t, b_rows, b_cols);
[INFO] [stdout]     |         ^^^^^^^^^^^^^^^^^^^^^^ not found in this scope
[INFO] [stdout]     |
[INFO] [stdout] note: similarly named function `dot_product_scalar_u64` defined here
[INFO] [stdout]    --> src/pir_fft/kernel.rs:232:1
[INFO] [stdout]     |
[INFO] [stdout] 232 | / pub fn dot_product_scalar_u64(
[INFO] [stdout] 233 | |     c: &mut [u64],
[INFO] [stdout] 234 | |     a: &[u64],
[INFO] [stdout] 235 | |     a_elems: usize,
[INFO] [stdout] ...   |
[INFO] [stdout] 248 | | }
[INFO] [stdout]     | |_^
[INFO] [stdout] help: a function with a similar name exists
[INFO] [stdout]     |
[INFO] [stdout] 373 -         dot_product_avx512_u64(&mut c, &a, a_elems, &b_t, b_rows, b_cols);
[INFO] [stdout] 373 +         dot_product_scalar_u64(&mut c, &a, a_elems, &b_t, b_rows, b_cols);
[INFO] [stdout]     |
[INFO] [stdout] 
[INFO] [stdout] 
[INFO] [stdout] error[E0425]: cannot find function `compute_hint_u64` in this scope
[INFO] [stdout]    --> src/pir_fft/server.rs:344:20
[INFO] [stdout]     |
[INFO] [stdout] 344 |         let hint = compute_hint_u64(&query, &db_t_u16, db_rows, db_cols);
[INFO] [stdout]     |                    ^^^^^^^^^^^^^^^^ not found in this scope
[INFO] [stdout] 
[INFO] [stdout] 
[INFO] [stdout] error[E0601]: `main` function not found in crate `bench_end_to_end`
[INFO] [stdout]    --> src/bin/bench_end_to_end.rs:411:2
[INFO] [stdout]     |
[INFO] [stdout] 411 | }
[INFO] [stdout]     |  ^ consider adding a `main` function to `src/bin/bench_end_to_end.rs`
[INFO] [stdout] 
[INFO] [stdout] 
[INFO] [stdout] For more information about this error, try `rustc --explain E0601`.
[INFO] [stdout] 
[INFO] [stderr] error: could not compile `ntpir` (bin "bench_end_to_end") due to 1 previous error
[INFO] [stderr] warning: build failed, waiting for other jobs to finish...
[INFO] [stdout] For more information about this error, try `rustc --explain E0425`.
[INFO] [stdout] 
[INFO] [stderr] error: could not compile `ntpir` (lib test) due to 8 previous errors
[INFO] running `Command { std: "docker" "inspect" "e3c5abac44f179175582a2f953c3e6aefc4e00e5bc11c5077cc66411255d5dae", kill_on_drop: false }`
[INFO] running `Command { std: "docker" "rm" "-f" "e3c5abac44f179175582a2f953c3e6aefc4e00e5bc11c5077cc66411255d5dae", kill_on_drop: false }`
[INFO] [stdout] e3c5abac44f179175582a2f953c3e6aefc4e00e5bc11c5077cc66411255d5dae
