[INFO] cloning repository https://github.com/Ansh-Kar/OpenDev
[INFO] running `Command { std: "git" "-c" "credential.helper=" "-c" "credential.helper=/workspace/cargo-home/bin/git-credential-null" "clone" "--bare" "https://github.com/Ansh-Kar/OpenDev" "/workspace/cache/git-repos/https%3A%2F%2Fgithub.com%2FAnsh-Kar%2FOpenDev", kill_on_drop: false }`
[INFO] [stderr] Cloning into bare repository '/workspace/cache/git-repos/https%3A%2F%2Fgithub.com%2FAnsh-Kar%2FOpenDev'...
[INFO] running `Command { std: "git" "rev-parse" "HEAD", kill_on_drop: false }`
[INFO] [stdout] 4df02886ec2ac5c2611a416b483c6f3215adeefa
[INFO] checking Ansh-Kar/OpenDev against 3154cc1a3e6424e44f438a95007d043ed5ceaaf6+rustflags=-Znext-solver=coherence for pr-133502-30
[INFO] running `Command { std: "git" "clone" "/workspace/cache/git-repos/https%3A%2F%2Fgithub.com%2FAnsh-Kar%2FOpenDev" "/workspace/builds/worker-2-tc1/source", kill_on_drop: false }`
[INFO] [stderr] Cloning into '/workspace/builds/worker-2-tc1/source'...
[INFO] [stderr] done.
[INFO] started tweaking git repo https://github.com/Ansh-Kar/OpenDev
[INFO] finished tweaking git repo https://github.com/Ansh-Kar/OpenDev
[INFO] tweaked toml for git repo https://github.com/Ansh-Kar/OpenDev written to /workspace/builds/worker-2-tc1/source/Cargo.toml
[INFO] validating manifest of git repo https://github.com/Ansh-Kar/OpenDev on toolchain 3154cc1a3e6424e44f438a95007d043ed5ceaaf6
[INFO] running `Command { std: CARGO_HOME="/workspace/cargo-home" RUSTUP_HOME="/workspace/rustup-home" "/workspace/cargo-home/bin/cargo" "+3154cc1a3e6424e44f438a95007d043ed5ceaaf6" "metadata" "--manifest-path" "Cargo.toml" "--no-deps", kill_on_drop: false }`
[INFO] crate git repo https://github.com/Ansh-Kar/OpenDev already has a lockfile, it will not be regenerated
[INFO] running `Command { std: CARGO_HOME="/workspace/cargo-home" RUSTUP_HOME="/workspace/rustup-home" "/workspace/cargo-home/bin/cargo" "+3154cc1a3e6424e44f438a95007d043ed5ceaaf6" "fetch" "--manifest-path" "Cargo.toml", kill_on_drop: false }`
[INFO] running `Command { std: "docker" "create" "-v" "/var/lib/crater-agent-workspace/builds/worker-2-tc1/source:/opt/rustwide/workdir:ro,Z" "-v" "/var/lib/crater-agent-workspace/builds/worker-2-tc1/target:/opt/rustwide/target:rw,Z" "-v" "/var/lib/crater-agent-workspace/cargo-home:/opt/rustwide/cargo-home:ro,Z" "-v" "/var/lib/crater-agent-workspace/rustup-home:/opt/rustwide/rustup-home:ro,Z" "-m" "1610612736" "--network" "none" "ghcr.io/rust-lang/crates-build-env/linux@sha256:77db811e55d90add9212f6832c23229e3de5f1c1f9905e8cb07319ea15df73ac" "sleep" "infinity", kill_on_drop: false }`
[INFO] [stdout] e10d140036c2db2abe94c9be5bd6a1b16567b2323556621cc949bee103826115
[INFO] running `Command { std: "docker" "start" "e10d140036c2db2abe94c9be5bd6a1b16567b2323556621cc949bee103826115", kill_on_drop: false }`
[INFO] running `Command { std: "docker" "inspect" "e10d140036c2db2abe94c9be5bd6a1b16567b2323556621cc949bee103826115", kill_on_drop: false }`
[INFO] running `Command { std: "docker" "exec" "-e" "SOURCE_DIR=/opt/rustwide/workdir" "-e" "CARGO_HOME=/opt/rustwide/cargo-home" "-e" "RUSTUP_HOME=/opt/rustwide/rustup-home" "-e" "CARGO_TARGET_DIR=/opt/rustwide/target" "-w" "/opt/rustwide/workdir" "--user" "0:0" "e10d140036c2db2abe94c9be5bd6a1b16567b2323556621cc949bee103826115" "/opt/rustwide/cargo-home/bin/cargo" "+3154cc1a3e6424e44f438a95007d043ed5ceaaf6" "metadata" "--no-deps" "--format-version=1", kill_on_drop: false }`
[INFO] running `Command { std: "docker" "inspect" "e10d140036c2db2abe94c9be5bd6a1b16567b2323556621cc949bee103826115", kill_on_drop: false }`
[INFO] running `Command { std: "docker" "exec" "-e" "SOURCE_DIR=/opt/rustwide/workdir" "-e" "CARGO_HOME=/opt/rustwide/cargo-home" "-e" "RUSTUP_HOME=/opt/rustwide/rustup-home" "-e" "CARGO_TARGET_DIR=/opt/rustwide/target" "-e" "CARGO_INCREMENTAL=0" "-e" "RUST_BACKTRACE=full" "-e" "RUSTFLAGS=--cap-lints=forbid -Znext-solver=coherence" "-e" "RUSTDOCFLAGS=--cap-lints=forbid" "-w" "/opt/rustwide/workdir" "--user" "0:0" "e10d140036c2db2abe94c9be5bd6a1b16567b2323556621cc949bee103826115" "/opt/rustwide/cargo-home/bin/cargo" "+3154cc1a3e6424e44f438a95007d043ed5ceaaf6" "check" "--frozen" "--all" "--all-targets" "--message-format=json", kill_on_drop: false }`
[INFO] [stderr]    Compiling libc v0.2.186
[INFO] [stderr]    Compiling cc v1.2.63
[INFO] [stderr]     Checking log v0.4.32
[INFO] [stderr]    Compiling zerocopy v0.8.50
[INFO] [stderr]     Checking futures-util v0.3.32
[INFO] [stderr]     Checking digest v0.10.7
[INFO] [stderr]    Compiling rustls v0.23.40
[INFO] [stderr]     Checking serde v1.0.228
[INFO] [stderr]     Checking tracing v0.1.44
[INFO] [stderr]     Checking block-padding v0.3.3
[INFO] [stderr]     Checking simd-adler32 v0.3.10
[INFO] [stderr]    Compiling serde_json v1.0.150
[INFO] [stderr]    Compiling cfg_aliases v0.1.1
[INFO] [stderr]     Checking sha1 v0.10.7
[INFO] [stderr]    Compiling nix v0.28.0
[INFO] [stderr]     Checking inout v0.1.4
[INFO] [stderr]     Checking data-encoding v2.11.1
[INFO] [stderr]     Checking miniz_oxide v0.8.9
[INFO] [stderr]     Checking serde_spanned v0.6.9
[INFO] [stderr]     Checking serde_urlencoded v0.7.1
[INFO] [stderr]     Checking toml_datetime v0.6.11
[INFO] [stderr]     Checking url v2.5.8
[INFO] [stderr]     Checking cipher v0.4.4
[INFO] [stderr]    Compiling rust-embed-utils v8.11.0
[INFO] [stderr]     Checking sha2 v0.10.9
[INFO] [stderr]     Checking winnow v0.7.15
[INFO] [stderr]     Checking bumpalo v3.20.3
[INFO] [stderr]    Compiling zip v2.4.2
[INFO] [stderr]    Compiling rust-embed-impl v8.11.0
[INFO] [stderr]     Checking zopfli v0.8.3
[INFO] [stderr]     Checking flate2 v1.1.9
[INFO] [stderr]    Compiling ring v0.17.14
[INFO] [stderr]    Compiling libsqlite3-sys v0.30.1
[INFO] [stderr]     Checking axum-core v0.5.6
[INFO] [stderr]     Checking hmac v0.12.1
[INFO] [stderr]     Checking errno v0.3.14
[INFO] [stderr]     Checking mio v1.2.1
[INFO] [stderr]     Checking socket2 v0.6.4
[INFO] [stderr]     Checking signal-hook-registry v1.4.8
[INFO] [stderr]     Checking getrandom v0.2.17
[INFO] [stderr]     Checking getrandom v0.3.4
[INFO] [stderr]     Checking tokio v1.52.3
[INFO] [stderr]     Checking rand_core v0.9.5
[INFO] [stderr]     Checking toml_edit v0.22.27
[INFO] [stderr]     Checking futures-executor v0.3.32
[INFO] [stderr]     Checking dirs-sys v0.4.1
[INFO] [stderr]     Checking serial2 v0.2.38
[INFO] [stderr]     Checking getrandom v0.4.2
[INFO] [stderr]     Checking filedescriptor v0.8.3
[INFO] [stderr]    Compiling openresearch-cli v0.1.122 (/opt/rustwide/workdir)
[INFO] [stderr]     Checking shell-words v1.1.1
[INFO] [stderr]     Checking uuid v1.23.2
[INFO] [stderr]     Checking dirs v5.0.1
[INFO] [stderr]     Checking futures v0.3.32
[INFO] [stderr]     Checking pbkdf2 v0.12.2
[INFO] [stderr]     Checking rust-embed v8.11.0
[INFO] [stderr]     Checking fd-lock v4.0.4
[INFO] [stderr]     Checking aes v0.8.4
[INFO] [stderr]     Checking portable-pty v0.9.0
[INFO] [stderr]     Checking cbc v0.1.2
[INFO] [stderr]     Checking toml v0.8.23
[INFO] [stderr]     Checking ppv-lite86 v0.2.21
[INFO] [stderr]     Checking ahash v0.8.12
[INFO] [stderr]     Checking hashbrown v0.14.5
[INFO] [stderr]     Checking rand_chacha v0.9.0
[INFO] [stderr]     Checking rand v0.9.4
[INFO] [stderr]     Checking hashlink v0.9.1
[INFO] [stderr]     Checking rustls-webpki v0.103.13
[INFO] [stderr]     Checking tokio-util v0.7.18
[INFO] [stderr]     Checking tower v0.5.3
[INFO] [stderr]     Checking tower-http v0.6.11
[INFO] [stderr]     Checking h2 v0.4.14
[INFO] [stderr]     Checking tokio-rustls v0.26.4
[INFO] [stderr]     Checking tungstenite v0.29.0
[INFO] [stderr]     Checking tokio-tungstenite v0.29.0
[INFO] [stderr]     Checking hyper v1.10.1
[INFO] [stderr]     Checking hyper-util v0.1.20
[INFO] [stderr]     Checking rusqlite v0.32.1
[INFO] [stderr]     Checking hyper-rustls v0.27.9
[INFO] [stderr]     Checking axum v0.8.9
[INFO] [stderr]     Checking reqwest v0.12.28
[INFO] [stdout] warning: unused import: `json`
[INFO] [stdout]  --> src/local/omniroute.rs:7:18
[INFO] [stdout]   |
[INFO] [stdout] 7 | use serde_json::{json, Value};
[INFO] [stdout]   |                  ^^^^
[INFO] [stdout]   |
[INFO] [stdout]   = note: `#[warn(unused_imports)]` (part of `#[warn(unused)]`) on by default
[INFO] [stdout] 
[INFO] [stdout] 
[INFO] [stdout] warning: unused import: `json`
[INFO] [stdout]  --> src/local/omniroute.rs:7:18
[INFO] [stdout]   |
[INFO] [stdout] 7 | use serde_json::{json, Value};
[INFO] [stdout]   |                  ^^^^
[INFO] [stdout]   |
[INFO] [stdout]   = note: `#[warn(unused_imports)]` (part of `#[warn(unused)]`) on by default
[INFO] [stdout] 
[INFO] [stdout] 
[INFO] [stdout] error[E0308]: mismatched types
[INFO] [stdout]     --> src/commands/up.rs:3149:58
[INFO] [stdout]      |
[INFO] [stdout] 3149 |             let _ = local::git::create_experiment_branch(&project.repo_path, branch, &project.baseline_branch);
[INFO] [stdout]      |                     ------------------------------------ ^^^^^^^^^^^^^^^^^^ expected `&Path`, found `&String`
[INFO] [stdout]      |                     |
[INFO] [stdout]      |                     arguments to this function are incorrect
[INFO] [stdout]      |
[INFO] [stdout]      = note: expected reference `&std::path::Path`
[INFO] [stdout]                 found reference `&std::string::String`
[INFO] [stdout] note: function defined here
[INFO] [stdout]     --> src/local/git.rs:1726:8
[INFO] [stdout]      |
[INFO] [stdout] 1726 | pub fn create_experiment_branch(
[INFO] [stdout]      |        ^^^^^^^^^^^^^^^^^^^^^^^^
[INFO] [stdout] 1727 |     repo_path: &Path,
[INFO] [stdout]      |     ----------------
[INFO] [stdout] 
[INFO] [stdout] 
[INFO] [stdout] error[E0609]: no field `text` on type `DiffPayload`
[INFO] [stdout]     --> src/commands/up.rs:3176:24
[INFO] [stdout]      |
[INFO] [stdout] 3176 |             .map(|d| d.text)
[INFO] [stdout]      |                        ^^^^ unknown field
[INFO] [stdout]      |
[INFO] [stdout]      = note: available fields are: `diff`, `truncated`, `bytes_read`
[INFO] [stdout] 
[INFO] [stdout] 
[INFO] [stdout] error[E0308]: mismatched types
[INFO] [stdout]     --> src/commands/up.rs:3149:58
[INFO] [stdout]      |
[INFO] [stdout] 3149 |             let _ = local::git::create_experiment_branch(&project.repo_path, branch, &project.baseline_branch);
[INFO] [stdout]      |                     ------------------------------------ ^^^^^^^^^^^^^^^^^^ expected `&Path`, found `&String`
[INFO] [stdout]      |                     |
[INFO] [stdout]      |                     arguments to this function are incorrect
[INFO] [stdout]      |
[INFO] [stdout]      = note: expected reference `&std::path::Path`
[INFO] [stdout]                 found reference `&std::string::String`
[INFO] [stdout] note: function defined here
[INFO] [stdout]     --> src/local/git.rs:1726:8
[INFO] [stdout]      |
[INFO] [stdout] 1726 | pub fn create_experiment_branch(
[INFO] [stdout]      |        ^^^^^^^^^^^^^^^^^^^^^^^^
[INFO] [stdout] 1727 |     repo_path: &Path,
[INFO] [stdout]      |     ----------------
[INFO] [stdout] 
[INFO] [stdout] 
[INFO] [stdout] error[E0609]: no field `text` on type `DiffPayload`
[INFO] [stdout]     --> src/commands/up.rs:3176:24
[INFO] [stdout]      |
[INFO] [stdout] 3176 |             .map(|d| d.text)
[INFO] [stdout]      |                        ^^^^ unknown field
[INFO] [stdout]      |
[INFO] [stdout]      = note: available fields are: `diff`, `truncated`, `bytes_read`
[INFO] [stdout] 
[INFO] [stdout] 
[INFO] [stdout] Some errors have detailed explanations: E0308, E0609.
[INFO] [stdout] 
[INFO] [stdout] For more information about an error, try `rustc --explain E0308`.
[INFO] [stdout] 
[INFO] [stderr] error: could not compile `openresearch-cli` (bin "orx") due to 2 previous errors; 1 warning emitted
[INFO] [stderr] warning: build failed, waiting for other jobs to finish...
[INFO] [stdout] Some errors have detailed explanations: E0308, E0609.
[INFO] [stdout] 
[INFO] [stdout] For more information about an error, try `rustc --explain E0308`.
[INFO] [stdout] 
[INFO] [stderr] error: could not compile `openresearch-cli` (bin "orx" test) due to 2 previous errors; 1 warning emitted
[INFO] [stderr] warning: unused dependency `aes`
[INFO] [stderr]  --> Cargo.toml:6:1
[INFO] [stderr]   |
[INFO] [stderr] 6 | aes = "0.8"
[INFO] [stderr]   | ^^^^^^^^^^^
[INFO] [stderr]   |
[INFO] [stderr]   = note: `cargo::unused_dependencies` is set to `warn` by default
[INFO] [stderr] help: consider removing the dependency on `aes`
[INFO] [stderr] warning: unused dependency `cbc`
[INFO] [stderr]   --> Cargo.toml:10:1
[INFO] [stderr]    |
[INFO] [stderr] 10 | cbc = "0.1"
[INFO] [stderr]    | ^^^^^^^^^^^
[INFO] [stderr]    |
[INFO] [stderr] help: consider removing the dependency on `cbc`
[INFO] [stderr] warning: unused dependency `pbkdf2`
[INFO] [stderr]   --> Cargo.toml:39:15
[INFO] [stderr]    |
[INFO] [stderr] 39 | [dependencies.pbkdf2]
[INFO] [stderr]    |               ^^^^^^^
[INFO] [stderr]    |
[INFO] [stderr] help: consider removing the dependency on `pbkdf2`
[INFO] [stderr] warning: `openresearch-cli` (manifest) generated 3 warnings
[INFO] running `Command { std: "docker" "inspect" "e10d140036c2db2abe94c9be5bd6a1b16567b2323556621cc949bee103826115", kill_on_drop: false }`
[INFO] running `Command { std: "docker" "rm" "-f" "e10d140036c2db2abe94c9be5bd6a1b16567b2323556621cc949bee103826115", kill_on_drop: false }`
[INFO] [stdout] e10d140036c2db2abe94c9be5bd6a1b16567b2323556621cc949bee103826115
