[INFO] cloning repository https://github.com/Annirich/agave--029
[INFO] running `Command { std: "git" "-c" "credential.helper=" "-c" "credential.helper=/workspace/cargo-home/bin/git-credential-null" "clone" "--bare" "https://github.com/Annirich/agave--029" "/workspace/cache/git-repos/https%3A%2F%2Fgithub.com%2FAnnirich%2Fagave--029", kill_on_drop: false }`
[INFO] [stderr] Cloning into bare repository '/workspace/cache/git-repos/https%3A%2F%2Fgithub.com%2FAnnirich%2Fagave--029'...
[INFO] running `Command { std: "git" "rev-parse" "HEAD", kill_on_drop: false }`
[INFO] [stdout] 510a7ca7d3def1d1925fbecdec20b4d470807d25
[INFO] checking Annirich/agave--029 against 3154cc1a3e6424e44f438a95007d043ed5ceaaf6 for pr-133502-30
[INFO] running `Command { std: "git" "clone" "/workspace/cache/git-repos/https%3A%2F%2Fgithub.com%2FAnnirich%2Fagave--029" "/workspace/builds/worker-5-tc2/source", kill_on_drop: false }`
[INFO] [stderr] Cloning into '/workspace/builds/worker-5-tc2/source'...
[INFO] [stderr] done.
[INFO] removed /workspace/builds/worker-5-tc2/source/rust-toolchain.toml
[INFO] started tweaking git repo https://github.com/Annirich/agave--029
[INFO] finished tweaking git repo https://github.com/Annirich/agave--029
[INFO] tweaked toml for git repo https://github.com/Annirich/agave--029 written to /workspace/builds/worker-5-tc2/source/Cargo.toml
[INFO] validating manifest of git repo https://github.com/Annirich/agave--029 on toolchain 3154cc1a3e6424e44f438a95007d043ed5ceaaf6
[INFO] running `Command { std: CARGO_HOME="/workspace/cargo-home" RUSTUP_HOME="/workspace/rustup-home" "/workspace/cargo-home/bin/cargo" "+3154cc1a3e6424e44f438a95007d043ed5ceaaf6" "metadata" "--manifest-path" "Cargo.toml" "--no-deps", kill_on_drop: false }`
[INFO] crate git repo https://github.com/Annirich/agave--029 already has a lockfile, it will not be regenerated
[INFO] running `Command { std: CARGO_HOME="/workspace/cargo-home" RUSTUP_HOME="/workspace/rustup-home" "/workspace/cargo-home/bin/cargo" "+3154cc1a3e6424e44f438a95007d043ed5ceaaf6" "fetch" "--manifest-path" "Cargo.toml", kill_on_drop: false }`
[INFO] [stderr] warning: unused workspace dependency `blst`
[INFO] [stderr]   --> Cargo.toml:67:1
[INFO] [stderr]    |
[INFO] [stderr] 67 | blst = "0.3.16"
[INFO] [stderr]    | ^^^^
[INFO] [stderr]    |
[INFO] [stderr]    = note: `cargo::unused_workspace_dependencies` is set to `warn` by default
[INFO] [stderr] help: consider removing the workspace dependency `blst`
[INFO] [stderr] warning: unused workspace dependency `blstrs`
[INFO] [stderr]   --> Cargo.toml:68:1
[INFO] [stderr]    |
[INFO] [stderr] 68 | blstrs = "0.7.1"
[INFO] [stderr]    | ^^^^^^
[INFO] [stderr]    |
[INFO] [stderr] help: consider removing the workspace dependency `blstrs`
[INFO] [stderr] warning: unused workspace dependency `digest`
[INFO] [stderr]   --> Cargo.toml:89:1
[INFO] [stderr]    |
[INFO] [stderr] 89 | digest = "0.10.7"
[INFO] [stderr]    | ^^^^^^
[INFO] [stderr]    |
[INFO] [stderr] help: consider removing the workspace dependency `digest`
[INFO] [stderr] warning: unused workspace dependency `group`
[INFO] [stderr]    --> Cargo.toml:105:1
[INFO] [stderr]     |
[INFO] [stderr] 105 | group = "0.13.0"
[INFO] [stderr]     | ^^^^^
[INFO] [stderr]     |
[INFO] [stderr] help: consider removing the workspace dependency `group`
[INFO] [stderr] warning: unused workspace dependency `pairing`
[INFO] [stderr]    --> Cargo.toml:139:1
[INFO] [stderr]     |
[INFO] [stderr] 139 | pairing = "0.23.0"
[INFO] [stderr]     | ^^^^^^^
[INFO] [stderr]     |
[INFO] [stderr] help: consider removing the workspace dependency `pairing`
[INFO] [stderr] warning: unused workspace dependency `solana-genesis`
[INFO] [stderr]    --> Cargo.toml:631:25
[INFO] [stderr]     |
[INFO] [stderr] 631 | [workspace.dependencies.solana-genesis]
[INFO] [stderr]     |                         ^^^^^^^^^^^^^^
[INFO] [stderr]     |
[INFO] [stderr] help: consider removing the workspace dependency `solana-genesis`
[INFO] [stderr] warning: unused workspace dependency `solana-local-cluster`
[INFO] [stderr]    --> Cargo.toml:666:25
[INFO] [stderr]     |
[INFO] [stderr] 666 | [workspace.dependencies.solana-local-cluster]
[INFO] [stderr]     |                         ^^^^^^^^^^^^^^^^^^^^
[INFO] [stderr]     |
[INFO] [stderr] help: consider removing the workspace dependency `solana-local-cluster`
[INFO] [stderr] warning: workspace (manifest) generated 7 warnings
[INFO] [stderr] warning: missing `[lints]` to inherit `[workspace.lints]`
[INFO] [stderr]   --> cpu-utils/Cargo.toml
[INFO] [stderr]    = note: `cargo::missing_lints_inheritance` is set to `warn` by default
[INFO] [stderr] help: to inherit `workspace.lints, add:
[INFO] [stderr]    |
[INFO] [stderr] 20 ~ libc = { workspace = true }
[INFO] [stderr] 21 + [lints]
[INFO] [stderr] 22 + workspace = true
[INFO] [stderr]    |
[INFO] [stderr] help: to clarify your intent to not inherit, add:
[INFO] [stderr]    |
[INFO] [stderr] 20 ~ libc = { workspace = true }
[INFO] [stderr] 21 + [lints]
[INFO] [stderr]    |
[INFO] [stderr] warning: `agave-cpu-utils` (manifest) generated 1 warning
[INFO] [stderr]     Blocking waiting for file lock on package cache
[INFO] running `Command { std: "docker" "create" "-v" "/var/lib/crater-agent-workspace/builds/worker-5-tc2/source:/opt/rustwide/workdir:ro,Z" "-v" "/var/lib/crater-agent-workspace/builds/worker-5-tc2/target:/opt/rustwide/target:rw,Z" "-v" "/var/lib/crater-agent-workspace/cargo-home:/opt/rustwide/cargo-home:ro,Z" "-v" "/var/lib/crater-agent-workspace/rustup-home:/opt/rustwide/rustup-home:ro,Z" "-m" "1610612736" "--network" "none" "ghcr.io/rust-lang/crates-build-env/linux@sha256:77db811e55d90add9212f6832c23229e3de5f1c1f9905e8cb07319ea15df73ac" "sleep" "infinity", kill_on_drop: false }`
[INFO] [stdout] 9ff3337ff7ad2e096c392eb5e7b35520e85b52ce5a4fac9f8712151aeeff0a7e
[INFO] running `Command { std: "docker" "start" "9ff3337ff7ad2e096c392eb5e7b35520e85b52ce5a4fac9f8712151aeeff0a7e", kill_on_drop: false }`
[INFO] running `Command { std: "docker" "inspect" "9ff3337ff7ad2e096c392eb5e7b35520e85b52ce5a4fac9f8712151aeeff0a7e", kill_on_drop: false }`
[INFO] running `Command { std: "docker" "exec" "-e" "SOURCE_DIR=/opt/rustwide/workdir" "-e" "CARGO_HOME=/opt/rustwide/cargo-home" "-e" "RUSTUP_HOME=/opt/rustwide/rustup-home" "-e" "CARGO_TARGET_DIR=/opt/rustwide/target" "-w" "/opt/rustwide/workdir" "--user" "0:0" "9ff3337ff7ad2e096c392eb5e7b35520e85b52ce5a4fac9f8712151aeeff0a7e" "/opt/rustwide/cargo-home/bin/cargo" "+3154cc1a3e6424e44f438a95007d043ed5ceaaf6" "metadata" "--no-deps" "--format-version=1", kill_on_drop: false }`
[INFO] running `Command { std: "docker" "inspect" "9ff3337ff7ad2e096c392eb5e7b35520e85b52ce5a4fac9f8712151aeeff0a7e", kill_on_drop: false }`
[INFO] running `Command { std: "docker" "exec" "-e" "SOURCE_DIR=/opt/rustwide/workdir" "-e" "CARGO_HOME=/opt/rustwide/cargo-home" "-e" "RUSTUP_HOME=/opt/rustwide/rustup-home" "-e" "CARGO_TARGET_DIR=/opt/rustwide/target" "-e" "CARGO_INCREMENTAL=0" "-e" "RUST_BACKTRACE=full" "-e" "RUSTFLAGS=--cap-lints=forbid" "-e" "RUSTDOCFLAGS=--cap-lints=forbid" "-w" "/opt/rustwide/workdir" "--user" "0:0" "9ff3337ff7ad2e096c392eb5e7b35520e85b52ce5a4fac9f8712151aeeff0a7e" "/opt/rustwide/cargo-home/bin/cargo" "+3154cc1a3e6424e44f438a95007d043ed5ceaaf6" "check" "--frozen" "--all" "--all-targets" "--message-format=json", kill_on_drop: false }`
[INFO] [stderr] warning: unused workspace dependency `blst`
[INFO] [stderr]   --> Cargo.toml:67:1
[INFO] [stderr]    |
[INFO] [stderr] 67 | blst = "0.3.16"
[INFO] [stderr]    | ^^^^
[INFO] [stderr]    |
[INFO] [stderr]    = note: `cargo::unused_workspace_dependencies` is set to `warn` by default
[INFO] [stderr] help: consider removing the workspace dependency `blst`
[INFO] [stderr] warning: unused workspace dependency `blstrs`
[INFO] [stderr]   --> Cargo.toml:68:1
[INFO] [stderr]    |
[INFO] [stderr] 68 | blstrs = "0.7.1"
[INFO] [stderr]    | ^^^^^^
[INFO] [stderr]    |
[INFO] [stderr] help: consider removing the workspace dependency `blstrs`
[INFO] [stderr] warning: unused workspace dependency `digest`
[INFO] [stderr]   --> Cargo.toml:89:1
[INFO] [stderr]    |
[INFO] [stderr] 89 | digest = "0.10.7"
[INFO] [stderr]    | ^^^^^^
[INFO] [stderr]    |
[INFO] [stderr] help: consider removing the workspace dependency `digest`
[INFO] [stderr] warning: unused workspace dependency `group`
[INFO] [stderr]    --> Cargo.toml:105:1
[INFO] [stderr]     |
[INFO] [stderr] 105 | group = "0.13.0"
[INFO] [stderr]     | ^^^^^
[INFO] [stderr]     |
[INFO] [stderr] help: consider removing the workspace dependency `group`
[INFO] [stderr] warning: unused workspace dependency `pairing`
[INFO] [stderr]    --> Cargo.toml:139:1
[INFO] [stderr]     |
[INFO] [stderr] 139 | pairing = "0.23.0"
[INFO] [stderr]     | ^^^^^^^
[INFO] [stderr]     |
[INFO] [stderr] help: consider removing the workspace dependency `pairing`
[INFO] [stderr] warning: unused workspace dependency `solana-genesis`
[INFO] [stderr]    --> Cargo.toml:631:25
[INFO] [stderr]     |
[INFO] [stderr] 631 | [workspace.dependencies.solana-genesis]
[INFO] [stderr]     |                         ^^^^^^^^^^^^^^
[INFO] [stderr]     |
[INFO] [stderr] help: consider removing the workspace dependency `solana-genesis`
[INFO] [stderr] warning: unused workspace dependency `solana-local-cluster`
[INFO] [stderr]    --> Cargo.toml:666:25
[INFO] [stderr]     |
[INFO] [stderr] 666 | [workspace.dependencies.solana-local-cluster]
[INFO] [stderr]     |                         ^^^^^^^^^^^^^^^^^^^^
[INFO] [stderr]     |
[INFO] [stderr] help: consider removing the workspace dependency `solana-local-cluster`
[INFO] [stderr] warning: workspace (manifest) generated 7 warnings
[INFO] [stderr] warning: missing `[lints]` to inherit `[workspace.lints]`
[INFO] [stderr]   --> cpu-utils/Cargo.toml
[INFO] [stderr]    = note: `cargo::missing_lints_inheritance` is set to `warn` by default
[INFO] [stderr] help: to inherit `workspace.lints, add:
[INFO] [stderr]    |
[INFO] [stderr] 20 ~ libc = { workspace = true }
[INFO] [stderr] 21 + [lints]
[INFO] [stderr] 22 + workspace = true
[INFO] [stderr]    |
[INFO] [stderr] help: to clarify your intent to not inherit, add:
[INFO] [stderr]    |
[INFO] [stderr] 20 ~ libc = { workspace = true }
[INFO] [stderr] 21 + [lints]
[INFO] [stderr]    |
[INFO] [stderr] warning: `agave-cpu-utils` (manifest) generated 1 warning
[INFO] [stderr]    Compiling proc-macro2 v1.0.106
[INFO] [stderr]    Compiling quote v1.0.45
[INFO] [stderr]    Compiling unicode-ident v1.0.14
[INFO] [stderr]    Compiling libc v0.2.186
[INFO] [stderr]     Checking cfg-if v1.0.4
[INFO] [stderr]    Compiling serde_core v1.0.229
[INFO] [stderr]    Compiling serde v1.0.229
[INFO] [stderr]    Compiling version_check v0.9.4
[INFO] [stderr]    Compiling autocfg v1.1.0
[INFO] [stderr]    Compiling typenum v1.19.0
[INFO] [stderr]     Checking subtle v2.6.1
[INFO] [stderr]     Checking ppv-lite86 v0.2.15
[INFO] [stderr]    Compiling generic-array v0.14.7
[INFO] [stderr]    Compiling getrandom v0.3.4
[INFO] [stderr]    Compiling thiserror v2.0.19
[INFO] [stderr]     Checking const-oid v0.9.6
[INFO] [stderr]    Compiling cfg_aliases v0.2.1
[INFO] [stderr]    Compiling hashbrown v0.17.0
[INFO] [stderr]    Compiling equivalent v1.0.0
[INFO] [stderr]     Checking cpufeatures v0.2.17
[INFO] [stderr]    Compiling strsim v0.11.1
[INFO] [stderr]    Compiling ident_case v1.0.1
[INFO] [stderr]    Compiling feature-probe v0.1.1
[INFO] [stderr]    Compiling once_cell v1.21.3
[INFO] [stderr]    Compiling bv v0.11.1
[INFO] [stderr]    Compiling toml_datetime v0.6.5
[INFO] [stderr]    Compiling winnow v0.5.16
[INFO] [stderr]    Compiling pastey v0.2.3
[INFO] [stderr]    Compiling syn v2.0.117
[INFO] [stderr]    Compiling syn v3.0.3
[INFO] [stderr]    Compiling indexmap v2.14.0
[INFO] [stderr]    Compiling wincode v0.5.5
[INFO] [stderr]    Compiling borsh v1.8.0
[INFO] [stderr]    Compiling libm v0.2.1
[INFO] [stderr]     Checking getrandom v0.2.15
[INFO] [stderr]     Checking rand_core v0.6.4
[INFO] [stderr]     Checking five8_core v1.0.0
[INFO] [stderr]     Checking rand_core v0.9.3
[INFO] [stderr]     Checking solana-sanitize v3.0.1
[INFO] [stderr]     Checking five8 v1.0.0
[INFO] [stderr]    Compiling num-traits v0.2.19
[INFO] [stderr]     Checking solana-atomic-u64 v3.0.1
[INFO] [stderr]    Compiling shlex v1.3.0
[INFO] [stderr]     Checking rand_chacha v0.9.0
[INFO] [stderr]    Compiling find-msvc-tools v0.1.9
[INFO] [stderr]     Checking memchr v2.6.3
[INFO] [stderr]     Checking rand v0.9.4
[INFO] [stderr]    Compiling semver v1.0.28
[INFO] [stderr]    Compiling jobserver v0.1.32
[INFO] [stderr]    Compiling cc v1.2.56
[INFO] [stderr]    Compiling rustc_version v0.4.1
[INFO] [stderr]     Checking log v0.4.33
[INFO] [stderr]     Checking five8_const v1.0.0
[INFO] [stderr]    Compiling toml_edit v0.21.1
[INFO] [stderr]     Checking sha2-const-stable v0.1.0
[INFO] [stderr]     Checking either v1.11.0
[INFO] [stderr]     Checking bitflags v2.13.1
[INFO] [stderr]    Compiling curve25519-dalek v4.1.3
[INFO] [stderr]     Checking lazy_static v1.5.0
[INFO] [stderr]     Checking base64 v0.22.1
[INFO] [stderr]     Checking itoa v1.0.9
[INFO] [stderr]     Checking fnv v1.0.7
[INFO] [stderr]    Compiling bs58 v0.5.1
[INFO] [stderr]     Checking percent-encoding v2.3.2
[INFO] [stderr]     Checking rand_chacha v0.3.1
[INFO] [stderr]    Compiling crossbeam-utils v0.8.22
[INFO] [stderr]     Checking arrayvec v0.7.8
[INFO] [stderr]    Compiling syn v1.0.109
[INFO] [stderr]     Checking rand v0.8.6
[INFO] [stderr]    Compiling crossbeam-epoch v0.9.20 (https://github.com/anza-xyz/crossbeam?rev=5ee1c6ec671d94db14ed9238eb99e59a84555aad#5ee1c6ec)
[INFO] [stderr]    Compiling rayon-core v1.13.0
[INFO] [stderr]    Compiling zmij v1.0.10
[INFO] [stderr]    Compiling serde_json v1.0.151
[INFO] [stderr]    Compiling serde_derive v1.0.229
[INFO] [stderr]    Compiling thiserror-impl v2.0.19
[INFO] [stderr]    Compiling darling_core v0.23.0
[INFO] [stderr]     Checking crossbeam-deque v0.8.1
[INFO] [stderr]     Checking allocator-api2 v0.2.16
[INFO] [stderr]     Checking arrayref v0.3.9
[INFO] [stderr]     Checking solana-program-memory v3.0.0
[INFO] [stderr]     Checking hybrid-array v0.4.10
[INFO] [stderr]    Compiling proc-macro-crate v3.1.0
[INFO] [stderr]     Checking rayon v1.12.0
[INFO] [stderr]    Compiling zeroize_derive v1.4.2
[INFO] [stderr]    Compiling bytemuck_derive v1.11.0
[INFO] [stderr]     Checking zeroize v1.8.2
[INFO] [stderr]    Compiling curve25519-dalek-derive v0.1.1
[INFO] [stderr]    Compiling borsh-derive v1.8.0
[INFO] [stderr]    Compiling derive_arbitrary v1.4.1
[INFO] [stderr]     Checking crypto-common v0.1.6
[INFO] [stderr]     Checking block-buffer v0.10.4
[INFO] [stderr]     Checking digest v0.10.7
[INFO] [stderr]     Checking arbitrary v1.4.2
[INFO] [stderr]     Checking sha2 v0.10.9
[INFO] [stderr]     Checking bytemuck v1.25.2
[INFO] [stderr]     Checking signature v2.2.0
[INFO] [stderr]    Compiling solana-sdk-macro v3.0.1
[INFO] [stderr]     Checking ed25519 v2.2.3
[INFO] [stderr]     Checking hmac v0.12.1
[INFO] [stderr]     Checking byteorder v1.5.0
[INFO] [stderr]     Checking derivation-path v0.2.0
[INFO] [stderr]    Compiling zerocopy v0.8.31
[INFO] [stderr]     Checking cmov v0.5.4
[INFO] [stderr]    Compiling darling_macro v0.23.0
[INFO] [stderr]     Checking crypto-common v0.2.1
[INFO] [stderr]     Checking block-buffer v0.12.0
[INFO] [stderr]    Compiling darling v0.23.0
[INFO] [stderr]     Checking ctutils v0.4.0
[INFO] [stderr]    Compiling wincode-derive v0.4.6
[INFO] [stderr]    Compiling blake3 v1.8.5
[INFO] [stderr]     Checking solana-nullable v1.1.1
[INFO] [stderr]     Checking qstring v0.7.2
[INFO] [stderr]     Checking uriparse v0.6.4
[INFO] [stderr]    Compiling ahash v0.8.12
[INFO] [stderr]     Checking pin-project-lite v0.2.14
[INFO] [stderr]     Checking cpufeatures v0.3.0
[INFO] [stderr]     Checking bytes v1.12.1
[INFO] [stderr]     Checking smallvec v1.15.2
[INFO] [stderr]     Checking solana-program-error v3.0.1
[INFO] [stderr]     Checking bincode v1.3.3
[INFO] [stderr]     Checking serde-big-array v0.5.1
[INFO] [stderr]     Checking solana-derivation-path v3.0.0
[INFO] [stderr]     Checking digest v0.11.2
[INFO] [stderr]     Checking constant_time_eq v0.4.2
[INFO] [stderr]     Checking pbkdf2 v0.11.0
[INFO] [stderr]     Checking solana-seed-phrase v3.0.0
[INFO] [stderr]     Checking solana-seed-derivable v3.0.0
[INFO] [stderr]     Checking scopeguard v1.2.0
[INFO] [stderr]    Compiling qualifier_attr v0.2.2
[INFO] [stderr]     Checking solana-define-syscall v4.0.1
[INFO] [stderr]     Checking solana-svm-feature-set v4.3.0-alpha.2 (/opt/rustwide/workdir/svm-feature-set)
[INFO] [stderr]     Checking serde_bytes v0.11.19
[INFO] [stderr]    Compiling lock_api v0.4.10
[INFO] [stderr]    Compiling parking_lot_core v0.9.8
[INFO] [stderr]     Checking signal-hook-registry v1.4.0
[INFO] [stderr]     Checking solana-msg v3.1.0
[INFO] [stderr]     Checking foldhash v0.2.0
[INFO] [stderr]     Checking slab v0.4.12
[INFO] [stderr]     Checking futures-core v0.3.33
[INFO] [stderr]     Checking futures-sink v0.3.33
[INFO] [stderr]    Compiling tokio-macros v2.7.0
[INFO] [stderr]     Checking parking_lot v0.12.3
[INFO] [stderr]     Checking socket2 v0.6.5
[INFO] [stderr]     Checking mio v1.2.0
[INFO] [stderr]     Checking ed25519-dalek v2.2.0
[INFO] [stderr]     Checking void v1.0.2
[INFO] [stderr]     Checking unreachable v1.0.0
[INFO] [stderr]     Checking futures-channel v0.3.33
[INFO] [stderr]    Compiling futures-macro v0.3.33
[INFO] [stderr]     Checking ed25519-dalek-bip32 v0.3.0
[INFO] [stderr]     Checking futures v0.1.31
[INFO] [stderr]     Checking ascii v0.9.3
[INFO] [stderr]     Checking futures-task v0.3.33
[INFO] [stderr]     Checking futures-io v0.3.33
[INFO] [stderr]     Checking hash32 v0.3.1
[INFO] [stderr]     Checking combine v3.8.1
[INFO] [stderr]    Compiling synstructure v0.13.1
[INFO] [stderr]     Checking rustc-demangle v0.1.21
[INFO] [stderr]     Checking tokio v1.53.0
[INFO] [stderr]     Checking tracing-core v0.1.34
[INFO] [stderr]    Compiling radium v0.7.0
[INFO] [stderr]    Compiling tracing-attributes v0.1.30
[INFO] [stderr]     Checking regex-syntax v0.8.11
[INFO] [stderr]     Checking tap v1.0.1
[INFO] [stderr]     Checking futures-util v0.3.33
[INFO] [stderr]     Checking wyz v0.5.1
[INFO] [stderr]     Checking aho-corasick v1.0.1
[INFO] [stderr]     Checking funty v2.0.0
[INFO] [stderr]     Checking solana-hash v4.5.0
[INFO] [stderr]     Checking solana-sha256-hasher v3.1.0
[INFO] [stderr]     Checking solana-address v2.6.1
[INFO] [stderr]     Checking solana-instruction-error v2.4.0
[INFO] [stderr]     Checking solana-signature v3.4.1
[INFO] [stderr]     Checking solana-pubkey v4.2.0
[INFO] [stderr]     Checking solana-sdk-ids v3.1.0
[INFO] [stderr]     Checking solana-get-sysvar v1.0.0
[INFO] [stderr]     Checking solana-transaction-error v3.3.1
[INFO] [stderr]     Checking solana-instruction v3.4.0
[INFO] [stderr]     Checking solana-short-vec v3.2.2
[INFO] [stderr]     Checking solana-sysvar-id v3.1.0
[INFO] [stderr]     Checking solana-signer v3.0.1
[INFO] [stderr]     Checking solana-account-info v3.1.1
[INFO] [stderr]     Checking solana-epoch-schedule v3.2.0
[INFO] [stderr]     Checking solana-clock v3.1.1
[INFO] [stderr]     Checking solana-fee-calculator v3.2.2
[INFO] [stderr]     Checking solana-message v4.4.0
[INFO] [stderr]     Checking solana-slot-hashes v3.1.0
[INFO] [stderr]     Checking solana-rent v4.3.0
[INFO] [stderr]     Checking solana-stake-history v1.0.0
[INFO] [stderr]     Checking solana-program-entrypoint v3.1.1
[INFO] [stderr]     Checking solana-epoch-rewards v3.1.0
[INFO] [stderr]     Checking solana-slot-history v3.1.0
[INFO] [stderr]     Checking solana-last-restart-slot v3.1.0
[INFO] [stderr]     Checking solana-keypair v3.1.2
[INFO] [stderr]     Checking solana-serialize-utils v3.1.2
[INFO] [stderr]     Checking solana-system-interface v3.2.0
[INFO] [stderr]     Checking solana-sysvar v4.1.0
[INFO] [stderr]     Checking agave-feature-set v4.3.0-alpha.2 (/opt/rustwide/workdir/feature-set)
[INFO] [stderr]     Checking solana-instructions-sysvar v4.0.0
[INFO] [stderr]     Checking tracing v0.1.41
[INFO] [stderr]     Checking solana-account v4.3.1
[INFO] [stderr]     Checking regex-automata v0.4.16
[INFO] [stderr]     Checking bitvec v1.1.1
[INFO] [stderr]    Compiling displaydoc v0.2.3
[INFO] [stderr]     Checking itertools v0.14.0
[INFO] [stderr]     Checking solana-transaction v4.1.5
[INFO] [stderr]    Compiling crc32fast v1.2.1
[INFO] [stderr]     Checking rand_xorshift v0.3.0
[INFO] [stderr]    Compiling zerofrom-derive v0.1.4
[INFO] [stderr]     Checking solana-svm-transaction v4.2.0
[INFO] [stderr]     Checking solana-loader-v3-interface v7.0.0
[INFO] [stderr]    Compiling yoke-derive v0.7.4
[INFO] [stderr]    Compiling serde_with_macros v3.21.0
[INFO] [stderr]     Checking stable_deref_trait v1.2.0
[INFO] [stderr]     Checking solana-sbpf v0.22.0
[INFO] [stderr]    Compiling cfg_eval v0.1.2
[INFO] [stderr]    Compiling zerovec-derive v0.10.3
[INFO] [stderr]     Checking solana-svm-type-overrides v4.3.0-alpha.2 (/opt/rustwide/workdir/svm-type-overrides)
[INFO] [stderr]     Checking solana-precompile-error v3.0.0
[INFO] [stderr]     Checking writeable v0.5.5
[INFO] [stderr]     Checking litemap v0.7.3
[INFO] [stderr]    Compiling icu_provider_macros v1.5.0
[INFO] [stderr]     Checking zerofrom v0.1.4
[INFO] [stderr]     Checking icu_locid_transform_data v1.5.0
[INFO] [stderr]     Checking yoke v0.7.4
[INFO] [stderr]    Compiling enum-iterator-derive v1.5.0
[INFO] [stderr]    Compiling num-derive v0.4.2
[INFO] [stderr]     Checking serde_with v3.21.0
[INFO] [stderr]     Checking icu_properties_data v1.5.0
[INFO] [stderr]     Checking http v1.4.2
[INFO] [stderr]     Checking solana-fee-structure v4.0.0
[INFO] [stderr]     Checking regex v1.13.1
[INFO] [stderr]     Checking num_cpus v1.17.0
[INFO] [stderr]     Checking utf16_iter v1.0.5
[INFO] [stderr]     Checking utf8_iter v1.0.4
[INFO] [stderr]     Checking zerovec v0.10.4
[INFO] [stderr]     Checking eager v0.1.0
[INFO] [stderr]     Checking icu_normalizer_data v1.5.0
[INFO] [stderr]     Checking enum-iterator v2.3.0
[INFO] [stderr]     Checking write16 v1.0.0
[INFO] [stderr]     Checking solana-stable-layout v3.0.1
[INFO] [stderr]     Checking rustls-pki-types v1.12.0
[INFO] [stderr]    Compiling rustversion v1.0.17
[INFO] [stderr]     Checking ff v0.13.1
[INFO] [stderr]     Checking solana-svm-callback v4.3.0-alpha.2 (/opt/rustwide/workdir/svm-callback)
[INFO] [stderr]     Checking solana-transaction-context v4.3.0-alpha.2 (/opt/rustwide/workdir/transaction-context)
[INFO] [stderr]    Compiling blst v0.3.16
[INFO] [stderr]     Checking form_urlencoded v1.2.2
[INFO] [stderr]     Checking group v0.13.0
[INFO] [stderr]     Checking solana-svm-log-collector v4.3.0-alpha.2 (/opt/rustwide/workdir/svm-log-collector)
[INFO] [stderr]     Checking solana-svm-measure v4.3.0-alpha.2 (/opt/rustwide/workdir/svm-measure)
[INFO] [stderr]     Checking threadpool v1.8.1
[INFO] [stderr]    Compiling ring v0.17.14
[INFO] [stderr]     Checking tinystr v0.7.6
[INFO] [stderr]     Checking icu_collections v1.5.0
[INFO] [stderr]    Compiling rustix v1.1.4
[INFO] [stderr]    Compiling httparse v1.10.1
[INFO] [stderr]     Checking icu_locid v1.5.0
[INFO] [stderr]     Checking pairing v0.23.0
[INFO] [stderr]     Checking solana-serde-varint v3.0.1
[INFO] [stderr]     Checking byte-slice-cast v1.2.3
[INFO] [stderr]     Checking linux-raw-sys v0.12.1
[INFO] [stderr]     Checking untrusted v0.9.0
[INFO] [stderr]     Checking solana-wincode-varint v1.0.0
[INFO] [stderr]     Checking tower-service v0.3.3
[INFO] [stderr]    Compiling rustls v0.23.42
[INFO] [stderr]    Compiling ryu v1.0.5
[INFO] [stderr]     Checking openssl-probe v0.1.4
[INFO] [stderr]     Checking http-body v1.0.1
[INFO] [stderr]     Checking tokio-util v0.7.19
[INFO] [stderr]    Compiling thiserror v1.0.69
[INFO] [stderr]     Checking icu_provider v1.5.0
[INFO] [stderr]    Compiling thiserror-impl v1.0.69
[INFO] [stderr]     Checking try-lock v0.2.3
[INFO] [stderr]     Checking want v0.3.0
[INFO] [stderr]     Checking solana-svm-timings v4.3.0-alpha.2 (/opt/rustwide/workdir/svm-timings)
[INFO] [stderr]     Checking httpdate v1.0.1
[INFO] [stderr]     Checking solana-program-runtime v4.3.0-alpha.2 (/opt/rustwide/workdir/program-runtime)
[INFO] [stderr]     Checking solana-packet v4.2.0
[INFO] [stderr]     Checking icu_locid_transform v1.5.0
[INFO] [stderr]     Checking blstrs v0.7.1
[INFO] [stderr]     Checking atomic-waker v1.1.2
[INFO] [stderr]     Checking crossbeam-channel v0.5.16
[INFO] [stdout] warning: use of deprecated method `std::sync::atomic::Atomic::<u64>::fetch_update`: renamed to `try_update` for consistency
[INFO] [stdout]   --> program-runtime/src/program_metrics.rs:46:14
[INFO] [stdout]    |
[INFO] [stdout] 46 |             .fetch_update(Ordering::Relaxed, Ordering::Relaxed, |ema| {
[INFO] [stdout]    |              ^^^^^^^^^^^^
[INFO] [stdout]    |
[INFO] [stdout]    = note: `#[warn(deprecated)]` on by default
[INFO] [stdout] help: replace the use of the deprecated method
[INFO] [stdout]    |
[INFO] [stdout] 46 -             .fetch_update(Ordering::Relaxed, Ordering::Relaxed, |ema| {
[INFO] [stdout] 46 +             .try_update(Ordering::Relaxed, Ordering::Relaxed, |ema| {
[INFO] [stdout]    |
[INFO] [stdout] 
[INFO] [stdout] 
[INFO] [stderr]     Checking h2 v0.4.13
[INFO] [stderr]     Checking pin-utils v0.1.0
[INFO] [stderr]     Checking http-body-util v0.1.2
[INFO] [stderr]     Checking sync_wrapper v1.0.2
[INFO] [stderr]     Checking icu_properties v1.5.1
[INFO] [stderr]     Checking adler2 v2.0.1
[INFO] [stderr]     Checking simd-adler32 v0.3.8
[INFO] [stderr]    Compiling pkg-config v0.3.22
[INFO] [stderr]     Checking ipnet v2.11.0
[INFO] [stderr]     Checking tower-layer v0.3.3
[INFO] [stderr]     Checking miniz_oxide v0.8.9
[INFO] [stderr]     Checking alloc-no-stdlib v2.0.3
[INFO] [stderr]     Checking alloc-stdlib v0.2.1
[INFO] [stderr]     Checking rustls-native-certs v0.8.1
[INFO] [stderr]     Checking tower v0.5.3
[INFO] [stderr]     Checking brotli-decompressor v2.3.2
[INFO] [stderr]     Checking webpki-roots v0.26.8
[INFO] [stderr]     Checking solana-bls-signatures v3.3.0
[INFO] [stderr]     Checking iri-string v0.7.8
[INFO] [stderr]     Checking flate2 v1.1.9
[INFO] [stderr]     Checking serde_urlencoded v0.7.1
[INFO] [stderr]     Checking solana-bincode v3.1.0
[INFO] [stderr]     Checking webpki-roots v1.0.0
[INFO] [stderr]    Compiling memoffset v0.9.1
[INFO] [stderr]     Checking icu_normalizer v1.5.0
[INFO] [stderr]     Checking solana-vote-interface v6.0.3
[INFO] [stderr]     Checking solana-cluster-type v3.1.0
[INFO] [stderr]     Checking brotli v3.3.4
[INFO] [stderr]     Checking anstyle v1.0.14
[INFO] [stderr]     Checking idna_adapter v1.2.0
[INFO] [stderr]    Compiling anyhow v1.0.104
[INFO] [stderr]     Checking idna v1.1.0
[INFO] [stderr]     Checking solana-address v1.1.0
[INFO] [stderr]     Checking url v2.5.8
[INFO] [stderr]     Checking solana-pubkey v3.0.0
[INFO] [stderr]     Checking solana-borsh v3.0.2
[INFO] [stderr]     Checking assert_matches v1.5.0
[INFO] [stderr]     Checking solana-time-utils v3.0.0
[INFO] [stderr]    Compiling nix v0.31.3
[INFO] [stderr]     Checking gethostname v1.1.0
[INFO] [stderr]    Compiling num_enum_derive v0.7.6
[INFO] [stderr]     Checking solana-nonce v3.2.1
[INFO] [stderr]     Checking solana-compute-budget v4.3.0-alpha.2 (/opt/rustwide/workdir/compute-budget)
[INFO] [stderr]     Checking rustls-webpki v0.103.13
[INFO] [stderr]     Checking solana-builtins-default-costs v4.3.0-alpha.2 (/opt/rustwide/workdir/builtins-default-costs)
[INFO] [stderr]     Checking solana-compute-budget-interface v3.0.0
[INFO] [stderr]     Checking num_enum v0.7.6
[INFO] [stderr]     Checking solana-compute-budget-instruction v4.3.0-alpha.2 (/opt/rustwide/workdir/compute-budget-instruction)
[INFO] [stderr]     Checking utf8parse v0.2.2
[INFO] [stderr]     Checking solana-cpi v3.1.0
[INFO] [stderr]     Checking hyper v1.8.1
[INFO] [stderr]     Checking anstyle-query v1.1.2
[INFO] [stderr]     Checking colorchoice v1.0.3
[INFO] [stderr]     Checking is_terminal_polyfill v1.70.1
[INFO] [stderr]     Checking arc-swap v1.9.2
[INFO] [stderr]     Checking caps v0.5.6
[INFO] [stderr]     Checking fastrand v2.1.1
[INFO] [stderr]     Checking tempfile v3.27.0
[INFO] [stderr]     Checking solana-measure v4.3.0-alpha.2 (/opt/rustwide/workdir/measure)
[INFO] [stderr]     Checking solana-system-transaction v4.0.0
[INFO] [stderr]     Checking agave-transaction-view v5.1.0
[INFO] [stderr]     Checking solana-reward-info v6.2.0
[INFO] [stderr]     Checking solana-commitment-config v3.1.1
[INFO] [stderr]     Checking spl-generic-token v2.0.1
[INFO] [stderr]    Compiling zstd-sys v2.0.13+zstd.1.5.6
[INFO] [stderr]     Checking solana-runtime-transaction v4.3.0-alpha.2 (/opt/rustwide/workdir/runtime-transaction)
[INFO] [stderr]    Compiling paste v1.0.15
[INFO] [stderr]     Checking async-compression v0.4.1
[INFO] [stderr]     Checking solana-vote-program v4.3.0-alpha.2 (/opt/rustwide/workdir/programs/vote)
[INFO] [stderr]     Checking solana-vote v4.3.0-alpha.2 (/opt/rustwide/workdir/vote)
[INFO] [stderr]     Checking solana-address-lookup-table-interface v3.1.0
[INFO] [stderr]     Checking hyper-util v0.1.20
[INFO] [stderr]    Compiling zstd-safe v7.2.1
[INFO] [stderr]     Checking tower-http v0.6.8
[INFO] [stderr]     Checking itertools v0.13.0
[INFO] [stderr]     Checking solana-curve25519 v4.0.1
[INFO] [stderr]     Checking num-integer v0.1.46
[INFO] [stderr]    Compiling heck v0.5.0
[INFO] [stderr]    Compiling solana-perf v4.3.0-alpha.2 (/opt/rustwide/workdir/perf)
[INFO] [stderr]     Checking solana-stake-interface v4.3.1
[INFO] [stderr]     Checking num-bigint v0.4.6
[INFO] [stderr]    Compiling solana-version v4.3.0-alpha.2 (/opt/rustwide/workdir/version)
[INFO] [stderr]     Checking futures-executor v0.3.33
[INFO] [stderr]     Checking solana-signer-store v0.1.0
[INFO] [stderr]     Checking solana-program-pack v3.1.0
[INFO] [stderr]     Checking solana-zk-sdk-pod v0.1.2
[INFO] [stderr]     Checking solana-program-option v3.1.0
[INFO] [stderr]     Checking solana-zk-elgamal-proof-interface v0.1.3
[INFO] [stderr]     Checking tokio-rustls v0.26.2
[INFO] [stderr]     Checking agave-votor-messages v4.3.0-alpha.2 (/opt/rustwide/workdir/votor-messages)
[INFO] [stderr]     Checking anstyle-parse v1.0.0
[INFO] [stderr]     Checking hashbrown v0.14.3
[INFO] [stderr]     Checking anstream v1.0.0
[INFO] [stderr]     Checking env_filter v2.0.0
[INFO] [stderr]     Checking jiff v0.2.23
[INFO] [stderr]     Checking futures v0.3.33
[INFO] [stderr]     Checking solana-zero-copy v1.1.1
[INFO] [stderr]     Checking spl-token-interface v3.0.0
[INFO] [stderr]    Compiling spl-discriminator-syn v0.2.0
[INFO] [stderr]     Checking solana-instructions-sysvar v3.0.1
[INFO] [stderr]    Compiling spl-discriminator-derive v0.2.0
[INFO] [stderr]     Checking agave-reserved-account-keys v4.3.0-alpha.2 (/opt/rustwide/workdir/reserved-account-keys)
[INFO] [stderr]     Checking spl-discriminator v0.5.2
[INFO] [stderr]    Compiling signal-hook v0.4.4
[INFO] [stderr]     Checking spl-token-confidential-transfer-proof-extraction v0.6.1
[INFO] [stderr]     Checking hyper-rustls v0.27.5
[INFO] [stderr]     Checking spl-type-length-value v0.9.1
[INFO] [stderr]     Checking dashmap v5.5.3
[INFO] [stderr]     Checking spl-token-group-interface v0.7.2
[INFO] [stderr]     Checking solana-system-interface v2.0.0
[INFO] [stderr]     Checking solana-account v3.4.0
[INFO] [stderr]     Checking reqwest v0.12.28
[INFO] [stderr]     Checking spl-token-metadata-interface v1.0.1
[INFO] [stderr]     Checking solana-inflation v3.1.1
[INFO] [stderr]     Checking unicode-width v0.2.0
[INFO] [stderr]     Checking solana-config-interface v2.0.0
[INFO] [stderr]     Checking spl-token-2022-interface v3.1.1
[INFO] [stderr]     Checking Inflector v0.11.4
[INFO] [stderr]    Compiling async-trait v0.1.89
[INFO] [stderr]     Checking siphasher v1.0.2
[INFO] [stderr]     Checking console v0.16.4
[INFO] [stderr]     Checking tinyvec_macros v0.1.0
[INFO] [stderr]     Checking tinyvec v1.6.0
[INFO] [stderr]     Checking solana-serde v3.0.0
[INFO] [stderr]     Checking opaque-debug v0.3.0
[INFO] [stderr]     Checking keccak v0.1.6
[INFO] [stderr]     Checking iana-time-zone v0.1.46
[INFO] [stderr]     Checking solana-metrics v4.3.0-alpha.2 (/opt/rustwide/workdir/metrics)
[INFO] [stderr]     Checking chrono v0.4.45
[INFO] [stderr]     Checking sha3 v0.10.8
[INFO] [stderr]    Compiling crunchy v0.2.2
[INFO] [stderr]     Checking der v0.7.10
[INFO] [stderr]     Checking solana-native-token v3.0.0
[INFO] [stderr]     Checking solana-cost-model v4.3.0-alpha.2 (/opt/rustwide/workdir/cost-model)
[INFO] [stderr]     Checking solana-merkle-tree v4.3.0-alpha.2 (/opt/rustwide/workdir/merkle-tree)
[INFO] [stderr]     Checking digest v0.9.0
[INFO] [stderr]     Checking base16ct v0.2.0
[INFO] [stderr]    Compiling portable-atomic v1.13.1
[INFO] [stderr]     Checking jsonrpc-core v18.0.0
[INFO] [stderr]     Checking solana-entry v4.3.0-alpha.2 (/opt/rustwide/workdir/entry)
[INFO] [stderr]     Checking crypto-bigint v0.5.5
[INFO] [stderr]     Checking env_logger v0.11.11
[INFO] [stderr]    Compiling object v0.39.1
[INFO] [stderr]     Checking agave-logger v4.3.0-alpha.2 (/opt/rustwide/workdir/logger)
[INFO] [stderr]     Checking foldhash v0.1.5
[INFO] [stderr]     Checking hashbrown v0.15.1
[INFO] [stderr]     Checking spki v0.7.3
[INFO] [stderr]     Checking sec1 v0.7.3
[INFO] [stderr]     Checking pkcs8 v0.10.2
[INFO] [stderr]    Compiling libsecp256k1-core v0.3.0
[INFO] [stderr]     Checking solana-epoch-info v3.1.0
[INFO] [stderr]     Checking rfc6979 v0.4.0
[INFO] [stderr]    Compiling num-derive v0.5.1
[INFO] [stderr]     Checking unit-prefix v0.5.1
[INFO] [stderr]     Checking static_assertions v1.1.0
[INFO] [stderr]     Checking indicatif v0.18.6
[INFO] [stderr]     Checking crypto-mac v0.8.0
[INFO] [stderr]     Checking block-buffer v0.9.0
[INFO] [stderr]    Compiling enum-ordinalize-derive v4.3.1
[INFO] [stderr]     Checking agave-cpu-utils v4.3.0-alpha.2 (/opt/rustwide/workdir/cpu-utils)
[INFO] [stderr]     Checking sha2 v0.9.9
[INFO] [stderr]    Compiling libsecp256k1-gen-ecmult v0.3.0
[INFO] [stderr]     Checking elliptic-curve v0.13.8
[INFO] [stderr]    Compiling libsecp256k1-gen-genmult v0.3.0
[INFO] [stderr]     Checking hmac v0.8.1
[INFO] [stderr]    Compiling libsecp256k1 v0.7.2
[INFO] [stderr]    Compiling enum-ordinalize v4.3.0
[INFO] [stderr]     Checking solana-loader-v2-interface v3.0.0
[INFO] [stderr]     Checking spl-associated-token-account-interface v2.0.0
[INFO] [stderr]     Checking spl-memo-interface v2.1.0
[INFO] [stderr]    Compiling ark-serialize-derive v0.5.0
[INFO] [stderr]    Compiling openssl-src v300.3.1+3.3.1
[INFO] [stderr]     Checking crossbeam-queue v0.3.13
[INFO] [stderr]     Checking ark-std v0.5.0
[INFO] [stderr]     Checking ecdsa v0.16.9
[INFO] [stderr]    Compiling vcpkg v0.2.15
[INFO] [stderr]     Checking agave-xdp-ebpf v4.3.0-alpha.2 (/opt/rustwide/workdir/xdp-ebpf)
[INFO] [stderr]    Compiling educe v0.6.0
[INFO] [stderr]     Checking ark-serialize v0.5.0
[INFO] [stderr]     Checking k256 v0.13.4
[INFO] [stderr]     Checking hmac-drbg v0.3.0
[INFO] [stderr]    Compiling ark-ff-macros v0.5.0
[INFO] [stderr]    Compiling openssl-sys v0.9.117
[INFO] [stderr]    Compiling ark-serialize-derive v0.4.2
[INFO] [stderr]    Compiling ark-ff-asm v0.5.0
[INFO] [stderr]     Checking ark-std v0.4.0
[INFO] [stderr]     Checking ark-serialize v0.4.2
[INFO] [stderr]    Compiling ark-ff-macros v0.4.2
[INFO] [stderr]     Checking solana-keccak-hasher v3.1.0
[INFO] [stderr]     Checking reqwest-middleware v0.4.2
[INFO] [stderr]    Compiling derivative v2.2.0
[INFO] [stderr]    Compiling ark-ff-asm v0.4.2
[INFO] [stderr]     Checking itertools v0.10.5
[INFO] [stderr]     Checking hashbrown v0.13.2
[INFO] [stderr]     Checking foreign-types-shared v0.1.1
[INFO] [stderr]    Compiling io-uring v0.7.13
[INFO] [stderr]     Checking ark-ff v0.5.0
[INFO] [stderr]    Compiling openssl v0.10.81
[INFO] [stderr]     Checking foreign-types v0.3.2
[INFO] [stderr]     Checking solana-feature-gate-interface v4.0.0
[INFO] [stderr]    Compiling derive-into-owned v0.2.0
[INFO] [stderr]     Checking byteorder_slice v3.0.0
[INFO] [stderr]    Compiling openssl-macros v0.1.1
[INFO] [stderr]     Checking ark-ff v0.4.2
[INFO] [stderr]     Checking pcap-file v2.0.0
[INFO] [stderr]     Checking aya-obj v0.3.0
[INFO] [stderr]    Compiling getrandom v0.1.16
[INFO] [stderr]     Checking hxdmp v0.2.1
[INFO] [stderr]     Checking solana-secp256k1-recover v3.2.0
[INFO] [stderr]     Checking solana-nonce-account v4.1.1
[INFO] [stderr]     Checking solana-blake3-hasher v3.1.0
[INFO] [stderr]    Compiling modular-bitfield-impl v0.13.1
[INFO] [stderr]     Checking agave-random v4.3.0-alpha.2 (/opt/rustwide/workdir/random)
[INFO] [stderr]     Checking solana-hash-512 v1.1.0
[INFO] [stderr]     Checking solana-sha512-hasher v1.0.1
[INFO] [stderr]     Checking solana-system-program v4.3.0-alpha.2 (/opt/rustwide/workdir/programs/system)
[INFO] [stderr]     Checking agave-io-uring v4.3.0-alpha.2 (/opt/rustwide/workdir/io-uring)
[INFO] [stderr]     Checking solana-big-mod-exp v4.0.0
[INFO] [stderr]     Checking solana-lattice-hash v4.3.0-alpha.2 (/opt/rustwide/workdir/lattice-hash)
[INFO] [stderr]     Checking aya v0.14.0
[INFO] [stderr]     Checking solana-bls12-381-syscall v0.1.0
[INFO] [stderr]     Checking memmap2 v0.9.11
[INFO] [stderr]     Checking powerfmt v0.2.0
[INFO] [stderr]    Compiling num-conv v0.2.0
[INFO] [stderr]    Compiling time-core v0.1.8
[INFO] [stderr]     Checking solana-define-syscall v5.2.0
[INFO] [stderr]     Checking deranged v0.5.5
[INFO] [stderr]     Checking modular-bitfield v0.13.1
[INFO] [stderr]    Compiling time-macros v0.2.27
[INFO] [stderr]     Checking solana-bucket-map v4.3.0-alpha.2 (/opt/rustwide/workdir/bucket_map)
[INFO] [stderr]     Checking rand_core v0.5.1
[INFO] [stderr]     Checking solana-rayon-threadlimit v4.3.0-alpha.2 (/opt/rustwide/workdir/rayon-threadlimit)
[INFO] [stderr]     Checking agave-fs v4.3.0-alpha.2 (/opt/rustwide/workdir/fs)
[INFO] [stderr]    Compiling strum_macros v0.28.0
[INFO] [stderr]     Checking time v0.3.47
[INFO] [stderr]     Checking seqlock v0.2.0
[INFO] [stderr]     Checking inout v0.1.3
[INFO] [stderr]     Checking solana-nohash-hasher v0.2.1
[INFO] [stderr]     Checking solana-accounts-db v4.3.0-alpha.2 (/opt/rustwide/workdir/accounts-db)
[INFO] [stderr]     Checking zstd v0.13.3
[INFO] [stderr]     Checking solana-account-decoder-client-types v4.3.0-alpha.2 (/opt/rustwide/workdir/account-decoder-client-types)
[INFO] [stdout] warning: trailing semicolon in macro used in expression position
[INFO] [stdout]   --> accounts-db/src/active_stats.rs:78:38
[INFO] [stdout]    |
[INFO] [stdout] 78 |             ActiveStatItem::Clean => datapoint_info!("accounts_db_active", ("clean", value, i64)),
[INFO] [stdout]    |                                      ^^^^^^^^^^^^^^^^^^^^^^^^^^^^^^^^^^^^^^^^^^^^^^^^^^^^^^^^^^^^
[INFO] [stdout]    |
[INFO] [stdout]    = warning: this was previously accepted by the compiler but is being phased out; it will become a hard error in a future release!
[INFO] [stdout]    = note: for more information, see issue #79813 <https://github.com/rust-lang/rust/issues/79813>
[INFO] [stdout]    = note: `#[warn(semicolon_in_expressions_from_non_local_macros)]` (part of `#[warn(future_incompatible)]`) on by default
[INFO] [stdout]    = note: this warning originates in the macro `datapoint_info` (in Nightly builds, run with -Z macro-backtrace for more info)
[INFO] [stdout] 
[INFO] [stdout] 
[INFO] [stdout] warning: trailing semicolon in macro used in expression position
[INFO] [stdout]   --> accounts-db/src/active_stats.rs:79:57
[INFO] [stdout]    |
[INFO] [stdout] 79 |               ActiveStatItem::CleanConstructCandidates => datapoint_info!(
[INFO] [stdout]    |  _________________________________________________________^
[INFO] [stdout] 80 | |                 "accounts_db_active",
[INFO] [stdout] 81 | |                 ("clean_construct_candidates", value, i64),
[INFO] [stdout] 82 | |             ),
[INFO] [stdout]    | |_____________^
[INFO] [stdout]    |
[INFO] [stdout]    = warning: this was previously accepted by the compiler but is being phased out; it will become a hard error in a future release!
[INFO] [stdout]    = note: for more information, see issue #79813 <https://github.com/rust-lang/rust/issues/79813>
[INFO] [stdout]    = note: this warning originates in the macro `datapoint_info` (in Nightly builds, run with -Z macro-backtrace for more info)
[INFO] [stdout] 
[INFO] [stdout] 
[INFO] [stdout] warning: trailing semicolon in macro used in expression position
[INFO] [stdout]   --> accounts-db/src/active_stats.rs:84:17
[INFO] [stdout]    |
[INFO] [stdout] 84 |                 datapoint_info!("accounts_db_active", ("clean_scan_candidates", value, i64))
[INFO] [stdout]    |                 ^^^^^^^^^^^^^^^^^^^^^^^^^^^^^^^^^^^^^^^^^^^^^^^^^^^^^^^^^^^^^^^^^^^^^^^^^^^^
[INFO] [stdout]    |
[INFO] [stdout]    = note: macro invocations at the end of a block are treated as expressions
[INFO] [stdout]    = note: to ignore the value produced by the macro, add a semicolon after the invocation of `datapoint_info`
[INFO] [stdout]    = warning: this was previously accepted by the compiler but is being phased out; it will become a hard error in a future release!
[INFO] [stdout]    = note: for more information, see issue #79813 <https://github.com/rust-lang/rust/issues/79813>
[INFO] [stdout]    = note: this warning originates in the macro `datapoint_info` (in Nightly builds, run with -Z macro-backtrace for more info)
[INFO] [stdout] 
[INFO] [stdout] 
[INFO] [stdout] warning: trailing semicolon in macro used in expression position
[INFO] [stdout]   --> accounts-db/src/active_stats.rs:87:17
[INFO] [stdout]    |
[INFO] [stdout] 87 |                 datapoint_info!("accounts_db_active", ("clean_old_accounts", value, i64))
[INFO] [stdout]    |                 ^^^^^^^^^^^^^^^^^^^^^^^^^^^^^^^^^^^^^^^^^^^^^^^^^^^^^^^^^^^^^^^^^^^^^^^^^
[INFO] [stdout]    |
[INFO] [stdout]    = note: macro invocations at the end of a block are treated as expressions
[INFO] [stdout]    = note: to ignore the value produced by the macro, add a semicolon after the invocation of `datapoint_info`
[INFO] [stdout]    = warning: this was previously accepted by the compiler but is being phased out; it will become a hard error in a future release!
[INFO] [stdout]    = note: for more information, see issue #79813 <https://github.com/rust-lang/rust/issues/79813>
[INFO] [stdout]    = note: this warning originates in the macro `datapoint_info` (in Nightly builds, run with -Z macro-backtrace for more info)
[INFO] [stdout] 
[INFO] [stdout] 
[INFO] [stdout] warning: trailing semicolon in macro used in expression position
[INFO] [stdout]   --> accounts-db/src/active_stats.rs:90:17
[INFO] [stdout]    |
[INFO] [stdout] 90 | /                 datapoint_info!(
[INFO] [stdout] 91 | |                     "accounts_db_active",
[INFO] [stdout] 92 | |                     ("clean_collect_store_counts", value, i64),
[INFO] [stdout] 93 | |                 )
[INFO] [stdout]    | |_________________^
[INFO] [stdout]    |
[INFO] [stdout]    = note: macro invocations at the end of a block are treated as expressions
[INFO] [stdout]    = note: to ignore the value produced by the macro, add a semicolon after the invocation of `datapoint_info`
[INFO] [stdout]    = warning: this was previously accepted by the compiler but is being phased out; it will become a hard error in a future release!
[INFO] [stdout]    = note: for more information, see issue #79813 <https://github.com/rust-lang/rust/issues/79813>
[INFO] [stdout]    = note: this warning originates in the macro `datapoint_info` (in Nightly builds, run with -Z macro-backtrace for more info)
[INFO] [stdout] 
[INFO] [stdout] 
[INFO] [stdout] warning: trailing semicolon in macro used in expression position
[INFO] [stdout]   --> accounts-db/src/active_stats.rs:96:17
[INFO] [stdout]    |
[INFO] [stdout] 96 |                 datapoint_info!("accounts_db_active", ("clean_calc_delete_deps", value, i64))
[INFO] [stdout]    |                 ^^^^^^^^^^^^^^^^^^^^^^^^^^^^^^^^^^^^^^^^^^^^^^^^^^^^^^^^^^^^^^^^^^^^^^^^^^^^^
[INFO] [stdout]    |
[INFO] [stdout]    = note: macro invocations at the end of a block are treated as expressions
[INFO] [stdout]    = note: to ignore the value produced by the macro, add a semicolon after the invocation of `datapoint_info`
[INFO] [stdout]    = warning: this was previously accepted by the compiler but is being phased out; it will become a hard error in a future release!
[INFO] [stdout]    = note: for more information, see issue #79813 <https://github.com/rust-lang/rust/issues/79813>
[INFO] [stdout]    = note: this warning originates in the macro `datapoint_info` (in Nightly builds, run with -Z macro-backtrace for more info)
[INFO] [stdout] 
[INFO] [stdout] 
[INFO] [stdout] warning: trailing semicolon in macro used in expression position
[INFO] [stdout]    --> accounts-db/src/active_stats.rs:98:55
[INFO] [stdout]     |
[INFO] [stdout]  98 |               ActiveStatItem::CleanFilterZeroLamport => datapoint_info!(
[INFO] [stdout]     |  _______________________________________________________^
[INFO] [stdout]  99 | |                 "accounts_db_active",
[INFO] [stdout] 100 | |                 ("clean_filter_zero_lamport", value, i64),
[INFO] [stdout] 101 | |             ),
[INFO] [stdout]     | |_____________^
[INFO] [stdout]     |
[INFO] [stdout]     = warning: this was previously accepted by the compiler but is being phased out; it will become a hard error in a future release!
[INFO] [stdout]     = note: for more information, see issue #79813 <https://github.com/rust-lang/rust/issues/79813>
[INFO] [stdout]     = note: this warning originates in the macro `datapoint_info` (in Nightly builds, run with -Z macro-backtrace for more info)
[INFO] [stdout] 
[INFO] [stdout] 
[INFO] [stdout] warning: trailing semicolon in macro used in expression position
[INFO] [stdout]    --> accounts-db/src/active_stats.rs:103:17
[INFO] [stdout]     |
[INFO] [stdout] 103 |                 datapoint_info!("accounts_db_active", ("clean_reclaims", value, i64))
[INFO] [stdout]     |                 ^^^^^^^^^^^^^^^^^^^^^^^^^^^^^^^^^^^^^^^^^^^^^^^^^^^^^^^^^^^^^^^^^^^^^
[INFO] [stdout]     |
[INFO] [stdout]     = note: macro invocations at the end of a block are treated as expressions
[INFO] [stdout]     = note: to ignore the value produced by the macro, add a semicolon after the invocation of `datapoint_info`
[INFO] [stdout]     = warning: this was previously accepted by the compiler but is being phased out; it will become a hard error in a future release!
[INFO] [stdout]     = note: for more information, see issue #79813 <https://github.com/rust-lang/rust/issues/79813>
[INFO] [stdout]     = note: this warning originates in the macro `datapoint_info` (in Nightly builds, run with -Z macro-backtrace for more info)
[INFO] [stdout] 
[INFO] [stdout] 
[INFO] [stdout] warning: trailing semicolon in macro used in expression position
[INFO] [stdout]    --> accounts-db/src/active_stats.rs:106:17
[INFO] [stdout]     |
[INFO] [stdout] 106 |                 datapoint_info!("accounts_db_active", ("squash_ancient", value, i64))
[INFO] [stdout]     |                 ^^^^^^^^^^^^^^^^^^^^^^^^^^^^^^^^^^^^^^^^^^^^^^^^^^^^^^^^^^^^^^^^^^^^^
[INFO] [stdout]     |
[INFO] [stdout]     = note: macro invocations at the end of a block are treated as expressions
[INFO] [stdout]     = note: to ignore the value produced by the macro, add a semicolon after the invocation of `datapoint_info`
[INFO] [stdout]     = warning: this was previously accepted by the compiler but is being phased out; it will become a hard error in a future release!
[INFO] [stdout]     = note: for more information, see issue #79813 <https://github.com/rust-lang/rust/issues/79813>
[INFO] [stdout]     = note: this warning originates in the macro `datapoint_info` (in Nightly builds, run with -Z macro-backtrace for more info)
[INFO] [stdout] 
[INFO] [stdout] 
[INFO] [stdout] warning: trailing semicolon in macro used in expression position
[INFO] [stdout]    --> accounts-db/src/active_stats.rs:109:17
[INFO] [stdout]     |
[INFO] [stdout] 109 |                 datapoint_info!("accounts_db_active", ("shrink", value, i64))
[INFO] [stdout]     |                 ^^^^^^^^^^^^^^^^^^^^^^^^^^^^^^^^^^^^^^^^^^^^^^^^^^^^^^^^^^^^^
[INFO] [stdout]     |
[INFO] [stdout]     = note: macro invocations at the end of a block are treated as expressions
[INFO] [stdout]     = note: to ignore the value produced by the macro, add a semicolon after the invocation of `datapoint_info`
[INFO] [stdout]     = warning: this was previously accepted by the compiler but is being phased out; it will become a hard error in a future release!
[INFO] [stdout]     = note: for more information, see issue #79813 <https://github.com/rust-lang/rust/issues/79813>
[INFO] [stdout]     = note: this warning originates in the macro `datapoint_info` (in Nightly builds, run with -Z macro-backtrace for more info)
[INFO] [stdout] 
[INFO] [stdout] 
[INFO] [stdout] warning: trailing semicolon in macro used in expression position
[INFO] [stdout]    --> accounts-db/src/active_stats.rs:111:38
[INFO] [stdout]     |
[INFO] [stdout] 111 |             ActiveStatItem::Flush => datapoint_info!("accounts_db_active", ("flush", value, i64)),
[INFO] [stdout]     |                                      ^^^^^^^^^^^^^^^^^^^^^^^^^^^^^^^^^^^^^^^^^^^^^^^^^^^^^^^^^^^^
[INFO] [stdout]     |
[INFO] [stdout]     = warning: this was previously accepted by the compiler but is being phased out; it will become a hard error in a future release!
[INFO] [stdout]     = note: for more information, see issue #79813 <https://github.com/rust-lang/rust/issues/79813>
[INFO] [stdout]     = note: this warning originates in the macro `datapoint_info` (in Nightly builds, run with -Z macro-backtrace for more info)
[INFO] [stdout] 
[INFO] [stdout] 
[INFO] [stderr]     Checking agave-xdp v4.3.0-alpha.2 (/opt/rustwide/workdir/xdp)
[INFO] [stderr]     Checking solana-net-utils v4.3.0-alpha.2 (/opt/rustwide/workdir/net-utils)
[INFO] [stderr]     Checking ark-poly v0.5.0
[INFO] [stdout] warning: use of deprecated method `std::sync::atomic::Atomic::<usize>::fetch_update`: renamed to `try_update` for consistency
[INFO] [stdout]    --> accounts-db/src/accounts_index/bucket_map_holder.rs:400:14
[INFO] [stdout]     |
[INFO] [stdout] 400 |             .fetch_update(Ordering::AcqRel, Ordering::Acquire, |bucket| {
[INFO] [stdout]     |              ^^^^^^^^^^^^
[INFO] [stdout]     |
[INFO] [stdout]     = note: `#[warn(deprecated)]` on by default
[INFO] [stdout] help: replace the use of the deprecated method
[INFO] [stdout]     |
[INFO] [stdout] 400 -             .fetch_update(Ordering::AcqRel, Ordering::Acquire, |bucket| {
[INFO] [stdout] 400 +             .try_update(Ordering::AcqRel, Ordering::Acquire, |bucket| {
[INFO] [stdout]     |
[INFO] [stdout] 
[INFO] [stdout] 
[INFO] [stderr]     Checking cipher v0.4.4
[INFO] [stderr]     Checking solana-transaction-status-client-types v4.3.0-alpha.2 (/opt/rustwide/workdir/transaction-status-client-types)
[INFO] [stderr]     Checking solana-account-decoder v4.3.0-alpha.2 (/opt/rustwide/workdir/account-decoder)
[INFO] [stderr]     Checking strum v0.28.0
[INFO] [stdout] warning: use of deprecated method `std::sync::atomic::Atomic::<u64>::fetch_update`: renamed to `try_update` for consistency
[INFO] [stdout]   --> net-utils/src/token_bucket.rs:80:27
[INFO] [stdout]    |
[INFO] [stdout] 80 |         match self.tokens.fetch_update(
[INFO] [stdout]    |                           ^^^^^^^^^^^^
[INFO] [stdout]    |
[INFO] [stdout]    = note: `#[warn(deprecated)]` on by default
[INFO] [stdout] help: replace the use of the deprecated method
[INFO] [stdout]    |
[INFO] [stdout] 80 -         match self.tokens.fetch_update(
[INFO] [stdout] 80 +         match self.tokens.try_update(
[INFO] [stdout]    |
[INFO] [stdout] 
[INFO] [stdout] 
[INFO] [stdout] warning: use of deprecated method `std::sync::atomic::Atomic::<u64>::fetch_update`: renamed to `try_update` for consistency
[INFO] [stdout]    --> net-utils/src/token_bucket.rs:108:29
[INFO] [stdout]     |
[INFO] [stdout] 108 |         let _ = self.tokens.fetch_update(
[INFO] [stdout]     |                             ^^^^^^^^^^^^
[INFO] [stdout]     |
[INFO] [stdout] help: replace the use of the deprecated method
[INFO] [stdout]     |
[INFO] [stdout] 108 -         let _ = self.tokens.fetch_update(
[INFO] [stdout] 108 +         let _ = self.tokens.try_update(
[INFO] [stdout]     |
[INFO] [stdout] 
[INFO] [stdout] 
[INFO] [stdout] warning: use of deprecated method `std::sync::atomic::Atomic::<u64>::fetch_update`: renamed to `try_update` for consistency
[INFO] [stdout]    --> net-utils/src/token_bucket.rs:122:29
[INFO] [stdout]     |
[INFO] [stdout] 122 |         let _ = self.tokens.fetch_update(
[INFO] [stdout]     |                             ^^^^^^^^^^^^
[INFO] [stdout]     |
[INFO] [stdout] help: replace the use of the deprecated method
[INFO] [stdout]     |
[INFO] [stdout] 122 -         let _ = self.tokens.fetch_update(
[INFO] [stdout] 122 +         let _ = self.tokens.try_update(
[INFO] [stdout]     |
[INFO] [stdout] 
[INFO] [stdout] 
[INFO] [stdout] warning: use of deprecated method `std::sync::atomic::Atomic::<usize>::fetch_update`: renamed to `try_update` for consistency
[INFO] [stdout]    --> net-utils/src/token_bucket.rs:321:22
[INFO] [stdout]     |
[INFO] [stdout] 321 |                     .fetch_update(Ordering::Relaxed, Ordering::Relaxed, |v| {
[INFO] [stdout]     |                      ^^^^^^^^^^^^
[INFO] [stdout]     |
[INFO] [stdout] help: replace the use of the deprecated method
[INFO] [stdout]     |
[INFO] [stdout] 321 -                     .fetch_update(Ordering::Relaxed, Ordering::Relaxed, |v| {
[INFO] [stdout] 321 +                     .try_update(Ordering::Relaxed, Ordering::Relaxed, |v| {
[INFO] [stdout]     |
[INFO] [stdout] 
[INFO] [stdout] 
[INFO] [stderr]     Checking rand_chacha v0.2.2
[INFO] [stderr]    Compiling nom v7.0.0
[INFO] [stderr]    Compiling rustix v0.38.39
[INFO] [stderr]     Checking ark-poly v0.4.2
[INFO] [stderr]     Checking data-encoding v2.3.2
[INFO] [stderr]     Checking rand v0.7.3
[INFO] [stderr]     Checking ark-ec v0.5.0
[INFO] [stderr]     Checking solana-rpc-client-types v4.3.0-alpha.2 (/opt/rustwide/workdir/rpc-client-types)
[INFO] [stderr]     Checking ark-ec v0.4.2
[INFO] [stderr]     Checking universal-hash v0.5.1
[INFO] [stderr]     Checking minimal-lexical v0.1.4
[INFO] [stderr]     Checking libbz2-rs-sys v0.2.2
[INFO] [stderr]     Checking solana-transaction-status v4.3.0-alpha.2 (/opt/rustwide/workdir/transaction-status)
[INFO] [stderr]     Checking linux-raw-sys v0.4.14
[INFO] [stderr]     Checking bzip2 v0.6.1
[INFO] [stderr]     Checking polyval v0.6.2
[INFO] [stderr]     Checking ctr v0.9.2
[INFO] [stderr]     Checking aes v0.8.4
[INFO] [stderr]     Checking aead v0.5.2
[INFO] [stderr]     Checking socket2 v0.5.10
[INFO] [stderr]     Checking aes-gcm-siv v0.11.1
[INFO] [stderr]     Checking solana-leader-schedule v4.3.0-alpha.2 (/opt/rustwide/workdir/leader-schedule)
[INFO] [stderr]     Checking ark-bn254 v0.5.0
[INFO] [stderr]     Checking merlin v3.0.0
[INFO] [stderr]     Checking tokio-stream v0.1.18
[INFO] [stderr]     Checking ark-bn254 v0.4.0
[INFO] [stderr]    Compiling asn1-rs-derive v0.6.0
[INFO] [stderr]     Checking light-poseidon v0.4.0
[INFO] [stderr]     Checking light-poseidon v0.2.0
[INFO] [stderr]     Checking solana-bn254 v3.2.1
[INFO] [stderr]     Checking solana-rpc-client-api v4.3.0-alpha.2 (/opt/rustwide/workdir/rpc-client-api)
[INFO] [stderr]    Compiling asn1-rs-impl v0.2.0
[INFO] [stderr]     Checking filetime v0.2.15
[INFO] [stderr]     Checking xattr v1.3.1
[INFO] [stderr]     Checking rusticata-macros v4.1.0
[INFO] [stderr]    Compiling lz4-sys v1.11.1+lz4-1.10.0
[INFO] [stderr]    Compiling oid-registry v0.8.1
[INFO] [stderr]     Checking tar v0.4.46
[INFO] [stderr]     Checking solana-rpc-client v4.3.0-alpha.2 (/opt/rustwide/workdir/rpc-client)
[INFO] [stderr]     Checking asn1-rs v0.7.1
[INFO] [stderr]     Checking fastbloom v0.14.0
[INFO] [stderr]     Checking rustls-platform-verifier v0.6.1
[INFO] [stderr]     Checking solana-compute-budget-program v4.3.0-alpha.2 (/opt/rustwide/workdir/programs/compute-budget)
[INFO] [stderr]    Compiling quinn v0.11.11
[INFO] [stderr]     Checking rustc-hash v2.1.1
[INFO] [stderr]     Checking lru-slab v0.1.2
[INFO] [stderr]     Checking signature v1.4.0
[INFO] [stderr]     Checking solana-poseidon v4.0.0
[INFO] [stderr]     Checking quinn-udp v0.5.5
[INFO] [stderr]     Checking quinn-proto v0.11.15
[INFO] [stderr]     Checking ed25519 v1.2.0
[INFO] [stderr]     Checking solana-syscalls v4.3.0-alpha.2 (/opt/rustwide/workdir/syscalls)
[INFO] [stderr]     Checking curve25519-dalek v3.2.0
[INFO] [stderr]     Checking solana-secp256k1-program v3.0.1
[INFO] [stderr]     Checking solana-client-traits v4.0.0
[INFO] [stderr]     Checking solana-ed25519-program v3.0.0
[INFO] [stderr]     Checking hkdf v0.12.4
[INFO] [stderr]     Checking solana-zk-sdk v7.0.1
[INFO] [stderr]     Checking solana-loader-v4-interface v3.1.0
[INFO] [stderr]     Checking solana-bpf-loader-program v4.3.0-alpha.2 (/opt/rustwide/workdir/programs/bpf_loader)
[INFO] [stderr]     Checking der-parser v10.0.0
[INFO] [stderr]     Checking ed25519-dalek v1.0.1
[INFO] [stderr]     Checking solana-hard-forks v3.1.1
[INFO] [stderr]     Checking solana-program-binaries v4.3.0-alpha.2 (/opt/rustwide/workdir/program-binaries)
[INFO] [stderr]     Checking solana-shred-version v3.0.1
[INFO] [stderr]     Checking solana-svm v4.3.0-alpha.2 (/opt/rustwide/workdir/svm)
[INFO] [stderr]     Checking solana-poh-config v3.0.0
[INFO] [stderr]     Checking memmap2 v0.5.10
[INFO] [stderr]     Checking predicates-core v1.0.10
[INFO] [stderr]     Checking base64 v0.13.1
[INFO] [stderr]     Checking solana-genesis-config v4.0.0
[INFO] [stderr]     Checking x509-parser v0.18.1
[INFO] [stderr]     Checking float-cmp v0.10.0
[INFO] [stderr]     Checking pem v1.1.1
[INFO] [stderr]     Checking difflib v0.4.0
[INFO] [stderr]     Checking termtree v0.2.3
[INFO] [stderr]     Checking solana-zk-elgamal-proof-program v4.3.0-alpha.2 (/opt/rustwide/workdir/programs/zk-elgamal-proof)
[INFO] [stderr]     Checking normalize-line-endings v0.3.0
[INFO] [stderr]    Compiling mockall_derive v0.15.0
[INFO] [stderr]     Checking predicates-tree v1.0.4
[INFO] [stderr]     Checking predicates v3.1.4
[INFO] [stderr]     Checking agave-bls-cert-verify v4.3.0-alpha.2 (/opt/rustwide/workdir/bls-cert-verify)
[INFO] [stderr]     Checking solana-zk-token-proof-program v4.3.0-alpha.2 (/opt/rustwide/workdir/programs/zk-token-proof)
[INFO] [stderr]     Checking solana-fee v4.3.0-alpha.2 (/opt/rustwide/workdir/fee)
[INFO] [stderr]     Checking safe_arch v0.7.4
[INFO] [stderr]    Compiling mockall v0.15.0
[INFO] [stderr]     Checking bitmaps v3.2.1
[INFO] [stderr]     Checking symlink v0.1.0
[INFO] [stderr]     Checking rand_xoshiro v0.7.0
[INFO] [stderr]     Checking wide v0.7.33
[INFO] [stderr]     Checking downcast v0.11.0
[INFO] [stderr]     Checking fragile v2.0.0
[INFO] [stderr]     Checking siphasher v0.3.11
[INFO] [stderr]     Checking archery v1.2.2
[INFO] [stderr]     Checking imbl-sized-chunks v0.1.3
[INFO] [stderr]     Checking solana-epoch-rewards-hasher v3.1.0
[INFO] [stderr]     Checking solana-builtins v4.3.0-alpha.2 (/opt/rustwide/workdir/builtins)
[INFO] [stderr]     Checking solana-unified-scheduler-logic v4.3.0-alpha.2 (/opt/rustwide/workdir/unified-scheduler-logic)
[INFO] [stderr]    Compiling pin-project-internal v1.0.12
[INFO] [stderr]     Checking lru v0.18.1
[INFO] [stderr]    Compiling unicase v2.6.0
[INFO] [stderr]    Compiling test-case-core v3.3.1
[INFO] [stderr]     Checking chrono-humanize v0.2.3
[INFO] [stderr]     Checking imbl v7.0.0
[INFO] [stderr]    Compiling test-case-macros v3.3.1
[INFO] [stderr]     Checking pin-project v1.0.12
[INFO] [stderr]     Checking test-case v3.3.1
[INFO] [stderr]     Checking solana-tls-utils v4.3.0-alpha.2 (/opt/rustwide/workdir/tls-utils)
[INFO] [stderr]     Checking solana-streamer v4.3.0-alpha.2 (/opt/rustwide/workdir/streamer)
[INFO] [stderr]    Compiling prost-derive v0.11.9
[INFO] [stderr]    Compiling pulldown-cmark v0.13.1
[INFO] [stderr]    Compiling prettyplease v0.2.37
[INFO] [stderr]     Checking same-file v1.0.6
[INFO] [stderr]     Checking walkdir v2.3.2
[INFO] [stderr]     Checking humantime v2.4.0
[INFO] [stderr]    Compiling native-tls v0.2.11
[INFO] [stderr]    Compiling ahash v0.7.8
[INFO] [stderr]     Checking bitflags v1.3.2
[INFO] [stderr]     Checking sha1 v0.10.5
[INFO] [stderr]    Compiling autotools v0.2.5
[INFO] [stderr]     Checking utf-8 v0.7.6
[INFO] [stderr]    Compiling protobuf-src v1.1.0+21.5
[INFO] [stderr]     Checking hex v0.4.3
[INFO] [stderr]     Checking hashbrown v0.12.3
[INFO] [stderr]    Compiling prost-derive v0.14.4
[INFO] [stderr]     Checking prost v0.11.9
[INFO] [stderr]     Checking tungstenite v0.28.0
[INFO] [stderr]     Checking dirs-sys-next v0.1.2
[INFO] [stderr]     Checking unsafe-libyaml v0.2.11
[INFO] [stderr]    Compiling parking_lot_core v0.8.5
[INFO] [stderr]     Checking serde_yaml v0.9.34+deprecated
[INFO] [stderr]     Checking prost v0.14.4
[INFO] [stderr]     Checking tokio-tungstenite v0.28.0
[INFO] [stderr]    Compiling phf_shared v0.11.3
[INFO] [stderr]     Checking dirs-next v2.0.0
[INFO] [stderr]     Checking instant v0.1.12
[INFO] [stderr]    Compiling bitcoin-private v0.1.0
[INFO] [stderr]    Compiling glob v0.3.0
[INFO] [stderr]    Compiling fixedbitset v0.5.7
[INFO] [stderr]    Compiling clang-sys v1.2.2
[INFO] [stderr]    Compiling petgraph v0.8.3
[INFO] [stderr]    Compiling pulldown-cmark-to-cmark v22.0.0
[INFO] [stderr]    Compiling phf_generator v0.11.3
[INFO] [stderr]    Compiling prost-types v0.14.4
[INFO] [stderr]    Compiling libusb1-sys v0.7.0
[INFO] [stderr]    Compiling minicbor v0.19.1
[INFO] [stderr]    Compiling multimap v0.8.3
[INFO] [stderr]     Checking parking_lot v0.11.2
[INFO] [stderr]    Compiling phf_macros v0.11.3
[INFO] [stderr]    Compiling tonic-build v0.14.6
[INFO] [stderr]     Checking solana-pubsub-client v4.3.0-alpha.2 (/opt/rustwide/workdir/pubsub-client)
[INFO] [stderr]     Checking hashbrown v0.16.1
[INFO] [stderr]     Checking no_std_io2 v0.9.4
[INFO] [stderr]     Checking crc-catalog v2.4.0
[INFO] [stderr]     Checking unicode-width v0.1.9
[INFO] [stderr]     Checking rle-decode-fast v1.0.3
[INFO] [stderr]     Checking textwrap v0.11.0
[INFO] [stderr]    Compiling prost-build v0.14.4
[INFO] [stderr]     Checking crc v3.4.0
[INFO] [stderr]     Checking phf v0.11.3
[INFO] [stderr]     Checking libflate_lz77 v2.3.0
[INFO] [stderr]     Checking bitcoin_hashes v0.12.0
[INFO] [stderr]    Compiling tonic-prost-build v0.14.6
[INFO] [stderr]     Checking unicode-normalization v0.1.22
[INFO] [stderr]     Checking rand_xoshiro v0.6.0
[INFO] [stderr]    Compiling rusb v0.9.4
[INFO] [stderr]     Checking dary_heap v0.3.9
[INFO] [stderr]     Checking mime v0.3.16
[INFO] [stderr]    Compiling bindgen v0.72.1
[INFO] [stderr]     Checking adler32 v1.2.0
[INFO] [stderr]     Checking strsim v0.8.0
[INFO] [stderr]    Compiling protobuf v3.7.2
[INFO] [stderr]     Checking clap v2.33.3
[INFO] [stderr]     Checking axum-core v0.5.6
[INFO] [stderr]     Checking libflate v2.2.2
[INFO] [stderr]     Checking keystone-ur v0.1.1
[INFO] [stderr]     Checking prost-types v0.11.9
[INFO] [stderr]    Compiling cexpr v0.6.0
[INFO] [stderr]     Checking console v0.15.11
[INFO] [stderr]     Checking protobuf-support v3.7.2
[INFO] [stderr]    Compiling hidapi v2.6.6
[INFO] [stderr]     Checking tokio-util v0.6.10
[INFO] [stderr]     Checking matchit v0.8.4
[INFO] [stderr]     Checking axum v0.8.8
[INFO] [stderr]     Checking ur-registry v1.0.3
[INFO] [stderr]     Checking solana-tpu-client-next v4.3.0-alpha.2 (/opt/rustwide/workdir/tpu-client-next)
[INFO] [stderr]     Checking hyper-timeout v0.5.2
[INFO] [stderr]     Checking solana-hash v3.1.0
[INFO] [stderr]     Checking solana-packet v3.0.0
[INFO] [stderr]     Checking shell-words v1.1.0
[INFO] [stderr]     Checking simpl v0.1.0
[INFO] [stderr]     Checking dialoguer v0.12.0
[INFO] [stderr]     Checking solana-offchain-message v3.0.0
[INFO] [stderr]     Checking hex-conservative v0.2.2
[INFO] [stderr]     Checking bitcoin_hashes v0.14.100
[INFO] [stderr]     Checking trezor-client v0.1.6
[INFO] [stderr]    Compiling reed-solomon-erasure v6.0.0
[INFO] [stderr]     Checking rtoolbox v0.0.1
[INFO] [stderr]     Checking rpassword v7.5.4
[INFO] [stderr]     Checking lz4 v1.28.1
[INFO] [stderr]     Checking agave-snapshots v4.3.0-alpha.2 (/opt/rustwide/workdir/snapshots)
[INFO] [stderr]     Checking ur-parse-lib v1.0.3
[INFO] [stderr]     Checking bip39 v2.2.2
[INFO] [stderr]     Checking solana-cli-config v4.3.0-alpha.2 (/opt/rustwide/workdir/cli-config)
[INFO] [stderr]     Checking lru v0.7.8
[INFO] [stderr]     Checking solana-presigner v3.0.0
[INFO] [stderr]     Checking spin v0.9.8
[INFO] [stderr]     Checking lazy-lru v0.1.3
[INFO] [stderr]     Checking fs_extra v1.3.0
[INFO] [stderr]     Checking trees v0.4.2
[INFO] [stderr]     Checking tonic v0.14.6
[INFO] [stderr]     Checking anstyle-parse v0.2.6
[INFO] [stderr]    Compiling tikv-jemalloc-sys v0.6.1+5.3.0-1-ge13ca993e8ccb9ba9847cc330696e02839f328f7
[INFO] [stderr]     Checking anstream v0.6.18
[INFO] [stderr]     Checking clap_lex v0.7.4
[INFO] [stderr]     Checking clap_builder v4.5.31
[INFO] [stderr]     Checking solana-remote-wallet v4.3.0-alpha.2 (/opt/rustwide/workdir/remote-wallet)
[INFO] [stderr]    Compiling librocksdb-sys v0.17.3+10.4.2 (https://github.com/anza-xyz/rust-rocksdb?rev=5052db128eafdc8b2c6e96a2e8c9d45e485679d4#5052db12)
[INFO] [stderr]    Compiling clap_derive v4.5.28
[INFO] [stderr]     Checking tonic-prost v0.14.6
[INFO] [stderr]     Checking solana-bloom v4.3.0-alpha.2 (/opt/rustwide/workdir/bloom)
[INFO] [stderr]     Checking solana-clap-utils v4.3.0-alpha.2 (/opt/rustwide/workdir/clap-utils)
[INFO] [stderr]    Compiling alloca v0.4.0
[INFO] [stderr]     Checking half v1.8.2
[INFO] [stderr]    Compiling protosol v11.0.0
[INFO] [stderr]     Checking plotters-backend v0.3.4
[INFO] [stderr]     Checking ciborium-io v0.2.1
[INFO] [stderr]     Checking ciborium-ll v0.2.1
[INFO] [stderr]     Checking cast v0.3.0
[INFO] [stderr]     Checking plotters-svg v0.3.3
[INFO] [stderr]     Checking ciborium v0.2.1
[INFO] [stderr]     Checking criterion-plot v0.8.2
[INFO] [stderr]     Checking plotters v0.3.4
[INFO] [stderr]     Checking clap v4.5.31
[INFO] [stderr]     Checking tinytemplate v1.2.1
[INFO] [stderr]     Checking page_size v0.6.0
[INFO] [stderr]     Checking oorandom v11.1.3
[INFO] [stderr]     Checking pretty-hex v0.4.2
[INFO] [stderr]     Checking anes v0.1.6
[INFO] [stderr]     Checking solana-cli-output v4.3.0-alpha.2 (/opt/rustwide/workdir/cli-output)
[INFO] [stderr]    Compiling unicode-xid v0.2.2
[INFO] [stderr]    Compiling enum-ordinalize v3.1.10
[INFO] [stderr]     Checking criterion v0.8.2
[INFO] [stderr]     Checking sharded-slab v0.1.4
[INFO] [stderr]     Checking thread_local v1.1.4
[INFO] [stderr]    Compiling educe v0.4.18
[INFO] [stderr]     Checking tracing-subscriber v0.3.20
[INFO] [stderr]     Checking opentelemetry v0.17.0
[INFO] [stderr]     Checking solana-connection-cache v4.3.0-alpha.2 (/opt/rustwide/workdir/connection-cache)
[INFO] [stderr]    Compiling unicode-segmentation v1.12.0
[INFO] [stderr]     Checking tokio-serde v0.8.0
[INFO] [stderr]    Compiling tarpc-plugins v0.12.0
[INFO] [stderr]     Checking concurrent-queue v2.5.0
[INFO] [stderr]     Checking parking v2.2.1
[INFO] [stderr]    Compiling convert_case v0.10.0
[INFO] [stderr]     Checking event-listener v5.3.1
[INFO] [stderr]     Checking tracing-opentelemetry v0.17.2
[INFO] [stderr]     Checking bstr v0.2.17
[INFO] [stderr]    Compiling derive_more-impl v2.1.1
[INFO] [stderr]     Checking aho-corasick v0.7.18
[INFO] [stderr]     Checking event-listener-strategy v0.5.2
[INFO] [stderr]     Checking agave-banking-stage-ingress-types v4.3.0-alpha.2 (/opt/rustwide/workdir/banking-stage-ingress-types)
[INFO] [stderr]     Checking tarpc v0.29.0
[INFO] [stderr]    Compiling derive-where v1.6.1
[INFO] [stderr]     Checking globset v0.4.8
[INFO] [stderr]     Checking jsonrpc-server-utils v18.0.0
[INFO] [stderr]     Checking solana-banks-interface v4.3.0-alpha.2 (/opt/rustwide/workdir/banks-interface)
[INFO] [stderr]     Checking async-lock v3.4.2
[INFO] [stderr]     Checking solana-quic-client v4.3.0-alpha.2 (/opt/rustwide/workdir/quic-client)
[INFO] [stderr]     Checking solana-faucet v4.3.0-alpha.2 (/opt/rustwide/workdir/faucet)
[INFO] [stderr]     Checking http v0.2.12
[INFO] [stderr]     Checking matches v0.1.10
[INFO] [stderr]     Checking unicode-bidi v0.3.13
[INFO] [stderr]     Checking idna v0.1.5
[INFO] [stderr]     Checking parity-tokio-ipc v0.9.0
[INFO] [stderr]     Checking http-body v0.4.5
[INFO] [stderr]     Checking percent-encoding v1.0.1
[INFO] [stderr]     Checking cfg-if v0.1.10
[INFO] [stderr]    Compiling convert_case v0.4.0
[INFO] [stderr]     Checking hyper v0.14.32
[INFO] [stderr]    Compiling derive_more v0.99.16
[INFO] [stderr]     Checking net2 v0.2.37
[INFO] [stderr]     Checking url v1.7.2
[INFO] [stderr]     Checking solana-udp-client v4.3.0-alpha.2 (/opt/rustwide/workdir/udp-client)
[INFO] [stderr]    Compiling toml v0.5.8
[INFO] [stderr]     Checking solana-tpu-client v4.3.0-alpha.2 (/opt/rustwide/workdir/tpu-client)
[INFO] [stderr]     Checking solana-rpc-client-nonce-utils v4.3.0-alpha.2 (/opt/rustwide/workdir/rpc-client-nonce-utils)
[INFO] [stderr]     Checking jsonrpc-pubsub v18.0.0
[INFO] [stderr]     Checking derive_more v2.1.1
[INFO] [stderr]     Checking jsonrpc-http-server v18.0.0
[INFO] [stderr]     Checking solana-banks-client v4.3.0-alpha.2 (/opt/rustwide/workdir/banks-client)
[INFO] [stderr]     Checking jsonrpc-client-transports v18.0.0
[INFO] [stderr]     Checking solana-client v4.3.0-alpha.2 (/opt/rustwide/workdir/client)
[INFO] [stderr]     Checking jsonrpc-core-client v18.0.0
[INFO] [stderr]     Checking soketto v0.8.1
[INFO] [stderr]     Checking stream-cancel v0.8.2
[INFO] [stderr]    Compiling proc-macro-crate v0.1.5
[INFO] [stderr]     Checking agave-math-utils v4.3.0-alpha.2 (/opt/rustwide/workdir/math-utils)
[INFO] [stderr]     Checking solana-validator-exit v3.0.0
[INFO] [stderr]    Compiling jsonrpc-derive v18.0.0
[INFO] [stderr]    Compiling slotmap v1.1.1
[INFO] [stderr]     Checking ucd-trie v0.1.7
[INFO] [stderr]     Checking agave-geyser-plugin-interface v4.3.0-alpha.2 (/opt/rustwide/workdir/geyser-plugin-interface)
[INFO] [stderr]     Checking json5 v1.3.1
[INFO] [stderr]    Compiling sys-info v0.9.1
[INFO] [stderr]     Checking shaq v3.0.0
[INFO] [stderr]     Checking rts-alloc v4.0.0
[INFO] [stderr]     Checking libloading v0.9.0
[INFO] [stderr]     Checking agave-scheduler-bindings v5.0.0
[INFO] [stderr]    Compiling enum-as-inner v0.6.1
[INFO] [stderr]     Checking agave-scheduling-utils v4.3.0-alpha.2 (/opt/rustwide/workdir/scheduling-utils)
[INFO] [stderr]     Checking sysctl v0.7.1
[INFO] [stderr]     Checking rolling-file v0.2.0
[INFO] [stderr]     Checking min-max-heap v1.3.0
[INFO] [stderr]     Checking histogram v0.6.9
[INFO] [stderr]     Checking bencher v0.1.5
[INFO] [stderr]    Compiling serial_test_derive v3.5.0
[INFO] [stderr]     Checking solana-big-mod-exp v3.0.0
[INFO] [stderr]     Checking solana-example-mocks v4.0.0
[INFO] [stderr]     Checking solana-epoch-stake v3.0.0
[INFO] [stderr]     Checking wait-timeout v0.2.0
[INFO] [stderr]     Checking solana-program v4.0.0
[INFO] [stderr]     Checking konst_macro_rules v0.2.19
[INFO] [stderr]    Compiling const_format_proc_macros v0.2.34
[INFO] [stderr]     Checking konst v0.2.20
[INFO] [stderr]     Checking serial_test v3.5.0
[INFO] [stderr]     Checking quick-error v1.2.3
[INFO] [stderr]     Checking bit-vec v0.8.0
[INFO] [stderr]     Checking rusty-fork v0.3.0
[INFO] [stderr]     Checking rand_xorshift v0.4.0
[INFO] [stderr]     Checking bit-set v0.8.0
[INFO] [stderr]     Checking unarray v0.1.4
[INFO] [stderr]     Checking ctrlc v3.5.2
[INFO] [stderr]    Compiling indexmap v1.9.3
[INFO] [stderr]     Checking proptest v1.11.0
[INFO] [stderr]     Checking itertools v0.12.1
[INFO] [stderr]     Checking const_format v0.2.36
[INFO] [stderr]     Checking solana-cli v4.3.0-alpha.2 (/opt/rustwide/workdir/cli)
[INFO] [stderr]     Checking os_str_bytes v6.0.0
[INFO] [stderr]     Checking clap_lex v0.2.4
[INFO] [stderr]     Checking jsonrpc-ipc-server v18.0.0
[INFO] [stderr]     Checking fd-lock v4.0.4
[INFO] [stderr]     Checking bytesize v2.4.2
[INFO] [stderr]     Checking strsim v0.10.0
[INFO] [stderr]     Checking solana-zk-sdk v4.0.0
[INFO] [stderr]     Checking textwrap v0.16.0
[INFO] [stderr]    Compiling agave-install v4.3.0-alpha.2 (/opt/rustwide/workdir/install)
[INFO] [stderr]     Checking clap v3.2.23
[INFO] [stderr]     Checking spl-pod v0.7.3
[INFO] [stderr]     Checking csv-core v0.1.11
[INFO] [stderr]     Checking regex-automata v0.1.10
[INFO] [stderr]    Compiling assert_cmd v2.2.2
[INFO] [stderr]     Checking bstr v1.4.0
[INFO] [stderr]     Checking csv v1.4.0
[INFO] [stderr]     Checking pickledb v0.5.1
[INFO] [stderr]     Checking diff v0.1.13
[INFO] [stderr]     Checking yansi v1.0.1
[INFO] [stderr] error: could not compile `solana-cli` (lib)
[INFO] [stderr] 
[INFO] [stderr] Caused by:
[INFO] [stderr]   process didn't exit successfully: `/opt/rustwide/rustup-home/toolchains/3154cc1a3e6424e44f438a95007d043ed5ceaaf6/bin/rustc --crate-name solana_cli --edition=2024 cli/src/lib.rs --error-format=json --json=diagnostic-rendered-ansi,artifacts,future-incompat,unused-externs-silent --crate-type lib --emit=dep-info,metadata -C embed-bitcode=no -C debuginfo=line-tables-only '--deny=clippy::used_underscore_binding' '--deny=clippy::uninlined_format_args' --warn=unexpected_cfgs '--allow=clippy::new_without_default' '--deny=clippy::manual_let_else' '--deny=clippy::default_trait_access' '--deny=clippy::arithmetic_side_effects' --check-cfg 'cfg(target_os, values("solana"))' --check-cfg 'cfg(feature, values("frozen-abi", "no-entrypoint"))' --check-cfg 'cfg(target_arch, values("sbf"))' --cfg 'feature="default"' --cfg 'feature="remote-wallet-hidraw"' --check-cfg 'cfg(docsrs,test)' --check-cfg 'cfg(feature, values("agave-unstable-api", "default", "dev-context-only-utils", "remote-wallet-hidraw", "remote-wallet-libusb"))' -C metadata=0ecc64ec46afcd0b -C extra-filename=-ed60b45c8d0c3d6b --out-dir /opt/rustwide/target/debug/build/solana-cli/ed60b45c8d0c3d6b/out -L dependency=/opt/rustwide/target/debug/build/Inflector/483c1a588d089e5b/out -L dependency=/opt/rustwide/target/debug/build/adler2/403b9d2bf5eb3095/out -L dependency=/opt/rustwide/target/debug/build/adler32/1625590526e2061a/out -L dependency=/opt/rustwide/target/debug/build/agave-cpu-utils/b558a8ee10245c0b/out -L dependency=/opt/rustwide/target/debug/build/agave-feature-set/656d6d4710637fba/out -L dependency=/opt/rustwide/target/debug/build/agave-random/fb02dcdb269e993e/out -L dependency=/opt/rustwide/target/debug/build/agave-reserved-account-keys/35639fc1f51a37da/out -L dependency=/opt/rustwide/target/debug/build/agave-transaction-view/05e3f61f54744d29/out -L dependency=/opt/rustwide/target/debug/build/agave-votor-messages/fd4db5f54337e47f/out -L dependency=/opt/rustwide/target/debug/build/agave-xdp-ebpf/334737eb0e41a7c4/out -L dependency=/opt/rustwide/target/debug/build/agave-xdp/30f9b71355c9f348/out -L dependency=/opt/rustwide/target/debug/build/ahash/1043ceb36a6356a6/out -L dependency=/opt/rustwide/target/debug/build/aho-corasick/07f72fbcab2968ab/out -L dependency=/opt/rustwide/target/debug/build/alloc-no-stdlib/31c41ce84826d408/out -L dependency=/opt/rustwide/target/debug/build/alloc-stdlib/db791b9fd3e5cd32/out -L dependency=/opt/rustwide/target/debug/build/allocator-api2/a33591580e24dd11/out -L dependency=/opt/rustwide/target/debug/build/anstream/c3651e1ab7f022ac/out -L dependency=/opt/rustwide/target/debug/build/anstyle-parse/6ac20e5288fc8205/out -L dependency=/opt/rustwide/target/debug/build/anstyle-query/cc2e07d531c9e2ad/out -L dependency=/opt/rustwide/target/debug/build/anstyle/e23ec28b65d8e33d/out -L dependency=/opt/rustwide/target/debug/build/anyhow/f354391c1ce6a834/out -L dependency=/opt/rustwide/target/debug/build/arbitrary/b52ac909b4f70739/out -L dependency=/opt/rustwide/target/debug/build/arc-swap/77d2ff022c5c6470/out -L dependency=/opt/rustwide/target/debug/build/ark-bn254/0572703f1f39742b/out -L dependency=/opt/rustwide/target/debug/build/ark-bn254/40508fa4be3a083a/out -L dependency=/opt/rustwide/target/debug/build/ark-ec/1912820db161a801/out -L dependency=/opt/rustwide/target/debug/build/ark-ec/e8db904b0a911790/out -L dependency=/opt/rustwide/target/debug/build/ark-ff-asm/91e1a95821f9d777/out -L dependency=/opt/rustwide/target/debug/build/ark-ff-asm/da10b24803cbfb84/out -L dependency=/opt/rustwide/target/debug/build/ark-ff-macros/091c9cc20741c6ff/out -L dependency=/opt/rustwide/target/debug/build/ark-ff-macros/6c8a39d1bb34aada/out -L dependency=/opt/rustwide/target/debug/build/ark-ff/66d9e33f181d4fb6/out -L dependency=/opt/rustwide/target/debug/build/ark-ff/bbf2d55e7bba5741/out -L dependency=/opt/rustwide/target/debug/build/ark-poly/6b7731d51c5796da/out -L dependency=/opt/rustwide/target/debug/build/ark-poly/cdc5eac9b3c2da37/out -L dependency=/opt/rustwide/target/debug/build/ark-serialize-derive/4fda4e6c2bbcb1e7/out -L dependency=/opt/rustwide/target/debug/build/ark-serialize-derive/d9a7ee38108cbf9a/out -L dependency=/opt/rustwide/target/debug/build/ark-serialize/e435bc3970b401a2/out -L dependency=/opt/rustwide/target/debug/build/ark-serialize/f71ef7d5f039bf41/out -L dependency=/opt/rustwide/target/debug/build/ark-std/2fd701f7a830653b/out -L dependency=/opt/rustwide/target/debug/build/ark-std/5f76e342afb62f02/out -L dependency=/opt/rustwide/target/debug/build/arrayref/4650281215a3e0b3/out -L dependency=/opt/rustwide/target/debug/build/arrayvec/1d3a101901e5ff4b/out -L dependency=/opt/rustwide/target/debug/build/ascii/e5ca01e193700971/out -L dependency=/opt/rustwide/target/debug/build/asn1-rs-derive/f312c5cc4332653d/out -L dependency=/opt/rustwide/target/debug/build/asn1-rs-impl/9c69bedfbdabbfad/out -L dependency=/opt/rustwide/target/debug/build/asn1-rs/0e79cf5cf1cd1569/out -L dependency=/opt/rustwide/target/debug/build/assert_matches/9471db384c06ac68/out -L dependency=/opt/rustwide/target/debug/build/async-compression/ee842ec2a7eb8705/out -L dependency=/opt/rustwide/target/debug/build/async-lock/3f124e82fbff3425/out -L dependency=/opt/rustwide/target/debug/build/async-trait/c59d1c06b1182b81/out -L dependency=/opt/rustwide/target/debug/build/atomic-waker/81d7eefd1b9e3f66/out -L dependency=/opt/rustwide/target/debug/build/aya-obj/22316ebc9a9ac592/out -L dependency=/opt/rustwide/target/debug/build/aya/674dc14cb20b900a/out -L dependency=/opt/rustwide/target/debug/build/base16ct/0b66ba196cfea295/out -L dependency=/opt/rustwide/target/debug/build/base64/48a6a9d34d0875ff/out -L dependency=/opt/rustwide/target/debug/build/base64/7aa3df3a98d94b9c/out -L dependency=/opt/rustwide/target/debug/build/bincode/0a840e6241c93d0b/out -L dependency=/opt/rustwide/target/debug/build/bip39/467fcfaf06180504/out -L dependency=/opt/rustwide/target/debug/build/bitcoin-private/06ffedc46983f66e/out -L dependency=/opt/rustwide/target/debug/build/bitcoin_hashes/03be8867c0908abe/out -L dependency=/opt/rustwide/target/debug/build/bitcoin_hashes/ea999eeb29c7d4b4/out -L dependency=/opt/rustwide/target/debug/build/bitflags/280f14075b356307/out -L dependency=/opt/rustwide/target/debug/build/bitflags/6aeb17dfa3514ce6/out -L dependency=/opt/rustwide/target/debug/build/bitvec/616f22bf2d3698de/out -L dependency=/opt/rustwide/target/debug/build/blake3/33eaec90c180f337/out -L dependency=/opt/rustwide/target/debug/build/block-buffer/997a192ea0c8f854/out -L dependency=/opt/rustwide/target/debug/build/block-buffer/b0614301bfdfcdf4/out -L dependency=/opt/rustwide/target/debug/build/block-buffer/b460a9738d3c9700/out -L dependency=/opt/rustwide/target/debug/build/blst/713b2efaf2abf3ef/out -L dependency=/opt/rustwide/target/debug/build/blstrs/9dd1bd371171a81c/out -L dependency=/opt/rustwide/target/debug/build/borsh-derive/d4afa71a07fc5aa2/out -L dependency=/opt/rustwide/target/debug/build/borsh/f81f44732467d747/out -L dependency=/opt/rustwide/target/debug/build/brotli-decompressor/04b42dc0c96fed2f/out -L dependency=/opt/rustwide/target/debug/build/brotli/b35d180eb36d2b9a/out -L dependency=/opt/rustwide/target/debug/build/bs58/d01731c029f9edf7/out -L dependency=/opt/rustwide/target/debug/build/bv/bd4b6a6b8d7d4420/out -L dependency=/opt/rustwide/target/debug/build/byte-slice-cast/437022a39387e310/out -L dependency=/opt/rustwide/target/debug/build/bytemuck/7f0fd06b6a8ffa31/out -L dependency=/opt/rustwide/target/debug/build/bytemuck_derive/bcd0648263d1434c/out -L dependency=/opt/rustwide/target/debug/build/byteorder/9163a6776903b65b/out -L dependency=/opt/rustwide/target/debug/build/byteorder_slice/266a8ae7a20b28fc/out -L dependency=/opt/rustwide/target/debug/build/bytes/4303e69767076a40/out -L dependency=/opt/rustwide/target/debug/build/caps/858eaf22c983638c/out -L dependency=/opt/rustwide/target/debug/build/cfg-if/aea4a40c84cba484/out -L dependency=/opt/rustwide/target/debug/build/cfg_eval/095fb448d1f3889c/out -L dependency=/opt/rustwide/target/debug/build/chrono/5b616ea9687fd82e/out -L dependency=/opt/rustwide/target/debug/build/clap/c163b8e7bf8ac21d/out -L dependency=/opt/rustwide/target/debug/build/cmov/9340fdb25dbfd108/out -L dependency=/opt/rustwide/target/debug/build/colorchoice/ffa8e6097f495ebd/out -L dependency=/opt/rustwide/target/debug/build/combine/cdb38a03944b7455/out -L dependency=/opt/rustwide/target/debug/build/concurrent-queue/72d701594db0ebd0/out -L dependency=/opt/rustwide/target/debug/build/console/d9d842fd5b342ff0/out -L dependency=/opt/rustwide/target/debug/build/const-oid/3aed4fee8c4f3146/out -L dependency=/opt/rustwide/target/debug/build/const_format_proc_macros/e2f983e94432f16e/out -L dependency=/opt/rustwide/target/debug/build/constant_time_eq/048f9dbb601bae24/out -L dependency=/opt/rustwide/target/debug/build/cpufeatures/1b1615cdf659094e/out -L dependency=/opt/rustwide/target/debug/build/cpufeatures/6403b006743f7e5d/out -L dependency=/opt/rustwide/target/debug/build/crc-catalog/5839046807a6766a/out -L dependency=/opt/rustwide/target/debug/build/crc/71c076376ef59a9c/out -L dependency=/opt/rustwide/target/debug/build/crc32fast/eff647bdddad2d62/out -L dependency=/opt/rustwide/target/debug/build/crossbeam-channel/6df5b0421f59fa28/out -L dependency=/opt/rustwide/target/debug/build/crossbeam-deque/4ed2c15078befa14/out -L dependency=/opt/rustwide/target/debug/build/crossbeam-epoch/a194c7855590ddc4/out -L dependency=/opt/rustwide/target/debug/build/crossbeam-queue/3f3d0c5744ae7757/out -L dependency=/opt/rustwide/target/debug/build/crossbeam-utils/bc29342ecba886a9/out -L dependency=/opt/rustwide/target/debug/build/crunchy/5d4478632a50bcf8/out -L dependency=/opt/rustwide/target/debug/build/crypto-bigint/890e1e4d28d07e12/out -L dependency=/opt/rustwide/target/debug/build/crypto-common/3073617f17219886/out -L dependency=/opt/rustwide/target/debug/build/crypto-common/ca47c04b5328ce9b/out -L dependency=/opt/rustwide/target/debug/build/crypto-mac/239478ec3887b811/out -L dependency=/opt/rustwide/target/debug/build/ctutils/5050ef50b3dc98bb/out -L dependency=/opt/rustwide/target/debug/build/curve25519-dalek-derive/456b84219e0713c6/out -L dependency=/opt/rustwide/target/debug/build/curve25519-dalek/0f9a790fc9774c80/out -L dependency=/opt/rustwide/target/debug/build/dary_heap/cdb6911779f23b48/out -L dependency=/opt/rustwide/target/debug/build/dashmap/9fb0070b74b15013/out -L dependency=/opt/rustwide/target/debug/build/data-encoding/ea2b774122d83783/out -L dependency=/opt/rustwide/target/debug/build/der-parser/fe31b103cbdc7515/out -L dependency=/opt/rustwide/target/debug/build/der/e61562a54e55f121/out -L dependency=/opt/rustwide/target/debug/build/deranged/06cbeafe7dd21061/out -L dependency=/opt/rustwide/target/debug/build/derivation-path/7a0fe5c488190e41/out -L dependency=/opt/rustwide/target/debug/build/derivative/3481dba5f7939339/out -L dependency=/opt/rustwide/target/debug/build/derive-into-owned/18b4a673597bd8d6/out -L dependency=/opt/rustwide/target/debug/build/derive_arbitrary/724f5b2f5564b5f0/out -L dependency=/opt/rustwide/target/debug/build/dialoguer/f37fae8ce090b2c0/out -L dependency=/opt/rustwide/target/debug/build/digest/868061c25c098de7/out -L dependency=/opt/rustwide/target/debug/build/digest/dfee5f2ef3c56474/out -L dependency=/opt/rustwide/target/debug/build/digest/f471831517a1001e/out -L dependency=/opt/rustwide/target/debug/build/dirs-next/691e94058e34f9e0/out -L dependency=/opt/rustwide/target/debug/build/dirs-sys-next/d5e1994eb8b1b766/out -L dependency=/opt/rustwide/target/debug/build/displaydoc/574b8ad9614166cc/out -L dependency=/opt/rustwide/target/debug/build/eager/ef67d022b6e51599/out -L dependency=/opt/rustwide/target/debug/build/ecdsa/cc9c92031967f699/out -L dependency=/opt/rustwide/target/debug/build/ed25519-dalek-bip32/730d82651d64f4dc/out -L dependency=/opt/rustwide/target/debug/build/ed25519-dalek/de06746825bea45c/out -L dependency=/opt/rustwide/target/debug/build/ed25519/3f5df01714a97e72/out -L dependency=/opt/rustwide/target/debug/build/educe/42e1ef6169dfec18/out -L dependency=/opt/rustwide/target/debug/build/either/91dd577c2741af86/out -L dependency=/opt/rustwide/target/debug/build/elliptic-curve/eec324262bb58b9d/out -L dependency=/opt/rustwide/target/debug/build/enum-iterator-derive/1f1a7a68199f7717/out -L dependency=/opt/rustwide/target/debug/build/enum-iterator/64e4fba76a0c04fb/out -L dependency=/opt/rustwide/target/debug/build/env_filter/f45106909830efc0/out -L dependency=/opt/rustwide/target/debug/build/env_logger/e4418a1b3bcc0e1f/out -L dependency=/opt/rustwide/target/debug/build/equivalent/13b7206432e15b0f/out -L dependency=/opt/rustwide/target/debug/build/event-listener-strategy/2ebca9944a971852/out -L dependency=/opt/rustwide/target/debug/build/event-listener/a3795fafe46c630e/out -L dependency=/opt/rustwide/target/debug/build/fastbloom/ec7d534d8ae5f74b/out -L dependency=/opt/rustwide/target/debug/build/fastrand/50ef67c0e24d4738/out -L dependency=/opt/rustwide/target/debug/build/ff/e1453b4b49b49c26/out -L dependency=/opt/rustwide/target/debug/build/five8/c75cdf366a02fb95/out -L dependency=/opt/rustwide/target/debug/build/five8_const/df5b8c1abce05f75/out -L dependency=/opt/rustwide/target/debug/build/five8_core/953315e0b1478868/out -L dependency=/opt/rustwide/target/debug/build/flate2/2a6c2dddc3473619/out -L dependency=/opt/rustwide/target/debug/build/fnv/62e8a4d0ead6bea0/out -L dependency=/opt/rustwide/target/debug/build/foldhash/a73c0316c5ba41d2/out -L dependency=/opt/rustwide/target/debug/build/foldhash/ada3e260347c3733/out -L dependency=/opt/rustwide/target/debug/build/form_urlencoded/2580de8c5fc602c2/out -L dependency=/opt/rustwide/target/debug/build/funty/96ef903f351d8e67/out -L dependency=/opt/rustwide/target/debug/build/futures-channel/6d8126933f6cc465/out -L dependency=/opt/rustwide/target/debug/build/futures-core/90b97dff6a7a80af/out -L dependency=/opt/rustwide/target/debug/build/futures-executor/76995c3a77642a69/out -L dependency=/opt/rustwide/target/debug/build/futures-io/c516c13571f18505/out -L dependency=/opt/rustwide/target/debug/build/futures-macro/44ead41cc567f869/out -L dependency=/opt/rustwide/target/debug/build/futures-sink/3fb8864ce816ef58/out -L dependency=/opt/rustwide/target/debug/build/futures-task/1eb067987c31220d/out -L dependency=/opt/rustwide/target/debug/build/futures-util/bbd2fc5a4f60e360/out -L dependency=/opt/rustwide/target/debug/build/futures/c37de3723060621b/out -L dependency=/opt/rustwide/target/debug/build/futures/ffdc96e43619d5b5/out -L dependency=/opt/rustwide/target/debug/build/generic-array/929a9eff0d6f393e/out -L dependency=/opt/rustwide/target/debug/build/gethostname/b500aa9509f03a88/out -L dependency=/opt/rustwide/target/debug/build/getrandom/15f6f8d79dcb80c9/out -L dependency=/opt/rustwide/target/debug/build/getrandom/ed5026aa6f465b4d/out -L dependency=/opt/rustwide/target/debug/build/group/f4e1750633f448fd/out -L dependency=/opt/rustwide/target/debug/build/h2/a428e6ab25fa05bd/out -L dependency=/opt/rustwide/target/debug/build/hash32/0e68ec41ebd1e258/out -L dependency=/opt/rustwide/target/debug/build/hashbrown/3b0ed7fdc6c7db05/out -L dependency=/opt/rustwide/target/debug/build/hashbrown/96fb94e21ddd8a5c/out -L dependency=/opt/rustwide/target/debug/build/hashbrown/b834e60e318fdf79/out -L dependency=/opt/rustwide/target/debug/build/hashbrown/fe6c7810013903de/out -L dependency=/opt/rustwide/target/debug/build/hashbrown/fe84b7f4ec587e20/out -L dependency=/opt/rustwide/target/debug/build/hex-conservative/bd837344e674dc5d/out -L dependency=/opt/rustwide/target/debug/build/hex/8963421002410342/out -L dependency=/opt/rustwide/target/debug/build/hidapi/b785537e2ad40b96/out -L dependency=/opt/rustwide/target/debug/build/hmac-drbg/2b6d2fb0ef6ca6f1/out -L dependency=/opt/rustwide/target/debug/build/hmac/77069a5035a6dc0a/out -L dependency=/opt/rustwide/target/debug/build/hmac/c6604bd04b12f983/out -L dependency=/opt/rustwide/target/debug/build/http-body-util/6186d63dba1843f3/out -L dependency=/opt/rustwide/target/debug/build/http-body/67ba53d4263025b9/out -L dependency=/opt/rustwide/target/debug/build/http/be1f2a05be9dafad/out -L dependency=/opt/rustwide/target/debug/build/httparse/291bcde4a8d40e43/out -L dependency=/opt/rustwide/target/debug/build/httpdate/b39ed7fa816d9d4a/out -L dependency=/opt/rustwide/target/debug/build/humantime/8eca5557a8e7ef34/out -L dependency=/opt/rustwide/target/debug/build/hxdmp/8e17308d69c14a68/out -L dependency=/opt/rustwide/target/debug/build/hybrid-array/e50c888aaae8cb53/out -L dependency=/opt/rustwide/target/debug/build/hyper-rustls/39e75bdd2cdf47a0/out -L dependency=/opt/rustwide/target/debug/build/hyper-util/4c704df5b680c115/out -L dependency=/opt/rustwide/target/debug/build/hyper/ece77ac32e8d44a9/out -L dependency=/opt/rustwide/target/debug/build/iana-time-zone/c0ee532cc5730c9a/out -L dependency=/opt/rustwide/target/debug/build/icu_collections/d253c1b3de53979a/out -L dependency=/opt/rustwide/target/debug/build/icu_locid/e551d03acc0b1c0a/out -L dependency=/opt/rustwide/target/debug/build/icu_locid_transform/d6455283967240e7/out -L dependency=/opt/rustwide/target/debug/build/icu_locid_transform_data/a1ce5ba761ac0cec/out -L dependency=/opt/rustwide/target/debug/build/icu_normalizer/6ef15b8154e235c2/out -L dependency=/opt/rustwide/target/debug/build/icu_normalizer_data/7f67c4673e638e26/out -L dependency=/opt/rustwide/target/debug/build/icu_properties/b6b030c141f3aca6/out -L dependency=/opt/rustwide/target/debug/build/icu_properties_data/872f35581bd54e02/out -L dependency=/opt/rustwide/target/debug/build/icu_provider/f7da49ee084f4ce9/out -L dependency=/opt/rustwide/target/debug/build/icu_provider_macros/164327caddd54d3a/out -L dependency=/opt/rustwide/target/debug/build/idna/ab0dacc7b9560fd2/out -L dependency=/opt/rustwide/target/debug/build/idna_adapter/62cbf0fed8e589ff/out -L dependency=/opt/rustwide/target/debug/build/indexmap/e21c23fe98237a22/out -L dependency=/opt/rustwide/target/debug/build/indicatif/32b495acbfba3967/out -L dependency=/opt/rustwide/target/debug/build/ipnet/c45db6f0590d2ae5/out -L dependency=/opt/rustwide/target/debug/build/iri-string/52154d45f2b927c2/out -L dependency=/opt/rustwide/target/debug/build/is_terminal_polyfill/baa759682eb11f5b/out -L dependency=/opt/rustwide/target/debug/build/itertools/0b50c27382f8b2a8/out -L dependency=/opt/rustwide/target/debug/build/itertools/743a7eb3f8965192/out -L dependency=/opt/rustwide/target/debug/build/itertools/ac511acf99d7252a/out -L dependency=/opt/rustwide/target/debug/build/itoa/1bd1cc8e11233d41/out -L dependency=/opt/rustwide/target/debug/build/jiff/2d7d9a9c01122c92/out -L dependency=/opt/rustwide/target/debug/build/jsonrpc-core/f3855ebcfcc8b758/out -L dependency=/opt/rustwide/target/debug/build/k256/44c972e014de1830/out -L dependency=/opt/rustwide/target/debug/build/keccak/8c6015392dacf276/out -L dependency=/opt/rustwide/target/debug/build/keystone-ur/244993cc5f9b66b4/out -L dependency=/opt/rustwide/target/debug/build/konst/d58ea3c62cd6c374/out -L dependency=/opt/rustwide/target/debug/build/konst_macro_rules/0b5b86f9d67d67c9/out -L dependency=/opt/rustwide/target/debug/build/lazy_static/420ed8d2f182b21e/out -L dependency=/opt/rustwide/target/debug/build/libc/032e6330d1400cd0/out -L dependency=/opt/rustwide/target/debug/build/libflate/ac4cdf60af46e501/out -L dependency=/opt/rustwide/target/debug/build/libflate_lz77/867d834598928eea/out -L dependency=/opt/rustwide/target/debug/build/libm/4fb9262f1b598226/out -L dependency=/opt/rustwide/target/debug/build/libsecp256k1-core/a250cd74835cdbaa/out -L dependency=/opt/rustwide/target/debug/build/libsecp256k1/b91ca5fc8871e219/out -L dependency=/opt/rustwide/target/debug/build/libusb1-sys/7e9d3d944087d5e8/out -L dependency=/opt/rustwide/target/debug/build/light-poseidon/634cdc3e6956549c/out -L dependency=/opt/rustwide/target/debug/build/light-poseidon/c8a7326333c9aff6/out -L dependency=/opt/rustwide/target/debug/build/linux-raw-sys/c289142d1bd7240e/out -L dependency=/opt/rustwide/target/debug/build/litemap/fea7a2a094d5dba4/out -L dependency=/opt/rustwide/target/debug/build/lock_api/e6983d737a41f449/out -L dependency=/opt/rustwide/target/debug/build/log/0abc030b59817dce/out -L dependency=/opt/rustwide/target/debug/build/lru-slab/6a085c59d10c3d33/out -L dependency=/opt/rustwide/target/debug/build/lru/74526120522e5a2a/out -L dependency=/opt/rustwide/target/debug/build/memchr/ff729c30ea28c114/out -L dependency=/opt/rustwide/target/debug/build/memoffset/65eefb87459bf299/out -L dependency=/opt/rustwide/target/debug/build/minicbor/37b7c2e308e334c6/out -L dependency=/opt/rustwide/target/debug/build/minimal-lexical/2e712ee9ad667cea/out -L dependency=/opt/rustwide/target/debug/build/miniz_oxide/21f5f300a3fe812d/out -L dependency=/opt/rustwide/target/debug/build/mio/81ac974cab0ce618/out -L dependency=/opt/rustwide/target/debug/build/nix/9bb66f63d00a5229/out -L dependency=/opt/rustwide/target/debug/build/no_std_io2/de0443936e1123ad/out -L dependency=/opt/rustwide/target/debug/build/nom/aaf10b7425b27524/out -L dependency=/opt/rustwide/target/debug/build/num-bigint/b230690ffff665b4/out -L dependency=/opt/rustwide/target/debug/build/num-conv/4c80f450f528bc00/out -L dependency=/opt/rustwide/target/debug/build/num-derive/2ebf913da5e03346/out -L dependency=/opt/rustwide/target/debug/build/num-derive/4342aa53421624a6/out -L dependency=/opt/rustwide/target/debug/build/num-integer/81a9f2fbde35b0f4/out -L dependency=/opt/rustwide/target/debug/build/num-traits/64af8c9ba06f351c/out -L dependency=/opt/rustwide/target/debug/build/num_cpus/ddf26843201488f2/out -L dependency=/opt/rustwide/target/debug/build/num_enum/ca6d5dce460236a5/out -L dependency=/opt/rustwide/target/debug/build/num_enum_derive/56f6f617d1421d5e/out -L dependency=/opt/rustwide/target/debug/build/object/4157183343f0eb47/out -L dependency=/opt/rustwide/target/debug/build/oid-registry/c7f6074b30cee7fd/out -L dependency=/opt/rustwide/target/debug/build/once_cell/8b51e3cb58e8a259/out -L dependency=/opt/rustwide/target/debug/build/opaque-debug/67c4487889707d9e/out -L dependency=/opt/rustwide/target/debug/build/openssl-probe/036c3374d67177df/out -L dependency=/opt/rustwide/target/debug/build/pairing/a1ee38361de368db/out -L dependency=/opt/rustwide/target/debug/build/parking/0ab4f0affc158ac4/out -L dependency=/opt/rustwide/target/debug/build/parking_lot/870b4b33c3b84427/out -L dependency=/opt/rustwide/target/debug/build/parking_lot_core/6bf44ba9df9f54ee/out -L dependency=/opt/rustwide/target/debug/build/paste/c5e5e8a2bd161c29/out -L dependency=/opt/rustwide/target/debug/build/pastey/547c701f2efece83/out -L dependency=/opt/rustwide/target/debug/build/pbkdf2/1c5e9a2c4f595fa3/out -L dependency=/opt/rustwide/target/debug/build/pcap-file/045efb56da3f67c6/out -L dependency=/opt/rustwide/target/debug/build/pem/02b0b9f9dac618e2/out -L dependency=/opt/rustwide/target/debug/build/percent-encoding/a33d8442fbbe4ef9/out -L dependency=/opt/rustwide/target/debug/build/phf/ff8ce33171e95f79/out -L dependency=/opt/rustwide/target/debug/build/phf_macros/241b59f4b9c4ad65/out -L dependency=/opt/rustwide/target/debug/build/phf_shared/be75b52ea6e5b666/out -L dependency=/opt/rustwide/target/debug/build/pin-project-lite/4ad1a1858df2d404/out -L dependency=/opt/rustwide/target/debug/build/pin-utils/fe467ba694b9a188/out -L dependency=/opt/rustwide/target/debug/build/pkcs8/dda4b2441b642b18/out -L dependency=/opt/rustwide/target/debug/build/portable-atomic/b02c77b9262f6470/out -L dependency=/opt/rustwide/target/debug/build/powerfmt/64a4953f0248adf0/out -L dependency=/opt/rustwide/target/debug/build/ppv-lite86/7ef1275b8095c4eb/out -L dependency=/opt/rustwide/target/debug/build/pretty-hex/42e83e9cf3d8d102/out -L dependency=/opt/rustwide/target/debug/build/prost-derive/35c1d4de6d4ffb27/out -L dependency=/opt/rustwide/target/debug/build/prost-types/463c1f23f0963623/out -L dependency=/opt/rustwide/target/debug/build/prost/8190e87646845fe2/out -L dependency=/opt/rustwide/target/debug/build/protobuf-support/86f46789985136c3/out -L dependency=/opt/rustwide/target/debug/build/protobuf/4ba146dc70ad82a6/out -L dependency=/opt/rustwide/target/debug/build/qstring/b6b3e2585560219b/out -L dependency=/opt/rustwide/target/debug/build/qualifier_attr/974b1e142e7e8f23/out -L dependency=/opt/rustwide/target/debug/build/quinn-proto/a99efa892495cb56/out -L dependency=/opt/rustwide/target/debug/build/quinn-udp/50ab9dfcdb07eba6/out -L dependency=/opt/rustwide/target/debug/build/quinn/7a95cc450463d32d/out -L dependency=/opt/rustwide/target/debug/build/radium/5432d8f49429f058/out -L dependency=/opt/rustwide/target/debug/build/rand/5468995ee190c1be/out -L dependency=/opt/rustwide/target/debug/build/rand/daae207fe1824def/out -L dependency=/opt/rustwide/target/debug/build/rand_chacha/11ab6b8e6957b9e2/out -L dependency=/opt/rustwide/target/debug/build/rand_chacha/890d7cae2fc7fc7a/out -L dependency=/opt/rustwide/target/debug/build/rand_core/85e4c79509adfe28/out -L dependency=/opt/rustwide/target/debug/build/rand_core/d2b8cd8caf1f0fff/out -L dependency=/opt/rustwide/target/debug/build/rand_xorshift/571e106ecfc67f7e/out -L dependency=/opt/rustwide/target/debug/build/rand_xoshiro/a5c3ac41243105fc/out -L dependency=/opt/rustwide/target/debug/build/rayon-core/9c56035ea6fe0d2f/out -L dependency=/opt/rustwide/target/debug/build/rayon/15825087cf90677f/out -L dependency=/opt/rustwide/target/debug/build/regex-automata/17b2155d58d27810/out -L dependency=/opt/rustwide/target/debug/build/regex-syntax/cd6530d28ae35a0f/out -L dependency=/opt/rustwide/target/debug/build/regex/f1bc34cbd02cfbcb/out -L dependency=/opt/rustwide/target/debug/build/reqwest-middleware/8b679348d7580774/out -L dependency=/opt/rustwide/target/debug/build/reqwest/beb3afbb8fc8b1b9/out -L dependency=/opt/rustwide/target/debug/build/rfc6979/92541b6be6cffb67/out -L dependency=/opt/rustwide/target/debug/build/ring/e3a540a0e8f22bba/out -L dependency=/opt/rustwide/target/debug/build/rle-decode-fast/ddae7e04c887572a/out -L dependency=/opt/rustwide/target/debug/build/rpassword/64e6c42cad4d7b4f/out -L dependency=/opt/rustwide/target/debug/build/rtoolbox/deaed5cd670819f5/out -L dependency=/opt/rustwide/target/debug/build/rusb/b769361188c54f78/out -L dependency=/opt/rustwide/target/debug/build/rustc-demangle/c4789474a2b7c77b/out -L dependency=/opt/rustwide/target/debug/build/rustc-hash/53cf942ebd8ae143/out -L dependency=/opt/rustwide/target/debug/build/rusticata-macros/55b89bd30437bfe4/out -L dependency=/opt/rustwide/target/debug/build/rustix/a18b21813f51aff4/out -L dependency=/opt/rustwide/target/debug/build/rustls-native-certs/3f281ff7952bbd66/out -L dependency=/opt/rustwide/target/debug/build/rustls-pki-types/7ebdceb5288fd63c/out -L dependency=/opt/rustwide/target/debug/build/rustls-platform-verifier/6a6ca1a5d6711cff/out -L dependency=/opt/rustwide/target/debug/build/rustls-webpki/dc00a128f7c4293a/out -L dependency=/opt/rustwide/target/debug/build/rustls/ac2b4b04589ca0ca/out -L dependency=/opt/rustwide/target/debug/build/rustversion/d3a96f3c1b03d871/out -L dependency=/opt/rustwide/target/debug/build/ryu/2e85e285a26197c7/out -L dependency=/opt/rustwide/target/debug/build/scopeguard/e58356da06fcd87f/out -L dependency=/opt/rustwide/target/debug/build/sec1/1960c7be1c7065e9/out -L dependency=/opt/rustwide/target/debug/build/semver/f906e80a776704ae/out -L dependency=/opt/rustwide/target/debug/build/serde-big-array/66f191c20dca8829/out -L dependency=/opt/rustwide/target/debug/build/serde/827fbe2ec74cfca3/out -L dependency=/opt/rustwide/target/debug/build/serde_bytes/88358fb09ea76f99/out -L dependency=/opt/rustwide/target/debug/build/serde_core/6256396e281a29be/out -L dependency=/opt/rustwide/target/debug/build/serde_derive/6aba1985625efc5f/out -L dependency=/opt/rustwide/target/debug/build/serde_json/8918739b0f93a322/out -L dependency=/opt/rustwide/target/debug/build/serde_urlencoded/b91315da52e244d5/out -L dependency=/opt/rustwide/target/debug/build/serde_with/c925b813d3ffcbf9/out -L dependency=/opt/rustwide/target/debug/build/serde_with_macros/3475efea52fe64ef/out -L dependency=/opt/rustwide/target/debug/build/serde_yaml/17c73d9f2db04cac/out -L dependency=/opt/rustwide/target/debug/build/sha1/3f0c213aa44fe4ae/out -L dependency=/opt/rustwide/target/debug/build/sha2-const-stable/3075759fd6e6285d/out -L dependency=/opt/rustwide/target/debug/build/sha2/39e96b3808025b91/out -L dependency=/opt/rustwide/target/debug/build/sha2/ec7c14528133bb5e/out -L dependency=/opt/rustwide/target/debug/build/sha3/17d837a496025ea0/out -L dependency=/opt/rustwide/target/debug/build/shell-words/8c24657ba46a6568/out -L dependency=/opt/rustwide/target/debug/build/signal-hook-registry/8a7c8a29ebc986a2/out -L dependency=/opt/rustwide/target/debug/build/signal-hook/db3f86974ab5ef7b/out -L dependency=/opt/rustwide/target/debug/build/signature/74b0946abdcfed7c/out -L dependency=/opt/rustwide/target/debug/build/simd-adler32/a64ce9b2577411a8/out -L dependency=/opt/rustwide/target/debug/build/siphasher/e687f07c3065df86/out -L dependency=/opt/rustwide/target/debug/build/slab/acbeb11690d1ddcd/out -L dependency=/opt/rustwide/target/debug/build/smallvec/758e631184971d6f/out -L dependency=/opt/rustwide/target/debug/build/socket2/5eeaf0e6a2ec514a/out -L dependency=/opt/rustwide/target/debug/build/socket2/7bc8220545a949c0/out -L dependency=/opt/rustwide/target/debug/build/solana-account-decoder-client-types/bde2dce77a2bed21/out -L dependency=/opt/rustwide/target/debug/build/solana-account-decoder/968c28afb82ace6f/out -L dependency=/opt/rustwide/target/debug/build/solana-account-info/c85063b028655b3e/out -L dependency=/opt/rustwide/target/debug/build/solana-account/5340976fd80db2b1/out -L dependency=/opt/rustwide/target/debug/build/solana-account/c43f78d652da07de/out -L dependency=/opt/rustwide/target/debug/build/solana-address-lookup-table-interface/a8927b4b42c46cbe/out -L dependency=/opt/rustwide/target/debug/build/solana-address/485337a7912137d2/out -L dependency=/opt/rustwide/target/debug/build/solana-address/c79b121eec004acf/out -L dependency=/opt/rustwide/target/debug/build/solana-atomic-u64/801cbab888e0f8aa/out -L dependency=/opt/rustwide/target/debug/build/solana-big-mod-exp/d29225dca81b514e/out -L dependency=/opt/rustwide/target/debug/build/solana-bincode/9031648e6fa7d713/out -L dependency=/opt/rustwide/target/debug/build/solana-blake3-hasher/ae4f9d533ebd83ea/out -L dependency=/opt/rustwide/target/debug/build/solana-bls-signatures/e0e29976ed178be7/out -L dependency=/opt/rustwide/target/debug/build/solana-bls12-381-syscall/1dd96512b43ca546/out -L dependency=/opt/rustwide/target/debug/build/solana-bn254/3a5312c206928ff9/out -L dependency=/opt/rustwide/target/debug/build/solana-borsh/c8249f35b969cd47/out -L dependency=/opt/rustwide/target/debug/build/solana-builtins-default-costs/95e82b8bca1c69bd/out -L dependency=/opt/rustwide/target/debug/build/solana-clap-utils/998a745e569f78f9/out -L dependency=/opt/rustwide/target/debug/build/solana-cli-config/9ffad24f253c2011/out -L dependency=/opt/rustwide/target/debug/build/solana-client-traits/5c41d9dd452842cc/out -L dependency=/opt/rustwide/target/debug/build/solana-clock/d5aa9cca57699fd4/out -L dependency=/opt/rustwide/target/debug/build/solana-cluster-type/7ecf08dc7a86ca0a/out -L dependency=/opt/rustwide/target/debug/build/solana-commitment-config/cdf2104e15947533/out -L dependency=/opt/rustwide/target/debug/build/solana-compute-budget-instruction/ce68c13b66d42b38/out -L dependency=/opt/rustwide/target/debug/build/solana-compute-budget-interface/556803f6998608ec/out -L dependency=/opt/rustwide/target/debug/build/solana-compute-budget/ebc60900f156c620/out -L dependency=/opt/rustwide/target/debug/build/solana-config-interface/4db72ea2ff05f00c/out -L dependency=/opt/rustwide/target/debug/build/solana-connection-cache/96739146361ad249/out -L dependency=/opt/rustwide/target/debug/build/solana-cost-model/b34b116c90ed539e/out -L dependency=/opt/rustwide/target/debug/build/solana-cpi/df34f37a322050fa/out -L dependency=/opt/rustwide/target/debug/build/solana-curve25519/442061a0e2a67cae/out -L dependency=/opt/rustwide/target/debug/build/solana-define-syscall/4c6bff4ec3794832/out -L dependency=/opt/rustwide/target/debug/build/solana-define-syscall/4df88d095b619faf/out -L dependency=/opt/rustwide/target/debug/build/solana-derivation-path/9cf32f499492e430/out -L dependency=/opt/rustwide/target/debug/build/solana-entry/6504b32332acc2e2/out -L dependency=/opt/rustwide/target/debug/build/solana-epoch-info/389ff0575c1ec3fd/out -L dependency=/opt/rustwide/target/debug/build/solana-epoch-rewards/112da324b8c5200d/out -L dependency=/opt/rustwide/target/debug/build/solana-epoch-schedule/087bcfdf37a2a6a7/out -L dependency=/opt/rustwide/target/debug/build/solana-feature-gate-interface/5f07b5fc1768fbf0/out -L dependency=/opt/rustwide/target/debug/build/solana-fee-calculator/5d7c73acf5116bb9/out -L dependency=/opt/rustwide/target/debug/build/solana-fee-structure/26076f56b6a92c5d/out -L dependency=/opt/rustwide/target/debug/build/solana-get-sysvar/3584818240d2b9fc/out -L dependency=/opt/rustwide/target/debug/build/solana-hash-512/4cb669b7c368b4bf/out -L dependency=/opt/rustwide/target/debug/build/solana-hash/574fa4bd0bd730bc/out -L dependency=/opt/rustwide/target/debug/build/solana-hash/795c47bfc5043ab5/out -L dependency=/opt/rustwide/target/debug/build/solana-inflation/1ca53c0aaf1c78cf/out -L dependency=/opt/rustwide/target/debug/build/solana-instruction-error/ad663fcc3880881a/out -L dependency=/opt/rustwide/target/debug/build/solana-instruction/5646abfe8a263f26/out -L dependency=/opt/rustwide/target/debug/build/solana-instructions-sysvar/5df9dd3cd5ecacb9/out -L dependency=/opt/rustwide/target/debug/build/solana-instructions-sysvar/dd680aded9080390/out -L dependency=/opt/rustwide/target/debug/build/solana-keccak-hasher/f095110a99465fe9/out -L dependency=/opt/rustwide/target/debug/build/solana-keypair/615912480360ad16/out -L dependency=/opt/rustwide/target/debug/build/solana-last-restart-slot/cb278a15b8791e35/out -L dependency=/opt/rustwide/target/debug/build/solana-leader-schedule/798c160bc1dc72e6/out -L dependency=/opt/rustwide/target/debug/build/solana-loader-v2-interface/73715dae14defb92/out -L dependency=/opt/rustwide/target/debug/build/solana-loader-v3-interface/15e709a374311175/out -L dependency=/opt/rustwide/target/debug/build/solana-measure/4d250f5b6c74e928/out -L dependency=/opt/rustwide/target/debug/build/solana-merkle-tree/a546c3643a6386c2/out -L dependency=/opt/rustwide/target/debug/build/solana-message/c3759a007fd7d02e/out -L dependency=/opt/rustwide/target/debug/build/solana-metrics/a39190a4b19617a6/out -L dependency=/opt/rustwide/target/debug/build/solana-msg/696c80a1e0f6ce00/out -L dependency=/opt/rustwide/target/debug/build/solana-native-token/c2f9fa4f57a85186/out -L dependency=/opt/rustwide/target/debug/build/solana-net-utils/56ca2e9e95c693e3/out -L dependency=/opt/rustwide/target/debug/build/solana-nonce/f20993262cbf2d97/out -L dependency=/opt/rustwide/target/debug/build/solana-nullable/42874a140a5a9242/out -L dependency=/opt/rustwide/target/debug/build/solana-offchain-message/776f846072366b67/out -L dependency=/opt/rustwide/target/debug/build/solana-packet/650e3f97645c143b/out -L dependency=/opt/rustwide/target/debug/build/solana-packet/e699693e8c84c816/out -L dependency=/opt/rustwide/target/debug/build/solana-perf/4af86b93f197df12/out -L dependency=/opt/rustwide/target/debug/build/solana-poseidon/f5512f5f908c6e89/out -L dependency=/opt/rustwide/target/debug/build/solana-precompile-error/aec5d0eed2f6bede/out -L dependency=/opt/rustwide/target/debug/build/solana-presigner/4d6a7ca6a5c1054f/out -L dependency=/opt/rustwide/target/debug/build/solana-program-entrypoint/becf0cd7fdaf17ac/out -L dependency=/opt/rustwide/target/debug/build/solana-program-error/784376be4b99488a/out -L dependency=/opt/rustwide/target/debug/build/solana-program-memory/bb51517c6f54d62d/out -L dependency=/opt/rustwide/target/debug/build/solana-program-option/62b958cb05e59019/out -L dependency=/opt/rustwide/target/debug/build/solana-program-pack/09d352bea0d43cee/out -L dependency=/opt/rustwide/target/debug/build/solana-program-runtime/5fe20c741c9018a7/out -L dependency=/opt/rustwide/target/debug/build/solana-pubkey/3a3c3a3c02687522/out -L dependency=/opt/rustwide/target/debug/build/solana-pubkey/d82bad6d7cba14a0/out -L dependency=/opt/rustwide/target/debug/build/solana-pubsub-client/d76c5f0c4acbbf1b/out -L dependency=/opt/rustwide/target/debug/build/solana-quic-client/6797c52cd3dcd625/out -L dependency=/opt/rustwide/target/debug/build/solana-remote-wallet/94ec488c27479f89/out -L dependency=/opt/rustwide/target/debug/build/solana-rent/5b86ebbbf3de8984/out -L dependency=/opt/rustwide/target/debug/build/solana-reward-info/dfff483efcce8325/out -L dependency=/opt/rustwide/target/debug/build/solana-rpc-client-api/73a5af98ef93609b/out -L dependency=/opt/rustwide/target/debug/build/solana-rpc-client-nonce-utils/739187a7a1f698fb/out -L dependency=/opt/rustwide/target/debug/build/solana-rpc-client-types/2fbc3425cb23d6a3/out -L dependency=/opt/rustwide/target/debug/build/solana-rpc-client/0d39e63aa68163fa/out -L dependency=/opt/rustwide/target/debug/build/solana-runtime-transaction/0e6d98481d0fb809/out -L dependency=/opt/rustwide/target/debug/build/solana-sanitize/26633b2b82cb07ce/out -L dependency=/opt/rustwide/target/debug/build/solana-sbpf/addb596e4c783edd/out -L dependency=/opt/rustwide/target/debug/build/solana-sdk-ids/147cc9d5729f4d8d/out -L dependency=/opt/rustwide/target/debug/build/solana-sdk-macro/30fd44daa46e3b52/out -L dependency=/opt/rustwide/target/debug/build/solana-secp256k1-recover/068a9df1faecc280/out -L dependency=/opt/rustwide/target/debug/build/solana-seed-derivable/b4d04c2a1e797e7b/out -L dependency=/opt/rustwide/target/debug/build/solana-seed-phrase/0d83fd0c9eb66613/out -L dependency=/opt/rustwide/target/debug/build/solana-serde-varint/21abb8616359fb0c/out -L dependency=/opt/rustwide/target/debug/build/solana-serde/75637af0d3246a49/out -L dependency=/opt/rustwide/target/debug/build/solana-serialize-utils/9845b6df6eee5a4d/out -L dependency=/opt/rustwide/target/debug/build/solana-sha256-hasher/15b3949ab5d42ca2/out -L dependency=/opt/rustwide/target/debug/build/solana-sha512-hasher/2c52ecc4db959beb/out -L dependency=/opt/rustwide/target/debug/build/solana-short-vec/9da47a53decb68aa/out -L dependency=/opt/rustwide/target/debug/build/solana-signature/93820ae235ecdfab/out -L dependency=/opt/rustwide/target/debug/build/solana-signer-store/298a05e5314f8755/out -L dependency=/opt/rustwide/target/debug/build/solana-signer/d142cbacfe4d514e/out -L dependency=/opt/rustwide/target/debug/build/solana-slot-hashes/42b4acb5df5a9e8f/out -L dependency=/opt/rustwide/target/debug/build/solana-slot-history/25d53664ce253126/out -L dependency=/opt/rustwide/target/debug/build/solana-stable-layout/8ac40ca45d6f1516/out -L dependency=/opt/rustwide/target/debug/build/solana-stake-history/9ce0758dbff9bd85/out -L dependency=/opt/rustwide/target/debug/build/solana-stake-interface/d27296450758f4b0/out -L dependency=/opt/rustwide/target/debug/build/solana-streamer/0d8dc818efcfa6dd/out -L dependency=/opt/rustwide/target/debug/build/solana-svm-callback/47213ff1888e7b9d/out -L dependency=/opt/rustwide/target/debug/build/solana-svm-feature-set/c2db97542028b390/out -L dependency=/opt/rustwide/target/debug/build/solana-svm-log-collector/3c44b96293b7c445/out -L dependency=/opt/rustwide/target/debug/build/solana-svm-measure/88968164bc564bc0/out -L dependency=/opt/rustwide/target/debug/build/solana-svm-timings/9b0422c5ee55a313/out -L dependency=/opt/rustwide/target/debug/build/solana-svm-transaction/cb39b260adb083e9/out -L dependency=/opt/rustwide/target/debug/build/solana-svm-type-overrides/ca7d641e1758431f/out -L dependency=/opt/rustwide/target/debug/build/solana-system-interface/c89ef4d280cf5e07/out -L dependency=/opt/rustwide/target/debug/build/solana-system-interface/e2f5f712a2766334/out -L dependency=/opt/rustwide/target/debug/build/solana-system-transaction/802670e25dd674c7/out -L dependency=/opt/rustwide/target/debug/build/solana-sysvar-id/79c41db2a9d1a835/out -L dependency=/opt/rustwide/target/debug/build/solana-sysvar/eebfcd700f7fd630/out -L dependency=/opt/rustwide/target/debug/build/solana-time-utils/375971db96b91c40/out -L dependency=/opt/rustwide/target/debug/build/solana-tls-utils/61bfa241653b88b4/out -L dependency=/opt/rustwide/target/debug/build/solana-tpu-client-next/a1392dcc09d74f31/out -L dependency=/opt/rustwide/target/debug/build/solana-tpu-client/b6a594f52e6f27bb/out -L dependency=/opt/rustwide/target/debug/build/solana-transaction-context/99f1d70621ea1bc3/out -L dependency=/opt/rustwide/target/debug/build/solana-transaction-error/7f77399fa382c860/out -L dependency=/opt/rustwide/target/debug/build/solana-transaction-status-client-types/db1c7bb69c553a0a/out -L dependency=/opt/rustwide/target/debug/build/solana-transaction-status/4732779105910dca/out -L dependency=/opt/rustwide/target/debug/build/solana-transaction/45504d59262940a0/out -L dependency=/opt/rustwide/target/debug/build/solana-udp-client/61f0ea4dcc1f4861/out -L dependency=/opt/rustwide/target/debug/build/solana-version/294bc81734dcd2b2/out -L dependency=/opt/rustwide/target/debug/build/solana-vote-interface/6b41d1ae0d908c0b/out -L dependency=/opt/rustwide/target/debug/build/solana-vote-program/51e493dc26a3f58d/out -L dependency=/opt/rustwide/target/debug/build/solana-vote/e68fb6e94e4721f3/out -L dependency=/opt/rustwide/target/debug/build/solana-wincode-varint/76993869029f6122/out -L dependency=/opt/rustwide/target/debug/build/solana-zero-copy/333cc802901ebd9b/out -L dependency=/opt/rustwide/target/debug/build/solana-zk-elgamal-proof-interface/7f27c8eb767ef0d3/out -L dependency=/opt/rustwide/target/debug/build/solana-zk-sdk-pod/87091191453446ca/out -L dependency=/opt/rustwide/target/debug/build/spki/507068d9580ebdd1/out -L dependency=/opt/rustwide/target/debug/build/spl-associated-token-account-interface/20ae10beba3e2d72/out -L dependency=/opt/rustwide/target/debug/build/spl-discriminator-derive/9b290a3f405fdf7f/out -L dependency=/opt/rustwide/target/debug/build/spl-discriminator/603392c10a7bc071/out -L dependency=/opt/rustwide/target/debug/build/spl-generic-token/208b098480785781/out -L dependency=/opt/rustwide/target/debug/build/spl-memo-interface/b99abd751e7705b0/out -L dependency=/opt/rustwide/target/debug/build/spl-token-2022-interface/934d99cc73fb2fd4/out -L dependency=/opt/rustwide/target/debug/build/spl-token-confidential-transfer-proof-extraction/cb5a5c22d8d1c6b5/out -L dependency=/opt/rustwide/target/debug/build/spl-token-group-interface/d4960e3c2c4cca15/out -L dependency=/opt/rustwide/target/debug/build/spl-token-interface/6d11ccac3a1138a6/out -L dependency=/opt/rustwide/target/debug/build/spl-token-metadata-interface/a4d38aeecf7802d2/out -L dependency=/opt/rustwide/target/debug/build/spl-type-length-value/8a208e21d1968873/out -L dependency=/opt/rustwide/target/debug/build/stable_deref_trait/f7c07a8bbc7fc612/out -L dependency=/opt/rustwide/target/debug/build/strsim/3fa26808ef603fdf/out -L dependency=/opt/rustwide/target/debug/build/subtle/ac838ce8ceecdcd3/out -L dependency=/opt/rustwide/target/debug/build/sync_wrapper/a696d74c5d32cf30/out -L dependency=/opt/rustwide/target/debug/build/tap/93bf0ca0dde00624/out -L dependency=/opt/rustwide/target/debug/build/tempfile/c9c73afa4899e642/out -L dependency=/opt/rustwide/target/debug/build/textwrap/e06b33833b5b3a17/out -L dependency=/opt/rustwide/target/debug/build/thiserror-impl/baa67d3a56d22614/out -L dependency=/opt/rustwide/target/debug/build/thiserror-impl/cdf9587b307f3a9a/out -L dependency=/opt/rustwide/target/debug/build/thiserror/20a7e4133c3e6049/out -L dependency=/opt/rustwide/target/debug/build/thiserror/ef91bb0510102dd3/out -L dependency=/opt/rustwide/target/debug/build/threadpool/44209001a11c5add/out -L dependency=/opt/rustwide/target/debug/build/time-core/92da8d279066453e/out -L dependency=/opt/rustwide/target/debug/build/time-macros/f96a6512f8226e2a/out -L dependency=/opt/rustwide/target/debug/build/time/77ee0bb59669f0e9/out -L dependency=/opt/rustwide/target/debug/build/tinystr/bb088550b0f7e3fc/out -L dependency=/opt/rustwide/target/debug/build/tinyvec/daff2ccac9dab7ee/out -L dependency=/opt/rustwide/target/debug/build/tinyvec_macros/a54254ef79cf2712/out -L dependency=/opt/rustwide/target/debug/build/tokio-macros/4bfe8ad2dd506f8e/out -L dependency=/opt/rustwide/target/debug/build/tokio-rustls/b17a0edeef0686a3/out -L dependency=/opt/rustwide/target/debug/build/tokio-stream/b7f6cf6b95f1f036/out -L dependency=/opt/rustwide/target/debug/build/tokio-tungstenite/ec32ae61b091890e/out -L dependency=/opt/rustwide/target/debug/build/tokio-util/d2832340c3c591f3/out -L dependency=/opt/rustwide/target/debug/build/tokio/b8ebda068c8f048c/out -L dependency=/opt/rustwide/target/debug/build/tower-http/7be34b26fdee836c/out -L dependency=/opt/rustwide/target/debug/build/tower-layer/bfea69148db247eb/out -L dependency=/opt/rustwide/target/debug/build/tower-service/bb8ffb9c1fb8281a/out -L dependency=/opt/rustwide/target/debug/build/tower/9a646285b69ab328/out -L dependency=/opt/rustwide/target/debug/build/tracing-attributes/8758f9ed9505ec89/out -L dependency=/opt/rustwide/target/debug/build/tracing-core/9d529868576e6c82/out -L dependency=/opt/rustwide/target/debug/build/tracing/5f86ed9c715ea4c7/out -L dependency=/opt/rustwide/target/debug/build/trezor-client/542e6b7c1ea88840/out -L dependency=/opt/rustwide/target/debug/build/try-lock/328e263f0e182458/out -L dependency=/opt/rustwide/target/debug/build/tungstenite/15142b63a059152b/out -L dependency=/opt/rustwide/target/debug/build/typenum/6a2036740d41823c/out -L dependency=/opt/rustwide/target/debug/build/unicode-normalization/a24facc5ea05b901/out -L dependency=/opt/rustwide/target/debug/build/unicode-width/2fb31ef729fc3390/out -L dependency=/opt/rustwide/target/debug/build/unicode-width/4a716709acc7d313/out -L dependency=/opt/rustwide/target/debug/build/unit-prefix/7abde2f8100c5167/out -L dependency=/opt/rustwide/target/debug/build/unreachable/9e754658a2a5729b/out -L dependency=/opt/rustwide/target/debug/build/unsafe-libyaml/15b0f0c6df276efc/out -L dependency=/opt/rustwide/target/debug/build/untrusted/efb471c05c0a969a/out -L dependency=/opt/rustwide/target/debug/build/ur-parse-lib/4a7c7b901b2a988c/out -L dependency=/opt/rustwide/target/debug/build/ur-registry/300e84fe6140ba47/out -L dependency=/opt/rustwide/target/debug/build/uriparse/306d78d7fd709d2e/out -L dependency=/opt/rustwide/target/debug/build/url/e2d5c0dc987fca82/out -L dependency=/opt/rustwide/target/debug/build/utf-8/a16de8b0b2121188/out -L dependency=/opt/rustwide/target/debug/build/utf16_iter/9a2421289fa8294d/out -L dependency=/opt/rustwide/target/debug/build/utf8_iter/8196e1122308a02d/out -L dependency=/opt/rustwide/target/debug/build/utf8parse/836547686bf384e0/out -L dependency=/opt/rustwide/target/debug/build/void/b1ba653587530da5/out -L dependency=/opt/rustwide/target/debug/build/want/3e89842dc01cf64a/out -L dependency=/opt/rustwide/target/debug/build/webpki-roots/50ddfed7d1233efb/out -L dependency=/opt/rustwide/target/debug/build/webpki-roots/9396acf924105345/out -L dependency=/opt/rustwide/target/debug/build/wincode-derive/80fb27065ddd9ee8/out -L dependency=/opt/rustwide/target/debug/build/wincode/0dc57e93963ac926/out -L dependency=/opt/rustwide/target/debug/build/write16/fd84d708c7d7cef5/out -L dependency=/opt/rustwide/target/debug/build/writeable/87bdecc896873f62/out -L dependency=/opt/rustwide/target/debug/build/wyz/26d5e43074b38d47/out -L dependency=/opt/rustwide/target/debug/build/x509-parser/3bb79ed07f86c54a/out -L dependency=/opt/rustwide/target/debug/build/yoke-derive/1dd2a14c85a929c5/out -L dependency=/opt/rustwide/target/debug/build/yoke/5dd0cfe7c8b09cf7/out -L dependency=/opt/rustwide/target/debug/build/zerocopy/d0c30d09448e62a4/out -L dependency=/opt/rustwide/target/debug/build/zerofrom-derive/174ab886fd3f56d3/out -L dependency=/opt/rustwide/target/debug/build/zerofrom/739ca306f7daccb8/out -L dependency=/opt/rustwide/target/debug/build/zeroize/f11b0d524124fba4/out -L dependency=/opt/rustwide/target/debug/build/zeroize_derive/5a6a51af97361ec5/out -L dependency=/opt/rustwide/target/debug/build/zerovec-derive/81c3616effdf4582/out -L dependency=/opt/rustwide/target/debug/build/zerovec/3367cae044ed7e4f/out -L dependency=/opt/rustwide/target/debug/build/zmij/f7caee9afb34dd71/out -L dependency=/opt/rustwide/target/debug/build/zstd-safe/d1b3e58e4a9c1b68/out -L dependency=/opt/rustwide/target/debug/build/zstd-sys/693acf6e77fb2ccf/out -L dependency=/opt/rustwide/target/debug/build/zstd/f075b1fcc4ab6b7d/out --extern agave_feature_set=/opt/rustwide/target/debug/build/agave-feature-set/656d6d4710637fba/out/libagave_feature_set-656d6d4710637fba.rmeta --extern agave_logger=/opt/rustwide/target/debug/build/agave-logger/277c7feca02ceca0/out/libagave_logger-277c7feca02ceca0.rmeta --extern agave_votor_messages=/opt/rustwide/target/debug/build/agave-votor-messages/fd4db5f54337e47f/out/libagave_votor_messages-fd4db5f54337e47f.rmeta --extern async_trait=/opt/rustwide/target/debug/build/async-trait/c59d1c06b1182b81/out/libasync_trait-c59d1c06b1182b81.so --extern bincode=/opt/rustwide/target/debug/build/bincode/0a840e6241c93d0b/out/libbincode-0a840e6241c93d0b.rmeta --extern bip39=/opt/rustwide/target/debug/build/bip39/467fcfaf06180504/out/libbip39-467fcfaf06180504.rmeta --extern bs58=/opt/rustwide/target/debug/build/bs58/d01731c029f9edf7/out/libbs58-d01731c029f9edf7.rmeta --extern clap=/opt/rustwide/target/debug/build/clap/c163b8e7bf8ac21d/out/libclap-c163b8e7bf8ac21d.rmeta --extern console=/opt/rustwide/target/debug/build/console/d9d842fd5b342ff0/out/libconsole-d9d842fd5b342ff0.rmeta --extern const_format=/opt/rustwide/target/debug/build/const_format/e7e91e7e9d3eedca/out/libconst_format-e7e91e7e9d3eedca.rmeta --extern hex=/opt/rustwide/target/debug/build/hex/8963421002410342/out/libhex-8963421002410342.rmeta --extern humantime=/opt/rustwide/target/debug/build/humantime/8eca5557a8e7ef34/out/libhumantime-8eca5557a8e7ef34.rmeta --extern log=/opt/rustwide/target/debug/build/log/0abc030b59817dce/out/liblog-0abc030b59817dce.rmeta --extern num_traits=/opt/rustwide/target/debug/build/num-traits/64af8c9ba06f351c/out/libnum_traits-64af8c9ba06f351c.rmeta --extern pretty_hex=/opt/rustwide/target/debug/build/pretty-hex/42e83e9cf3d8d102/out/libpretty_hex-42e83e9cf3d8d102.rmeta --extern reqwest=/opt/rustwide/target/debug/build/reqwest/beb3afbb8fc8b1b9/out/libreqwest-beb3afbb8fc8b1b9.rmeta --extern serde=/opt/rustwide/target/debug/build/serde/827fbe2ec74cfca3/out/libserde-827fbe2ec74cfca3.rmeta --extern serde_json=/opt/rustwide/target/debug/build/serde_json/8918739b0f93a322/out/libserde_json-8918739b0f93a322.rmeta --extern solana_account=/opt/rustwide/target/debug/build/solana-account/5340976fd80db2b1/out/libsolana_account-5340976fd80db2b1.rmeta --extern solana_account_decoder=/opt/rustwide/target/debug/build/solana-account-decoder/968c28afb82ace6f/out/libsolana_account_decoder-968c28afb82ace6f.rmeta --extern solana_address_lookup_table_interface=/opt/rustwide/target/debug/build/solana-address-lookup-table-interface/a8927b4b42c46cbe/out/libsolana_address_lookup_table_interface-a8927b4b42c46cbe.rmeta --extern solana_bls_signatures=/opt/rustwide/target/debug/build/solana-bls-signatures/e0e29976ed178be7/out/libsolana_bls_signatures-e0e29976ed178be7.rmeta --extern solana_borsh=/opt/rustwide/target/debug/build/solana-borsh/c8249f35b969cd47/out/libsolana_borsh-c8249f35b969cd47.rmeta --extern solana_clap_utils=/opt/rustwide/target/debug/build/solana-clap-utils/998a745e569f78f9/out/libsolana_clap_utils-998a745e569f78f9.rmeta --extern solana_cli_config=/opt/rustwide/target/debug/build/solana-cli-config/9ffad24f253c2011/out/libsolana_cli_config-9ffad24f253c2011.rmeta --extern solana_cli_output=/opt/rustwide/target/debug/build/solana-cli-output/ea40aea087c360bd/out/libsolana_cli_output-ea40aea087c360bd.rmeta --extern solana_client=/opt/rustwide/target/debug/build/solana-client/5f024de2836c196a/out/libsolana_client-5f024de2836c196a.rmeta --extern solana_clock=/opt/rustwide/target/debug/build/solana-clock/d5aa9cca57699fd4/out/libsolana_clock-d5aa9cca57699fd4.rmeta --extern solana_cluster_type=/opt/rustwide/target/debug/build/solana-cluster-type/7ecf08dc7a86ca0a/out/libsolana_cluster_type-7ecf08dc7a86ca0a.rmeta --extern solana_commitment_config=/opt/rustwide/target/debug/build/solana-commitment-config/cdf2104e15947533/out/libsolana_commitment_config-cdf2104e15947533.rmeta --extern solana_compute_budget_interface=/opt/rustwide/target/debug/build/solana-compute-budget-interface/556803f6998608ec/out/libsolana_compute_budget_interface-556803f6998608ec.rmeta --extern solana_config_interface=/opt/rustwide/target/debug/build/solana-config-interface/4db72ea2ff05f00c/out/libsolana_config_interface-4db72ea2ff05f00c.rmeta --extern solana_epoch_schedule=/opt/rustwide/target/debug/build/solana-epoch-schedule/087bcfdf37a2a6a7/out/libsolana_epoch_schedule-087bcfdf37a2a6a7.rmeta --extern solana_feature_gate_interface=/opt/rustwide/target/debug/build/solana-feature-gate-interface/5f07b5fc1768fbf0/out/libsolana_feature_gate_interface-5f07b5fc1768fbf0.rmeta --extern solana_hash=/opt/rustwide/target/debug/build/solana-hash/574fa4bd0bd730bc/out/libsolana_hash-574fa4bd0bd730bc.rmeta --extern solana_instruction=/opt/rustwide/target/debug/build/solana-instruction/5646abfe8a263f26/out/libsolana_instruction-5646abfe8a263f26.rmeta --extern solana_keypair=/opt/rustwide/target/debug/build/solana-keypair/615912480360ad16/out/libsolana_keypair-615912480360ad16.rmeta --extern solana_loader_v3_interface=/opt/rustwide/target/debug/build/solana-loader-v3-interface/15e709a374311175/out/libsolana_loader_v3_interface-15e709a374311175.rmeta --extern solana_message=/opt/rustwide/target/debug/build/solana-message/c3759a007fd7d02e/out/libsolana_message-c3759a007fd7d02e.rmeta --extern solana_native_token=/opt/rustwide/target/debug/build/solana-native-token/c2f9fa4f57a85186/out/libsolana_native_token-c2f9fa4f57a85186.rmeta --extern solana_net_utils=/opt/rustwide/target/debug/build/solana-net-utils/56ca2e9e95c693e3/out/libsolana_net_utils-56ca2e9e95c693e3.rmeta --extern solana_nonce=/opt/rustwide/target/debug/build/solana-nonce/f20993262cbf2d97/out/libsolana_nonce-f20993262cbf2d97.rmeta --extern solana_offchain_message=/opt/rustwide/target/debug/build/solana-offchain-message/776f846072366b67/out/libsolana_offchain_message-776f846072366b67.rmeta --extern solana_packet=/opt/rustwide/target/debug/build/solana-packet/650e3f97645c143b/out/libsolana_packet-650e3f97645c143b.rmeta --extern solana_program_runtime=/opt/rustwide/target/debug/build/solana-program-runtime/5fe20c741c9018a7/out/libsolana_program_runtime-5fe20c741c9018a7.rmeta --extern solana_pubkey=/opt/rustwide/target/debug/build/solana-pubkey/d82bad6d7cba14a0/out/libsolana_pubkey-d82bad6d7cba14a0.rmeta --extern solana_pubsub_client=/opt/rustwide/target/debug/build/solana-pubsub-client/d76c5f0c4acbbf1b/out/libsolana_pubsub_client-d76c5f0c4acbbf1b.rmeta --extern solana_remote_wallet=/opt/rustwide/target/debug/build/solana-remote-wallet/94ec488c27479f89/out/libsolana_remote_wallet-94ec488c27479f89.rmeta --extern solana_rent=/opt/rustwide/target/debug/build/solana-rent/5b86ebbbf3de8984/out/libsolana_rent-5b86ebbbf3de8984.rmeta --extern solana_rpc_client=/opt/rustwide/target/debug/build/solana-rpc-client/0d39e63aa68163fa/out/libsolana_rpc_client-0d39e63aa68163fa.rmeta --extern solana_rpc_client_api=/opt/rustwide/target/debug/build/solana-rpc-client-api/73a5af98ef93609b/out/libsolana_rpc_client_api-73a5af98ef93609b.rmeta --extern solana_rpc_client_nonce_utils=/opt/rustwide/target/debug/build/solana-rpc-client-nonce-utils/739187a7a1f698fb/out/libsolana_rpc_client_nonce_utils-739187a7a1f698fb.rmeta --extern solana_sbpf=/opt/rustwide/target/debug/build/solana-sbpf/addb596e4c783edd/out/libsolana_sbpf-addb596e4c783edd.rmeta --extern solana_sdk_ids=/opt/rustwide/target/debug/build/solana-sdk-ids/147cc9d5729f4d8d/out/libsolana_sdk_ids-147cc9d5729f4d8d.rmeta --extern solana_signature=/opt/rustwide/target/debug/build/solana-signature/93820ae235ecdfab/out/libsolana_signature-93820ae235ecdfab.rmeta --extern solana_signer=/opt/rustwide/target/debug/build/solana-signer/d142cbacfe4d514e/out/libsolana_signer-d142cbacfe4d514e.rmeta --extern solana_signer_store=/opt/rustwide/target/debug/build/solana-signer-store/298a05e5314f8755/out/libsolana_signer_store-298a05e5314f8755.rmeta --extern solana_slot_history=/opt/rustwide/target/debug/build/solana-slot-history/25d53664ce253126/out/libsolana_slot_history-25d53664ce253126.rmeta --extern solana_stake_history=/opt/rustwide/target/debug/build/solana-stake-history/9ce0758dbff9bd85/out/libsolana_stake_history-9ce0758dbff9bd85.rmeta --extern solana_stake_interface=/opt/rustwide/target/debug/build/solana-stake-interface/d27296450758f4b0/out/libsolana_stake_interface-d27296450758f4b0.rmeta --extern solana_syscalls=/opt/rustwide/target/debug/build/solana-syscalls/a4259b850c294b5a/out/libsolana_syscalls-a4259b850c294b5a.rmeta --extern solana_system_interface=/opt/rustwide/target/debug/build/solana-system-interface/e2f5f712a2766334/out/libsolana_system_interface-e2f5f712a2766334.rmeta --extern solana_tpu_client=/opt/rustwide/target/debug/build/solana-tpu-client/b6a594f52e6f27bb/out/libsolana_tpu_client-b6a594f52e6f27bb.rmeta --extern solana_tpu_client_next=/opt/rustwide/target/debug/build/solana-tpu-client-next/a1392dcc09d74f31/out/libsolana_tpu_client_next-a1392dcc09d74f31.rmeta --extern solana_transaction=/opt/rustwide/target/debug/build/solana-transaction/45504d59262940a0/out/libsolana_transaction-45504d59262940a0.rmeta --extern solana_transaction_error=/opt/rustwide/target/debug/build/solana-transaction-error/7f77399fa382c860/out/libsolana_transaction_error-7f77399fa382c860.rmeta --extern solana_transaction_status=/opt/rustwide/target/debug/build/solana-transaction-status/4732779105910dca/out/libsolana_transaction_status-4732779105910dca.rmeta --extern solana_version=/opt/rustwide/target/debug/build/solana-version/294bc81734dcd2b2/out/libsolana_version-294bc81734dcd2b2.rmeta --extern solana_vote_program=/opt/rustwide/target/debug/build/solana-vote-program/51e493dc26a3f58d/out/libsolana_vote_program-51e493dc26a3f58d.rmeta --extern spl_memo_interface=/opt/rustwide/target/debug/build/spl-memo-interface/b99abd751e7705b0/out/libspl_memo_interface-b99abd751e7705b0.rmeta --extern thiserror=/opt/rustwide/target/debug/build/thiserror/20a7e4133c3e6049/out/libthiserror-20a7e4133c3e6049.rmeta --extern tokio=/opt/rustwide/target/debug/build/tokio/b8ebda068c8f048c/out/libtokio-b8ebda068c8f048c.rmeta --extern tokio_util=/opt/rustwide/target/debug/build/tokio-util/d2832340c3c591f3/out/libtokio_util-d2832340c3c591f3.rmeta --extern wincode=/opt/rustwide/target/debug/build/wincode/0dc57e93963ac926/out/libwincode-0dc57e93963ac926.rmeta --cap-lints=forbid --force-warn=unused_crate_dependencies -L native=/opt/rustwide/target/debug/build/blst/6666017d9511e484/out -L native=/opt/rustwide/target/debug/build/ring/c96e4f49483f5d33/out -L native=/opt/rustwide/target/debug/build/zstd-sys/4d6c58461c97c2c3/out -L native=/opt/rustwide/target/debug/build/blake3/0052d41a246435b9/out -L native=/opt/rustwide/target/debug/build/blake3/0052d41a246435b9/out -L native=/opt/rustwide/target/debug/build/hidapi/5a152df695aa0faa/out -L native=/usr/lib/x86_64-linux-gnu -L native=/usr/lib/x86_64-linux-gnu` (signal: 9, SIGKILL: kill)
[INFO] [stderr] warning: build failed, waiting for other jobs to finish...
[INFO] [stderr] error: failed to run custom build command for `tikv-jemalloc-sys v0.6.1+5.3.0-1-ge13ca993e8ccb9ba9847cc330696e02839f328f7`
[INFO] [stderr] note: To improve backtraces for build dependencies, set the CARGO_PROFILE_DEV_BUILD_OVERRIDE_DEBUG=true environment variable to enable debug information generation.
[INFO] [stderr] 
[INFO] [stderr] Caused by:
[INFO] [stderr]   process didn't exit successfully: `/opt/rustwide/target/debug/build/tikv-jemalloc-sys/25417e39faa41c14/out/build_script_build` (exit status: 101)
[INFO] [stderr]   --- stdout
[INFO] [stderr]   TARGET=x86_64-unknown-linux-gnu
[INFO] [stderr]   HOST=x86_64-unknown-linux-gnu
[INFO] [stderr]   NUM_JOBS=8
[INFO] [stderr]   OUT_DIR="/opt/rustwide/target/debug/build/tikv-jemalloc-sys/394e9fb71454f4e6/out"
[INFO] [stderr]   BUILD_DIR="/opt/rustwide/target/debug/build/tikv-jemalloc-sys/394e9fb71454f4e6/out/build"
[INFO] [stderr]   SRC_DIR="/opt/rustwide/cargo-home/registry/src/index.crates.io-1949cf8c6b5b557f/tikv-jemalloc-sys-0.6.1+5.3.0-1-ge13ca993e8ccb9ba9847cc330696e02839f328f7"
[INFO] [stderr]   cargo:rerun-if-env-changed=X86_64_UNKNOWN_LINUX_GNU_JEMALLOC_OVERRIDE
[INFO] [stderr]   cargo:rerun-if-env-changed=JEMALLOC_OVERRIDE
[INFO] [stderr]   OPT_LEVEL = Some(0)
[INFO] [stderr]   OUT_DIR = Some(/opt/rustwide/target/debug/build/tikv-jemalloc-sys/394e9fb71454f4e6/out)
[INFO] [stderr]   TARGET = Some(x86_64-unknown-linux-gnu)
[INFO] [stderr]   CARGO_ENCODED_RUSTFLAGS = Some(--cap-lints=forbid)
[INFO] [stderr]   HOST = Some(x86_64-unknown-linux-gnu)
[INFO] [stderr]   cargo:rerun-if-env-changed=CC_x86_64-unknown-linux-gnu
[INFO] [stderr]   CC_x86_64-unknown-linux-gnu = None
[INFO] [stderr]   cargo:rerun-if-env-changed=CC_x86_64_unknown_linux_gnu
[INFO] [stderr]   CC_x86_64_unknown_linux_gnu = None
[INFO] [stderr]   cargo:rerun-if-env-changed=HOST_CC
[INFO] [stderr]   HOST_CC = None
[INFO] [stderr]   cargo:rerun-if-env-changed=CC
[INFO] [stderr]   CC = None
[INFO] [stderr]   cargo:rerun-if-env-changed=CC_ENABLE_DEBUG_OUTPUT
[INFO] [stderr]   RUSTC_WRAPPER = None
[INFO] [stderr]   cargo:rerun-if-env-changed=CRATE_CC_NO_DEFAULTS
[INFO] [stderr]   CRATE_CC_NO_DEFAULTS = None
[INFO] [stderr]   DEBUG = Some(true)
[INFO] [stderr]   CARGO_CFG_TARGET_FEATURE = Some(fxsr,sse,sse2,x87)
[INFO] [stderr]   cargo:rerun-if-env-changed=CFLAGS
[INFO] [stderr]   CFLAGS = None
[INFO] [stderr]   cargo:rerun-if-env-changed=HOST_CFLAGS
[INFO] [stderr]   HOST_CFLAGS = None
[INFO] [stderr]   cargo:rerun-if-env-changed=CFLAGS_x86_64_unknown_linux_gnu
[INFO] [stderr]   CFLAGS_x86_64_unknown_linux_gnu = None
[INFO] [stderr]   cargo:rerun-if-env-changed=CFLAGS_x86_64-unknown-linux-gnu
[INFO] [stderr]   CFLAGS_x86_64-unknown-linux-gnu = None
[INFO] [stderr]   CC="cc"
[INFO] [stderr]   CFLAGS="-O0 -ffunction-sections -fdata-sections -fPIC -g -gdwarf-4 -fno-omit-frame-pointer -m64 -Wall"
[INFO] [stderr]   JEMALLOC_REPO_DIR="jemalloc"
[INFO] [stderr]   cargo:rerun-if-env-changed=X86_64_UNKNOWN_LINUX_GNU_JEMALLOC_SYS_WITH_MALLOC_CONF
[INFO] [stderr]   cargo:rerun-if-env-changed=JEMALLOC_SYS_WITH_MALLOC_CONF
[INFO] [stderr]   cargo:rerun-if-env-changed=X86_64_UNKNOWN_LINUX_GNU_JEMALLOC_SYS_WITH_LG_PAGE
[INFO] [stderr]   cargo:rerun-if-env-changed=JEMALLOC_SYS_WITH_LG_PAGE
[INFO] [stderr]   cargo:rerun-if-env-changed=X86_64_UNKNOWN_LINUX_GNU_JEMALLOC_SYS_WITH_LG_HUGEPAGE
[INFO] [stderr]   cargo:rerun-if-env-changed=JEMALLOC_SYS_WITH_LG_HUGEPAGE
[INFO] [stderr]   cargo:rerun-if-env-changed=X86_64_UNKNOWN_LINUX_GNU_JEMALLOC_SYS_WITH_LG_QUANTUM
[INFO] [stderr]   cargo:rerun-if-env-changed=JEMALLOC_SYS_WITH_LG_QUANTUM
[INFO] [stderr]   cargo:rerun-if-env-changed=X86_64_UNKNOWN_LINUX_GNU_JEMALLOC_SYS_WITH_LG_VADDR
[INFO] [stderr]   cargo:rerun-if-env-changed=JEMALLOC_SYS_WITH_LG_VADDR
[INFO] [stderr]   CARGO_FEATURE_STATS set
[INFO] [stderr]   running: cd "/opt/rustwide/target/debug/build/tikv-jemalloc-sys/394e9fb71454f4e6/out/build" && CC="cc" CFLAGS="-O0 -ffunction-sections -fdata-sections -fPIC -g -gdwarf-4 -fno-omit-frame-pointer -m64 -Wall" CPPFLAGS="-O0 -ffunction-sections -fdata-sections -fPIC -g -gdwarf-4 -fno-omit-frame-pointer -m64 -Wall" LDFLAGS="-O0 -ffunction-sections -fdata-sections -fPIC -g -gdwarf-4 -fno-omit-frame-pointer -m64 -Wall" "sh" "/opt/rustwide/target/debug/build/tikv-jemalloc-sys/394e9fb71454f4e6/out/build/configure" "--with-version=5.3.0-1-ge13ca993e8ccb9ba9847cc330696e02839f328f7" "--disable-cxx" "--enable-doc=no" "--enable-shared=no" "--with-private-namespace=_rjem_" "--enable-stats" "--host=x86_64-unknown-linux-gnu" "--build=x86_64-unknown-linux-gnu" "--prefix=/opt/rustwide/target/debug/build/tikv-jemalloc-sys/394e9fb71454f4e6/out"
[INFO] [stderr]   checking for xsltproc... false
[INFO] [stderr]   checking for x86_64-unknown-linux-gnu-gcc... cc
[INFO] [stderr]   checking whether the C compiler works... yes
[INFO] [stderr]   checking for C compiler default output file name... a.out
[INFO] [stderr]   checking for suffix of executables... 
[INFO] [stderr]   checking whether we are cross compiling... no
[INFO] [stderr]   checking for suffix of object files... o
[INFO] [stderr]   checking whether we are using the GNU C compiler... yes
[INFO] [stderr]   checking whether cc accepts -g... yes
[INFO] [stderr]   checking for cc option to accept ISO C89... none needed
[INFO] [stderr]   checking whether compiler is cray... no
[INFO] [stderr]   checking whether compiler supports -std=gnu11... yes
[INFO] [stderr]   checking whether compiler supports -Werror=unknown-warning-option... no
[INFO] [stderr]   checking whether compiler supports -Wall... yes
[INFO] [stderr]   checking whether compiler supports -Wextra... yes
[INFO] [stderr]   checking whether compiler supports -Wshorten-64-to-32... no
[INFO] [stderr]   checking whether compiler supports -Wsign-compare... yes
[INFO] [stderr]   checking whether compiler supports -Wundef... yes
[INFO] [stderr]   checking whether compiler supports -Wno-format-zero-length... yes
[INFO] [stderr]   checking whether compiler supports -Wpointer-arith... yes
[INFO] [stderr]   checking whether compiler supports -Wno-missing-braces... yes
[INFO] [stderr]   checking whether compiler supports -Wno-missing-field-initializers... yes
[INFO] [stderr]   checking whether compiler supports -Wno-missing-attributes... yes
[INFO] [stderr]   checking whether compiler supports -pipe... yes
[INFO] [stderr]   checking whether compiler supports -g3... yes
[INFO] [stderr]   checking how to run the C preprocessor... cc -E
[INFO] [stderr]   checking for grep that handles long lines and -e... /usr/bin/grep
[INFO] [stderr]   checking for egrep... /usr/bin/grep -E
[INFO] [stderr]   checking for ANSI C header files... yes
[INFO] [stderr]   checking for sys/types.h... yes
[INFO] [stderr]   checking for sys/stat.h... yes
[INFO] [stderr]   checking for stdlib.h... yes
[INFO] [stderr]   checking for string.h... yes
[INFO] [stderr]   checking for memory.h... yes
[INFO] [stderr]   checking for strings.h... yes
[INFO] [stderr]   checking for inttypes.h... yes
[INFO] [stderr]   checking for stdint.h... yes
[INFO] [stderr]   checking for unistd.h... yes
[INFO] [stderr]   checking whether byte ordering is bigendian... no
[INFO] [stderr]   checking size of void *... 8
[INFO] [stderr]   checking size of int... 4
[INFO] [stderr]   checking size of long... 8
[INFO] [stderr]   checking size of long long... 8
[INFO] [stderr]   checking size of intmax_t... 8
[INFO] [stderr]   checking build system type... x86_64-unknown-linux-gnu
[INFO] [stderr]   checking host system type... x86_64-unknown-linux-gnu
[INFO] [stderr]   checking whether pause instruction is compilable... yes
[INFO] [stderr]   checking number of significant virtual address bits... 48
[INFO] [stderr]   checking for x86_64-unknown-linux-gnu-ar... no
[INFO] [stderr]   checking for ar... ar
[INFO] [stderr]   checking for x86_64-unknown-linux-gnu-nm... no
[INFO] [stderr]   checking for nm... nm
[INFO] [stderr]   checking for gawk... no
[INFO] [stderr]   checking for mawk... mawk
[INFO] [stderr]   checking malloc.h usability... yes
[INFO] [stderr]   checking malloc.h presence... yes
[INFO] [stderr]   checking for malloc.h... yes
[INFO] [stderr]   checking whether malloc_usable_size definition can use const argument... no
[INFO] [stderr]   checking for library containing log... -lm
[INFO] [stderr]   checking whether __attribute__ syntax is compilable... yes
[INFO] [stderr]   checking whether compiler supports -fvisibility=hidden... yes
[INFO] [stderr]   checking whether compiler supports -fvisibility=hidden... no
[INFO] [stderr]   checking whether compiler supports -Werror... yes
[INFO] [stderr]   checking whether compiler supports -herror_on_warning... no
[INFO] [stderr]   checking whether tls_model attribute is compilable... yes
[INFO] [stderr]   checking whether compiler supports -Werror... yes
[INFO] [stderr]   checking whether compiler supports -herror_on_warning... no
[INFO] [stderr]   checking whether alloc_size attribute is compilable... yes
[INFO] [stderr]   checking whether compiler supports -Werror... yes
[INFO] [stderr]   checking whether compiler supports -herror_on_warning... no
[INFO] [stderr]   checking whether format(gnu_printf, ...) attribute is compilable... yes
[INFO] [stderr]   checking whether compiler supports -Werror... yes
[INFO] [stderr]   checking whether compiler supports -herror_on_warning... no
[INFO] [stderr]   checking whether format(printf, ...) attribute is compilable... yes
[INFO] [stderr]   checking whether compiler supports -Werror... yes
[INFO] [stderr]   checking whether compiler supports -herror_on_warning... no
[INFO] [stderr]   checking whether format(printf, ...) attribute is compilable... yes
[INFO] [stderr]   checking whether compiler supports -Wimplicit-fallthrough... yes
[INFO] [stderr]   checking whether fallthrough attribute is compilable... yes
[INFO] [stderr]   checking whether compiler supports -Wimplicit-fallthrough... yes
[INFO] [stderr]   checking whether compiler supports -Wimplicit-fallthrough... no
[INFO] [stderr]   checking whether compiler supports -Werror... yes
[INFO] [stderr]   checking whether compiler supports -herror_on_warning... no
[INFO] [stderr]   checking whether cold attribute is compilable... yes
[INFO] [stderr]   checking whether vm_make_tag is compilable... no
[INFO] [stderr]   checking for a BSD-compatible install... /usr/bin/install -c
[INFO] [stderr]   checking for x86_64-unknown-linux-gnu-ranlib... no
[INFO] [stderr]   checking for ranlib... ranlib
[INFO] [stderr]   checking for ld... /usr/bin/ld
[INFO] [stderr]   checking for autoconf... /usr/bin/autoconf
[INFO] [stderr]   checking for memalign... yes
[INFO] [stderr]   checking for valloc... yes
[INFO] [stderr]   checking for malloc_size... no
[INFO] [stderr]   checking for __libc_calloc... yes
[INFO] [stderr]   checking for __libc_free... yes
[INFO] [stderr]   checking for __libc_malloc... yes
[INFO] [stderr]   checking for __libc_memalign... yes
[INFO] [stderr]   checking for __libc_realloc... yes
[INFO] [stderr]   checking for __libc_valloc... yes
[INFO] [stderr]   checking for __posix_memalign... no
[INFO] [stderr]   checking whether compiler supports -O3... yes
[INFO] [stderr]   checking whether compiler supports -O3... no
[INFO] [stderr]   checking whether compiler supports -funroll-loops... yes
[INFO] [stderr]   checking configured backtracing method... N/A
[INFO] [stderr]   checking for sbrk... yes
[INFO] [stderr]   checking whether utrace(2) is compilable... no
[INFO] [stderr]   checking whether utrace(2) with label is compilable... no
[INFO] [stderr]   checking whether a program using __builtin_unreachable is compilable... yes
[INFO] [stderr]   checking whether a program using __builtin_ffsl is compilable... yes
[INFO] [stderr]   checking whether a program using __builtin_popcountl is compilable... yes
[INFO] [stderr]   checking LG_PAGE... 12
[INFO] [stderr]   checking pthread.h usability... yes
[INFO] [stderr]   checking pthread.h presence... yes
[INFO] [stderr]   checking for pthread.h... yes
[INFO] [stderr]   checking for pthread_create in -lpthread... yes
[INFO] [stderr]   checking dlfcn.h usability... yes
[INFO] [stderr]   checking dlfcn.h presence... yes
[INFO] [stderr]   checking for dlfcn.h... yes
[INFO] [stderr]   checking for dlsym... yes
[INFO] [stderr]   checking whether pthread_atfork(3) is compilable... yes
[INFO] [stderr]   checking whether pthread_setname_np(3) is compilable... yes
[INFO] [stderr]   checking whether pthread_getname_np(3) is compilable... yes
[INFO] [stderr]   checking whether pthread_get_name_np(3) is compilable... no
[INFO] [stderr]   checking for library containing clock_gettime... none required
[INFO] [stderr]   checking whether clock_gettime(CLOCK_MONOTONIC_COARSE, ...) is compilable... yes
[INFO] [stderr]   checking whether clock_gettime(CLOCK_MONOTONIC, ...) is compilable... yes
[INFO] [stderr]   checking whether mach_absolute_time() is compilable... no
[INFO] [stderr]   checking whether clock_gettime(CLOCK_REALTIME, ...) is compilable... yes
[INFO] [stderr]   checking whether compiler supports -Werror... yes
[INFO] [stderr]   checking whether syscall(2) is compilable... yes
[INFO] [stderr]   checking for secure_getenv... yes
[INFO] [stderr]   checking for sched_getcpu... yes
[INFO] [stderr]   checking for sched_setaffinity... yes
[INFO] [stderr]   checking for issetugid... no
[INFO] [stderr]   checking for _malloc_thread_cleanup... no
[INFO] [stderr]   checking for _pthread_mutex_init_calloc_cb... no
[INFO] [stderr]   checking for memcntl... no
[INFO] [stderr]   checking for TLS... yes
[INFO] [stderr]   checking whether C11 atomics is compilable... yes
[INFO] [stderr]   checking whether GCC __atomic atomics is compilable... yes
[INFO] [stderr]   checking whether GCC 8-bit __atomic atomics is compilable... yes
[INFO] [stderr]   checking whether GCC __sync atomics is compilable... yes
[INFO] [stderr]   checking whether GCC 8-bit __sync atomics is compilable... yes
[INFO] [stderr]   checking whether Darwin OSAtomic*() is compilable... no
[INFO] [stderr]   checking whether madvise(2) is compilable... yes
[INFO] [stderr]   checking whether madvise(..., MADV_FREE) is compilable... yes
[INFO] [stderr]   checking whether madvise(..., MADV_DONTNEED) is compilable... yes
[INFO] [stderr]   checking whether madvise(..., MADV_DO[NT]DUMP) is compilable... yes
[INFO] [stderr]   checking whether madvise(..., MADV_[NO]HUGEPAGE) is compilable... yes
[INFO] [stderr]   checking whether madvise(..., MADV_[NO]CORE) is compilable... no
[INFO] [stderr]   checking whether mprotect(2) is compilable... yes
[INFO] [stderr]   checking for __builtin_clz... yes
[INFO] [stderr]   checking whether Darwin os_unfair_lock_*() is compilable... no
[INFO] [stderr]   checking whether glibc malloc hook is compilable... no
[INFO] [stderr]   checking whether glibc memalign hook is compilable... no
[INFO] [stderr]   checking whether pthreads adaptive mutexes is compilable... yes
[INFO] [stderr]   checking whether compiler supports -D_GNU_SOURCE... yes
[INFO] [stderr]   checking whether compiler supports -Werror... yes
[INFO] [stderr]   checking whether compiler supports -herror_on_warning... no
[INFO] [stderr]   checking whether strerror_r returns char with gnu source is compilable... yes
[INFO] [stderr]   checking for stdbool.h that conforms to C99... yes
[INFO] [stderr]   checking for _Bool... yes
[INFO] [stderr]   configure: creating ./config.status
[INFO] [stderr]   config.status: creating Makefile
[INFO] [stderr]   config.status: creating jemalloc.pc
[INFO] [stderr]   config.status: creating doc/html.xsl
[INFO] [stderr]   config.status: creating doc/manpages.xsl
[INFO] [stderr]   config.status: creating doc/jemalloc.xml
[INFO] [stderr]   config.status: creating include/jemalloc/jemalloc_macros.h
[INFO] [stderr]   config.status: creating include/jemalloc/jemalloc_protos.h
[INFO] [stderr]   config.status: creating include/jemalloc/jemalloc_typedefs.h
[INFO] [stderr]   config.status: creating include/jemalloc/internal/jemalloc_preamble.h
[INFO] [stderr]   config.status: creating test/test.sh
[INFO] [stderr]   config.status: creating test/include/test/jemalloc_test.h
[INFO] [stderr]   config.status: creating config.stamp
[INFO] [stderr]   config.status: creating bin/jemalloc-config
[INFO] [stderr]   config.status: creating bin/jemalloc.sh
[INFO] [stderr]   config.status: creating bin/jeprof
[INFO] [stderr]   config.status: creating include/jemalloc/jemalloc_defs.h
[INFO] [stderr]   config.status: creating include/jemalloc/internal/jemalloc_internal_defs.h
[INFO] [stderr]   config.status: creating test/include/test/jemalloc_test_defs.h
[INFO] [stderr]   config.status: executing include/jemalloc/internal/public_symbols.txt commands
[INFO] [stderr]   config.status: executing include/jemalloc/internal/private_symbols.awk commands
[INFO] [stderr]   config.status: executing include/jemalloc/internal/private_symbols_jet.awk commands
[INFO] [stderr]   config.status: executing include/jemalloc/internal/public_namespace.h commands
[INFO] [stderr]   config.status: executing include/jemalloc/internal/public_unnamespace.h commands
[INFO] [stderr]   config.status: executing include/jemalloc/jemalloc_protos_jet.h commands
[INFO] [stderr]   config.status: executing include/jemalloc/jemalloc_rename.h commands
[INFO] [stderr]   config.status: executing include/jemalloc/jemalloc_mangle.h commands
[INFO] [stderr]   config.status: executing include/jemalloc/jemalloc_mangle_jet.h commands
[INFO] [stderr]   config.status: executing include/jemalloc/jemalloc.h commands
[INFO] [stderr]   ===============================================================================
[INFO] [stderr]   jemalloc version   : 5.3.0-1-ge13ca993e8ccb9ba9847cc330696e02839f328f7
[INFO] [stderr]   library revision   : 2
[INFO] [stderr] 
[INFO] [stderr]   CONFIG             : --with-version=5.3.0-1-ge13ca993e8ccb9ba9847cc330696e02839f328f7 --disable-cxx --enable-doc=no --enable-shared=no --with-private-namespace=_rjem_ --enable-stats --host=x86_64-unknown-linux-gnu --build=x86_64-unknown-linux-gnu --prefix=/opt/rustwide/target/debug/build/tikv-jemalloc-sys/394e9fb71454f4e6/out build_alias=x86_64-unknown-linux-gnu host_alias=x86_64-unknown-linux-gnu CC=cc 'CFLAGS=-O0 -ffunction-sections -fdata-sections -fPIC -g -gdwarf-4 -fno-omit-frame-pointer -m64 -Wall' 'LDFLAGS=-O0 -ffunction-sections -fdata-sections -fPIC -g -gdwarf-4 -fno-omit-frame-pointer -m64 -Wall' 'CPPFLAGS=-O0 -ffunction-sections -fdata-sections -fPIC -g -gdwarf-4 -fno-omit-frame-pointer -m64 -Wall'
[INFO] [stderr]   CC                 : cc
[INFO] [stderr]   CONFIGURE_CFLAGS   : -std=gnu11 -Wall -Wextra -Wsign-compare -Wundef -Wno-format-zero-length -Wpointer-arith -Wno-missing-braces -Wno-missing-field-initializers -Wno-missing-attributes -pipe -g3 -fvisibility=hidden -Wimplicit-fallthrough -O3 -funroll-loops
[INFO] [stderr]   SPECIFIED_CFLAGS   : -O0 -ffunction-sections -fdata-sections -fPIC -g -gdwarf-4 -fno-omit-frame-pointer -m64 -Wall
[INFO] [stderr]   EXTRA_CFLAGS       : 
[INFO] [stderr]   CPPFLAGS           : -O0 -ffunction-sections -fdata-sections -fPIC -g -gdwarf-4 -fno-omit-frame-pointer -m64 -Wall -D_GNU_SOURCE -D_REENTRANT
[INFO] [stderr]   CXX                : 
[INFO] [stderr]   CONFIGURE_CXXFLAGS : 
[INFO] [stderr]   SPECIFIED_CXXFLAGS : 
[INFO] [stderr]   EXTRA_CXXFLAGS     : 
[INFO] [stderr]   LDFLAGS            : -O0 -ffunction-sections -fdata-sections -fPIC -g -gdwarf-4 -fno-omit-frame-pointer -m64 -Wall
[INFO] [stderr]   EXTRA_LDFLAGS      : 
[INFO] [stderr]   DSO_LDFLAGS        : -shared -Wl,-soname,$(@F)
[INFO] [stderr]   LIBS               : -lm  -pthread
[INFO] [stderr]   RPATH_EXTRA        : 
[INFO] [stderr] 
[INFO] [stderr]   XSLTPROC           : false
[INFO] [stderr]   XSLROOT            : 
[INFO] [stderr] 
[INFO] [stderr]   PREFIX             : /opt/rustwide/target/debug/build/tikv-jemalloc-sys/394e9fb71454f4e6/out
[INFO] [stderr]   BINDIR             : /opt/rustwide/target/debug/build/tikv-jemalloc-sys/394e9fb71454f4e6/out/bin
[INFO] [stderr]   DATADIR            : /opt/rustwide/target/debug/build/tikv-jemalloc-sys/394e9fb71454f4e6/out/share
[INFO] [stderr]   INCLUDEDIR         : /opt/rustwide/target/debug/build/tikv-jemalloc-sys/394e9fb71454f4e6/out/include
[INFO] [stderr]   LIBDIR             : /opt/rustwide/target/debug/build/tikv-jemalloc-sys/394e9fb71454f4e6/out/lib
[INFO] [stderr]   MANDIR             : /opt/rustwide/target/debug/build/tikv-jemalloc-sys/394e9fb71454f4e6/out/share/man
[INFO] [stderr] 
[INFO] [stderr]   srcroot            : 
[INFO] [stderr]   abs_srcroot        : /opt/rustwide/target/debug/build/tikv-jemalloc-sys/394e9fb71454f4e6/out/build/
[INFO] [stderr]   objroot            : 
[INFO] [stderr]   abs_objroot        : /opt/rustwide/target/debug/build/tikv-jemalloc-sys/394e9fb71454f4e6/out/build/
[INFO] [stderr] 
[INFO] [stderr]   JEMALLOC_PREFIX    : 
[INFO] [stderr]   JEMALLOC_PRIVATE_NAMESPACE
[INFO] [stderr]                      : _rjem_je_
[INFO] [stderr]   install_suffix     : 
[INFO] [stderr]   malloc_conf        : 
[INFO] [stderr]   documentation      : 0
[INFO] [stderr]   shared libs        : 0
[INFO] [stderr]   static libs        : 1
[INFO] [stderr]   autogen            : 0
[INFO] [stderr]   debug              : 0
[INFO] [stderr]   stats              : 1
[INFO] [stderr]   experimental_smallocx : 0
[INFO] [stderr]   prof               : 0
[INFO] [stderr]   prof-libunwind     : 0
[INFO] [stderr]   prof-libgcc        : 0
[INFO] [stderr]   prof-gcc           : 0
[INFO] [stderr]   fill               : 1
[INFO] [stderr]   utrace             : 0
[INFO] [stderr]   xmalloc            : 0
[INFO] [stderr]   log                : 0
[INFO] [stderr]   lazy_lock          : 0
[INFO] [stderr]   cache-oblivious    : 1
[INFO] [stderr]   cxx                : 0
[INFO] [stderr]   ===============================================================================
[INFO] [stderr]   running: cd "/opt/rustwide/target/debug/build/tikv-jemalloc-sys/394e9fb71454f4e6/out/build" && MAKEFLAGS="-j --jobserver-fds=4,5 --jobserver-auth=4,5" "make"
[INFO] [stderr]   cc -std=gnu11 -Wall -Wextra -Wsign-compare -Wundef -Wno-format-zero-length -Wpointer-arith -Wno-missing-braces -Wno-missing-field-initializers -Wno-missing-attributes -pipe -g3 -fvisibility=hidden -Wimplicit-fallthrough -O3 -funroll-loops -O0 -ffunction-sections -fdata-sections -fPIC -g -gdwarf-4 -fno-omit-frame-pointer -m64 -Wall -c -O0 -ffunction-sections -fdata-sections -fPIC -g -gdwarf-4 -fno-omit-frame-pointer -m64 -Wall -D_GNU_SOURCE -D_REENTRANT -Iinclude -Iinclude -DJEMALLOC_NO_PRIVATE_NAMESPACE -o src/jemalloc.sym.o src/jemalloc.c
[INFO] [stderr]   cc -std=gnu11 -Wall -Wextra -Wsign-compare -Wundef -Wno-format-zero-length -Wpointer-arith -Wno-missing-braces -Wno-missing-field-initializers -Wno-missing-attributes -pipe -g3 -fvisibility=hidden -Wimplicit-fallthrough -O3 -funroll-loops -O0 -ffunction-sections -fdata-sections -fPIC -g -gdwarf-4 -fno-omit-frame-pointer -m64 -Wall -c -O0 -ffunction-sections -fdata-sections -fPIC -g -gdwarf-4 -fno-omit-frame-pointer -m64 -Wall -D_GNU_SOURCE -D_REENTRANT -Iinclude -Iinclude -DJEMALLOC_NO_PRIVATE_NAMESPACE -o src/arena.sym.o src/arena.c
[INFO] [stderr] 
[INFO] [stderr]   --- stderr
[INFO] [stderr]   Assembler messages:
[INFO] [stderr]   {standard input}:550413: Warning: end of file not at end of a line; newline inserted
[INFO] [stderr]   {standard input}: Error: open CFI at the end of file; missing .cfi_endproc directive
[INFO] [stderr]   cc: fatal error: Killed signal terminated program cc1
[INFO] [stderr]   compilation terminated.
[INFO] [stderr]   make: *** [Makefile:479: src/jemalloc.sym.o] Error 1
[INFO] [stderr]   make: *** Waiting for unfinished jobs....
[INFO] [stderr] 
[INFO] [stderr]   thread 'main' (12274) panicked at /opt/rustwide/cargo-home/registry/src/index.crates.io-1949cf8c6b5b557f/tikv-jemalloc-sys-0.6.1+5.3.0-1-ge13ca993e8ccb9ba9847cc330696e02839f328f7/build.rs:411:9:
[INFO] [stderr]   command did not execute successfully: cd "/opt/rustwide/target/debug/build/tikv-jemalloc-sys/394e9fb71454f4e6/out/build" && MAKEFLAGS="-j --jobserver-fds=4,5 --jobserver-auth=4,5" "make"
[INFO] [stderr]   expected success, got: exit status: 2
[INFO] [stderr]   stack backtrace:
[INFO] [stderr]      0:     0x63d9660f8931 - std[3164a59e47d3bde]::backtrace_rs::backtrace::libunwind::trace
[INFO] [stderr]                                  at /rustc/3154cc1a3e6424e44f438a95007d043ed5ceaaf6/library/std/src/../../backtrace/src/backtrace/libunwind.rs:117:9
[INFO] [stderr]      1:     0x63d9660f8931 - std[3164a59e47d3bde]::backtrace_rs::backtrace::trace_unsynchronized::<std[3164a59e47d3bde]::sys::backtrace::_print_fmt::{closure#1}>
[INFO] [stderr]                                  at /rustc/3154cc1a3e6424e44f438a95007d043ed5ceaaf6/library/std/src/../../backtrace/src/backtrace/mod.rs:66:14
[INFO] [stderr]      2:     0x63d9660f8931 - std[3164a59e47d3bde]::sys::backtrace::_print_fmt
[INFO] [stderr]                                  at /rustc/3154cc1a3e6424e44f438a95007d043ed5ceaaf6/library/std/src/sys/backtrace.rs:74:9
[INFO] [stderr]      3:     0x63d9660f8931 - <<std[3164a59e47d3bde]::sys::backtrace::BacktraceLock>::print::DisplayBacktrace as core[934024a1e6126fb4]::fmt::Display>::fmt
[INFO] [stderr]                                  at /rustc/3154cc1a3e6424e44f438a95007d043ed5ceaaf6/library/std/src/sys/backtrace.rs:44:26
[INFO] [stderr]      4:     0x63d96610e5ca - <core[934024a1e6126fb4]::fmt::rt::Argument>::fmt
[INFO] [stderr]                                  at /rustc/3154cc1a3e6424e44f438a95007d043ed5ceaaf6/library/core/src/fmt/rt.rs:152:76
[INFO] [stderr]      5:     0x63d96610e5ca - core[934024a1e6126fb4]::fmt::write
[INFO] [stderr]      6:     0x63d9660ff04c - core[934024a1e6126fb4]::io::write::default_write_fmt::<std[3164a59e47d3bde]::sys::stdio::unix::Stderr>
[INFO] [stderr]                                  at /rustc/3154cc1a3e6424e44f438a95007d043ed5ceaaf6/library/core/src/io/write.rs:402:11
[INFO] [stderr]      7:     0x63d9660ff04c - <std[3164a59e47d3bde]::sys::stdio::unix::Stderr as core[934024a1e6126fb4]::io::write::Write>::write_fmt
[INFO] [stderr]                                  at /rustc/3154cc1a3e6424e44f438a95007d043ed5ceaaf6/library/core/src/io/write.rs:335:13
[INFO] [stderr]      8:     0x63d9660d16c6 - <std[3164a59e47d3bde]::sys::backtrace::BacktraceLock>::print
[INFO] [stderr]                                  at /rustc/3154cc1a3e6424e44f438a95007d043ed5ceaaf6/library/std/src/sys/backtrace.rs:47:9
[INFO] [stderr]      9:     0x63d9660d16c6 - std[3164a59e47d3bde]::panicking::default_hook::{closure#0}
[INFO] [stderr]                                  at /rustc/3154cc1a3e6424e44f438a95007d043ed5ceaaf6/library/std/src/panicking.rs:289:27
[INFO] [stderr]     10:     0x63d9660ef8a1 - std[3164a59e47d3bde]::panicking::default_hook
[INFO] [stderr]                                  at /rustc/3154cc1a3e6424e44f438a95007d043ed5ceaaf6/library/std/src/panicking.rs:316:9
[INFO] [stderr]     11:     0x63d9660efa5b - std[3164a59e47d3bde]::panicking::panic_with_hook
[INFO] [stderr]                                  at /rustc/3154cc1a3e6424e44f438a95007d043ed5ceaaf6/library/std/src/panicking.rs:811:13
[INFO] [stderr]     12:     0x63d9660d1772 - std[3164a59e47d3bde]::panicking::panic_handler::{closure#0}
[INFO] [stderr]                                  at /rustc/3154cc1a3e6424e44f438a95007d043ed5ceaaf6/library/std/src/panicking.rs:685:13
[INFO] [stderr]     13:     0x63d9660ca259 - std[3164a59e47d3bde]::sys::backtrace::__rust_end_short_backtrace::<std[3164a59e47d3bde]::panicking::panic_handler::{closure#0}, !>
[INFO] [stderr]                                  at /rustc/3154cc1a3e6424e44f438a95007d043ed5ceaaf6/library/std/src/sys/backtrace.rs:182:18
[INFO] [stderr]     14:     0x63d9660d245d - __rustc[2e7b49d4226056d3]::rust_begin_unwind
[INFO] [stderr]                                  at /rustc/3154cc1a3e6424e44f438a95007d043ed5ceaaf6/library/std/src/panicking.rs:676:5
[INFO] [stderr]     15:     0x63d96610edbc - core[934024a1e6126fb4]::panicking::panic_fmt
[INFO] [stderr]                                  at /rustc/3154cc1a3e6424e44f438a95007d043ed5ceaaf6/library/core/src/panicking.rs:80:14
[INFO] [stderr]     16:     0x63d96602883f - build_script_build[326b64792453102f]::execute::<build_script_build[326b64792453102f]::run::{closure#0}>
[INFO] [stderr]     17:     0x63d96602c71e - build_script_build[326b64792453102f]::run
[INFO] [stderr]     18:     0x63d96602fe3f - build_script_build[326b64792453102f]::main
[INFO] [stderr]     19:     0x63d966032c63 - <fn() as core[934024a1e6126fb4]::ops::function::FnOnce<()>>::call_once
[INFO] [stderr]     20:     0x63d96602ac8e - std[3164a59e47d3bde]::sys::backtrace::__rust_begin_short_backtrace::<fn(), ()>
[INFO] [stderr]     21:     0x63d96602b289 - std[3164a59e47d3bde]::rt::lang_start::<()>::{closure#0}
[INFO] [stderr]     22:     0x63d9660eeba8 - <&dyn core[934024a1e6126fb4]::ops::function::Fn<(), Output = i32> + core[934024a1e6126fb4]::marker::Sync + core[934024a1e6126fb4]::panic::unwind_safe::RefUnwindSafe as core[934024a1e6126fb4]::ops::function::FnOnce<()>>::call_once
[INFO] [stderr]                                  at /rustc/3154cc1a3e6424e44f438a95007d043ed5ceaaf6/library/core/src/ops/function.rs:287:21
[INFO] [stderr]     23:     0x63d9660eeba8 - std[3164a59e47d3bde]::panicking::catch_unwind::do_call::<&dyn core[934024a1e6126fb4]::ops::function::Fn<(), Output = i32> + core[934024a1e6126fb4]::marker::Sync + core[934024a1e6126fb4]::panic::unwind_safe::RefUnwindSafe, i32>
[INFO] [stderr]                                  at /rustc/3154cc1a3e6424e44f438a95007d043ed5ceaaf6/library/std/src/panicking.rs:573:43
[INFO] [stderr]     24:     0x63d9660eeba8 - std[3164a59e47d3bde]::panicking::catch_unwind::<i32, &dyn core[934024a1e6126fb4]::ops::function::Fn<(), Output = i32> + core[934024a1e6126fb4]::marker::Sync + core[934024a1e6126fb4]::panic::unwind_safe::RefUnwindSafe>
[INFO] [stderr]                                  at /rustc/3154cc1a3e6424e44f438a95007d043ed5ceaaf6/library/std/src/panicking.rs:541:19
[INFO] [stderr]     25:     0x63d9660eeba8 - std[3164a59e47d3bde]::panic::catch_unwind::<&dyn core[934024a1e6126fb4]::ops::function::Fn<(), Output = i32> + core[934024a1e6126fb4]::marker::Sync + core[934024a1e6126fb4]::panic::unwind_safe::RefUnwindSafe, i32>
[INFO] [stderr]                                  at /rustc/3154cc1a3e6424e44f438a95007d043ed5ceaaf6/library/std/src/panic.rs:359:14
[INFO] [stderr]     26:     0x63d9660eeba8 - std[3164a59e47d3bde]::rt::lang_start_internal::{closure#0}
[INFO] [stderr]                                  at /rustc/3154cc1a3e6424e44f438a95007d043ed5ceaaf6/library/std/src/rt.rs:175:24
[INFO] [stderr]     27:     0x63d9660eeba8 - std[3164a59e47d3bde]::panicking::catch_unwind::do_call::<std[3164a59e47d3bde]::rt::lang_start_internal::{closure#0}, isize>
[INFO] [stderr]                                  at /rustc/3154cc1a3e6424e44f438a95007d043ed5ceaaf6/library/std/src/panicking.rs:573:43
[INFO] [stderr]     28:     0x63d9660eeba8 - std[3164a59e47d3bde]::panicking::catch_unwind::<isize, std[3164a59e47d3bde]::rt::lang_start_internal::{closure#0}>
[INFO] [stderr]                                  at /rustc/3154cc1a3e6424e44f438a95007d043ed5ceaaf6/library/std/src/panicking.rs:541:19
[INFO] [stderr]     29:     0x63d9660eeba8 - std[3164a59e47d3bde]::panic::catch_unwind::<std[3164a59e47d3bde]::rt::lang_start_internal::{closure#0}, isize>
[INFO] [stderr]                                  at /rustc/3154cc1a3e6424e44f438a95007d043ed5ceaaf6/library/std/src/panic.rs:359:14
[INFO] [stderr]     30:     0x63d9660eeba8 - std[3164a59e47d3bde]::rt::lang_start_internal
[INFO] [stderr]                                  at /rustc/3154cc1a3e6424e44f438a95007d043ed5ceaaf6/library/std/src/rt.rs:171:5
[INFO] [stderr]     31:     0x63d96602ac81 - std[3164a59e47d3bde]::rt::lang_start::<()>
[INFO] [stderr]     32:     0x63d966032cd5 - main
[INFO] [stderr]     33:     0x7b6c3f276601 - <unknown>
[INFO] [stderr]     34:     0x7b6c3f276718 - __libc_start_main
[INFO] [stderr]     35:     0x63d966027945 - _start
[INFO] [stderr]     36:                0x0 - <unknown>
[INFO] [stderr] error: failed to run custom build command for `protobuf-src v1.1.0+21.5`
[INFO] [stderr] note: To improve backtraces for build dependencies, set the CARGO_PROFILE_DEV_BUILD_OVERRIDE_DEBUG=true environment variable to enable debug information generation.
[INFO] [stderr] 
[INFO] [stderr] Caused by:
[INFO] [stderr]   process didn't exit successfully: `/opt/rustwide/target/debug/build/protobuf-src/ab583b7105e0fd8e/out/build_script_build` (exit status: 101)
[INFO] [stderr]   --- stdout
[INFO] [stderr]   running: cd "/opt/rustwide/target/debug/build/protobuf-src/282e7ff8acc5990e/out/install/build" && CC="cc" CFLAGS="-O0 -ffunction-sections -fdata-sections -fPIC -g -gdwarf-4 -fno-omit-frame-pointer -m64 -w" CXX="c++" CXXFLAGS="-O0 -ffunction-sections -fdata-sections -fPIC -g -gdwarf-4 -fno-omit-frame-pointer -m64 -w" LC_ALL="C" "sh" "-c" "exec \"$0\" \"$@\"" "/opt/rustwide/cargo-home/registry/src/index.crates.io-1949cf8c6b5b557f/protobuf-src-1.1.0+21.5/protobuf/configure" "--prefix=/opt/rustwide/target/debug/build/protobuf-src/282e7ff8acc5990e/out/install" "--disable-shared" "--enable-static" "--disable-maintainer-mode"
[INFO] [stderr]   checking whether to enable maintainer-specific portions of Makefiles... no
[INFO] [stderr]   checking build system type... x86_64-pc-linux-gnu
[INFO] [stderr]   checking host system type... x86_64-pc-linux-gnu
[INFO] [stderr]   checking target system type... x86_64-pc-linux-gnu
[INFO] [stderr]   checking for a BSD-compatible install... /usr/bin/install -c
[INFO] [stderr]   checking whether build environment is sane... yes
[INFO] [stderr]   checking for a race-free mkdir -p... /usr/bin/mkdir -p
[INFO] [stderr]   checking for gawk... no
[INFO] [stderr]   checking for mawk... mawk
[INFO] [stderr]   checking whether make sets $(MAKE)... yes
[INFO] [stderr]   checking whether make supports nested variables... yes
[INFO] [stderr]   checking whether UID '0' is supported by ustar format... yes
[INFO] [stderr]   checking whether GID '0' is supported by ustar format... yes
[INFO] [stderr]   checking how to create a ustar tar archive... gnutar
[INFO] [stderr]   checking whether make supports nested variables... (cached) yes
[INFO] [stderr]   checking for gcc... cc
[INFO] [stderr]   checking whether the C compiler works... yes
[INFO] [stderr]   checking for C compiler default output file name... a.out
[INFO] [stderr]   checking for suffix of executables... 
[INFO] [stderr]   checking whether we are cross compiling... no
[INFO] [stderr]   checking for suffix of object files... o
[INFO] [stderr]   checking whether the compiler supports GNU C... yes
[INFO] [stderr]   checking whether cc accepts -g... yes
[INFO] [stderr]   checking for cc option to enable C11 features... none needed
[INFO] [stderr]   checking whether cc understands -c and -o together... yes
[INFO] [stderr]   checking whether make supports the include directive... yes (GNU style)
[INFO] [stderr]   checking dependency style of cc... gcc3
[INFO] [stderr]   checking whether the compiler supports GNU C++... yes
[INFO] [stderr]   checking whether c++ accepts -g... yes
[INFO] [stderr]   checking for c++ option to enable C++11 features... none needed
[INFO] [stderr]   checking dependency style of c++... gcc3
[INFO] [stderr]   checking how to run the C preprocessor... cc -E
[INFO] [stderr]   checking for gcc... gcc
[INFO] [stderr]   checking whether the compiler supports GNU C... (cached) yes
[INFO] [stderr]   checking whether gcc accepts -g... yes
[INFO] [stderr]   checking for gcc option to enable C11 features... (cached) none needed
[INFO] [stderr]   checking whether gcc understands -c and -o together... (cached) yes
[INFO] [stderr]   checking dependency style of gcc... (cached) gcc3
[INFO] [stderr]   checking how to run the C preprocessor... gcc -E
[INFO] [stderr]   checking how to run the C++ preprocessor... c++ -E
[INFO] [stderr]   checking for g++... g++
[INFO] [stderr]   checking whether the compiler supports GNU C++... (cached) yes
[INFO] [stderr]   checking whether g++ accepts -g... yes
[INFO] [stderr]   checking for g++ option to enable C++11 features... (cached) none needed
[INFO] [stderr]   checking dependency style of g++... (cached) gcc3
[INFO] [stderr]   checking how to run the C++ preprocessor... g++ -E
[INFO] [stderr]   checking for stdio.h... yes
[INFO] [stderr]   checking for stdlib.h... yes
[INFO] [stderr]   checking for string.h... yes
[INFO] [stderr]   checking for inttypes.h... yes
[INFO] [stderr]   checking for stdint.h... yes
[INFO] [stderr]   checking for strings.h... yes
[INFO] [stderr]   checking for sys/stat.h... yes
[INFO] [stderr]   checking for sys/types.h... yes
[INFO] [stderr]   checking for unistd.h... yes
[INFO] [stderr]   checking for wchar.h... yes
[INFO] [stderr]   checking for minix/config.h... no
[INFO] [stderr]   checking whether it is safe to define __EXTENSIONS__... yes
[INFO] [stderr]   checking whether _XOPEN_SOURCE should be defined... no
[INFO] [stderr]   checking for ar... ar
[INFO] [stderr]   checking the archiver (ar) interface... ar
[INFO] [stderr]   checking C++ compiler flags...... use user-supplied: -O0 -ffunction-sections -fdata-sections -fPIC -g -gdwarf-4 -fno-omit-frame-pointer -m64 -w
[INFO] [stderr]   checking for c++ options needed to detect all undeclared functions... none needed
[INFO] [stderr]   checking whether __SUNPRO_CC is declared... no
[INFO] [stderr]   checking how to print strings... printf
[INFO] [stderr]   checking for a sed that does not truncate output... /usr/bin/sed
[INFO] [stderr]   checking for grep that handles long lines and -e... /usr/bin/grep
[INFO] [stderr]   checking for egrep... /usr/bin/grep -E
[INFO] [stderr]   checking for fgrep... /usr/bin/grep -F
[INFO] [stderr]   checking for ld used by cc... /usr/bin/x86_64-linux-gnu-ld
[INFO] [stderr]   checking if the linker (/usr/bin/x86_64-linux-gnu-ld) is GNU ld... yes
[INFO] [stderr]   checking for BSD- or MS-compatible name lister (nm)... /usr/bin/nm -B
[INFO] [stderr]   checking the name lister (/usr/bin/nm -B) interface... BSD nm
[INFO] [stderr]   checking whether ln -s works... yes
[INFO] [stderr]   checking the maximum length of command line arguments... 1572864
[INFO] [stderr]   checking how to convert x86_64-pc-linux-gnu file names to x86_64-pc-linux-gnu format... func_convert_file_noop
[INFO] [stderr]   checking how to convert x86_64-pc-linux-gnu file names to toolchain format... func_convert_file_noop
[INFO] [stderr]   checking for /usr/bin/x86_64-linux-gnu-ld option to reload object files... -r
[INFO] [stderr]   checking for file... file
[INFO] [stderr]   checking for objdump... objdump
[INFO] [stderr]   checking how to recognize dependent libraries... pass_all
[INFO] [stderr]   checking for dlltool... no
[INFO] [stderr]   checking how to associate runtime and link libraries... printf %s\n
[INFO] [stderr]   checking for archiver @FILE support... @
[INFO] [stderr]   checking for strip... strip
[INFO] [stderr]   checking for ranlib... ranlib
[INFO] [stderr]   checking command to parse /usr/bin/nm -B output from cc object... ok
[INFO] [stderr]   checking for sysroot... no
[INFO] [stderr]   checking for a working dd... /usr/bin/dd
[INFO] [stderr]   checking how to truncate binary pipes... /usr/bin/dd bs=4096 count=1
[INFO] [stderr]   checking for mt... no
[INFO] [stderr]   checking if : is a manifest tool... no
[INFO] [stderr]   checking for dlfcn.h... yes
[INFO] [stderr]   checking for objdir... .libs
[INFO] [stderr]   checking if cc supports -fno-rtti -fno-exceptions... yes
[INFO] [stderr]   checking for cc option to produce PIC... -fPIC -DPIC
[INFO] [stderr]   checking if cc PIC flag -fPIC -DPIC works... yes
[INFO] [stderr]   checking if cc static flag -static works... yes
[INFO] [stderr]   checking if cc supports -c -o file.o... yes
[INFO] [stderr]   checking if cc supports -c -o file.o... (cached) yes
[INFO] [stderr]   checking whether the cc linker (/usr/bin/x86_64-linux-gnu-ld -m elf_x86_64) supports shared libraries... yes
[INFO] [stderr]   checking dynamic linker characteristics... GNU/Linux ld.so
[INFO] [stderr]   checking how to hardcode library paths into programs... immediate
[INFO] [stderr]   checking whether stripping libraries is possible... yes
[INFO] [stderr]   checking if libtool supports shared libraries... yes
[INFO] [stderr]   checking whether to build shared libraries... no
[INFO] [stderr]   checking whether to build static libraries... yes
[INFO] [stderr]   checking how to run the C++ preprocessor... c++ -E
[INFO] [stderr]   checking for ld used by c++... /usr/bin/x86_64-linux-gnu-ld -m elf_x86_64
[INFO] [stderr]   checking if the linker (/usr/bin/x86_64-linux-gnu-ld -m elf_x86_64) is GNU ld... yes
[INFO] [stderr]   checking whether the c++ linker (/usr/bin/x86_64-linux-gnu-ld -m elf_x86_64) supports shared libraries... yes
[INFO] [stderr]   checking for c++ option to produce PIC... -fPIC -DPIC
[INFO] [stderr]   checking if c++ PIC flag -fPIC -DPIC works... yes
[INFO] [stderr]   checking if c++ static flag -static works... yes
[INFO] [stderr]   checking if c++ supports -c -o file.o... yes
[INFO] [stderr]   checking if c++ supports -c -o file.o... (cached) yes
[INFO] [stderr]   checking whether the c++ linker (/usr/bin/x86_64-linux-gnu-ld -m elf_x86_64) supports shared libraries... yes
[INFO] [stderr]   checking dynamic linker characteristics... (cached) GNU/Linux ld.so
[INFO] [stderr]   checking how to hardcode library paths into programs... immediate
[INFO] [stderr]   checking whether the linker supports version scripts... yes
[INFO] [stderr]   checking for egrep... (cached) /usr/bin/grep -E
[INFO] [stderr]   checking for fcntl.h... yes
[INFO] [stderr]   checking for inttypes.h... (cached) yes
[INFO] [stderr]   checking for limits.h... yes
[INFO] [stderr]   checking for stdlib.h... (cached) yes
[INFO] [stderr]   checking for unistd.h... (cached) yes
[INFO] [stderr]   checking for working memcmp... yes
[INFO] [stderr]   checking for working strtod... yes
[INFO] [stderr]   checking for ftruncate... yes
[INFO] [stderr]   checking for memset... yes
[INFO] [stderr]   checking for mkdir... yes
[INFO] [stderr]   checking for strchr... yes
[INFO] [stderr]   checking for strerror... yes
[INFO] [stderr]   checking for strtol... yes
[INFO] [stderr]   checking zlib version... ok (1.2.0.4 or later)
[INFO] [stderr]   checking for library containing zlibVersion... -lz
[INFO] [stderr]   checking whether c++ supports C++11 features by default... yes
[INFO] [stderr]   checking whether -latomic is needed... no
[INFO] [stderr]   checking whether cc is Clang... no
[INFO] [stderr]   checking whether pthreads work with "-pthread" and "-lpthread"... yes
[INFO] [stderr]   checking for joinable pthread attribute... PTHREAD_CREATE_JOINABLE
[INFO] [stderr]   checking whether more special flags are required for pthreads... no
[INFO] [stderr]   checking for PTHREAD_PRIO_INHERIT... yes
[INFO] [stderr]   checking the location of hash_map... <unordered_map>
[INFO] [stderr]   checking whether -llog is needed... no
[INFO] [stderr]   checking that generated files are newer than configure... done
[INFO] [stderr]   configure: creating ./config.status
[INFO] [stderr]   config.status: creating Makefile
[INFO] [stderr]   config.status: creating src/Makefile
[INFO] [stderr]   config.status: creating benchmarks/Makefile
[INFO] [stderr]   config.status: creating conformance/Makefile
[INFO] [stderr]   config.status: creating protobuf.pc
[INFO] [stderr]   config.status: creating protobuf-lite.pc
[INFO] [stderr]   config.status: creating config.h
[INFO] [stderr]   config.status: executing depfiles commands
[INFO] [stderr]   config.status: executing libtool commands
[INFO] [stderr]   === configuring in third_party/googletest (/opt/rustwide/target/debug/build/protobuf-src/282e7ff8acc5990e/out/install/build/third_party/googletest)
[INFO] [stderr]   configure: running /bin/bash /opt/rustwide/cargo-home/registry/src/index.crates.io-1949cf8c6b5b557f/protobuf-src-1.1.0+21.5/protobuf/third_party/googletest/configure --disable-option-checking '--prefix=/opt/rustwide/target/debug/build/protobuf-src/282e7ff8acc5990e/out/install'  '--disable-shared' '--enable-static' '--disable-maintainer-mode' 'CC=cc' 'CFLAGS=-O0 -ffunction-sections -fdata-sections -fPIC -g -gdwarf-4 -fno-omit-frame-pointer -m64 -w' 'CXX=c++' 'CXXFLAGS=-O0 -ffunction-sections -fdata-sections -fPIC -g -gdwarf-4 -fno-omit-frame-pointer -m64 -w' --cache-file=/dev/null --srcdir=/opt/rustwide/cargo-home/registry/src/index.crates.io-1949cf8c6b5b557f/protobuf-src-1.1.0+21.5/protobuf/third_party/googletest
[INFO] [stderr]   checking for a BSD-compatible install... /usr/bin/install -c
[INFO] [stderr]   checking whether build environment is sane... yes
[INFO] [stderr]   checking for a race-free mkdir -p... /usr/bin/mkdir -p
[INFO] [stderr]   checking for gawk... no
[INFO] [stderr]   checking for mawk... mawk
[INFO] [stderr]   checking whether make sets $(MAKE)... yes
[INFO] [stderr]   checking whether make supports nested variables... yes
[INFO] [stderr]   checking that generated files are newer than configure... done
[INFO] [stderr]   configure: creating ./config.status
[INFO] [stderr]   config.status: creating Makefile
[INFO] [stderr]   === configuring in googletest (/opt/rustwide/target/debug/build/protobuf-src/282e7ff8acc5990e/out/install/build/third_party/googletest/googletest)
[INFO] [stderr]   configure: running /bin/bash /opt/rustwide/cargo-home/registry/src/index.crates.io-1949cf8c6b5b557f/protobuf-src-1.1.0+21.5/protobuf/third_party/googletest/googletest/configure --disable-option-checking '--prefix=/opt/rustwide/target/debug/build/protobuf-src/282e7ff8acc5990e/out/install'  '--disable-shared' '--enable-static' '--disable-maintainer-mode' 'CC=cc' 'CFLAGS=-O0 -ffunction-sections -fdata-sections -fPIC -g -gdwarf-4 -fno-omit-frame-pointer -m64 -w' 'CXX=c++' 'CXXFLAGS=-O0 -ffunction-sections -fdata-sections -fPIC -g -gdwarf-4 -fno-omit-frame-pointer -m64 -w' --cache-file=/dev/null --srcdir=/opt/rustwide/cargo-home/registry/src/index.crates.io-1949cf8c6b5b557f/protobuf-src-1.1.0+21.5/protobuf/third_party/googletest/googletest
[INFO] [stderr]   checking for a BSD-compatible install... /usr/bin/install -c
[INFO] [stderr]   checking whether build environment is sane... yes
[INFO] [stderr]   checking for a race-free mkdir -p... /usr/bin/mkdir -p
[INFO] [stderr]   checking for gawk... no
[INFO] [stderr]   checking for mawk... mawk
[INFO] [stderr]   checking whether make sets $(MAKE)... yes
[INFO] [stderr]   checking whether make supports nested variables... yes
[INFO] [stderr]   checking for gcc... cc
[INFO] [stderr]   checking whether the C compiler works... yes
[INFO] [stderr]   checking for C compiler default output file name... a.out
[INFO] [stderr]   checking for suffix of executables... 
[INFO] [stderr]   checking whether we are cross compiling... no
[INFO] [stderr]   checking for suffix of object files... o
[INFO] [stderr]   checking whether the compiler supports GNU C... yes
[INFO] [stderr]   checking whether cc accepts -g... yes
[INFO] [stderr]   checking for cc option to enable C11 features... none needed
[INFO] [stderr]   checking whether cc understands -c and -o together... yes
[INFO] [stderr]   checking whether make supports the include directive... yes (GNU style)
[INFO] [stderr]   checking dependency style of cc... gcc3
[INFO] [stderr]   checking whether the compiler supports GNU C++... yes
[INFO] [stderr]   checking whether c++ accepts -g... yes
[INFO] [stderr]   checking for c++ option to enable C++11 features... none needed
[INFO] [stderr]   checking dependency style of c++... gcc3
[INFO] [stderr]   checking build system type... x86_64-pc-linux-gnu
[INFO] [stderr]   checking host system type... x86_64-pc-linux-gnu
[INFO] [stderr]   checking how to print strings... printf
[INFO] [stderr]   checking for a sed that does not truncate output... /usr/bin/sed
[INFO] [stderr]   checking for grep that handles long lines and -e... /usr/bin/grep
[INFO] [stderr]   checking for egrep... /usr/bin/grep -E
[INFO] [stderr]   checking for fgrep... /usr/bin/grep -F
[INFO] [stderr]   checking for ld used by cc... /usr/bin/x86_64-linux-gnu-ld
[INFO] [stderr]   checking if the linker (/usr/bin/x86_64-linux-gnu-ld) is GNU ld... yes
[INFO] [stderr]   checking for BSD- or MS-compatible name lister (nm)... /usr/bin/nm -B
[INFO] [stderr]   checking the name lister (/usr/bin/nm -B) interface... BSD nm
[INFO] [stderr]   checking whether ln -s works... yes
[INFO] [stderr]   checking the maximum length of command line arguments... 1572864
[INFO] [stderr]   checking how to convert x86_64-pc-linux-gnu file names to x86_64-pc-linux-gnu format... func_convert_file_noop
[INFO] [stderr]   checking how to convert x86_64-pc-linux-gnu file names to toolchain format... func_convert_file_noop
[INFO] [stderr]   checking for /usr/bin/x86_64-linux-gnu-ld option to reload object files... -r
[INFO] [stderr]   checking for file... file
[INFO] [stderr]   checking for objdump... objdump
[INFO] [stderr]   checking how to recognize dependent libraries... pass_all
[INFO] [stderr]   checking for dlltool... no
[INFO] [stderr]   checking how to associate runtime and link libraries... printf %s\n
[INFO] [stderr]   checking for ar... ar
[INFO] [stderr]   checking for archiver @FILE support... @
[INFO] [stderr]   checking for strip... strip
[INFO] [stderr]   checking for ranlib... ranlib
[INFO] [stderr]   checking command to parse /usr/bin/nm -B output from cc object... ok
[INFO] [stderr]   checking for sysroot... no
[INFO] [stderr]   checking for a working dd... /usr/bin/dd
[INFO] [stderr]   checking how to truncate binary pipes... /usr/bin/dd bs=4096 count=1
[INFO] [stderr]   checking for mt... no
[INFO] [stderr]   checking if : is a manifest tool... no
[INFO] [stderr]   checking for stdio.h... yes
[INFO] [stderr]   checking for stdlib.h... yes
[INFO] [stderr]   checking for string.h... yes
[INFO] [stderr]   checking for inttypes.h... yes
[INFO] [stderr]   checking for stdint.h... yes
[INFO] [stderr]   checking for strings.h... yes
[INFO] [stderr]   checking for sys/stat.h... yes
[INFO] [stderr]   checking for sys/types.h... yes
[INFO] [stderr]   checking for unistd.h... yes
[INFO] [stderr]   checking for dlfcn.h... yes
[INFO] [stderr]   checking for objdir... .libs
[INFO] [stderr]   checking if cc supports -fno-rtti -fno-exceptions... yes
[INFO] [stderr]   checking for cc option to produce PIC... -fPIC -DPIC
[INFO] [stderr]   checking if cc PIC flag -fPIC -DPIC works... yes
[INFO] [stderr]   checking if cc static flag -static works... yes
[INFO] [stderr]   checking if cc supports -c -o file.o... yes
[INFO] [stderr]   checking if cc supports -c -o file.o... (cached) yes
[INFO] [stderr]   checking whether the cc linker (/usr/bin/x86_64-linux-gnu-ld -m elf_x86_64) supports shared libraries... yes
[INFO] [stderr]   checking dynamic linker characteristics... GNU/Linux ld.so
[INFO] [stderr]   checking how to hardcode library paths into programs... immediate
[INFO] [stderr]   checking whether stripping libraries is possible... yes
[INFO] [stderr]   checking if libtool supports shared libraries... yes
[INFO] [stderr]   checking whether to build shared libraries... no
[INFO] [stderr]   checking whether to build static libraries... yes
[INFO] [stderr]   checking how to run the C++ preprocessor... c++ -E
[INFO] [stderr]   checking for ld used by c++... /usr/bin/x86_64-linux-gnu-ld -m elf_x86_64
[INFO] [stderr]   checking if the linker (/usr/bin/x86_64-linux-gnu-ld -m elf_x86_64) is GNU ld... yes
[INFO] [stderr]   checking whether the c++ linker (/usr/bin/x86_64-linux-gnu-ld -m elf_x86_64) supports shared libraries... yes
[INFO] [stderr]   checking for c++ option to produce PIC... -fPIC -DPIC
[INFO] [stderr]   checking if c++ PIC flag -fPIC -DPIC works... yes
[INFO] [stderr]   checking if c++ static flag -static works... yes
[INFO] [stderr]   checking if c++ supports -c -o file.o... yes
[INFO] [stderr]   checking if c++ supports -c -o file.o... (cached) yes
[INFO] [stderr]   checking whether the c++ linker (/usr/bin/x86_64-linux-gnu-ld -m elf_x86_64) supports shared libraries... yes
[INFO] [stderr]   checking dynamic linker characteristics... (cached) GNU/Linux ld.so
[INFO] [stderr]   checking how to hardcode library paths into programs... immediate
[INFO] [stderr]   checking for python... :
[INFO] [stderr]   checking for the pthreads library -lpthreads... no
[INFO] [stderr]   checking whether pthreads work without any flags... yes
[INFO] [stderr]   checking for joinable pthread attribute... PTHREAD_CREATE_JOINABLE
[INFO] [stderr]   checking if more special flags are required for pthreads... no
[INFO] [stderr]   checking whether to check for GCC pthread/shared inconsistencies... yes
[INFO] [stderr]   checking whether -pthread is sufficient with -shared... yes
[INFO] [stderr]   checking that generated files are newer than configure... done
[INFO] [stderr]   configure: creating ./config.status
[INFO] [stderr]   config.status: creating Makefile
[INFO] [stderr]   config.status: creating scripts/gtest-config
[INFO] [stderr]   config.status: creating build-aux/config.h
[INFO] [stderr]   config.status: executing depfiles commands
[INFO] [stderr]   config.status: executing libtool commands
[INFO] [stderr]   === configuring in googlemock (/opt/rustwide/target/debug/build/protobuf-src/282e7ff8acc5990e/out/install/build/third_party/googletest/googlemock)
[INFO] [stderr]   configure: running /bin/bash /opt/rustwide/cargo-home/registry/src/index.crates.io-1949cf8c6b5b557f/protobuf-src-1.1.0+21.5/protobuf/third_party/googletest/googlemock/configure --disable-option-checking '--prefix=/opt/rustwide/target/debug/build/protobuf-src/282e7ff8acc5990e/out/install'  '--disable-shared' '--enable-static' '--disable-maintainer-mode' 'CC=cc' 'CFLAGS=-O0 -ffunction-sections -fdata-sections -fPIC -g -gdwarf-4 -fno-omit-frame-pointer -m64 -w' 'CXX=c++' 'CXXFLAGS=-O0 -ffunction-sections -fdata-sections -fPIC -g -gdwarf-4 -fno-omit-frame-pointer -m64 -w' --cache-file=/dev/null --srcdir=/opt/rustwide/cargo-home/registry/src/index.crates.io-1949cf8c6b5b557f/protobuf-src-1.1.0+21.5/protobuf/third_party/googletest/googlemock
[INFO] [stderr]   checking for a BSD-compatible install... /usr/bin/install -c
[INFO] [stderr]   checking whether build environment is sane... yes
[INFO] [stderr]   checking for a race-free mkdir -p... /usr/bin/mkdir -p
[INFO] [stderr]   checking for gawk... no
[INFO] [stderr]   checking for mawk... mawk
[INFO] [stderr]   checking whether make sets $(MAKE)... yes
[INFO] [stderr]   checking whether make supports nested variables... yes
[INFO] [stderr]   checking for gcc... cc
[INFO] [stderr]   checking whether the C compiler works... yes
[INFO] [stderr]   checking for C compiler default output file name... a.out
[INFO] [stderr]   checking for suffix of executables... 
[INFO] [stderr]   checking whether we are cross compiling... no
[INFO] [stderr]   checking for suffix of object files... o
[INFO] [stderr]   checking whether the compiler supports GNU C... yes
[INFO] [stderr]   checking whether cc accepts -g... yes
[INFO] [stderr]   checking for cc option to enable C11 features... none needed
[INFO] [stderr]   checking whether cc understands -c and -o together... yes
[INFO] [stderr]   checking whether make supports the include directive... yes (GNU style)
[INFO] [stderr]   checking dependency style of cc... gcc3
[INFO] [stderr]   checking whether the compiler supports GNU C++... yes
[INFO] [stderr]   checking whether c++ accepts -g... yes
[INFO] [stderr]   checking for c++ option to enable C++11 features... none needed
[INFO] [stderr]   checking dependency style of c++... gcc3
[INFO] [stderr]   checking build system type... x86_64-pc-linux-gnu
[INFO] [stderr]   checking host system type... x86_64-pc-linux-gnu
[INFO] [stderr]   checking how to print strings... printf
[INFO] [stderr]   checking for a sed that does not truncate output... /usr/bin/sed
[INFO] [stderr]   checking for grep that handles long lines and -e... /usr/bin/grep
[INFO] [stderr]   checking for egrep... /usr/bin/grep -E
[INFO] [stderr]   checking for fgrep... /usr/bin/grep -F
[INFO] [stderr]   checking for ld used by cc... /usr/bin/x86_64-linux-gnu-ld
[INFO] [stderr]   checking if the linker (/usr/bin/x86_64-linux-gnu-ld) is GNU ld... yes
[INFO] [stderr]   checking for BSD- or MS-compatible name lister (nm)... /usr/bin/nm -B
[INFO] [stderr]   checking the name lister (/usr/bin/nm -B) interface... BSD nm
[INFO] [stderr]   checking whether ln -s works... yes
[INFO] [stderr]   checking the maximum length of command line arguments... 1572864
[INFO] [stderr]   checking how to convert x86_64-pc-linux-gnu file names to x86_64-pc-linux-gnu format... func_convert_file_noop
[INFO] [stderr]   checking how to convert x86_64-pc-linux-gnu file names to toolchain format... func_convert_file_noop
[INFO] [stderr]   checking for /usr/bin/x86_64-linux-gnu-ld option to reload object files... -r
[INFO] [stderr]   checking for file... file
[INFO] [stderr]   checking for objdump... objdump
[INFO] [stderr]   checking how to recognize dependent libraries... pass_all
[INFO] [stderr]   checking for dlltool... no
[INFO] [stderr]   checking how to associate runtime and link libraries... printf %s\n
[INFO] [stderr]   checking for ar... ar
[INFO] [stderr]   checking for archiver @FILE support... @
[INFO] [stderr]   checking for strip... strip
[INFO] [stderr]   checking for ranlib... ranlib
[INFO] [stderr]   checking command to parse /usr/bin/nm -B output from cc object... ok
[INFO] [stderr]   checking for sysroot... no
[INFO] [stderr]   checking for a working dd... /usr/bin/dd
[INFO] [stderr]   checking how to truncate binary pipes... /usr/bin/dd bs=4096 count=1
[INFO] [stderr]   checking for mt... no
[INFO] [stderr]   checking if : is a manifest tool... no
[INFO] [stderr]   checking for stdio.h... yes
[INFO] [stderr]   checking for stdlib.h... yes
[INFO] [stderr]   checking for string.h... yes
[INFO] [stderr]   checking for inttypes.h... yes
[INFO] [stderr]   checking for stdint.h... yes
[INFO] [stderr]   checking for strings.h... yes
[INFO] [stderr]   checking for sys/stat.h... yes
[INFO] [stderr]   checking for sys/types.h... yes
[INFO] [stderr]   checking for unistd.h... yes
[INFO] [stderr]   checking for dlfcn.h... yes
[INFO] [stderr]   checking for objdir... .libs
[INFO] [stderr]   checking if cc supports -fno-rtti -fno-exceptions... yes
[INFO] [stderr]   checking for cc option to produce PIC... -fPIC -DPIC
[INFO] [stderr]   checking if cc PIC flag -fPIC -DPIC works... yes
[INFO] [stderr]   checking if cc static flag -static works... yes
[INFO] [stderr]   checking if cc supports -c -o file.o... yes
[INFO] [stderr]   checking if cc supports -c -o file.o... (cached) yes
[INFO] [stderr]   checking whether the cc linker (/usr/bin/x86_64-linux-gnu-ld -m elf_x86_64) supports shared libraries... yes
[INFO] [stderr]   checking dynamic linker characteristics... GNU/Linux ld.so
[INFO] [stderr]   checking how to hardcode library paths into programs... immediate
[INFO] [stderr]   checking whether stripping libraries is possible... yes
[INFO] [stderr]   checking if libtool supports shared libraries... yes
[INFO] [stderr]   checking whether to build shared libraries... no
[INFO] [stderr]   checking whether to build static libraries... yes
[INFO] [stderr]   checking how to run the C++ preprocessor... c++ -E
[INFO] [stderr]   checking for ld used by c++... /usr/bin/x86_64-linux-gnu-ld -m elf_x86_64
[INFO] [stderr]   checking if the linker (/usr/bin/x86_64-linux-gnu-ld -m elf_x86_64) is GNU ld... yes
[INFO] [stderr]   checking whether the c++ linker (/usr/bin/x86_64-linux-gnu-ld -m elf_x86_64) supports shared libraries... yes
[INFO] [stderr]   checking for c++ option to produce PIC... -fPIC -DPIC
[INFO] [stderr]   checking if c++ PIC flag -fPIC -DPIC works... yes
[INFO] [stderr]   checking if c++ static flag -static works... yes
[INFO] [stderr]   checking if c++ supports -c -o file.o... yes
[INFO] [stderr]   checking if c++ supports -c -o file.o... (cached) yes
[INFO] [stderr]   checking whether the c++ linker (/usr/bin/x86_64-linux-gnu-ld -m elf_x86_64) supports shared libraries... yes
[INFO] [stderr]   checking dynamic linker characteristics... (cached) GNU/Linux ld.so
[INFO] [stderr]   checking how to hardcode library paths into programs... immediate
[INFO] [stderr]   checking for python... :
[INFO] [stderr]   checking for the pthreads library -lpthreads... no
[INFO] [stderr]   checking whether pthreads work without any flags... yes
[INFO] [stderr]   checking for joinable pthread attribute... PTHREAD_CREATE_JOINABLE
[INFO] [stderr]   checking if more special flags are required for pthreads... no
[INFO] [stderr]   checking whether to check for GCC pthread/shared inconsistencies... yes
[INFO] [stderr]   checking whether -pthread is sufficient with -shared... yes
[INFO] [stderr]   checking for gtest-config... no
[INFO] [stderr]   checking that generated files are newer than configure... done
[INFO] [stderr]   configure: creating ./config.status
[INFO] [stderr]   config.status: creating Makefile
[INFO] [stderr]   config.status: creating scripts/gmock-config
[INFO] [stderr]   config.status: creating build-aux/config.h
[INFO] [stderr]   config.status: executing depfiles commands
[INFO] [stderr]   config.status: executing libtool commands
[INFO] [stderr]   running: cd "/opt/rustwide/target/debug/build/protobuf-src/282e7ff8acc5990e/out/install/build" && MAKEFLAGS="-j --jobserver-fds=4,5 --jobserver-auth=4,5" "sh" "-c" "exec \"$0\" \"$@\"" "make" "install"
[INFO] [stderr]   Making install in .
[INFO] [stderr]   make[1]: Entering directory '/opt/rustwide/target/debug/build/protobuf-src/282e7ff8acc5990e/out/install/build'
[INFO] [stderr]   make[2]: Entering directory '/opt/rustwide/target/debug/build/protobuf-src/282e7ff8acc5990e/out/install/build'
[INFO] [stderr]   make[2]: Nothing to be done for 'install-exec-am'.
[INFO] [stderr]    /usr/bin/mkdir -p '/opt/rustwide/target/debug/build/protobuf-src/282e7ff8acc5990e/out/install/lib/pkgconfig'
[INFO] [stderr]    /usr/bin/install -c -m 644 protobuf.pc protobuf-lite.pc '/opt/rustwide/target/debug/build/protobuf-src/282e7ff8acc5990e/out/install/lib/pkgconfig'
[INFO] [stderr]   make[2]: Leaving directory '/opt/rustwide/target/debug/build/protobuf-src/282e7ff8acc5990e/out/install/build'
[INFO] [stderr]   make[1]: Leaving directory '/opt/rustwide/target/debug/build/protobuf-src/282e7ff8acc5990e/out/install/build'
[INFO] [stderr]   Making install in src
[INFO] [stderr]   make[1]: Entering directory '/opt/rustwide/target/debug/build/protobuf-src/282e7ff8acc5990e/out/install/build/src'
[INFO] [stderr]     CXX      google/protobuf/map.lo
[INFO] [stderr]     CXX      google/protobuf/message_lite.lo
[INFO] [stderr]     CXX      google/protobuf/parse_context.lo
[INFO] [stderr]     CXX      google/protobuf/repeated_field.lo
[INFO] [stderr]     CXX      google/protobuf/repeated_ptr_field.lo
[INFO] [stderr]     CXX      google/protobuf/wire_format_lite.lo
[INFO] [stderr]     CXX      google/protobuf/any.lo
[INFO] [stderr]     CXX      google/protobuf/any.pb.lo
[INFO] [stderr]     CXX      google/protobuf/api.pb.lo
[INFO] [stderr]     CXX      google/protobuf/compiler/importer.lo
[INFO] [stderr]     CXX      google/protobuf/compiler/parser.lo
[INFO] [stderr]     CXX      google/protobuf/descriptor.lo
[INFO] [stderr]     CXX      google/protobuf/descriptor.pb.lo
[INFO] [stderr]     CXX      google/protobuf/descriptor_database.lo
[INFO] [stderr]     CXX      google/protobuf/duration.pb.lo
[INFO] [stderr]     CXX      google/protobuf/dynamic_message.lo
[INFO] [stderr]   make[1]: Leaving directory '/opt/rustwide/target/debug/build/protobuf-src/282e7ff8acc5990e/out/install/build/src'
[INFO] [stderr] 
[INFO] [stderr]   --- stderr
[INFO] [stderr]   c++: fatal error: Killed signal terminated program cc1plus
[INFO] [stderr]   compilation terminated.
[INFO] [stderr]   make[1]: *** [Makefile:4514: google/protobuf/compiler/parser.lo] Error 1
[INFO] [stderr]   make[1]: *** Waiting for unfinished jobs....
[INFO] [stderr]   make: *** [Makefile:1757: install-recursive] Error 1
[INFO] [stderr] 
[INFO] [stderr]   thread 'main' (6043) panicked at /opt/rustwide/cargo-home/registry/src/index.crates.io-1949cf8c6b5b557f/autotools-0.2.5/src/lib.rs:715:5:
[INFO] [stderr] 
[INFO] [stderr]   command did not execute successfully, got: exit status: 2
[INFO] [stderr] 
[INFO] [stderr]   build script failed, must exit now
[INFO] [stderr]   stack backtrace:
[INFO] [stderr]      0:     0x618dffd5f801 - std[3164a59e47d3bde]::backtrace_rs::backtrace::libunwind::trace
[INFO] [stderr]                                  at /rustc/3154cc1a3e6424e44f438a95007d043ed5ceaaf6/library/std/src/../../backtrace/src/backtrace/libunwind.rs:117:9
[INFO] [stderr]      1:     0x618dffd5f801 - std[3164a59e47d3bde]::backtrace_rs::backtrace::trace_unsynchronized::<std[3164a59e47d3bde]::sys::backtrace::_print_fmt::{closure#1}>
[INFO] [stderr]                                  at /rustc/3154cc1a3e6424e44f438a95007d043ed5ceaaf6/library/std/src/../../backtrace/src/backtrace/mod.rs:66:14
[INFO] [stderr]      2:     0x618dffd5f801 - std[3164a59e47d3bde]::sys::backtrace::_print_fmt
[INFO] [stderr]                                  at /rustc/3154cc1a3e6424e44f438a95007d043ed5ceaaf6/library/std/src/sys/backtrace.rs:74:9
[INFO] [stderr]      3:     0x618dffd5f801 - <<std[3164a59e47d3bde]::sys::backtrace::BacktraceLock>::print::DisplayBacktrace as core[934024a1e6126fb4]::fmt::Display>::fmt
[INFO] [stderr]                                  at /rustc/3154cc1a3e6424e44f438a95007d043ed5ceaaf6/library/std/src/sys/backtrace.rs:44:26
[INFO] [stderr]      4:     0x618dffd7315a - <core[934024a1e6126fb4]::fmt::rt::Argument>::fmt
[INFO] [stderr]                                  at /rustc/3154cc1a3e6424e44f438a95007d043ed5ceaaf6/library/core/src/fmt/rt.rs:152:76
[INFO] [stderr]      5:     0x618dffd7315a - core[934024a1e6126fb4]::fmt::write
[INFO] [stderr]      6:     0x618dffd651fc - core[934024a1e6126fb4]::io::write::default_write_fmt::<std[3164a59e47d3bde]::sys::stdio::unix::Stderr>
[INFO] [stderr]                                  at /rustc/3154cc1a3e6424e44f438a95007d043ed5ceaaf6/library/core/src/io/write.rs:402:11
[INFO] [stderr]      7:     0x618dffd651fc - <std[3164a59e47d3bde]::sys::stdio::unix::Stderr as core[934024a1e6126fb4]::io::write::Write>::write_fmt
[INFO] [stderr]                                  at /rustc/3154cc1a3e6424e44f438a95007d043ed5ceaaf6/library/core/src/io/write.rs:335:13
[INFO] [stderr]      8:     0x618dffd3ef46 - <std[3164a59e47d3bde]::sys::backtrace::BacktraceLock>::print
[INFO] [stderr]                                  at /rustc/3154cc1a3e6424e44f438a95007d043ed5ceaaf6/library/std/src/sys/backtrace.rs:47:9
[INFO] [stderr]      9:     0x618dffd3ef46 - std[3164a59e47d3bde]::panicking::default_hook::{closure#0}
[INFO] [stderr]                                  at /rustc/3154cc1a3e6424e44f438a95007d043ed5ceaaf6/library/std/src/panicking.rs:289:27
[INFO] [stderr]     10:     0x618dffd5a3e1 - std[3164a59e47d3bde]::panicking::default_hook
[INFO] [stderr]                                  at /rustc/3154cc1a3e6424e44f438a95007d043ed5ceaaf6/library/std/src/panicking.rs:316:9
[INFO] [stderr]     11:     0x618dffd5a59b - std[3164a59e47d3bde]::panicking::panic_with_hook
[INFO] [stderr]                                  at /rustc/3154cc1a3e6424e44f438a95007d043ed5ceaaf6/library/std/src/panicking.rs:811:13
[INFO] [stderr]     12:     0x618dffd3eff2 - std[3164a59e47d3bde]::panicking::panic_handler::{closure#0}
[INFO] [stderr]                                  at /rustc/3154cc1a3e6424e44f438a95007d043ed5ceaaf6/library/std/src/panicking.rs:685:13
[INFO] [stderr]     13:     0x618dffd37c39 - std[3164a59e47d3bde]::sys::backtrace::__rust_end_short_backtrace::<std[3164a59e47d3bde]::panicking::panic_handler::{closure#0}, !>
[INFO] [stderr]                                  at /rustc/3154cc1a3e6424e44f438a95007d043ed5ceaaf6/library/std/src/sys/backtrace.rs:182:18
[INFO] [stderr]     14:     0x618dffd3f8cd - __rustc[2e7b49d4226056d3]::rust_begin_unwind
[INFO] [stderr]                                  at /rustc/3154cc1a3e6424e44f438a95007d043ed5ceaaf6/library/std/src/panicking.rs:676:5
[INFO] [stderr]     15:     0x618dffd7394c - core[934024a1e6126fb4]::panicking::panic_fmt
[INFO] [stderr]                                  at /rustc/3154cc1a3e6424e44f438a95007d043ed5ceaaf6/library/core/src/panicking.rs:80:14
[INFO] [stderr]     16:     0x618dffcc8537 - autotools[84bc1872dc42bfbe]::fail
[INFO] [stderr]     17:     0x618dffcc81f5 - autotools[84bc1872dc42bfbe]::run
[INFO] [stderr]     18:     0x618dffccb4ac - <autotools[84bc1872dc42bfbe]::Config>::build
[INFO] [stderr]     19:     0x618dffcc5019 - build_script_build[7c4e3e2cfdcae67f]::main
[INFO] [stderr]     20:     0x618dffcc6493 - <fn() -> core[934024a1e6126fb4]::result::Result<(), alloc[b96ed41a801e996d]::boxed::Box<dyn core[934024a1e6126fb4]::error::Error>> as core[934024a1e6126fb4]::ops::function::FnOnce<()>>::call_once
[INFO] [stderr]     21:     0x618dffcc4c9e - std[3164a59e47d3bde]::sys::backtrace::__rust_begin_short_backtrace::<fn() -> core[934024a1e6126fb4]::result::Result<(), alloc[b96ed41a801e996d]::boxed::Box<dyn core[934024a1e6126fb4]::error::Error>>, core[934024a1e6126fb4]::result::Result<(), alloc[b96ed41a801e996d]::boxed::Box<dyn core[934024a1e6126fb4]::error::Error>>>
[INFO] [stderr]     22:     0x618dffcc4ce9 - std[3164a59e47d3bde]::rt::lang_start::<core[934024a1e6126fb4]::result::Result<(), alloc[b96ed41a801e996d]::boxed::Box<dyn core[934024a1e6126fb4]::error::Error>>>::{closure#0}
[INFO] [stderr]     23:     0x618dffd596e8 - <&dyn core[934024a1e6126fb4]::ops::function::Fn<(), Output = i32> + core[934024a1e6126fb4]::marker::Sync + core[934024a1e6126fb4]::panic::unwind_safe::RefUnwindSafe as core[934024a1e6126fb4]::ops::function::FnOnce<()>>::call_once
[INFO] [stderr]                                  at /rustc/3154cc1a3e6424e44f438a95007d043ed5ceaaf6/library/core/src/ops/function.rs:287:21
[INFO] [stderr]     24:     0x618dffd596e8 - std[3164a59e47d3bde]::panicking::catch_unwind::do_call::<&dyn core[934024a1e6126fb4]::ops::function::Fn<(), Output = i32> + core[934024a1e6126fb4]::marker::Sync + core[934024a1e6126fb4]::panic::unwind_safe::RefUnwindSafe, i32>
[INFO] [stderr]                                  at /rustc/3154cc1a3e6424e44f438a95007d043ed5ceaaf6/library/std/src/panicking.rs:573:43
[INFO] [stderr]     25:     0x618dffd596e8 - std[3164a59e47d3bde]::panicking::catch_unwind::<i32, &dyn core[934024a1e6126fb4]::ops::function::Fn<(), Output = i32> + core[934024a1e6126fb4]::marker::Sync + core[934024a1e6126fb4]::panic::unwind_safe::RefUnwindSafe>
[INFO] [stderr]                                  at /rustc/3154cc1a3e6424e44f438a95007d043ed5ceaaf6/library/std/src/panicking.rs:541:19
[INFO] [stderr]     26:     0x618dffd596e8 - std[3164a59e47d3bde]::panic::catch_unwind::<&dyn core[934024a1e6126fb4]::ops::function::Fn<(), Output = i32> + core[934024a1e6126fb4]::marker::Sync + core[934024a1e6126fb4]::panic::unwind_safe::RefUnwindSafe, i32>
[INFO] [stderr]                                  at /rustc/3154cc1a3e6424e44f438a95007d043ed5ceaaf6/library/std/src/panic.rs:359:14
[INFO] [stderr]     27:     0x618dffd596e8 - std[3164a59e47d3bde]::rt::lang_start_internal::{closure#0}
[INFO] [stderr]                                  at /rustc/3154cc1a3e6424e44f438a95007d043ed5ceaaf6/library/std/src/rt.rs:175:24
[INFO] [stderr]     28:     0x618dffd596e8 - std[3164a59e47d3bde]::panicking::catch_unwind::do_call::<std[3164a59e47d3bde]::rt::lang_start_internal::{closure#0}, isize>
[INFO] [stderr]                                  at /rustc/3154cc1a3e6424e44f438a95007d043ed5ceaaf6/library/std/src/panicking.rs:573:43
[INFO] [stderr]     29:     0x618dffd596e8 - std[3164a59e47d3bde]::panicking::catch_unwind::<isize, std[3164a59e47d3bde]::rt::lang_start_internal::{closure#0}>
[INFO] [stderr]                                  at /rustc/3154cc1a3e6424e44f438a95007d043ed5ceaaf6/library/std/src/panicking.rs:541:19
[INFO] [stderr]     30:     0x618dffd596e8 - std[3164a59e47d3bde]::panic::catch_unwind::<std[3164a59e47d3bde]::rt::lang_start_internal::{closure#0}, isize>
[INFO] [stderr]                                  at /rustc/3154cc1a3e6424e44f438a95007d043ed5ceaaf6/library/std/src/panic.rs:359:14
[INFO] [stderr]     31:     0x618dffd596e8 - std[3164a59e47d3bde]::rt::lang_start_internal
[INFO] [stderr]                                  at /rustc/3154cc1a3e6424e44f438a95007d043ed5ceaaf6/library/std/src/rt.rs:171:5
[INFO] [stderr]     32:     0x618dffcc4c91 - std[3164a59e47d3bde]::rt::lang_start::<core[934024a1e6126fb4]::result::Result<(), alloc[b96ed41a801e996d]::boxed::Box<dyn core[934024a1e6126fb4]::error::Error>>>
[INFO] [stderr]     33:     0x618dffcc6555 - main
[INFO] [stderr]     34:     0x7afb3f940601 - <unknown>
[INFO] [stderr]     35:     0x7afb3f940718 - __libc_start_main
[INFO] [stderr]     36:     0x618dffcc3465 - _start
[INFO] [stderr]     37:                0x0 - <unknown>
[ERROR] error running command: command timed out after 900 seconds
[INFO] running `Command { std: "docker" "inspect" "9ff3337ff7ad2e096c392eb5e7b35520e85b52ce5a4fac9f8712151aeeff0a7e", kill_on_drop: false }`
[INFO] running `Command { std: "docker" "rm" "-f" "9ff3337ff7ad2e096c392eb5e7b35520e85b52ce5a4fac9f8712151aeeff0a7e", kill_on_drop: false }`
[INFO] [stdout] 9ff3337ff7ad2e096c392eb5e7b35520e85b52ce5a4fac9f8712151aeeff0a7e
