[INFO] cloning repository https://github.com/AnQnYmity/gadgets
[INFO] running `Command { std: "git" "-c" "credential.helper=" "-c" "credential.helper=/workspace/cargo-home/bin/git-credential-null" "clone" "--bare" "https://github.com/AnQnYmity/gadgets" "/workspace/cache/git-repos/https%3A%2F%2Fgithub.com%2FAnQnYmity%2Fgadgets", kill_on_drop: false }`
[INFO] [stderr] Cloning into bare repository '/workspace/cache/git-repos/https%3A%2F%2Fgithub.com%2FAnQnYmity%2Fgadgets'...
[INFO] running `Command { std: "git" "rev-parse" "HEAD", kill_on_drop: false }`
[INFO] [stdout] da406f9b76737e32398b6c9912d6a8d8d32650d7
[INFO] checking AnQnYmity/gadgets against 3154cc1a3e6424e44f438a95007d043ed5ceaaf6+rustflags=-Znext-solver=coherence for pr-133502-30
[INFO] running `Command { std: "git" "clone" "/workspace/cache/git-repos/https%3A%2F%2Fgithub.com%2FAnQnYmity%2Fgadgets" "/workspace/builds/worker-2-tc1/source", kill_on_drop: false }`
[INFO] [stderr] Cloning into '/workspace/builds/worker-2-tc1/source'...
[INFO] [stderr] done.
[INFO] started tweaking git repo https://github.com/AnQnYmity/gadgets
[INFO] finished tweaking git repo https://github.com/AnQnYmity/gadgets
[INFO] tweaked toml for git repo https://github.com/AnQnYmity/gadgets written to /workspace/builds/worker-2-tc1/source/Cargo.toml
[INFO] validating manifest of git repo https://github.com/AnQnYmity/gadgets on toolchain 3154cc1a3e6424e44f438a95007d043ed5ceaaf6
[INFO] running `Command { std: CARGO_HOME="/workspace/cargo-home" RUSTUP_HOME="/workspace/rustup-home" "/workspace/cargo-home/bin/cargo" "+3154cc1a3e6424e44f438a95007d043ed5ceaaf6" "metadata" "--manifest-path" "Cargo.toml" "--no-deps", kill_on_drop: false }`
[INFO] crate git repo https://github.com/AnQnYmity/gadgets already has a lockfile, it will not be regenerated
[INFO] running `Command { std: CARGO_HOME="/workspace/cargo-home" RUSTUP_HOME="/workspace/rustup-home" "/workspace/cargo-home/bin/cargo" "+3154cc1a3e6424e44f438a95007d043ed5ceaaf6" "fetch" "--manifest-path" "Cargo.toml", kill_on_drop: false }`
[INFO] running `Command { std: "docker" "create" "-v" "/var/lib/crater-agent-workspace/builds/worker-2-tc1/source:/opt/rustwide/workdir:ro,Z" "-v" "/var/lib/crater-agent-workspace/builds/worker-2-tc1/target:/opt/rustwide/target:rw,Z" "-v" "/var/lib/crater-agent-workspace/cargo-home:/opt/rustwide/cargo-home:ro,Z" "-v" "/var/lib/crater-agent-workspace/rustup-home:/opt/rustwide/rustup-home:ro,Z" "-m" "1610612736" "--network" "none" "ghcr.io/rust-lang/crates-build-env/linux@sha256:77db811e55d90add9212f6832c23229e3de5f1c1f9905e8cb07319ea15df73ac" "sleep" "infinity", kill_on_drop: false }`
[INFO] [stdout] 4ee8d0037ff1e074a7552f1c8d648263161bf5190e2644f3800492848a709f77
[INFO] running `Command { std: "docker" "start" "4ee8d0037ff1e074a7552f1c8d648263161bf5190e2644f3800492848a709f77", kill_on_drop: false }`
[INFO] running `Command { std: "docker" "inspect" "4ee8d0037ff1e074a7552f1c8d648263161bf5190e2644f3800492848a709f77", kill_on_drop: false }`
[INFO] running `Command { std: "docker" "exec" "-e" "SOURCE_DIR=/opt/rustwide/workdir" "-e" "CARGO_HOME=/opt/rustwide/cargo-home" "-e" "RUSTUP_HOME=/opt/rustwide/rustup-home" "-e" "CARGO_TARGET_DIR=/opt/rustwide/target" "-w" "/opt/rustwide/workdir" "--user" "0:0" "4ee8d0037ff1e074a7552f1c8d648263161bf5190e2644f3800492848a709f77" "/opt/rustwide/cargo-home/bin/cargo" "+3154cc1a3e6424e44f438a95007d043ed5ceaaf6" "metadata" "--no-deps" "--format-version=1", kill_on_drop: false }`
[INFO] running `Command { std: "docker" "inspect" "4ee8d0037ff1e074a7552f1c8d648263161bf5190e2644f3800492848a709f77", kill_on_drop: false }`
[INFO] running `Command { std: "docker" "exec" "-e" "SOURCE_DIR=/opt/rustwide/workdir" "-e" "CARGO_HOME=/opt/rustwide/cargo-home" "-e" "RUSTUP_HOME=/opt/rustwide/rustup-home" "-e" "CARGO_TARGET_DIR=/opt/rustwide/target" "-e" "CARGO_INCREMENTAL=0" "-e" "RUST_BACKTRACE=full" "-e" "RUSTFLAGS=--cap-lints=forbid -Znext-solver=coherence" "-e" "RUSTDOCFLAGS=--cap-lints=forbid" "-w" "/opt/rustwide/workdir" "--user" "0:0" "4ee8d0037ff1e074a7552f1c8d648263161bf5190e2644f3800492848a709f77" "/opt/rustwide/cargo-home/bin/cargo" "+3154cc1a3e6424e44f438a95007d043ed5ceaaf6" "check" "--frozen" "--all" "--all-targets" "--message-format=json", kill_on_drop: false }`
[INFO] [stderr]    Compiling num-traits v0.2.19
[INFO] [stderr]     Checking iana-time-zone v0.1.65
[INFO] [stderr]     Checking chrono v0.4.45
[INFO] [stderr]     Checking gadgets v0.1.0 (/opt/rustwide/workdir)
[INFO] [stdout] error[E0433]: cannot find `windows` in `os`
[INFO] [stdout]  --> src/meta_infos.rs:1:18
[INFO] [stdout]   |
[INFO] [stdout] 1 | pub use std::os::windows::fs::MetadataExt;
[INFO] [stdout]   |                  ^^^^^^^ could not find `windows` in `os`
[INFO] [stdout]   |
[INFO] [stdout] note: found an item that was configured out
[INFO] [stdout]  --> /rustc/3154cc1a3e6424e44f438a95007d043ed5ceaaf6/library/std/src/os/mod.rs:62:4
[INFO] [stdout]   |
[INFO] [stdout]   = note: the item is gated behind the `windows` feature
[INFO] [stdout] 
[INFO] [stdout] 
[INFO] [stdout] error[E0433]: cannot find `windows` in `os`
[INFO] [stdout]  --> src/meta_infos.rs:1:18
[INFO] [stdout]   |
[INFO] [stdout] 1 | pub use std::os::windows::fs::MetadataExt;
[INFO] [stdout]   |                  ^^^^^^^ could not find `windows` in `os`
[INFO] [stdout]   |
[INFO] [stdout] note: found an item that was configured out
[INFO] [stdout]  --> /rustc/3154cc1a3e6424e44f438a95007d043ed5ceaaf6/library/std/src/os/mod.rs:62:4
[INFO] [stdout]   |
[INFO] [stdout]   = note: the item is gated behind the `windows` feature
[INFO] [stdout] 
[INFO] [stdout] 
[INFO] [stdout] error[E0599]: no method named `file_size` found for struct `Metadata` in the current scope
[INFO] [stdout]   --> src/meta_infos.rs:20:51
[INFO] [stdout]    |
[INFO] [stdout] 20 |             println!("File Size: {} KB", metadata.file_size() / 1024);
[INFO] [stdout]    |                                                   ^^^^^^^^^
[INFO] [stdout]    |
[INFO] [stdout] help: there is a method `file_type` with a similar name
[INFO] [stdout]    |
[INFO] [stdout] 20 -             println!("File Size: {} KB", metadata.file_size() / 1024);
[INFO] [stdout] 20 +             println!("File Size: {} KB", metadata.file_type() / 1024);
[INFO] [stdout]    |
[INFO] [stdout] 
[INFO] [stdout] 
[INFO] [stdout] Some errors have detailed explanations: E0433, E0599.
[INFO] [stdout] 
[INFO] [stdout] For more information about an error, try `rustc --explain E0433`.
[INFO] [stdout] 
[INFO] [stderr] error: could not compile `gadgets` (bin "gadgets" test) due to 2 previous errors
[INFO] [stderr] warning: build failed, waiting for other jobs to finish...
[INFO] [stdout] error[E0599]: no method named `file_size` found for struct `Metadata` in the current scope
[INFO] [stdout]   --> src/meta_infos.rs:20:51
[INFO] [stdout]    |
[INFO] [stdout] 20 |             println!("File Size: {} KB", metadata.file_size() / 1024);
[INFO] [stdout]    |                                                   ^^^^^^^^^
[INFO] [stdout]    |
[INFO] [stdout] help: there is a method `file_type` with a similar name
[INFO] [stdout]    |
[INFO] [stdout] 20 -             println!("File Size: {} KB", metadata.file_size() / 1024);
[INFO] [stdout] 20 +             println!("File Size: {} KB", metadata.file_type() / 1024);
[INFO] [stdout]    |
[INFO] [stdout] 
[INFO] [stdout] 
[INFO] [stdout] Some errors have detailed explanations: E0433, E0599.
[INFO] [stdout] 
[INFO] [stdout] For more information about an error, try `rustc --explain E0433`.
[INFO] [stdout] 
[INFO] [stderr] error: could not compile `gadgets` (bin "gadgets") due to 2 previous errors
[INFO] running `Command { std: "docker" "inspect" "4ee8d0037ff1e074a7552f1c8d648263161bf5190e2644f3800492848a709f77", kill_on_drop: false }`
[INFO] running `Command { std: "docker" "rm" "-f" "4ee8d0037ff1e074a7552f1c8d648263161bf5190e2644f3800492848a709f77", kill_on_drop: false }`
[INFO] [stdout] 4ee8d0037ff1e074a7552f1c8d648263161bf5190e2644f3800492848a709f77
