[INFO] cloning repository https://github.com/AmirRanger149/chatTUI
[INFO] running `Command { std: "git" "-c" "credential.helper=" "-c" "credential.helper=/workspace/cargo-home/bin/git-credential-null" "clone" "--bare" "https://github.com/AmirRanger149/chatTUI" "/workspace/cache/git-repos/https%3A%2F%2Fgithub.com%2FAmirRanger149%2FchatTUI", kill_on_drop: false }`
[INFO] [stderr] Cloning into bare repository '/workspace/cache/git-repos/https%3A%2F%2Fgithub.com%2FAmirRanger149%2FchatTUI'...
[INFO] running `Command { std: "git" "rev-parse" "HEAD", kill_on_drop: false }`
[INFO] [stdout] 13cc36023fe2a2de5b54d9ba59a5c67ffb1d08e0
[INFO] checking AmirRanger149/chatTUI against 3154cc1a3e6424e44f438a95007d043ed5ceaaf6+rustflags=-Znext-solver=coherence for pr-133502-30
[INFO] running `Command { std: "git" "clone" "/workspace/cache/git-repos/https%3A%2F%2Fgithub.com%2FAmirRanger149%2FchatTUI" "/workspace/builds/worker-5-tc1/source", kill_on_drop: false }`
[INFO] [stderr] Cloning into '/workspace/builds/worker-5-tc1/source'...
[INFO] [stderr] done.
[INFO] started tweaking git repo https://github.com/AmirRanger149/chatTUI
[INFO] finished tweaking git repo https://github.com/AmirRanger149/chatTUI
[INFO] tweaked toml for git repo https://github.com/AmirRanger149/chatTUI written to /workspace/builds/worker-5-tc1/source/Cargo.toml
[INFO] validating manifest of git repo https://github.com/AmirRanger149/chatTUI on toolchain 3154cc1a3e6424e44f438a95007d043ed5ceaaf6
[INFO] running `Command { std: CARGO_HOME="/workspace/cargo-home" RUSTUP_HOME="/workspace/rustup-home" "/workspace/cargo-home/bin/cargo" "+3154cc1a3e6424e44f438a95007d043ed5ceaaf6" "metadata" "--manifest-path" "Cargo.toml" "--no-deps", kill_on_drop: false }`
[INFO] crate git repo https://github.com/AmirRanger149/chatTUI already has a lockfile, it will not be regenerated
[INFO] running `Command { std: CARGO_HOME="/workspace/cargo-home" RUSTUP_HOME="/workspace/rustup-home" "/workspace/cargo-home/bin/cargo" "+3154cc1a3e6424e44f438a95007d043ed5ceaaf6" "fetch" "--manifest-path" "Cargo.toml", kill_on_drop: false }`
[INFO] [stderr]  Downloading crates ...
[INFO] [stderr]   Downloaded instability v0.3.13
[INFO] running `Command { std: "docker" "create" "-v" "/var/lib/crater-agent-workspace/builds/worker-5-tc1/source:/opt/rustwide/workdir:ro,Z" "-v" "/var/lib/crater-agent-workspace/builds/worker-5-tc1/target:/opt/rustwide/target:rw,Z" "-v" "/var/lib/crater-agent-workspace/cargo-home:/opt/rustwide/cargo-home:ro,Z" "-v" "/var/lib/crater-agent-workspace/rustup-home:/opt/rustwide/rustup-home:ro,Z" "-m" "1610612736" "--network" "none" "ghcr.io/rust-lang/crates-build-env/linux@sha256:77db811e55d90add9212f6832c23229e3de5f1c1f9905e8cb07319ea15df73ac" "sleep" "infinity", kill_on_drop: false }`
[INFO] [stdout] 07ec6b00fbf0acd4261b5af3726474f06e07f95be24262b1693803c92010553a
[INFO] running `Command { std: "docker" "start" "07ec6b00fbf0acd4261b5af3726474f06e07f95be24262b1693803c92010553a", kill_on_drop: false }`
[INFO] running `Command { std: "docker" "inspect" "07ec6b00fbf0acd4261b5af3726474f06e07f95be24262b1693803c92010553a", kill_on_drop: false }`
[INFO] running `Command { std: "docker" "exec" "-e" "SOURCE_DIR=/opt/rustwide/workdir" "-e" "CARGO_HOME=/opt/rustwide/cargo-home" "-e" "RUSTUP_HOME=/opt/rustwide/rustup-home" "-e" "CARGO_TARGET_DIR=/opt/rustwide/target" "-w" "/opt/rustwide/workdir" "--user" "0:0" "07ec6b00fbf0acd4261b5af3726474f06e07f95be24262b1693803c92010553a" "/opt/rustwide/cargo-home/bin/cargo" "+3154cc1a3e6424e44f438a95007d043ed5ceaaf6" "metadata" "--no-deps" "--format-version=1", kill_on_drop: false }`
[INFO] running `Command { std: "docker" "inspect" "07ec6b00fbf0acd4261b5af3726474f06e07f95be24262b1693803c92010553a", kill_on_drop: false }`
[INFO] running `Command { std: "docker" "exec" "-e" "SOURCE_DIR=/opt/rustwide/workdir" "-e" "CARGO_HOME=/opt/rustwide/cargo-home" "-e" "RUSTUP_HOME=/opt/rustwide/rustup-home" "-e" "CARGO_TARGET_DIR=/opt/rustwide/target" "-e" "CARGO_INCREMENTAL=0" "-e" "RUST_BACKTRACE=full" "-e" "RUSTFLAGS=--cap-lints=forbid -Znext-solver=coherence" "-e" "RUSTDOCFLAGS=--cap-lints=forbid" "-w" "/opt/rustwide/workdir" "--user" "0:0" "07ec6b00fbf0acd4261b5af3726474f06e07f95be24262b1693803c92010553a" "/opt/rustwide/cargo-home/bin/cargo" "+3154cc1a3e6424e44f438a95007d043ed5ceaaf6" "check" "--frozen" "--all" "--all-targets" "--message-format=json", kill_on_drop: false }`
[INFO] [stderr]     Checking smallvec v1.15.2
[INFO] [stderr]     Checking bytes v1.12.1
[INFO] [stderr]    Compiling syn v3.0.4
[INFO] [stderr]    Compiling syn v2.0.119
[INFO] [stderr]     Checking mio v1.2.2
[INFO] [stderr]     Checking socket2 v0.6.5
[INFO] [stderr]     Checking litemap v0.8.3
[INFO] [stderr]     Checking writeable v0.6.4
[INFO] [stderr]    Compiling ring v0.17.14
[INFO] [stderr]    Compiling icu_normalizer_data v2.3.0
[INFO] [stderr]     Checking parking_lot_core v0.9.12
[INFO] [stderr]    Compiling icu_properties_data v2.3.0
[INFO] [stderr]     Checking parking_lot v0.12.5
[INFO] [stderr]     Checking zeroize v1.9.0
[INFO] [stderr]     Checking getrandom v0.2.17
[INFO] [stderr]     Checking futures-task v0.3.34
[INFO] [stderr]     Checking rustls-pki-types v1.15.1
[INFO] [stderr]     Checking bitflags v2.13.1
[INFO] [stderr]    Compiling rustls v0.23.43
[INFO] [stderr]     Checking form_urlencoded v1.2.2
[INFO] [stderr]     Checking futures-channel v0.3.34
[INFO] [stderr]     Checking http v1.5.0
[INFO] [stderr]     Checking tracing v0.1.44
[INFO] [stderr]     Checking sync_wrapper v1.0.2
[INFO] [stderr]     Checking tower-layer v0.3.3
[INFO] [stderr]    Compiling instability v0.3.13
[INFO] [stderr]     Checking ipnet v2.12.1
[INFO] [stderr]     Checking rustix v0.38.44
[INFO] [stderr]     Checking signal-hook-mio v0.2.5
[INFO] [stderr]     Checking futures-sink v0.3.34
[INFO] [stderr]     Checking webpki-roots v1.0.9
[INFO] [stderr]     Checking option-ext v0.2.0
[INFO] [stderr]    Compiling anyhow v1.0.104
[INFO] [stderr]     Checking compact_str v0.8.2
[INFO] [stderr]     Checking dirs-sys v0.4.1
[INFO] [stderr]     Checking directories v5.0.1
[INFO] [stderr]     Checking http-body v1.1.0
[INFO] [stderr]     Checking http-body-util v0.1.5
[INFO] [stderr]     Checking crossterm v0.28.1
[INFO] [stderr]    Compiling synstructure v0.13.2
[INFO] [stderr]    Compiling zerofrom-derive v0.1.7
[INFO] [stderr]    Compiling yoke-derive v0.8.2
[INFO] [stderr]    Compiling strum_macros v0.26.4
[INFO] [stderr]    Compiling darling_core v0.24.1
[INFO] [stderr]     Checking zerofrom v0.1.8
[INFO] [stderr]     Checking yoke v0.8.3
[INFO] [stderr]     Checking rustls-webpki v0.103.15
[INFO] [stderr]    Compiling zerovec-derive v0.11.6
[INFO] [stderr]    Compiling displaydoc v0.2.7
[INFO] [stderr]    Compiling tokio-macros v2.7.2
[INFO] [stderr]    Compiling futures-macro v0.3.34
[INFO] [stderr]    Compiling serde_derive v1.0.229
[INFO] [stderr]     Checking tokio v1.53.1
[INFO] [stderr]     Checking zerotrie v0.2.5
[INFO] [stderr]     Checking futures-util v0.3.34
[INFO] [stderr]     Checking strum v0.26.3
[INFO] [stderr]     Checking zerovec v0.11.8
[INFO] [stderr]     Checking tinystr v0.8.4
[INFO] [stderr]     Checking icu_locale_core v2.3.0
[INFO] [stderr]     Checking potential_utf v0.1.6
[INFO] [stderr]     Checking icu_collections v2.3.0
[INFO] [stderr]    Compiling darling_macro v0.24.1
[INFO] [stderr]    Compiling darling v0.24.1
[INFO] [stderr]     Checking icu_provider v2.3.1
[INFO] [stderr]     Checking ratatui v0.29.0
[INFO] [stderr]     Checking icu_properties v2.3.0
[INFO] [stderr]     Checking icu_normalizer v2.3.0
[INFO] [stderr]     Checking serde v1.0.229
[INFO] [stderr]     Checking serde_urlencoded v0.7.1
[INFO] [stderr]     Checking idna_adapter v1.2.2
[INFO] [stderr]     Checking idna v1.1.0
[INFO] [stderr]     Checking url v2.5.8
[INFO] [stderr]     Checking hyper v1.11.0
[INFO] [stderr]     Checking tower v0.5.3
[INFO] [stderr]     Checking tokio-rustls v0.26.4
[INFO] [stderr]     Checking tokio-util v0.7.19
[INFO] [stderr]     Checking tower-http v0.6.11
[INFO] [stderr]     Checking hyper-util v0.1.20
[INFO] [stderr]     Checking hyper-rustls v0.27.9
[INFO] [stderr]     Checking reqwest v0.12.28
[INFO] [stderr]     Checking chat-tui v0.2.0 (/opt/rustwide/workdir)
[INFO] [stdout] error[E0308]: mismatched types
[INFO] [stdout]    --> src/sandbox/os_isolation.rs:917:9
[INFO] [stdout]     |
[INFO] [stdout] 897 |     ) -> Result<(), String> {
[INFO] [stdout]     |          ------------------ expected `Result<(), std::string::String>` because of return type
[INFO] [stdout] ...
[INFO] [stdout] 917 |         rx.recv().map_err(|_| "confined thread hung".to_string())
[INFO] [stdout]     |         ^^^^^^^^^^^^^^^^^^^^^^^^^^^^^^^^^^^^^^^^^^^^^^^^^^^^^^^^^ expected `Result<(), String>`, found `Result<Result<(), String>, String>`
[INFO] [stdout]     |
[INFO] [stdout]     = note: expected enum `Result<(), _>`
[INFO] [stdout]                found enum `Result<Result<(), std::string::String>, _>`
[INFO] [stdout] help: use the `?` operator to extract the `Result<Result<(), std::string::String>, std::string::String>` value, propagating a `Result::Err` value to the caller
[INFO] [stdout]     |
[INFO] [stdout] 917 |         rx.recv().map_err(|_| "confined thread hung".to_string())?
[INFO] [stdout]     |                                                                  +
[INFO] [stdout] 
[INFO] [stdout] 
[INFO] [stdout] error[E0061]: this method takes 3 arguments but 1 argument was supplied
[INFO] [stdout]     --> src/sandbox/mod.rs:1050:25
[INFO] [stdout]      |
[INFO] [stdout] 1050 |         assert!(sandbox.read_file("escape.txt").await.is_err());
[INFO] [stdout]      |                         ^^^^^^^^^-------------- two arguments of type `usize` and `usize` are missing
[INFO] [stdout]      |
[INFO] [stdout] note: method defined here
[INFO] [stdout]     --> src/sandbox/mod.rs:269:18
[INFO] [stdout]      |
[INFO] [stdout]  269 |     pub async fn read_file(&self, path: &str, offset: usize, limit: usize) -> Result<String> {
[INFO] [stdout]      |                  ^^^^^^^^^                    -------------  ------------
[INFO] [stdout] help: provide the arguments
[INFO] [stdout]      |
[INFO] [stdout] 1050 |         assert!(sandbox.read_file("escape.txt", /* usize */, /* usize */).await.is_err());
[INFO] [stdout]      |                                               ++++++++++++++++++++++++++
[INFO] [stdout] 
[INFO] [stdout] 
[INFO] [stdout] error[E0061]: this method takes 3 arguments but 1 argument was supplied
[INFO] [stdout]     --> src/sandbox/mod.rs:1052:25
[INFO] [stdout]      |
[INFO] [stdout] 1052 |         assert!(sandbox.read_file("out/etc/hosts").await.is_err());
[INFO] [stdout]      |                         ^^^^^^^^^----------------- two arguments of type `usize` and `usize` are missing
[INFO] [stdout]      |
[INFO] [stdout] note: method defined here
[INFO] [stdout]     --> src/sandbox/mod.rs:269:18
[INFO] [stdout]      |
[INFO] [stdout]  269 |     pub async fn read_file(&self, path: &str, offset: usize, limit: usize) -> Result<String> {
[INFO] [stdout]      |                  ^^^^^^^^^                    -------------  ------------
[INFO] [stdout] help: provide the arguments
[INFO] [stdout]      |
[INFO] [stdout] 1052 |         assert!(sandbox.read_file("out/etc/hosts", /* usize */, /* usize */).await.is_err());
[INFO] [stdout]      |                                                  ++++++++++++++++++++++++++
[INFO] [stdout] 
[INFO] [stdout] 
[INFO] [stdout] error[E0061]: this method takes 3 arguments but 1 argument was supplied
[INFO] [stdout]     --> src/sandbox/mod.rs:1067:25
[INFO] [stdout]      |
[INFO] [stdout] 1067 |         assert!(sandbox.read_file("a/b/passwd").await.is_err());
[INFO] [stdout]      |                         ^^^^^^^^^-------------- two arguments of type `usize` and `usize` are missing
[INFO] [stdout]      |
[INFO] [stdout] note: method defined here
[INFO] [stdout]     --> src/sandbox/mod.rs:269:18
[INFO] [stdout]      |
[INFO] [stdout]  269 |     pub async fn read_file(&self, path: &str, offset: usize, limit: usize) -> Result<String> {
[INFO] [stdout]      |                  ^^^^^^^^^                    -------------  ------------
[INFO] [stdout] help: provide the arguments
[INFO] [stdout]      |
[INFO] [stdout] 1067 |         assert!(sandbox.read_file("a/b/passwd", /* usize */, /* usize */).await.is_err());
[INFO] [stdout]      |                                               ++++++++++++++++++++++++++
[INFO] [stdout] 
[INFO] [stdout] 
[INFO] [stdout] warning: struct `IsolationReport` is never constructed
[INFO] [stdout]    --> src/sandbox/os_isolation.rs:109:12
[INFO] [stdout]     |
[INFO] [stdout] 109 | pub struct IsolationReport {
[INFO] [stdout]     |            ^^^^^^^^^^^^^^^
[INFO] [stdout]     |
[INFO] [stdout]     = note: `#[warn(dead_code)]` (part of `#[warn(unused)]`) on by default
[INFO] [stdout] 
[INFO] [stdout] 
[INFO] [stdout] warning: function `os_isolation_supported` is never used
[INFO] [stdout]    --> src/sandbox/os_isolation.rs:120:8
[INFO] [stdout]     |
[INFO] [stdout] 120 | pub fn os_isolation_supported() -> bool {
[INFO] [stdout]     |        ^^^^^^^^^^^^^^^^^^^^^^
[INFO] [stdout] 
[INFO] [stdout] 
[INFO] [stdout] warning: function `restrict_current_thread` is never used
[INFO] [stdout]    --> src/sandbox/os_isolation.rs:139:15
[INFO] [stdout]     |
[INFO] [stdout] 139 | pub(crate) fn restrict_current_thread(
[INFO] [stdout]     |               ^^^^^^^^^^^^^^^^^^^^^^^
[INFO] [stdout] 
[INFO] [stdout] 
[INFO] [stdout] error[E0061]: this method takes 3 arguments but 1 argument was supplied
[INFO] [stdout]     --> src/sandbox/mod.rs:1074:27
[INFO] [stdout]      |
[INFO] [stdout] 1074 |         let err = sandbox.read_file("does/not/exist.txt").await.unwrap_err();
[INFO] [stdout]      |                           ^^^^^^^^^---------------------- two arguments of type `usize` and `usize` are missing
[INFO] [stdout]      |
[INFO] [stdout] note: method defined here
[INFO] [stdout]     --> src/sandbox/mod.rs:269:18
[INFO] [stdout]      |
[INFO] [stdout]  269 |     pub async fn read_file(&self, path: &str, offset: usize, limit: usize) -> Result<String> {
[INFO] [stdout]      |                  ^^^^^^^^^                    -------------  ------------
[INFO] [stdout] help: provide the arguments
[INFO] [stdout]      |
[INFO] [stdout] 1074 |         let err = sandbox.read_file("does/not/exist.txt", /* usize */, /* usize */).await.unwrap_err();
[INFO] [stdout]      |                                                         ++++++++++++++++++++++++++
[INFO] [stdout] 
[INFO] [stdout] 
[INFO] [stdout] error[E0061]: this method takes 3 arguments but 1 argument was supplied
[INFO] [stdout]     --> src/sandbox/mod.rs:1083:18
[INFO] [stdout]      |
[INFO] [stdout] 1083 |                 .read_file("does/new/file.txt")
[INFO] [stdout]      |                  ^^^^^^^^^--------------------- two arguments of type `usize` and `usize` are missing
[INFO] [stdout]      |
[INFO] [stdout] note: method defined here
[INFO] [stdout]     --> src/sandbox/mod.rs:269:18
[INFO] [stdout]      |
[INFO] [stdout]  269 |     pub async fn read_file(&self, path: &str, offset: usize, limit: usize) -> Result<String> {
[INFO] [stdout]      |                  ^^^^^^^^^                    -------------  ------------
[INFO] [stdout] help: provide the arguments
[INFO] [stdout]      |
[INFO] [stdout] 1083 |                 .read_file("does/new/file.txt", /* usize */, /* usize */)
[INFO] [stdout]      |                                               ++++++++++++++++++++++++++
[INFO] [stdout] 
[INFO] [stdout] 
[INFO] [stdout] error[E0061]: this method takes 3 arguments but 1 argument was supplied
[INFO] [stdout]     --> src/sandbox/mod.rs:1095:25
[INFO] [stdout]      |
[INFO] [stdout] 1095 |         assert!(sandbox.read_file(".env").await.is_err());
[INFO] [stdout]      |                         ^^^^^^^^^-------- two arguments of type `usize` and `usize` are missing
[INFO] [stdout]      |
[INFO] [stdout] note: method defined here
[INFO] [stdout]     --> src/sandbox/mod.rs:269:18
[INFO] [stdout]      |
[INFO] [stdout]  269 |     pub async fn read_file(&self, path: &str, offset: usize, limit: usize) -> Result<String> {
[INFO] [stdout]      |                  ^^^^^^^^^                    -------------  ------------
[INFO] [stdout] help: provide the arguments
[INFO] [stdout]      |
[INFO] [stdout] 1095 |         assert!(sandbox.read_file(".env", /* usize */, /* usize */).await.is_err());
[INFO] [stdout]      |                                         ++++++++++++++++++++++++++
[INFO] [stdout] 
[INFO] [stdout] 
[INFO] [stdout] error[E0061]: this method takes 3 arguments but 1 argument was supplied
[INFO] [stdout]     --> src/sandbox/mod.rs:1098:25
[INFO] [stdout]      |
[INFO] [stdout] 1098 |         assert!(sandbox.read_file("config/.env.local").await.is_err());
[INFO] [stdout]      |                         ^^^^^^^^^--------------------- two arguments of type `usize` and `usize` are missing
[INFO] [stdout]      |
[INFO] [stdout] note: method defined here
[INFO] [stdout]     --> src/sandbox/mod.rs:269:18
[INFO] [stdout]      |
[INFO] [stdout]  269 |     pub async fn read_file(&self, path: &str, offset: usize, limit: usize) -> Result<String> {
[INFO] [stdout]      |                  ^^^^^^^^^                    -------------  ------------
[INFO] [stdout] help: provide the arguments
[INFO] [stdout]      |
[INFO] [stdout] 1098 |         assert!(sandbox.read_file("config/.env.local", /* usize */, /* usize */).await.is_err());
[INFO] [stdout]      |                                                      ++++++++++++++++++++++++++
[INFO] [stdout] 
[INFO] [stdout] 
[INFO] [stdout] error[E0061]: this method takes 3 arguments but 1 argument was supplied
[INFO] [stdout]     --> src/sandbox/mod.rs:1099:25
[INFO] [stdout]      |
[INFO] [stdout] 1099 |         assert!(sandbox.read_file("production.env").await.is_err());
[INFO] [stdout]      |                         ^^^^^^^^^------------------ two arguments of type `usize` and `usize` are missing
[INFO] [stdout]      |
[INFO] [stdout] note: method defined here
[INFO] [stdout]     --> src/sandbox/mod.rs:269:18
[INFO] [stdout]      |
[INFO] [stdout]  269 |     pub async fn read_file(&self, path: &str, offset: usize, limit: usize) -> Result<String> {
[INFO] [stdout]      |                  ^^^^^^^^^                    -------------  ------------
[INFO] [stdout] help: provide the arguments
[INFO] [stdout]      |
[INFO] [stdout] 1099 |         assert!(sandbox.read_file("production.env", /* usize */, /* usize */).await.is_err());
[INFO] [stdout]      |                                                   ++++++++++++++++++++++++++
[INFO] [stdout] 
[INFO] [stdout] 
[INFO] [stdout] error[E0061]: this method takes 3 arguments but 1 argument was supplied
[INFO] [stdout]     --> src/sandbox/mod.rs:1101:25
[INFO] [stdout]      |
[INFO] [stdout] 1101 |         assert!(sandbox.read_file("server.pem").await.is_err());
[INFO] [stdout]      |                         ^^^^^^^^^-------------- two arguments of type `usize` and `usize` are missing
[INFO] [stdout]      |
[INFO] [stdout] note: method defined here
[INFO] [stdout]     --> src/sandbox/mod.rs:269:18
[INFO] [stdout]      |
[INFO] [stdout]  269 |     pub async fn read_file(&self, path: &str, offset: usize, limit: usize) -> Result<String> {
[INFO] [stdout]      |                  ^^^^^^^^^                    -------------  ------------
[INFO] [stdout] help: provide the arguments
[INFO] [stdout]      |
[INFO] [stdout] 1101 |         assert!(sandbox.read_file("server.pem", /* usize */, /* usize */).await.is_err());
[INFO] [stdout]      |                                               ++++++++++++++++++++++++++
[INFO] [stdout] 
[INFO] [stdout] 
[INFO] [stdout] error[E0061]: this method takes 3 arguments but 1 argument was supplied
[INFO] [stdout]     --> src/sandbox/mod.rs:1103:25
[INFO] [stdout]      |
[INFO] [stdout] 1103 |         assert!(sandbox.read_file("id_ed25519").await.is_err());
[INFO] [stdout]      |                         ^^^^^^^^^-------------- two arguments of type `usize` and `usize` are missing
[INFO] [stdout]      |
[INFO] [stdout] note: method defined here
[INFO] [stdout]     --> src/sandbox/mod.rs:269:18
[INFO] [stdout]      |
[INFO] [stdout]  269 |     pub async fn read_file(&self, path: &str, offset: usize, limit: usize) -> Result<String> {
[INFO] [stdout]      |                  ^^^^^^^^^                    -------------  ------------
[INFO] [stdout] help: provide the arguments
[INFO] [stdout]      |
[INFO] [stdout] 1103 |         assert!(sandbox.read_file("id_ed25519", /* usize */, /* usize */).await.is_err());
[INFO] [stdout]      |                                               ++++++++++++++++++++++++++
[INFO] [stdout] 
[INFO] [stdout] 
[INFO] [stdout] error[E0061]: this method takes 3 arguments but 1 argument was supplied
[INFO] [stdout]     --> src/sandbox/mod.rs:1105:25
[INFO] [stdout]      |
[INFO] [stdout] 1105 |         assert!(sandbox.read_file(".git/config").await.is_err());
[INFO] [stdout]      |                         ^^^^^^^^^--------------- two arguments of type `usize` and `usize` are missing
[INFO] [stdout]      |
[INFO] [stdout] note: method defined here
[INFO] [stdout]     --> src/sandbox/mod.rs:269:18
[INFO] [stdout]      |
[INFO] [stdout]  269 |     pub async fn read_file(&self, path: &str, offset: usize, limit: usize) -> Result<String> {
[INFO] [stdout]      |                  ^^^^^^^^^                    -------------  ------------
[INFO] [stdout] help: provide the arguments
[INFO] [stdout]      |
[INFO] [stdout] 1105 |         assert!(sandbox.read_file(".git/config", /* usize */, /* usize */).await.is_err());
[INFO] [stdout]      |                                                ++++++++++++++++++++++++++
[INFO] [stdout] 
[INFO] [stdout] 
[INFO] [stdout] error[E0061]: this method takes 3 arguments but 1 argument was supplied
[INFO] [stdout]     --> src/sandbox/mod.rs:1110:25
[INFO] [stdout]      |
[INFO] [stdout] 1110 |         assert!(sandbox.read_file(".git/HEAD").await.is_ok());
[INFO] [stdout]      |                         ^^^^^^^^^------------- two arguments of type `usize` and `usize` are missing
[INFO] [stdout]      |
[INFO] [stdout] note: method defined here
[INFO] [stdout]     --> src/sandbox/mod.rs:269:18
[INFO] [stdout]      |
[INFO] [stdout]  269 |     pub async fn read_file(&self, path: &str, offset: usize, limit: usize) -> Result<String> {
[INFO] [stdout]      |                  ^^^^^^^^^                    -------------  ------------
[INFO] [stdout] help: provide the arguments
[INFO] [stdout]      |
[INFO] [stdout] 1110 |         assert!(sandbox.read_file(".git/HEAD", /* usize */, /* usize */).await.is_ok());
[INFO] [stdout]      |                                              ++++++++++++++++++++++++++
[INFO] [stdout] 
[INFO] [stdout] 
[INFO] [stdout] error[E0061]: this method takes 3 arguments but 1 argument was supplied
[INFO] [stdout]     --> src/sandbox/mod.rs:1113:28
[INFO] [stdout]      |
[INFO] [stdout] 1113 |         assert_eq!(sandbox.read_file("normal.txt").await.unwrap(), "fine");
[INFO] [stdout]      |                            ^^^^^^^^^-------------- two arguments of type `usize` and `usize` are missing
[INFO] [stdout]      |
[INFO] [stdout] note: method defined here
[INFO] [stdout]     --> src/sandbox/mod.rs:269:18
[INFO] [stdout]      |
[INFO] [stdout]  269 |     pub async fn read_file(&self, path: &str, offset: usize, limit: usize) -> Result<String> {
[INFO] [stdout]      |                  ^^^^^^^^^                    -------------  ------------
[INFO] [stdout] help: provide the arguments
[INFO] [stdout]      |
[INFO] [stdout] 1113 |         assert_eq!(sandbox.read_file("normal.txt", /* usize */, /* usize */).await.unwrap(), "fine");
[INFO] [stdout]      |                                                  ++++++++++++++++++++++++++
[INFO] [stdout] 
[INFO] [stdout] 
[INFO] [stdout] error[E0061]: this method takes 3 arguments but 1 argument was supplied
[INFO] [stdout]     --> src/sandbox/mod.rs:1139:25
[INFO] [stdout]      |
[INFO] [stdout] 1139 |         assert!(sandbox.read_file("secrets.json").await.is_err());
[INFO] [stdout]      |                         ^^^^^^^^^---------------- two arguments of type `usize` and `usize` are missing
[INFO] [stdout]      |
[INFO] [stdout] note: method defined here
[INFO] [stdout]     --> src/sandbox/mod.rs:269:18
[INFO] [stdout]      |
[INFO] [stdout]  269 |     pub async fn read_file(&self, path: &str, offset: usize, limit: usize) -> Result<String> {
[INFO] [stdout]      |                  ^^^^^^^^^                    -------------  ------------
[INFO] [stdout] help: provide the arguments
[INFO] [stdout]      |
[INFO] [stdout] 1139 |         assert!(sandbox.read_file("secrets.json", /* usize */, /* usize */).await.is_err());
[INFO] [stdout]      |                                                 ++++++++++++++++++++++++++
[INFO] [stdout] 
[INFO] [stdout] 
[INFO] [stdout] error[E0061]: this method takes 3 arguments but 1 argument was supplied
[INFO] [stdout]     --> src/sandbox/mod.rs:1140:25
[INFO] [stdout]      |
[INFO] [stdout] 1140 |         assert!(sandbox.read_file("token.txt").await.is_err()); // suffix match
[INFO] [stdout]      |                         ^^^^^^^^^------------- two arguments of type `usize` and `usize` are missing
[INFO] [stdout]      |
[INFO] [stdout] note: method defined here
[INFO] [stdout]     --> src/sandbox/mod.rs:269:18
[INFO] [stdout]      |
[INFO] [stdout]  269 |     pub async fn read_file(&self, path: &str, offset: usize, limit: usize) -> Result<String> {
[INFO] [stdout]      |                  ^^^^^^^^^                    -------------  ------------
[INFO] [stdout] help: provide the arguments
[INFO] [stdout]      |
[INFO] [stdout] 1140 |         assert!(sandbox.read_file("token.txt", /* usize */, /* usize */).await.is_err()); // suffix match
[INFO] [stdout]      |                                              ++++++++++++++++++++++++++
[INFO] [stdout] 
[INFO] [stdout] 
[INFO] [stdout] error[E0061]: this method takes 3 arguments but 1 argument was supplied
[INFO] [stdout]     --> src/sandbox/mod.rs:1141:25
[INFO] [stdout]      |
[INFO] [stdout] 1141 |         assert!(sandbox.read_file("anything-else.txt").await.is_ok());
[INFO] [stdout]      |                         ^^^^^^^^^--------------------- two arguments of type `usize` and `usize` are missing
[INFO] [stdout]      |
[INFO] [stdout] note: method defined here
[INFO] [stdout]     --> src/sandbox/mod.rs:269:18
[INFO] [stdout]      |
[INFO] [stdout]  269 |     pub async fn read_file(&self, path: &str, offset: usize, limit: usize) -> Result<String> {
[INFO] [stdout]      |                  ^^^^^^^^^                    -------------  ------------
[INFO] [stdout] help: provide the arguments
[INFO] [stdout]      |
[INFO] [stdout] 1141 |         assert!(sandbox.read_file("anything-else.txt", /* usize */, /* usize */).await.is_ok());
[INFO] [stdout]      |                                                      ++++++++++++++++++++++++++
[INFO] [stdout] 
[INFO] [stdout] 
[INFO] [stdout] error[E0061]: this method takes 3 arguments but 1 argument was supplied
[INFO] [stdout]     --> src/sandbox/mod.rs:1160:31
[INFO] [stdout]      |
[INFO] [stdout] 1160 |         let content = sandbox.read_file("test.txt").await.unwrap();
[INFO] [stdout]      |                               ^^^^^^^^^------------ two arguments of type `usize` and `usize` are missing
[INFO] [stdout]      |
[INFO] [stdout] note: method defined here
[INFO] [stdout]     --> src/sandbox/mod.rs:269:18
[INFO] [stdout]      |
[INFO] [stdout]  269 |     pub async fn read_file(&self, path: &str, offset: usize, limit: usize) -> Result<String> {
[INFO] [stdout]      |                  ^^^^^^^^^                    -------------  ------------
[INFO] [stdout] help: provide the arguments
[INFO] [stdout]      |
[INFO] [stdout] 1160 |         let content = sandbox.read_file("test.txt", /* usize */, /* usize */).await.unwrap();
[INFO] [stdout]      |                                                   ++++++++++++++++++++++++++
[INFO] [stdout] 
[INFO] [stdout] 
[INFO] [stdout] error[E0061]: this method takes 3 arguments but 1 argument was supplied
[INFO] [stdout]     --> src/sandbox/mod.rs:1443:27
[INFO] [stdout]      |
[INFO] [stdout] 1443 |         let err = sandbox.read_file("missing.txt").await.unwrap_err();
[INFO] [stdout]      |                           ^^^^^^^^^--------------- two arguments of type `usize` and `usize` are missing
[INFO] [stdout]      |
[INFO] [stdout] note: method defined here
[INFO] [stdout]     --> src/sandbox/mod.rs:269:18
[INFO] [stdout]      |
[INFO] [stdout]  269 |     pub async fn read_file(&self, path: &str, offset: usize, limit: usize) -> Result<String> {
[INFO] [stdout]      |                  ^^^^^^^^^                    -------------  ------------
[INFO] [stdout] help: provide the arguments
[INFO] [stdout]      |
[INFO] [stdout] 1443 |         let err = sandbox.read_file("missing.txt", /* usize */, /* usize */).await.unwrap_err();
[INFO] [stdout]      |                                                  ++++++++++++++++++++++++++
[INFO] [stdout] 
[INFO] [stdout] 
[INFO] [stdout] error[E0061]: this method takes 3 arguments but 1 argument was supplied
[INFO] [stdout]     --> src/sandbox/mod.rs:1458:28
[INFO] [stdout]      |
[INFO] [stdout] 1458 |         assert_eq!(sandbox.read_file("x.txt").await.unwrap(), "y");
[INFO] [stdout]      |                            ^^^^^^^^^--------- two arguments of type `usize` and `usize` are missing
[INFO] [stdout]      |
[INFO] [stdout] note: method defined here
[INFO] [stdout]     --> src/sandbox/mod.rs:269:18
[INFO] [stdout]      |
[INFO] [stdout]  269 |     pub async fn read_file(&self, path: &str, offset: usize, limit: usize) -> Result<String> {
[INFO] [stdout]      |                  ^^^^^^^^^                    -------------  ------------
[INFO] [stdout] help: provide the arguments
[INFO] [stdout]      |
[INFO] [stdout] 1458 |         assert_eq!(sandbox.read_file("x.txt", /* usize */, /* usize */).await.unwrap(), "y");
[INFO] [stdout]      |                                             ++++++++++++++++++++++++++
[INFO] [stdout] 
[INFO] [stdout] 
[INFO] [stdout] error[E0382]: borrow of moved value: `ws`
[INFO] [stdout]    --> src/sandbox/os_isolation.rs:947:41
[INFO] [stdout]     |
[INFO] [stdout] 940 |         let ws = unique_root("allow");
[INFO] [stdout]     |             -- move occurs because `ws` has type `std::path::PathBuf`, which does not implement the `Copy` trait
[INFO] [stdout] 941 |         assert_inside_confined_thread(ws.clone(), move || {
[INFO] [stdout]     |                                                   ------- value moved into closure here
[INFO] [stdout] 942 |             std::fs::write(ws.join("inside.txt"), b"ok").expect("workspace write must work");
[INFO] [stdout]     |                            -- variable moved due to use in closure
[INFO] [stdout] ...
[INFO] [stdout] 947 |         let _ = std::fs::remove_dir_all(&ws);
[INFO] [stdout]     |                                         ^^^ value borrowed here after move
[INFO] [stdout]     |
[INFO] [stdout] help: consider cloning the value before moving it into the closure
[INFO] [stdout]     |
[INFO] [stdout] 941 ~         let value = ws.clone();
[INFO] [stdout] 942 ~         assert_inside_confined_thread(ws.clone(), move || {
[INFO] [stdout] 943 ~             std::fs::write(value.join("inside.txt"), b"ok").expect("workspace write must work");
[INFO] [stdout]     |
[INFO] [stdout] 
[INFO] [stdout] 
[INFO] [stdout] Some errors have detailed explanations: E0061, E0308, E0382.
[INFO] [stdout] 
[INFO] [stdout] For more information about an error, try `rustc --explain E0061`.
[INFO] [stdout] 
[INFO] [stderr] error: could not compile `chat-tui` (bin "chat-tui" test) due to 21 previous errors
[INFO] running `Command { std: "docker" "inspect" "07ec6b00fbf0acd4261b5af3726474f06e07f95be24262b1693803c92010553a", kill_on_drop: false }`
[INFO] running `Command { std: "docker" "rm" "-f" "07ec6b00fbf0acd4261b5af3726474f06e07f95be24262b1693803c92010553a", kill_on_drop: false }`
[INFO] [stdout] 07ec6b00fbf0acd4261b5af3726474f06e07f95be24262b1693803c92010553a
