[INFO] cloning repository https://github.com/Alyssadaypin/bera-reth--010
[INFO] running `Command { std: "git" "-c" "credential.helper=" "-c" "credential.helper=/workspace/cargo-home/bin/git-credential-null" "clone" "--bare" "https://github.com/Alyssadaypin/bera-reth--010" "/workspace/cache/git-repos/https%3A%2F%2Fgithub.com%2FAlyssadaypin%2Fbera-reth--010", kill_on_drop: false }`
[INFO] [stderr] Cloning into bare repository '/workspace/cache/git-repos/https%3A%2F%2Fgithub.com%2FAlyssadaypin%2Fbera-reth--010'...
[INFO] running `Command { std: "git" "rev-parse" "HEAD", kill_on_drop: false }`
[INFO] [stdout] 0994d0d3d51e1b5d00ad0c2b00d628c8a1adc098
[INFO] checking Alyssadaypin/bera-reth--010 against 3154cc1a3e6424e44f438a95007d043ed5ceaaf6 for pr-133502-30
[INFO] running `Command { std: "git" "clone" "/workspace/cache/git-repos/https%3A%2F%2Fgithub.com%2FAlyssadaypin%2Fbera-reth--010" "/workspace/builds/worker-3-tc2/source", kill_on_drop: false }`
[INFO] [stderr] Cloning into '/workspace/builds/worker-3-tc2/source'...
[INFO] [stderr] done.
[INFO] removed /workspace/builds/worker-3-tc2/source/.cargo/config.toml
[INFO] started tweaking git repo https://github.com/Alyssadaypin/bera-reth--010
[INFO] finished tweaking git repo https://github.com/Alyssadaypin/bera-reth--010
[INFO] tweaked toml for git repo https://github.com/Alyssadaypin/bera-reth--010 written to /workspace/builds/worker-3-tc2/source/Cargo.toml
[INFO] validating manifest of git repo https://github.com/Alyssadaypin/bera-reth--010 on toolchain 3154cc1a3e6424e44f438a95007d043ed5ceaaf6
[INFO] running `Command { std: CARGO_HOME="/workspace/cargo-home" RUSTUP_HOME="/workspace/rustup-home" "/workspace/cargo-home/bin/cargo" "+3154cc1a3e6424e44f438a95007d043ed5ceaaf6" "metadata" "--manifest-path" "Cargo.toml" "--no-deps", kill_on_drop: false }`
[INFO] crate git repo https://github.com/Alyssadaypin/bera-reth--010 already has a lockfile, it will not be regenerated
[INFO] running `Command { std: CARGO_HOME="/workspace/cargo-home" RUSTUP_HOME="/workspace/rustup-home" "/workspace/cargo-home/bin/cargo" "+3154cc1a3e6424e44f438a95007d043ed5ceaaf6" "fetch" "--manifest-path" "Cargo.toml", kill_on_drop: false }`
[INFO] running `Command { std: "docker" "create" "-v" "/var/lib/crater-agent-workspace/builds/worker-3-tc2/source:/opt/rustwide/workdir:ro,Z" "-v" "/var/lib/crater-agent-workspace/builds/worker-3-tc2/target:/opt/rustwide/target:rw,Z" "-v" "/var/lib/crater-agent-workspace/cargo-home:/opt/rustwide/cargo-home:ro,Z" "-v" "/var/lib/crater-agent-workspace/rustup-home:/opt/rustwide/rustup-home:ro,Z" "-m" "1610612736" "--network" "none" "ghcr.io/rust-lang/crates-build-env/linux@sha256:77db811e55d90add9212f6832c23229e3de5f1c1f9905e8cb07319ea15df73ac" "sleep" "infinity", kill_on_drop: false }`
[INFO] [stdout] 61db23a13a37c70153a1f1e42f9766ecc547ade8bc42fc757d152038fbfddb31
[INFO] running `Command { std: "docker" "start" "61db23a13a37c70153a1f1e42f9766ecc547ade8bc42fc757d152038fbfddb31", kill_on_drop: false }`
[INFO] running `Command { std: "docker" "inspect" "61db23a13a37c70153a1f1e42f9766ecc547ade8bc42fc757d152038fbfddb31", kill_on_drop: false }`
[INFO] running `Command { std: "docker" "exec" "-e" "SOURCE_DIR=/opt/rustwide/workdir" "-e" "CARGO_HOME=/opt/rustwide/cargo-home" "-e" "RUSTUP_HOME=/opt/rustwide/rustup-home" "-e" "CARGO_TARGET_DIR=/opt/rustwide/target" "-w" "/opt/rustwide/workdir" "--user" "0:0" "61db23a13a37c70153a1f1e42f9766ecc547ade8bc42fc757d152038fbfddb31" "/opt/rustwide/cargo-home/bin/cargo" "+3154cc1a3e6424e44f438a95007d043ed5ceaaf6" "metadata" "--no-deps" "--format-version=1", kill_on_drop: false }`
[INFO] running `Command { std: "docker" "inspect" "61db23a13a37c70153a1f1e42f9766ecc547ade8bc42fc757d152038fbfddb31", kill_on_drop: false }`
[INFO] running `Command { std: "docker" "exec" "-e" "SOURCE_DIR=/opt/rustwide/workdir" "-e" "CARGO_HOME=/opt/rustwide/cargo-home" "-e" "RUSTUP_HOME=/opt/rustwide/rustup-home" "-e" "CARGO_TARGET_DIR=/opt/rustwide/target" "-e" "CARGO_INCREMENTAL=0" "-e" "RUST_BACKTRACE=full" "-e" "RUSTFLAGS=--cap-lints=forbid" "-e" "RUSTDOCFLAGS=--cap-lints=forbid" "-w" "/opt/rustwide/workdir" "--user" "0:0" "61db23a13a37c70153a1f1e42f9766ecc547ade8bc42fc757d152038fbfddb31" "/opt/rustwide/cargo-home/bin/cargo" "+3154cc1a3e6424e44f438a95007d043ed5ceaaf6" "check" "--frozen" "--all" "--all-targets" "--message-format=json", kill_on_drop: false }`
[INFO] [stderr]    Compiling libc v0.2.180
[INFO] [stderr]    Compiling proc-macro2 v1.0.106
[INFO] [stderr]    Compiling portable-atomic v1.13.1
[INFO] [stderr]     Checking critical-section v1.2.0
[INFO] [stderr]    Compiling zerocopy v0.8.37
[INFO] [stderr]    Compiling num-traits v0.2.19
[INFO] [stderr]     Checking bitflags v2.10.0
[INFO] [stderr]     Checking memchr v2.7.6
[INFO] [stderr]    Compiling rustix v1.1.3
[INFO] [stderr]     Checking linux-raw-sys v0.11.0
[INFO] [stderr]    Compiling zmij v1.0.18
[INFO] [stderr]    Compiling quote v1.0.44
[INFO] [stderr]     Checking once_cell v1.21.3
[INFO] [stderr]     Checking unarray v0.1.4
[INFO] [stderr]     Checking const-hex v1.17.0
[INFO] [stderr]    Compiling serde_json v1.0.149
[INFO] [stderr]    Compiling syn v2.0.114
[INFO] [stderr]     Checking tracing-core v0.1.36
[INFO] [stderr]    Compiling getrandom v0.4.1
[INFO] [stderr]    Compiling serde_core v1.0.228
[INFO] [stderr]     Checking fixed-cache v0.1.8
[INFO] [stderr]    Compiling jobserver v0.1.34
[INFO] [stderr]    Compiling serde v1.0.228
[INFO] [stderr]     Checking futures-core v0.3.31
[INFO] [stderr]     Checking futures-io v0.3.31
[INFO] [stderr]     Checking futures-channel v0.3.31
[INFO] [stderr]    Compiling cc v1.2.55
[INFO] [stderr]    Compiling icu_properties_data v2.0.1
[INFO] [stderr]    Compiling icu_normalizer_data v2.0.0
[INFO] [stderr]    Compiling winnow v0.7.14
[INFO] [stderr]     Checking getrandom v0.2.17
[INFO] [stderr]     Checking getrandom v0.3.4
[INFO] [stderr]     Checking rand_core v0.6.4
[INFO] [stderr]     Checking wait-timeout v0.2.1
[INFO] [stderr]     Checking ff v0.13.1
[INFO] [stderr]     Checking group v0.13.0
[INFO] [stderr]     Checking errno v0.3.14
[INFO] [stderr]     Checking signal-hook-registry v1.4.8
[INFO] [stderr]     Checking mio v1.1.1
[INFO] [stderr]     Checking socket2 v0.6.2
[INFO] [stderr]     Checking num_cpus v1.17.0
[INFO] [stderr]     Checking stable_deref_trait v1.2.1
[INFO] [stderr]    Compiling toml_datetime v0.7.5+spec-1.1.0
[INFO] [stderr]     Checking threadpool v1.8.1
[INFO] [stderr]     Checking futures-task v0.3.31
[INFO] [stderr]    Compiling proc-macro-error-attr2 v2.0.0
[INFO] [stderr]    Compiling zstd-safe v7.2.4
[INFO] [stderr]     Checking litemap v0.8.1
[INFO] [stderr]     Checking writeable v0.6.2
[INFO] [stderr]    Compiling sha3-asm v0.1.5
[INFO] [stderr]    Compiling blst v0.3.16
[INFO] [stderr]    Compiling secp256k1-sys v0.10.1
[INFO] [stderr]    Compiling c-kzg v2.1.5
[INFO] [stderr]    Compiling zstd-sys v2.0.16+zstd.1.5.7
[INFO] [stderr]    Compiling toml_parser v1.0.6+spec-1.1.0
[INFO] [stderr]     Checking tempfile v3.24.0
[INFO] [stderr]    Compiling toml_edit v0.23.10+spec-1.0.0
[INFO] [stderr]     Checking rusty-fork v0.3.1
[INFO] [stderr]    Compiling crossbeam-epoch v0.9.20
[INFO] [stderr]     Checking num-integer v0.1.46
[INFO] [stderr]    Compiling ahash v0.8.12
[INFO] [stderr]    Compiling ring v0.17.14
[INFO] [stderr]     Checking hashbrown v0.14.5
[INFO] [stderr]     Checking ppv-lite86 v0.2.21
[INFO] [stderr]    Compiling synstructure v0.13.2
[INFO] [stderr]     Checking rand_chacha v0.3.1
[INFO] [stderr]    Compiling darling_core v0.20.11
[INFO] [stderr]    Compiling proc-macro-crate v3.4.0
[INFO] [stderr]    Compiling proc-macro-error2 v2.0.1
[INFO] [stderr]    Compiling syn-solidity v1.5.7
[INFO] [stderr]    Compiling macro-string v0.1.4
[INFO] [stderr]    Compiling rayon-core v1.13.0
[INFO] [stderr]     Checking crossbeam-deque v0.8.6
[INFO] [stderr]    Compiling semver v1.0.27
[INFO] [stderr]    Compiling crunchy v0.2.4
[INFO] [stderr]    Compiling serde_derive v1.0.228
[INFO] [stderr]    Compiling zeroize_derive v1.4.3
[INFO] [stderr]    Compiling derive_arbitrary v1.4.2
[INFO] [stderr]     Checking zeroize v1.8.2
[INFO] [stderr]     Checking generic-array v0.14.7
[INFO] [stderr]    Compiling thiserror-impl v2.0.18
[INFO] [stderr]     Checking arbitrary v1.4.2
[INFO] [stderr]     Checking der v0.7.10
[INFO] [stderr]     Checking crypto-common v0.1.7
[INFO] [stderr]     Checking block-buffer v0.10.4
[INFO] [stderr]     Checking digest v0.10.7
[INFO] [stderr]     Checking sha2 v0.10.9
[INFO] [stderr]     Checking hmac v0.12.1
[INFO] [stderr]    Compiling tracing-attributes v0.1.31
[INFO] [stderr]     Checking signature v2.2.0
[INFO] [stderr]     Checking crypto-bigint v0.5.5
[INFO] [stderr]     Checking indexmap v2.13.0
[INFO] [stderr]     Checking thiserror v2.0.18
[INFO] [stderr]     Checking rfc6979 v0.4.0
[INFO] [stderr]    Compiling derive_more-impl v2.1.1
[INFO] [stderr]     Checking spki v0.7.3
[INFO] [stderr]     Checking pkcs8 v0.10.2
[INFO] [stderr]     Checking sha3 v0.10.8
[INFO] [stderr]     Checking tracing v0.1.44
[INFO] [stderr]    Compiling alloy-rlp-derive v0.3.13
[INFO] [stderr]     Checking keccak-asm v0.1.5
[INFO] [stderr]    Compiling proptest-derive v0.7.0
[INFO] [stderr]    Compiling zerofrom-derive v0.1.6
[INFO] [stderr]    Compiling auto_impl v1.3.0
[INFO] [stderr]    Compiling yoke-derive v0.8.1
[INFO] [stderr]    Compiling zerovec-derive v0.11.2
[INFO] [stderr]    Compiling displaydoc v0.2.5
[INFO] [stderr]    Compiling tokio-macros v2.6.0
[INFO] [stderr]    Compiling darling_macro v0.20.11
[INFO] [stderr]     Checking bytes v1.11.1
[INFO] [stderr]     Checking smallvec v1.15.1
[INFO] [stderr]     Checking rand_core v0.9.5
[INFO] [stderr]     Checking rand v0.8.6
[INFO] [stderr]     Checking arrayvec v0.7.6
[INFO] [stderr]     Checking serdect v0.2.0
[INFO] [stderr]     Checking parking_lot_core v0.9.12
[INFO] [stderr]     Checking lock_api v0.4.14
[INFO] [stderr]     Checking rand_chacha v0.9.0
[INFO] [stderr]     Checking sec1 v0.7.3
[INFO] [stderr]     Checking elliptic-curve v0.13.8
[INFO] [stderr]     Checking rand v0.9.4
[INFO] [stderr]     Checking alloy-rlp v0.3.13
[INFO] [stderr]     Checking rand_xorshift v0.4.0
[INFO] [stderr]     Checking ecdsa v0.16.9
[INFO] [stderr]     Checking either v1.15.0
[INFO] [stderr]     Checking parking_lot v0.12.5
[INFO] [stderr]    Compiling darling_core v0.21.3
[INFO] [stderr]     Checking tokio v1.49.0
[INFO] [stderr]     Checking rustc-hash v2.1.1
[INFO] [stderr]    Compiling darling v0.20.11
[INFO] [stderr]     Checking itertools v0.13.0
[INFO] [stderr]     Checking secp256k1 v0.30.0
[INFO] [stderr]     Checking k256 v0.13.4
[INFO] [stderr]     Checking proptest v1.9.0
[INFO] [stderr]     Checking rapidhash v4.2.1
[INFO] [stderr]     Checking zerofrom v0.1.6
[INFO] [stderr]    Compiling futures-macro v0.3.31
[INFO] [stderr]     Checking yoke v0.8.1
[INFO] [stderr]    Compiling ethereum_ssz_derive v0.9.1
[INFO] [stderr]     Checking futures-util v0.3.31
[INFO] [stderr]     Checking zerovec v0.11.5
[INFO] [stderr]     Checking itertools v0.14.0
[INFO] [stderr]     Checking ruint v1.17.2
[INFO] [stderr]    Compiling darling_macro v0.21.3
[INFO] [stderr]    Compiling alloy-sol-macro-input v1.5.7
[INFO] [stderr]    Compiling darling v0.21.3
[INFO] [stderr]    Compiling serde_with_macros v3.16.1
[INFO] [stderr]    Compiling alloy-sol-macro-expander v1.5.7
[INFO] [stderr]    Compiling alloy-tx-macros v1.7.3
[INFO] [stderr]     Checking derive_more v2.1.1
[INFO] [stderr]     Checking tinystr v0.8.2
[INFO] [stderr]     Checking alloy-primitives v1.5.7
[INFO] [stderr]     Checking nybbles v0.4.8
[INFO] [stderr]    Compiling num_enum_derive v0.7.5
[INFO] [stderr]     Checking serde_with v3.16.1
[INFO] [stderr]     Checking tokio-util v0.7.18
[INFO] [stderr]     Checking icu_locale_core v2.1.1
[INFO] [stderr]     Checking num_enum v0.7.5
[INFO] [stderr]     Checking potential_utf v0.1.4
[INFO] [stderr]     Checking zerotrie v0.2.3
[INFO] [stderr]     Checking icu_collections v2.0.0
[INFO] [stderr]     Checking alloy-eip7928 v0.3.2
[INFO] [stderr]     Checking alloy-eip2930 v0.2.3
[INFO] [stderr]     Checking alloy-eip2124 v0.2.0
[INFO] [stderr]     Checking ethereum_serde_utils v0.8.0
[INFO] [stderr]     Checking alloy-serde v1.7.3
[INFO] [stderr]     Checking alloy-trie v0.9.4
[INFO] [stderr]     Checking ethereum_ssz v0.9.1
[INFO] [stderr]     Checking bitvec v1.0.1
[INFO] [stderr]     Checking revm-primitives v22.0.0
[INFO] [stderr]     Checking http v1.4.0
[INFO] [stderr]     Checking icu_provider v2.1.1
[INFO] [stderr]    Compiling strum_macros v0.27.2
[INFO] [stderr]     Checking alloy-eip7702 v0.6.3
[INFO] [stderr]     Checking icu_properties v2.0.2
[INFO] [stderr]     Checking icu_normalizer v2.0.1
[INFO] [stderr]    Compiling alloy-sol-macro v1.5.7
[INFO] [stderr]     Checking alloy-eips v1.7.3
[INFO] [stderr]     Checking alloy-sol-types v1.5.7
[INFO] [stderr]     Checking num-bigint v0.4.6
[INFO] [stderr]     Checking zstd v0.13.3
[INFO] [stderr]     Checking futures-executor v0.3.31
[INFO] [stderr]     Checking revm-bytecode v8.0.0
[INFO] [stderr]     Checking dashmap v6.1.0
[INFO] [stderr]     Checking idna_adapter v1.2.1
[INFO] [stderr]     Checking idna v1.1.0
[INFO] [stderr]     Checking rayon v1.11.0
[INFO] [stderr]    Compiling modular-bitfield-impl v0.13.1
[INFO] [stderr]     Checking strum v0.27.2
[INFO] [stderr]     Checking revm-state v9.0.0
[INFO] [stderr]     Checking reth-zstd-compressors v1.11.3 (https://github.com/paradigmxyz/reth?tag=v1.11.4#2ac58a25)
[INFO] [stderr]     Checking url v2.5.8
[INFO] [stderr]    Compiling reth-codecs-derive v1.11.3 (https://github.com/paradigmxyz/reth?tag=v1.11.4#2ac58a25)
[INFO] [stderr]     Checking alloy-consensus v1.7.3
[INFO] [stderr]     Checking alloy-genesis v1.7.3
[INFO] [stderr]    Compiling visibility v0.1.1
[INFO] [stderr]     Checking revm-database-interface v9.0.0
[INFO] [stderr]     Checking proptest-arbitrary-interop v0.1.0
[INFO] [stderr]     Checking futures v0.3.31
[INFO] [stderr]     Checking revm-database v10.0.0
[INFO] [stderr]    Compiling enum-ordinalize-derive v4.3.2
[INFO] [stderr]     Checking ark-std v0.5.0
[INFO] [stderr]    Compiling ark-serialize-derive v0.5.0
[INFO] [stderr]     Checking modular-bitfield v0.13.1
[INFO] [stderr]    Compiling enum-ordinalize v4.3.2
[INFO] [stderr]    Compiling ark-ff-asm v0.5.0
[INFO] [stderr]    Compiling educe v0.6.0
[INFO] [stderr]     Checking ark-serialize v0.5.0
[INFO] [stderr]    Compiling num-conv v0.2.0
[INFO] [stderr]     Checking ripemd v0.1.3
[INFO] [stderr]     Checking hashbrown v0.15.5
[INFO] [stderr]    Compiling pin-project-internal v1.1.10
[INFO] [stderr]    Compiling secp256k1-sys v0.11.0
[INFO] [stderr]     Checking num-rational v0.4.2
[INFO] [stderr]     Checking tokio-stream v0.1.18
[INFO] [stderr]    Compiling rustc_version v0.4.1
[INFO] [stderr]     Checking num-iter v0.1.45
[INFO] [stderr]    Compiling ark-ff-macros v0.5.0
[INFO] [stderr]     Checking num-complex v0.4.6
[INFO] [stderr]     Checking pin-project v1.1.10
[INFO] [stderr]     Checking revm-context-interface v14.0.0
[INFO] [stderr]    Compiling curve25519-dalek v4.1.3
[INFO] [stderr]     Checking alloy-chains v0.2.30
[INFO] [stderr]     Checking primeorder v0.13.6
[INFO] [stderr]     Checking num v0.4.3
[INFO] [stderr]     Checking aurora-engine-modexp v1.2.0
[INFO] [stderr]     Checking p256 v0.13.2
[INFO] [stderr]     Checking alloy-network-primitives v1.7.3
[INFO] [stderr]     Checking alloy-consensus-any v1.7.3
[INFO] [stderr]     Checking reth-codecs v1.11.3 (https://github.com/paradigmxyz/reth?tag=v1.11.4#2ac58a25)
[INFO] [stderr]     Checking plain_hasher v0.2.3
[INFO] [stderr]    Compiling derive-where v1.6.0
[INFO] [stderr]    Compiling curve25519-dalek-derive v0.1.1
[INFO] [stderr]     Checking alloy-rpc-types-eth v1.7.3
[INFO] [stderr]    Compiling async-trait v0.1.89
[INFO] [stderr]     Checking ark-ff v0.5.0
[INFO] [stderr]     Checking revm-interpreter v32.0.0
[INFO] [stderr]     Checking alloy-hardforks v0.4.7
[INFO] [stderr]     Checking ed25519 v2.2.3
[INFO] [stderr]     Checking revm-context v13.0.0
[INFO] [stderr]     Checking clap_lex v0.7.7
[INFO] [stderr]     Checking clap_builder v4.5.56
[INFO] [stderr]     Checking deranged v0.5.5
[INFO] [stderr]     Checking ed25519-dalek v2.2.0
[INFO] [stderr]    Compiling time-macros v0.2.27
[INFO] [stderr]    Compiling clap_derive v4.5.55
[INFO] [stderr]     Checking time-core v0.1.8
[INFO] [stderr]     Checking enr v0.13.0
[INFO] [stderr]    Compiling fixed-map-derive v0.9.5
[INFO] [stderr]     Checking secp256k1 v0.31.1
[INFO] [stderr]     Checking reth-primitives-traits v1.11.3 (https://github.com/paradigmxyz/reth?tag=v1.11.4#2ac58a25)
[INFO] [stderr]     Checking metrics v0.24.3
[INFO] [stderr]     Checking reth-network-peers v1.11.3 (https://github.com/paradigmxyz/reth?tag=v1.11.4#2ac58a25)
[INFO] [stderr]     Checking time v0.3.47
[INFO] [stderr]     Checking http-body v1.0.1
[INFO] [stderr]     Checking reth-prune-types v1.11.3 (https://github.com/paradigmxyz/reth?tag=v1.11.4#2ac58a25)
[INFO] [stderr]     Checking hdrhistogram v7.5.4
[INFO] [stderr]     Checking sync_wrapper v1.0.2
[INFO] [stderr]     Checking reth-ethereum-forks v1.11.3 (https://github.com/paradigmxyz/reth?tag=v1.11.4#2ac58a25)
[INFO] [stderr]     Checking rustls-pki-types v1.14.0
[INFO] [stderr]     Checking tower v0.5.3
[INFO] [stderr]     Checking http-body-util v0.1.3
[INFO] [stderr]    Compiling metrics-derive v0.1.2
[INFO] [stderr]     Checking reth-trie-common v1.11.3 (https://github.com/paradigmxyz/reth?tag=v1.11.4#2ac58a25)
[INFO] [stderr]     Checking reth-ethereum-primitives v1.11.3 (https://github.com/paradigmxyz/reth?tag=v1.11.4#2ac58a25)
[INFO] [stderr]     Checking clap v4.5.56
[INFO] [stderr]    Compiling rustls v0.23.36
[INFO] [stderr]     Checking h2 v0.4.13
[INFO] [stderr]     Checking rustls-webpki v0.103.13
[INFO] [stderr]     Checking reth-metrics v1.11.3 (https://github.com/paradigmxyz/reth?tag=v1.11.4#2ac58a25)
[INFO] [stderr]    Compiling bytemuck_derive v1.10.2
[INFO] [stderr]     Checking simple_asn1 v0.6.3
[INFO] [stderr]     Checking jsonwebtoken v9.3.1
[INFO] [stderr]     Checking fixed-map v0.9.5
[INFO] [stderr]    Compiling const_format_proc_macros v0.2.34
[INFO] [stderr]    Compiling parity-scale-codec v3.7.5
[INFO] [stderr]     Checking reth-stages-types v1.11.3 (https://github.com/paradigmxyz/reth?tag=v1.11.4#2ac58a25)
[INFO] [stderr]    Compiling impl-trait-for-tuples v0.2.3
[INFO] [stderr]     Checking ark-poly v0.5.0
[INFO] [stderr]     Checking alloy-rpc-types-engine v1.7.3
[INFO] [stderr]     Checking bytemuck v1.25.0
[INFO] [stderr]     Checking const_format v0.2.35
[INFO] [stderr]     Checking byte-slice-cast v1.2.3
[INFO] [stderr]     Checking reth-static-file-types v1.11.3 (https://github.com/paradigmxyz/reth?tag=v1.11.4#2ac58a25)
[INFO] [stderr]     Checking roaring v0.11.3
[INFO] [stderr]     Checking reth-db-models v1.11.3 (https://github.com/paradigmxyz/reth?tag=v1.11.4#2ac58a25)
[INFO] [stderr]     Checking reth-storage-errors v1.11.3 (https://github.com/paradigmxyz/reth?tag=v1.11.4#2ac58a25)
[INFO] [stderr]     Checking alloy-json-rpc v1.7.3
[INFO] [stderr]     Checking ark-ec v0.5.0
[INFO] [stderr]     Checking rustls-native-certs v0.8.3
[INFO] [stderr]     Checking webpki-roots v1.0.5
[INFO] [stderr]    Compiling openssl-sys v0.9.111
[INFO] [stderr]     Checking bs58 v0.5.1
[INFO] [stderr]     Checking flate2 v1.1.8
[INFO] [stderr]     Checking ryu v1.0.22
[INFO] [stderr]    Compiling thiserror-impl v1.0.69
[INFO] [stderr]     Checking uuid v1.20.0
[INFO] [stderr]    Compiling openssl v0.10.75
[INFO] [stderr]    Compiling openssl-macros v0.1.1
[INFO] [stderr]     Checking compression-core v0.4.31
[INFO] [stderr]     Checking reth-db-api v1.11.3 (https://github.com/paradigmxyz/reth?tag=v1.11.4#2ac58a25)
[INFO] [stderr]    Compiling anyhow v1.0.103
[INFO] [stderr]    Compiling native-tls v0.2.14
[INFO] [stderr]     Checking rlp v0.5.2
[INFO] [stderr]     Checking compression-codecs v0.4.36
[INFO] [stderr]    Compiling aho-corasick v1.1.4
[INFO] [stderr]     Checking alloy-rpc-types-any v1.7.3
[INFO] [stderr]     Checking alloy-signer v1.7.3
[INFO] [stderr]     Checking tokio-rustls v0.26.4
[INFO] [stderr]    Compiling regex-syntax v0.8.8
[INFO] [stderr]     Checking ark-bls12-381 v0.5.0
[INFO] [stderr]     Checking ark-bn254 v0.5.0
[INFO] [stderr]     Checking thiserror v1.0.69
[INFO] [stderr]     Checking bech32 v0.9.1
[INFO] [stderr]     Checking alloy-network v1.7.3
[INFO] [stderr]     Checking hyper v1.8.1
[INFO] [stderr]     Checking coins-core v0.12.0
[INFO] [stderr]     Checking async-compression v0.4.37
[INFO] [stderr]     Checking triehash v0.8.4
[INFO] [stderr]     Checking coins-bip32 v0.12.0
[INFO] [stderr]     Checking revm-precompile v32.0.0
[INFO] [stderr]     Checking pbkdf2 v0.12.2
[INFO] [stderr]     Checking serde_urlencoded v0.7.1
[INFO] [stderr]     Checking tower-http v0.6.8
[INFO] [stderr]     Checking revm-handler v15.0.0
[INFO] [stderr]     Checking coins-bip39 v0.12.0
[INFO] [stderr]    Compiling wasm-bindgen-shared v0.2.108
[INFO] [stderr]     Checking alloy-signer-local v1.7.3
[INFO] [stderr]     Checking regex-automata v0.4.13
[INFO] [stderr]    Compiling bindgen v0.72.1
[INFO] [stderr]    Compiling clang-sys v1.8.1
[INFO] [stderr]     Checking revm-inspector v15.0.0
[INFO] [stderr]     Checking hyper-util v0.1.19
[INFO] [stderr]     Checking revm v34.0.0
[INFO] [stderr]     Checking alloy-evm v0.27.3
[INFO] [stderr]     Checking tracing-futures v0.2.5
[INFO] [stderr]     Checking reth-fs-util v1.11.3 (https://github.com/paradigmxyz/reth?tag=v1.11.4#2ac58a25)
[INFO] [stderr]     Checking tracing-serde v0.2.0
[INFO] [stderr]    Compiling eyre v0.6.12
[INFO] [stderr]     Checking reth-chainspec v1.11.3 (https://github.com/paradigmxyz/reth?tag=v1.11.4#2ac58a25)
[INFO] [stderr]     Checking reth-execution-types v1.11.3 (https://github.com/paradigmxyz/reth?tag=v1.11.4#2ac58a25)
[INFO] [stderr]     Checking reth-execution-errors v1.11.3 (https://github.com/paradigmxyz/reth?tag=v1.11.4#2ac58a25)
[INFO] [stderr]     Checking tokio-native-tls v0.3.1
[INFO] [stderr]     Checking matchers v0.2.0
[INFO] [stderr]     Checking reth-trie-sparse v1.11.3 (https://github.com/paradigmxyz/reth?tag=v1.11.4#2ac58a25)
[INFO] [stderr]     Checking tracing-subscriber v0.3.22
[INFO] [stderr]     Checking reth-tasks v1.11.3 (https://github.com/paradigmxyz/reth?tag=v1.11.4#2ac58a25)
[INFO] [stderr]     Checking hyper-rustls v0.27.7
[INFO] [stderr]     Checking hyper-tls v0.6.0
[INFO] [stderr]     Checking opentelemetry v0.31.0
[INFO] [stderr]     Checking reth-consensus v1.11.3 (https://github.com/paradigmxyz/reth?tag=v1.11.4#2ac58a25)
[INFO] [stderr]     Checking reth-storage-api v1.11.3 (https://github.com/paradigmxyz/reth?tag=v1.11.4#2ac58a25)
[INFO] [stderr]     Checking reqwest v0.12.28
[INFO] [stderr]     Checking reth-errors v1.11.3 (https://github.com/paradigmxyz/reth?tag=v1.11.4#2ac58a25)
[INFO] [stderr]     Checking sha1 v0.10.6
[INFO] [stderr]     Checking indenter v0.3.4
[INFO] [stderr]     Checking chrono v0.4.43
[INFO] [stderr]     Checking reth-evm v1.11.3 (https://github.com/paradigmxyz/reth?tag=v1.11.4#2ac58a25)
[INFO] [stderr]     Checking reth-trie v1.11.3 (https://github.com/paradigmxyz/reth?tag=v1.11.4#2ac58a25)
[INFO] [stderr]    Compiling tikv-jemalloc-sys v0.6.1+5.3.0-1-ge13ca993e8ccb9ba9847cc330696e02839f328f7
[INFO] [stderr]    Compiling bumpalo v3.19.1
[INFO] [stderr]    Compiling regex v1.12.2
[INFO] [stderr]    Compiling wasm-bindgen-macro-support v0.2.108
[INFO] [stderr]     Checking hyper-timeout v0.5.2
[INFO] [stderr]    Compiling prost-derive v0.14.3
[INFO] [stderr]     Checking crossbeam-channel v0.5.15
[INFO] [stderr]    Compiling wasm-bindgen v0.2.108
[INFO] [stderr]     Checking unicode-ident v1.0.22
[INFO] [stderr]     Checking tonic v0.14.3
[INFO] [stderr]     Checking reth-chain-state v1.11.3 (https://github.com/paradigmxyz/reth?tag=v1.11.4#2ac58a25)
[INFO] [stderr]     Checking opentelemetry_sdk v0.31.0
[INFO] [stderr]    Compiling camino v1.2.2
[INFO] [stderr]     Checking opentelemetry-http v0.31.0
[INFO] [stderr]     Checking reth-net-banlist v1.11.3 (https://github.com/paradigmxyz/reth?tag=v1.11.4#2ac58a25)
[INFO] [stderr]     Checking reth-payload-primitives v1.11.3 (https://github.com/paradigmxyz/reth?tag=v1.11.4#2ac58a25)
[INFO] [stderr]    Compiling lz4-sys v1.11.1+lz4-1.10.0
[INFO] [stderr]     Checking memmap2 v0.9.11
[INFO] [stderr]     Checking reth-payload-builder-primitives v1.11.3 (https://github.com/paradigmxyz/reth?tag=v1.11.4#2ac58a25)
[INFO] [stderr]     Checking tracing-log v0.2.0
[INFO] [stderr]     Checking reth-engine-primitives v1.11.3 (https://github.com/paradigmxyz/reth?tag=v1.11.4#2ac58a25)
[INFO] [stderr]     Checking humantime v2.3.0
[INFO] [stderr]     Checking prost v0.14.3
[INFO] [stderr]     Checking reth-ethereum-engine-primitives v1.11.3 (https://github.com/paradigmxyz/reth?tag=v1.11.4#2ac58a25)
[INFO] [stderr]     Checking tonic-prost v0.14.3
[INFO] [stderr]     Checking humantime-serde v1.1.1
[INFO] [stderr]     Checking tracing-opentelemetry v0.32.1
[INFO] [stderr]     Checking opentelemetry-appender-tracing v0.31.1
[INFO] [stderr]     Checking reth-eth-wire-types v1.11.3 (https://github.com/paradigmxyz/reth?tag=v1.11.4#2ac58a25)
[INFO] [stderr]    Compiling wasm-bindgen-macro v0.2.108
[INFO] [stderr]    Compiling libz-sys v1.1.23
[INFO] [stderr]     Checking jsonrpsee-types v0.26.0
[INFO] [stderr]     Checking opentelemetry-proto v0.31.0
[INFO] [stderr]    Compiling bzip2-sys v0.1.13+1.0.8
[INFO] [stderr]     Checking js-sys v0.3.85
[INFO] [stderr]     Checking send_wrapper v0.4.0
[INFO] [stderr]     Checking opentelemetry-semantic-conventions v0.31.0
[INFO] [stderr]     Checking opentelemetry-otlp v0.31.0
[INFO] [stderr]     Checking reth-network-types v1.11.3 (https://github.com/paradigmxyz/reth?tag=v1.11.4#2ac58a25)
[INFO] [stderr]     Checking tracing-samply v0.1.5
[INFO] [stderr]     Checking tracing-appender v0.2.4
[INFO] [stderr]     Checking rolling-file v0.2.0
[INFO] [stderr]     Checking tracing-journald v0.3.2
[INFO] [stderr]     Checking tracing-logfmt v0.3.5
[INFO] [stderr]     Checking bincode v1.3.3
[INFO] [stderr]     Checking block-padding v0.3.3
[INFO] [stderr]     Checking lz4_flex v0.12.1
[INFO] [stderr]     Checking inout v0.1.4
[INFO] [stderr]     Checking reth-tracing-otlp v1.11.3 (https://github.com/paradigmxyz/reth?tag=v1.11.4#2ac58a25)
[INFO] [stderr]     Checking sysinfo v0.38.3
[INFO] [stderr]     Checking reth-tracing v1.11.3 (https://github.com/paradigmxyz/reth?tag=v1.11.4#2ac58a25)
[INFO] [stderr]     Checking reth-nippy-jar v1.11.3 (https://github.com/paradigmxyz/reth?tag=v1.11.4#2ac58a25)
[INFO] [stderr]     Checking page_size v0.6.0
[INFO] [stderr]    Compiling phf_shared v0.13.1
[INFO] [stderr]     Checking cipher v0.4.4
[INFO] [stderr]     Checking reth-tokio-util v1.11.3 (https://github.com/paradigmxyz/reth?tag=v1.11.4#2ac58a25)
[INFO] [stderr]    Compiling derive_builder_core v0.20.2
[INFO] [stderr]    Compiling reth-mdbx-sys v1.11.3 (https://github.com/paradigmxyz/reth?tag=v1.11.4#2ac58a25)
[INFO] [stderr]    Compiling librocksdb-sys v0.17.3+10.4.2
[INFO] [stderr]     Checking gloo-timers v0.2.6
[INFO] [stderr]     Checking inotify-sys v0.1.5
[INFO] [stderr]     Checking futures-timer v3.0.3
[INFO] [stderr]    Compiling include_dir_macros v0.7.4
[INFO] [stderr]     Checking jsonrpsee-core v0.26.0
[INFO] [stderr]    Compiling itoa v1.0.17
[INFO] [stderr]     Checking hashbrown v0.13.2
[INFO] [stderr]    Compiling phf_generator v0.13.1
[INFO] [stderr]    Compiling derive_builder_macro v0.20.2
[INFO] [stderr]    Compiling include_dir v0.7.4
[INFO] [stderr]     Checking inotify v0.11.0
[INFO] [stderr]    Compiling itertools v0.10.5
[INFO] [stderr]    Compiling libgit2-sys v0.18.3+1.9.2
[INFO] [stderr]     Checking schnellru v0.2.4
[INFO] [stderr]     Checking notify-types v2.1.0
[INFO] [stderr]    Compiling vergen-lib v9.1.0
[INFO] [stderr]    Compiling data-encoding v2.10.0
[INFO] [stderr]    Compiling percent-encoding v2.3.2
[INFO] [stderr]    Compiling cow-utils v0.1.3
[INFO] [stderr]     Checking fast-float2 v0.2.3
[INFO] [stderr]     Checking ryu-js v1.0.2
[INFO] [stderr]     Checking boa_string v0.21.0
[INFO] [stderr]    Compiling data-encoding-macro-internal v0.1.17
[INFO] [stderr]    Compiling form_urlencoded v1.2.2
[INFO] [stderr]    Compiling aquamarine v0.6.0
[INFO] [stderr]    Compiling boa_macros v0.21.0
[INFO] [stderr]     Checking notify v8.2.0
[INFO] [stderr]    Compiling derive_builder v0.20.2
[INFO] [stderr]    Compiling phf_macros v0.13.1
[INFO] [stderr]     Checking aes v0.8.4
[INFO] [stderr]     Checking ctr v0.9.2
[INFO] [stderr]     Checking reth-network-p2p v1.11.3 (https://github.com/paradigmxyz/reth?tag=v1.11.4#2ac58a25)
[INFO] [stderr]     Checking reth-node-types v1.11.3 (https://github.com/paradigmxyz/reth?tag=v1.11.4#2ac58a25)
[INFO] [stderr]     Checking reth-trie-db v1.11.3 (https://github.com/paradigmxyz/reth?tag=v1.11.4#2ac58a25)
[INFO] [stderr]     Checking alloy-transport v1.7.3
[INFO] [stderr]     Checking universal-hash v0.5.1
[INFO] [stderr]    Compiling match-lookup v0.1.2
[INFO] [stderr]    Compiling cargo-platform v0.3.2
[INFO] [stderr]     Checking core2 v0.4.0
[INFO] [stderr]    Compiling vergen v9.1.0
[INFO] [stderr]     Checking const-str v0.4.3
[INFO] [stderr]     Checking unsigned-varint v0.8.0
[INFO] [stderr]    Compiling num_threads v0.1.7
[INFO] [stderr]    Compiling snap v1.1.1
[INFO] [stderr]     Checking thin-vec v0.2.16
[INFO] [stderr]     Checking base256emoji v1.0.2
[INFO] [stderr]     Checking multihash v0.19.3
[INFO] [stderr]    Compiling cargo_metadata v0.23.1
[INFO] [stderr]     Checking boa_gc v0.21.0
[INFO] [stderr]     Checking polyval v0.6.2
[INFO] [stderr]     Checking phf v0.13.1
[INFO] [stderr]     Checking data-encoding-macro v0.1.19
[INFO] [stderr]     Checking reth-evm-ethereum v1.11.3 (https://github.com/paradigmxyz/reth?tag=v1.11.4#2ac58a25)
[INFO] [stderr]     Checking hkdf v0.12.4
[INFO] [stderr]     Checking quick-protobuf v0.8.1
[INFO] [stderr]    Compiling vergen-git2 v9.1.0
[INFO] [stderr]    Compiling memoffset v0.9.1
[INFO] [stderr]     Checking serde_spanned v1.0.4
[INFO] [stderr]     Checking base-x v0.2.11
[INFO] [stderr]    Compiling doctest-file v1.0.0
[INFO] [stderr]     Checking reth-libmdbx v1.11.3 (https://github.com/paradigmxyz/reth?tag=v1.11.4#2ac58a25)
[INFO] [stderr]     Checking toml_writer v1.0.6+spec-1.1.0
[INFO] [stderr]     Checking asn1_der v0.7.6
[INFO] [stderr]     Checking alloy-pubsub v1.7.3
[INFO] [stderr]     Checking interprocess v2.2.3
[INFO] [stderr]     Checking toml v0.9.11+spec-1.1.0
[INFO] [stderr]     Checking libp2p-identity v0.2.13
[INFO] [stderr]     Checking reth-db v1.11.3 (https://github.com/paradigmxyz/reth?tag=v1.11.4#2ac58a25)
[INFO] [stderr]     Checking multibase v0.9.2
[INFO] [stderr]     Checking reth-transaction-pool v1.11.3 (https://github.com/paradigmxyz/reth?tag=v1.11.4#2ac58a25)
[INFO] [stderr]    Compiling float16 v0.1.5
[INFO] [stderr]     Checking boa_interner v0.21.0
[INFO] [stderr]     Checking ghash v0.5.1
[INFO] [stderr]     Checking tungstenite v0.26.2
[INFO] [stderr]     Checking webpki-roots v0.26.11
[INFO] [stderr]     Checking alloy-rpc-types-admin v1.7.3
[INFO] [stderr]     Checking aead v0.5.2
[INFO] [stderr]    Compiling equator-macro v0.4.2
[INFO] [stderr]     Checking tinyvec v1.10.0
[INFO] [stderr]     Checking tokio-tungstenite v0.26.2
[INFO] [stderr]     Checking futures-lite v2.6.1
[INFO] [stderr]     Checking reth-network-api v1.11.3 (https://github.com/paradigmxyz/reth?tag=v1.11.4#2ac58a25)
[INFO] [stderr]     Checking aes-gcm v0.10.3
[INFO] [stderr]     Checking equator v0.4.2
[INFO] [stderr]     Checking boa_ast v0.21.0
[INFO] [stderr]     Checking reth-config v1.11.3 (https://github.com/paradigmxyz/reth?tag=v1.11.4#2ac58a25)
[INFO] [stderr]     Checking multiaddr v0.18.2
[INFO] [stderr]     Checking alloy-rpc-types v1.7.3
[INFO] [stderr]     Checking delay_map v0.4.1
[INFO] [stderr]     Checking uint v0.10.0
[INFO] [stderr]    Compiling dynify-macros v0.1.2
[INFO] [stderr]    Compiling enum-as-inner v0.6.1
[INFO] [stderr]     Checking regress v0.10.5
[INFO] [stderr]     Checking hashlink v0.11.1
[INFO] [stderr]     Checking fixedbitset v0.5.7
[INFO] [stderr]     Checking more-asserts v0.3.1
[INFO] [stderr]     Checking tagptr v0.2.0
[INFO] [stderr]     Checking moka v0.12.13
[INFO] [stderr]     Checking futures-concurrency v7.7.1
[INFO] [stderr]     Checking discv5 v0.10.4
[INFO] [stderr]     Checking dynify v0.1.2
[INFO] [stderr]     Checking boa_parser v0.21.0
[INFO] [stderr]     Checking dirs-sys v0.5.0
[INFO] [stderr]     Checking hickory-proto v0.25.2
[INFO] [stderr]     Checking reth-payload-builder v1.11.3 (https://github.com/paradigmxyz/reth?tag=v1.11.4#2ac58a25)
[INFO] [stderr]     Checking intrusive-collections v0.9.7
[INFO] [stderr]     Checking aligned-vec v0.6.4
[INFO] [stderr]     Checking alloy-transport-ws v1.7.3
[INFO] [stderr]     Checking alloy-transport-ipc v1.7.3
[INFO] [stderr]     Checking alloy-transport-http v1.7.3
[INFO] [stderr]     Checking reth-revm v1.11.3 (https://github.com/paradigmxyz/reth?tag=v1.11.4#2ac58a25)
[INFO] [stderr]     Checking alloy-rpc-types-trace v1.7.3
[INFO] [stderr]     Checking small_btree v0.1.0
[INFO] [stderr]     Checking concat-kdf v0.1.0
[INFO] [stderr]     Checking if-addrs v0.14.0
[INFO] [stderr]     Checking linked-hash-map v0.5.6
[INFO] [stderr]     Checking resolv-conf v0.7.6
[INFO] [stderr]     Checking xsum v0.1.6
[INFO] [stderr]     Checking tag_ptr v0.1.0
[INFO] [stderr]     Checking linked_hash_set v0.1.6
[INFO] [stderr] error: could not compile `discv5` (lib)
[INFO] [stderr] 
[INFO] [stderr] Caused by:
[INFO] [stderr]   process didn't exit successfully: `/opt/rustwide/rustup-home/toolchains/3154cc1a3e6424e44f438a95007d043ed5ceaaf6/bin/rustc --crate-name discv5 --edition=2018 /opt/rustwide/cargo-home/registry/src/index.crates.io-1949cf8c6b5b557f/discv5-0.10.4/src/lib.rs --error-format=json --json=diagnostic-rendered-ansi,artifacts,future-incompat,unused-externs-silent --crate-type lib --emit=dep-info,metadata -C embed-bitcode=no -C debuginfo=2 --cfg 'feature="libp2p"' --cfg 'feature="serde"' --check-cfg 'cfg(docsrs,test)' --check-cfg 'cfg(feature, values("libp2p", "serde"))' -C metadata=89400c6b57ffbc5f -C extra-filename=-4085ed2766895e2c --out-dir /opt/rustwide/target/debug/build/discv5/4085ed2766895e2c/out -L dependency=/opt/rustwide/target/debug/build/aead/81042b6e954876d3/out -L dependency=/opt/rustwide/target/debug/build/aes/4a3eaa9d79444588/out -L dependency=/opt/rustwide/target/debug/build/allocator-api2/34319c28828d46c3/out -L dependency=/opt/rustwide/target/debug/build/alloy-rlp-derive/228d08fa462fb754/out -L dependency=/opt/rustwide/target/debug/build/alloy-rlp/86661bfb91549a2c/out -L dependency=/opt/rustwide/target/debug/build/arbitrary/f852572248ea9056/out -L dependency=/opt/rustwide/target/debug/build/arrayref/4d71eac3f20c682f/out -L dependency=/opt/rustwide/target/debug/build/arrayvec/aa1b0ea944b027c1/out -L dependency=/opt/rustwide/target/debug/build/asn1_der/4ac32fbea6e91907/out -L dependency=/opt/rustwide/target/debug/build/base-x/f5b030ab09ba117e/out -L dependency=/opt/rustwide/target/debug/build/base16ct/f2a1c4a64c386fa6/out -L dependency=/opt/rustwide/target/debug/build/base256emoji/e5f87e7258de5016/out -L dependency=/opt/rustwide/target/debug/build/base64/d8aec028dea2d277/out -L dependency=/opt/rustwide/target/debug/build/block-buffer/a8ac98ae7f5c3fef/out -L dependency=/opt/rustwide/target/debug/build/block-padding/c0e50ef0aa261940/out -L dependency=/opt/rustwide/target/debug/build/bs58/5f35e124306b6fec/out -L dependency=/opt/rustwide/target/debug/build/byteorder/d92705dd1d5353b1/out -L dependency=/opt/rustwide/target/debug/build/bytes/a375620d29425bd4/out -L dependency=/opt/rustwide/target/debug/build/cfg-if/190c9021fd162845/out -L dependency=/opt/rustwide/target/debug/build/cipher/d14d5927ea80a121/out -L dependency=/opt/rustwide/target/debug/build/const-oid/b093ba1a9cffd7a0/out -L dependency=/opt/rustwide/target/debug/build/const-str/5e297fa5b426b0e0/out -L dependency=/opt/rustwide/target/debug/build/core2/df1746cd377323fd/out -L dependency=/opt/rustwide/target/debug/build/cpufeatures/1ae956ba346ebd12/out -L dependency=/opt/rustwide/target/debug/build/critical-section/a7ed3c6694782041/out -L dependency=/opt/rustwide/target/debug/build/crunchy/8590a5b768c41272/out -L dependency=/opt/rustwide/target/debug/build/crypto-bigint/c556d212e83628c3/out -L dependency=/opt/rustwide/target/debug/build/crypto-common/68702f8acd5a997e/out -L dependency=/opt/rustwide/target/debug/build/ctr/e1bda667a0d20663/out -L dependency=/opt/rustwide/target/debug/build/curve25519-dalek-derive/acd4a1a0e532aa41/out -L dependency=/opt/rustwide/target/debug/build/curve25519-dalek/6b88e7a5f90ddc4e/out -L dependency=/opt/rustwide/target/debug/build/data-encoding-macro-internal/f6b12aff9e48b00a/out -L dependency=/opt/rustwide/target/debug/build/data-encoding-macro/5d58a6c9f74be49c/out -L dependency=/opt/rustwide/target/debug/build/data-encoding/9acb00e041e9650a/out -L dependency=/opt/rustwide/target/debug/build/der/f19a55e712dee246/out -L dependency=/opt/rustwide/target/debug/build/derive_arbitrary/4928e58fe8162e9d/out -L dependency=/opt/rustwide/target/debug/build/digest/04cb13e7f1a38da7/out -L dependency=/opt/rustwide/target/debug/build/displaydoc/cdc58ddeff71d601/out -L dependency=/opt/rustwide/target/debug/build/ecdsa/e434d79b6a50dfd1/out -L dependency=/opt/rustwide/target/debug/build/ed25519-dalek/355b033eafe940fd/out -L dependency=/opt/rustwide/target/debug/build/ed25519/e28701a8dd483658/out -L dependency=/opt/rustwide/target/debug/build/elliptic-curve/d20e5a020b808f20/out -L dependency=/opt/rustwide/target/debug/build/equivalent/d23b026399a51038/out -L dependency=/opt/rustwide/target/debug/build/errno/39aea454db964f1a/out -L dependency=/opt/rustwide/target/debug/build/ff/8249ad5f2bcbecae/out -L dependency=/opt/rustwide/target/debug/build/foldhash/2911a6ebceb426f2/out -L dependency=/opt/rustwide/target/debug/build/form_urlencoded/a0709cb2f4e6749a/out -L dependency=/opt/rustwide/target/debug/build/futures-channel/f547cab871e3a322/out -L dependency=/opt/rustwide/target/debug/build/futures-core/fe52d64161d4f08c/out -L dependency=/opt/rustwide/target/debug/build/futures-executor/ab3ca76c1d6fd56c/out -L dependency=/opt/rustwide/target/debug/build/futures-io/0c872adcc41fe5c8/out -L dependency=/opt/rustwide/target/debug/build/futures-macro/5818d00ab552f98d/out -L dependency=/opt/rustwide/target/debug/build/futures-sink/e7bd2ffb932e7c3a/out -L dependency=/opt/rustwide/target/debug/build/futures-task/49f0babcbea4d7cf/out -L dependency=/opt/rustwide/target/debug/build/futures-util/53ff5452bc8ed27a/out -L dependency=/opt/rustwide/target/debug/build/futures/36a4fd16c3835268/out -L dependency=/opt/rustwide/target/debug/build/generic-array/52d00a49aaf38368/out -L dependency=/opt/rustwide/target/debug/build/getrandom/5fa2819b5d03f2ab/out -L dependency=/opt/rustwide/target/debug/build/ghash/e057e19f96550a1c/out -L dependency=/opt/rustwide/target/debug/build/group/ee5b66641c784a9e/out -L dependency=/opt/rustwide/target/debug/build/hashbrown/de8e8f71b25f8c61/out -L dependency=/opt/rustwide/target/debug/build/hex/4852862d92867e36/out -L dependency=/opt/rustwide/target/debug/build/hkdf/b3bbc464f9c5cf21/out -L dependency=/opt/rustwide/target/debug/build/hmac/7d7ba7dec8f79651/out -L dependency=/opt/rustwide/target/debug/build/icu_collections/43e14f7b4a8bb844/out -L dependency=/opt/rustwide/target/debug/build/icu_locale_core/4c0579c81b050e5b/out -L dependency=/opt/rustwide/target/debug/build/icu_normalizer/c228c926104bf122/out -L dependency=/opt/rustwide/target/debug/build/icu_normalizer_data/ff48f19fbd9e2e6e/out -L dependency=/opt/rustwide/target/debug/build/icu_properties/4f37d523db06ad18/out -L dependency=/opt/rustwide/target/debug/build/icu_properties_data/fdfd55c8c12819de/out -L dependency=/opt/rustwide/target/debug/build/icu_provider/89439000980427e9/out -L dependency=/opt/rustwide/target/debug/build/idna/40d7070620d7cd1d/out -L dependency=/opt/rustwide/target/debug/build/idna_adapter/8e0bab0100f79537/out -L dependency=/opt/rustwide/target/debug/build/inout/ab4f0fe00d892648/out -L dependency=/opt/rustwide/target/debug/build/k256/e441f4788c2ca3db/out -L dependency=/opt/rustwide/target/debug/build/keccak/a5e97276c0a981d9/out -L dependency=/opt/rustwide/target/debug/build/libc/b78d6451d033f8d4/out -L dependency=/opt/rustwide/target/debug/build/libp2p-identity/534e0d14f90386b5/out -L dependency=/opt/rustwide/target/debug/build/litemap/f5be90cb058f031d/out -L dependency=/opt/rustwide/target/debug/build/lock_api/326b96e62db00ee8/out -L dependency=/opt/rustwide/target/debug/build/log/a469ce83c9b0fe3a/out -L dependency=/opt/rustwide/target/debug/build/match-lookup/1452155857358a1f/out -L dependency=/opt/rustwide/target/debug/build/memchr/7c3b23e851763d6f/out -L dependency=/opt/rustwide/target/debug/build/mio/86384400c69681fe/out -L dependency=/opt/rustwide/target/debug/build/multibase/922d9cb2dfe6a530/out -L dependency=/opt/rustwide/target/debug/build/multihash/814e55bfb780342f/out -L dependency=/opt/rustwide/target/debug/build/once_cell/009327a6a872ab24/out -L dependency=/opt/rustwide/target/debug/build/opaque-debug/9e2eded81a076050/out -L dependency=/opt/rustwide/target/debug/build/parking_lot/18ab8ae85d0781d5/out -L dependency=/opt/rustwide/target/debug/build/parking_lot_core/a13486231c23c26d/out -L dependency=/opt/rustwide/target/debug/build/percent-encoding/f0f3780066f274e0/out -L dependency=/opt/rustwide/target/debug/build/pin-project-lite/dccf8aabedbf6d41/out -L dependency=/opt/rustwide/target/debug/build/pin-utils/db1de871cd8706a6/out -L dependency=/opt/rustwide/target/debug/build/pkcs8/a8c6f7eb219c4bbc/out -L dependency=/opt/rustwide/target/debug/build/polyval/0c871b802f7250cc/out -L dependency=/opt/rustwide/target/debug/build/portable-atomic/1db95b1b44ff4bb7/out -L dependency=/opt/rustwide/target/debug/build/potential_utf/cdf3cd5cea2433b1/out -L dependency=/opt/rustwide/target/debug/build/ppv-lite86/13f7524b4b747c1f/out -L dependency=/opt/rustwide/target/debug/build/quick-protobuf/f5ba74ad38556ef3/out -L dependency=/opt/rustwide/target/debug/build/rand/f037d40a9543a0e2/out -L dependency=/opt/rustwide/target/debug/build/rand_chacha/23b4cd4dda8a7eaa/out -L dependency=/opt/rustwide/target/debug/build/rand_core/8153152db8a6d44d/out -L dependency=/opt/rustwide/target/debug/build/rfc6979/b4af3cc21b553d05/out -L dependency=/opt/rustwide/target/debug/build/scopeguard/e7d227cb308b3799/out -L dependency=/opt/rustwide/target/debug/build/sec1/69ee53175d78f31a/out -L dependency=/opt/rustwide/target/debug/build/secp256k1-sys/56c133f51041d75f/out -L dependency=/opt/rustwide/target/debug/build/secp256k1/a43790370e0ba3cc/out -L dependency=/opt/rustwide/target/debug/build/serde/e9b247ec00176d6f/out -L dependency=/opt/rustwide/target/debug/build/serde_core/30ac4ed9a0a88344/out -L dependency=/opt/rustwide/target/debug/build/serde_derive/a4feae3f51961630/out -L dependency=/opt/rustwide/target/debug/build/serdect/21c2a687d0169ea4/out -L dependency=/opt/rustwide/target/debug/build/sha2/254c6c7248e8bd59/out -L dependency=/opt/rustwide/target/debug/build/sha3/9f3a88c5078571b5/out -L dependency=/opt/rustwide/target/debug/build/signal-hook-registry/7dd1b93f9face5f6/out -L dependency=/opt/rustwide/target/debug/build/signature/15bd9d9929e75396/out -L dependency=/opt/rustwide/target/debug/build/slab/101f873bca723251/out -L dependency=/opt/rustwide/target/debug/build/smallvec/f3a14a27d7a0a09e/out -L dependency=/opt/rustwide/target/debug/build/socket2/71952d9c6f6af747/out -L dependency=/opt/rustwide/target/debug/build/spki/76d6f2199a2b3417/out -L dependency=/opt/rustwide/target/debug/build/stable_deref_trait/4b40338c401beaa0/out -L dependency=/opt/rustwide/target/debug/build/static_assertions/f2154b0bf273423d/out -L dependency=/opt/rustwide/target/debug/build/subtle/a09a538f58f4943c/out -L dependency=/opt/rustwide/target/debug/build/thiserror-impl/2eeb262b7f6c5179/out -L dependency=/opt/rustwide/target/debug/build/thiserror/143d6176b8ddacf4/out -L dependency=/opt/rustwide/target/debug/build/tinystr/714aa8b74d850c35/out -L dependency=/opt/rustwide/target/debug/build/tokio-macros/abfce4c28f3843fe/out -L dependency=/opt/rustwide/target/debug/build/tokio-util/40409934511880ed/out -L dependency=/opt/rustwide/target/debug/build/tokio/edce81ce8c0809f3/out -L dependency=/opt/rustwide/target/debug/build/tracing-attributes/a40dea46d12597ba/out -L dependency=/opt/rustwide/target/debug/build/tracing-core/246bf0645310a33f/out -L dependency=/opt/rustwide/target/debug/build/tracing/fdc22f6c38d99417/out -L dependency=/opt/rustwide/target/debug/build/typenum/2001cc7989580d48/out -L dependency=/opt/rustwide/target/debug/build/universal-hash/08b0934e2811d9bb/out -L dependency=/opt/rustwide/target/debug/build/unsigned-varint/fd950f62300d04d7/out -L dependency=/opt/rustwide/target/debug/build/url/f4e275e124a9ebdb/out -L dependency=/opt/rustwide/target/debug/build/utf16_iter/cec968ef598af760/out -L dependency=/opt/rustwide/target/debug/build/utf8_iter/88f5a358869389d3/out -L dependency=/opt/rustwide/target/debug/build/write16/781a49200fe7cbdc/out -L dependency=/opt/rustwide/target/debug/build/writeable/e5cc489513b33196/out -L dependency=/opt/rustwide/target/debug/build/yoke-derive/eec39a7cf2071979/out -L dependency=/opt/rustwide/target/debug/build/yoke/841e0f4173500db7/out -L dependency=/opt/rustwide/target/debug/build/zerocopy/c2c2f06bf7a4bd34/out -L dependency=/opt/rustwide/target/debug/build/zerofrom-derive/59a7529886dfa7e7/out -L dependency=/opt/rustwide/target/debug/build/zerofrom/60b476a3d62bfb6b/out -L dependency=/opt/rustwide/target/debug/build/zeroize/838bad9294dda299/out -L dependency=/opt/rustwide/target/debug/build/zeroize_derive/82dc0975ca4ce181/out -L dependency=/opt/rustwide/target/debug/build/zerotrie/254571ac5ef8e662/out -L dependency=/opt/rustwide/target/debug/build/zerovec-derive/d462b24cda566a0a/out -L dependency=/opt/rustwide/target/debug/build/zerovec/da93ab64a8f61240/out --extern aes=/opt/rustwide/target/debug/build/aes/4a3eaa9d79444588/out/libaes-4a3eaa9d79444588.rmeta --extern aes_gcm=/opt/rustwide/target/debug/build/aes-gcm/ce54c3d9d8c68bf4/out/libaes_gcm-ce54c3d9d8c68bf4.rmeta --extern alloy_rlp=/opt/rustwide/target/debug/build/alloy-rlp/86661bfb91549a2c/out/liballoy_rlp-86661bfb91549a2c.rmeta --extern arrayvec=/opt/rustwide/target/debug/build/arrayvec/aa1b0ea944b027c1/out/libarrayvec-aa1b0ea944b027c1.rmeta --extern ctr=/opt/rustwide/target/debug/build/ctr/e1bda667a0d20663/out/libctr-e1bda667a0d20663.rmeta --extern delay_map=/opt/rustwide/target/debug/build/delay_map/39bef970343ec28b/out/libdelay_map-39bef970343ec28b.rmeta --extern enr=/opt/rustwide/target/debug/build/enr/60be8c28999f196a/out/libenr-60be8c28999f196a.rmeta --extern fnv=/opt/rustwide/target/debug/build/fnv/bf9ae889bab8acee/out/libfnv-bf9ae889bab8acee.rmeta --extern futures=/opt/rustwide/target/debug/build/futures/36a4fd16c3835268/out/libfutures-36a4fd16c3835268.rmeta --extern hashlink=/opt/rustwide/target/debug/build/hashlink/c425e1b4040fbec7/out/libhashlink-c425e1b4040fbec7.rmeta --extern hex=/opt/rustwide/target/debug/build/hex/4852862d92867e36/out/libhex-4852862d92867e36.rmeta --extern hkdf=/opt/rustwide/target/debug/build/hkdf/b3bbc464f9c5cf21/out/libhkdf-b3bbc464f9c5cf21.rmeta --extern lazy_static=/opt/rustwide/target/debug/build/lazy_static/cb8ca6aa8c56979f/out/liblazy_static-cb8ca6aa8c56979f.rmeta --extern libp2p_identity=/opt/rustwide/target/debug/build/libp2p-identity/534e0d14f90386b5/out/liblibp2p_identity-534e0d14f90386b5.rmeta --extern more_asserts=/opt/rustwide/target/debug/build/more-asserts/aeaea011311ffa47/out/libmore_asserts-aeaea011311ffa47.rmeta --extern multiaddr=/opt/rustwide/target/debug/build/multiaddr/76fe6b4d710eacd8/out/libmultiaddr-76fe6b4d710eacd8.rmeta --extern parking_lot=/opt/rustwide/target/debug/build/parking_lot/18ab8ae85d0781d5/out/libparking_lot-18ab8ae85d0781d5.rmeta --extern rand=/opt/rustwide/target/debug/build/rand/f037d40a9543a0e2/out/librand-f037d40a9543a0e2.rmeta --extern smallvec=/opt/rustwide/target/debug/build/smallvec/f3a14a27d7a0a09e/out/libsmallvec-f3a14a27d7a0a09e.rmeta --extern socket2=/opt/rustwide/target/debug/build/socket2/71952d9c6f6af747/out/libsocket2-71952d9c6f6af747.rmeta --extern tokio=/opt/rustwide/target/debug/build/tokio/edce81ce8c0809f3/out/libtokio-edce81ce8c0809f3.rmeta --extern tracing=/opt/rustwide/target/debug/build/tracing/fdc22f6c38d99417/out/libtracing-fdc22f6c38d99417.rmeta --extern uint=/opt/rustwide/target/debug/build/uint/6752925090ca48ff/out/libuint-6752925090ca48ff.rmeta --extern zeroize=/opt/rustwide/target/debug/build/zeroize/838bad9294dda299/out/libzeroize-838bad9294dda299.rmeta --cap-lints allow --cap-lints=forbid --force-warn=unused_crate_dependencies -L native=/opt/rustwide/target/debug/build/secp256k1-sys/653acee771f541e4/out` (signal: 9, SIGKILL: kill)
[INFO] [stderr] warning: build failed, waiting for other jobs to finish...
[INFO] [stderr] error: failed to run custom build command for `tikv-jemalloc-sys v0.6.1+5.3.0-1-ge13ca993e8ccb9ba9847cc330696e02839f328f7`
[INFO] [stderr] note: To improve backtraces for build dependencies, set the CARGO_PROFILE_DEV_BUILD_OVERRIDE_DEBUG=true environment variable to enable debug information generation.
[INFO] [stderr] 
[INFO] [stderr] Caused by:
[INFO] [stderr]   process didn't exit successfully: `/opt/rustwide/target/debug/build/tikv-jemalloc-sys/0b94612247c3d6fa/out/build_script_build` (exit status: 101)
[INFO] [stderr]   --- stdout
[INFO] [stderr]   TARGET=x86_64-unknown-linux-gnu
[INFO] [stderr]   HOST=x86_64-unknown-linux-gnu
[INFO] [stderr]   NUM_JOBS=8
[INFO] [stderr]   OUT_DIR="/opt/rustwide/target/debug/build/tikv-jemalloc-sys/3361e04fca57e6f9/out"
[INFO] [stderr]   BUILD_DIR="/opt/rustwide/target/debug/build/tikv-jemalloc-sys/3361e04fca57e6f9/out/build"
[INFO] [stderr]   SRC_DIR="/opt/rustwide/cargo-home/registry/src/index.crates.io-1949cf8c6b5b557f/tikv-jemalloc-sys-0.6.1+5.3.0-1-ge13ca993e8ccb9ba9847cc330696e02839f328f7"
[INFO] [stderr]   cargo:rerun-if-env-changed=X86_64_UNKNOWN_LINUX_GNU_JEMALLOC_OVERRIDE
[INFO] [stderr]   cargo:rerun-if-env-changed=JEMALLOC_OVERRIDE
[INFO] [stderr]   OPT_LEVEL = Some(0)
[INFO] [stderr]   OUT_DIR = Some(/opt/rustwide/target/debug/build/tikv-jemalloc-sys/3361e04fca57e6f9/out)
[INFO] [stderr]   TARGET = Some(x86_64-unknown-linux-gnu)
[INFO] [stderr]   CARGO_ENCODED_RUSTFLAGS = Some(--cap-lints=forbid)
[INFO] [stderr]   HOST = Some(x86_64-unknown-linux-gnu)
[INFO] [stderr]   cargo:rerun-if-env-changed=CC_x86_64-unknown-linux-gnu
[INFO] [stderr]   CC_x86_64-unknown-linux-gnu = None
[INFO] [stderr]   cargo:rerun-if-env-changed=CC_x86_64_unknown_linux_gnu
[INFO] [stderr]   CC_x86_64_unknown_linux_gnu = None
[INFO] [stderr]   cargo:rerun-if-env-changed=HOST_CC
[INFO] [stderr]   HOST_CC = None
[INFO] [stderr]   cargo:rerun-if-env-changed=CC
[INFO] [stderr]   CC = None
[INFO] [stderr]   cargo:rerun-if-env-changed=CC_ENABLE_DEBUG_OUTPUT
[INFO] [stderr]   RUSTC_WRAPPER = None
[INFO] [stderr]   cargo:rerun-if-env-changed=CRATE_CC_NO_DEFAULTS
[INFO] [stderr]   CRATE_CC_NO_DEFAULTS = None
[INFO] [stderr]   DEBUG = Some(true)
[INFO] [stderr]   CARGO_CFG_TARGET_FEATURE = Some(fxsr,sse,sse2,x87)
[INFO] [stderr]   cargo:rerun-if-env-changed=CFLAGS
[INFO] [stderr]   CFLAGS = None
[INFO] [stderr]   cargo:rerun-if-env-changed=HOST_CFLAGS
[INFO] [stderr]   HOST_CFLAGS = None
[INFO] [stderr]   cargo:rerun-if-env-changed=CFLAGS_x86_64_unknown_linux_gnu
[INFO] [stderr]   CFLAGS_x86_64_unknown_linux_gnu = None
[INFO] [stderr]   cargo:rerun-if-env-changed=CFLAGS_x86_64-unknown-linux-gnu
[INFO] [stderr]   CFLAGS_x86_64-unknown-linux-gnu = None
[INFO] [stderr]   CC="cc"
[INFO] [stderr]   CFLAGS="-O0 -ffunction-sections -fdata-sections -fPIC -g -gdwarf-4 -fno-omit-frame-pointer -m64 -Wall"
[INFO] [stderr]   JEMALLOC_REPO_DIR="jemalloc"
[INFO] [stderr]   cargo:rerun-if-env-changed=X86_64_UNKNOWN_LINUX_GNU_JEMALLOC_SYS_WITH_MALLOC_CONF
[INFO] [stderr]   cargo:rerun-if-env-changed=JEMALLOC_SYS_WITH_MALLOC_CONF
[INFO] [stderr]   cargo:rerun-if-env-changed=X86_64_UNKNOWN_LINUX_GNU_JEMALLOC_SYS_WITH_LG_PAGE
[INFO] [stderr]   cargo:rerun-if-env-changed=JEMALLOC_SYS_WITH_LG_PAGE
[INFO] [stderr]   cargo:rerun-if-env-changed=X86_64_UNKNOWN_LINUX_GNU_JEMALLOC_SYS_WITH_LG_HUGEPAGE
[INFO] [stderr]   cargo:rerun-if-env-changed=JEMALLOC_SYS_WITH_LG_HUGEPAGE
[INFO] [stderr]   cargo:rerun-if-env-changed=X86_64_UNKNOWN_LINUX_GNU_JEMALLOC_SYS_WITH_LG_QUANTUM
[INFO] [stderr]   cargo:rerun-if-env-changed=JEMALLOC_SYS_WITH_LG_QUANTUM
[INFO] [stderr]   cargo:rerun-if-env-changed=X86_64_UNKNOWN_LINUX_GNU_JEMALLOC_SYS_WITH_LG_VADDR
[INFO] [stderr]   cargo:rerun-if-env-changed=JEMALLOC_SYS_WITH_LG_VADDR
[INFO] [stderr]   CARGO_FEATURE_STATS set
[INFO] [stderr]   running: cd "/opt/rustwide/target/debug/build/tikv-jemalloc-sys/3361e04fca57e6f9/out/build" && CC="cc" CFLAGS="-O0 -ffunction-sections -fdata-sections -fPIC -g -gdwarf-4 -fno-omit-frame-pointer -m64 -Wall" CPPFLAGS="-O0 -ffunction-sections -fdata-sections -fPIC -g -gdwarf-4 -fno-omit-frame-pointer -m64 -Wall" LDFLAGS="-O0 -ffunction-sections -fdata-sections -fPIC -g -gdwarf-4 -fno-omit-frame-pointer -m64 -Wall" "sh" "/opt/rustwide/target/debug/build/tikv-jemalloc-sys/3361e04fca57e6f9/out/build/configure" "--with-version=5.3.0-1-ge13ca993e8ccb9ba9847cc330696e02839f328f7" "--disable-cxx" "--enable-doc=no" "--enable-shared=no" "--with-private-namespace=_rjem_" "--enable-stats" "--host=x86_64-unknown-linux-gnu" "--build=x86_64-unknown-linux-gnu" "--prefix=/opt/rustwide/target/debug/build/tikv-jemalloc-sys/3361e04fca57e6f9/out"
[INFO] [stderr]   checking for xsltproc... false
[INFO] [stderr]   checking for x86_64-unknown-linux-gnu-gcc... cc
[INFO] [stderr]   checking whether the C compiler works... yes
[INFO] [stderr]   checking for C compiler default output file name... a.out
[INFO] [stderr]   checking for suffix of executables... 
[INFO] [stderr]   checking whether we are cross compiling... no
[INFO] [stderr]   checking for suffix of object files... o
[INFO] [stderr]   checking whether we are using the GNU C compiler... yes
[INFO] [stderr]   checking whether cc accepts -g... yes
[INFO] [stderr]   checking for cc option to accept ISO C89... none needed
[INFO] [stderr]   checking whether compiler is cray... no
[INFO] [stderr]   checking whether compiler supports -std=gnu11... yes
[INFO] [stderr]   checking whether compiler supports -Werror=unknown-warning-option... no
[INFO] [stderr]   checking whether compiler supports -Wall... yes
[INFO] [stderr]   checking whether compiler supports -Wextra... yes
[INFO] [stderr]   checking whether compiler supports -Wshorten-64-to-32... no
[INFO] [stderr]   checking whether compiler supports -Wsign-compare... yes
[INFO] [stderr]   checking whether compiler supports -Wundef... yes
[INFO] [stderr]   checking whether compiler supports -Wno-format-zero-length... yes
[INFO] [stderr]   checking whether compiler supports -Wpointer-arith... yes
[INFO] [stderr]   checking whether compiler supports -Wno-missing-braces... yes
[INFO] [stderr]   checking whether compiler supports -Wno-missing-field-initializers... yes
[INFO] [stderr]   checking whether compiler supports -Wno-missing-attributes... yes
[INFO] [stderr]   checking whether compiler supports -pipe... yes
[INFO] [stderr]   checking whether compiler supports -g3... yes
[INFO] [stderr]   checking how to run the C preprocessor... cc -E
[INFO] [stderr]   checking for grep that handles long lines and -e... /usr/bin/grep
[INFO] [stderr]   checking for egrep... /usr/bin/grep -E
[INFO] [stderr]   checking for ANSI C header files... yes
[INFO] [stderr]   checking for sys/types.h... yes
[INFO] [stderr]   checking for sys/stat.h... yes
[INFO] [stderr]   checking for stdlib.h... yes
[INFO] [stderr]   checking for string.h... yes
[INFO] [stderr]   checking for memory.h... yes
[INFO] [stderr]   checking for strings.h... yes
[INFO] [stderr]   checking for inttypes.h... yes
[INFO] [stderr]   checking for stdint.h... yes
[INFO] [stderr]   checking for unistd.h... yes
[INFO] [stderr]   checking whether byte ordering is bigendian... no
[INFO] [stderr]   checking size of void *... 8
[INFO] [stderr]   checking size of int... 4
[INFO] [stderr]   checking size of long... 8
[INFO] [stderr]   checking size of long long... 8
[INFO] [stderr]   checking size of intmax_t... 8
[INFO] [stderr]   checking build system type... x86_64-unknown-linux-gnu
[INFO] [stderr]   checking host system type... x86_64-unknown-linux-gnu
[INFO] [stderr]   checking whether pause instruction is compilable... yes
[INFO] [stderr]   checking number of significant virtual address bits... 48
[INFO] [stderr]   checking for x86_64-unknown-linux-gnu-ar... no
[INFO] [stderr]   checking for ar... ar
[INFO] [stderr]   checking for x86_64-unknown-linux-gnu-nm... no
[INFO] [stderr]   checking for nm... nm
[INFO] [stderr]   checking for gawk... no
[INFO] [stderr]   checking for mawk... mawk
[INFO] [stderr]   checking malloc.h usability... yes
[INFO] [stderr]   checking malloc.h presence... yes
[INFO] [stderr]   checking for malloc.h... yes
[INFO] [stderr]   checking whether malloc_usable_size definition can use const argument... no
[INFO] [stderr]   checking for library containing log... -lm
[INFO] [stderr]   checking whether __attribute__ syntax is compilable... yes
[INFO] [stderr]   checking whether compiler supports -fvisibility=hidden... yes
[INFO] [stderr]   checking whether compiler supports -fvisibility=hidden... no
[INFO] [stderr]   checking whether compiler supports -Werror... yes
[INFO] [stderr]   checking whether compiler supports -herror_on_warning... no
[INFO] [stderr]   checking whether tls_model attribute is compilable... yes
[INFO] [stderr]   checking whether compiler supports -Werror... yes
[INFO] [stderr]   checking whether compiler supports -herror_on_warning... no
[INFO] [stderr]   checking whether alloc_size attribute is compilable... yes
[INFO] [stderr]   checking whether compiler supports -Werror... yes
[INFO] [stderr]   checking whether compiler supports -herror_on_warning... no
[INFO] [stderr]   checking whether format(gnu_printf, ...) attribute is compilable... yes
[INFO] [stderr]   checking whether compiler supports -Werror... yes
[INFO] [stderr]   checking whether compiler supports -herror_on_warning... no
[INFO] [stderr]   checking whether format(printf, ...) attribute is compilable... yes
[INFO] [stderr]   checking whether compiler supports -Werror... yes
[INFO] [stderr]   checking whether compiler supports -herror_on_warning... no
[INFO] [stderr]   checking whether format(printf, ...) attribute is compilable... yes
[INFO] [stderr]   checking whether compiler supports -Wimplicit-fallthrough... yes
[INFO] [stderr]   checking whether fallthrough attribute is compilable... yes
[INFO] [stderr]   checking whether compiler supports -Wimplicit-fallthrough... yes
[INFO] [stderr]   checking whether compiler supports -Wimplicit-fallthrough... no
[INFO] [stderr]   checking whether compiler supports -Werror... yes
[INFO] [stderr]   checking whether compiler supports -herror_on_warning... no
[INFO] [stderr]   checking whether cold attribute is compilable... yes
[INFO] [stderr]   checking whether vm_make_tag is compilable... no
[INFO] [stderr]   checking for a BSD-compatible install... /usr/bin/install -c
[INFO] [stderr]   checking for x86_64-unknown-linux-gnu-ranlib... no
[INFO] [stderr]   checking for ranlib... ranlib
[INFO] [stderr]   checking for ld... /usr/bin/ld
[INFO] [stderr]   checking for autoconf... /usr/bin/autoconf
[INFO] [stderr]   checking for memalign... yes
[INFO] [stderr]   checking for valloc... yes
[INFO] [stderr]   checking for malloc_size... no
[INFO] [stderr]   checking for __libc_calloc... yes
[INFO] [stderr]   checking for __libc_free... yes
[INFO] [stderr]   checking for __libc_malloc... yes
[INFO] [stderr]   checking for __libc_memalign... yes
[INFO] [stderr]   checking for __libc_realloc... yes
[INFO] [stderr]   checking for __libc_valloc... yes
[INFO] [stderr]   checking for __posix_memalign... no
[INFO] [stderr]   checking whether compiler supports -O3... yes
[INFO] [stderr]   checking whether compiler supports -O3... no
[INFO] [stderr]   checking whether compiler supports -funroll-loops... yes
[INFO] [stderr]   checking configured backtracing method... N/A
[INFO] [stderr]   checking for sbrk... yes
[INFO] [stderr]   checking whether utrace(2) is compilable... no
[INFO] [stderr]   checking whether utrace(2) with label is compilable... no
[INFO] [stderr]   checking whether a program using __builtin_unreachable is compilable... yes
[INFO] [stderr]   checking whether a program using __builtin_ffsl is compilable... yes
[INFO] [stderr]   checking whether a program using __builtin_popcountl is compilable... yes
[INFO] [stderr]   checking LG_PAGE... 12
[INFO] [stderr]   checking pthread.h usability... yes
[INFO] [stderr]   checking pthread.h presence... yes
[INFO] [stderr]   checking for pthread.h... yes
[INFO] [stderr]   checking for pthread_create in -lpthread... yes
[INFO] [stderr]   checking dlfcn.h usability... yes
[INFO] [stderr]   checking dlfcn.h presence... yes
[INFO] [stderr]   checking for dlfcn.h... yes
[INFO] [stderr]   checking for dlsym... yes
[INFO] [stderr]   checking whether pthread_atfork(3) is compilable... yes
[INFO] [stderr]   checking whether pthread_setname_np(3) is compilable... yes
[INFO] [stderr]   checking whether pthread_getname_np(3) is compilable... yes
[INFO] [stderr]   checking whether pthread_get_name_np(3) is compilable... no
[INFO] [stderr]   checking for library containing clock_gettime... none required
[INFO] [stderr]   checking whether clock_gettime(CLOCK_MONOTONIC_COARSE, ...) is compilable... yes
[INFO] [stderr]   checking whether clock_gettime(CLOCK_MONOTONIC, ...) is compilable... yes
[INFO] [stderr]   checking whether mach_absolute_time() is compilable... no
[INFO] [stderr]   checking whether clock_gettime(CLOCK_REALTIME, ...) is compilable... yes
[INFO] [stderr]   checking whether compiler supports -Werror... yes
[INFO] [stderr]   checking whether syscall(2) is compilable... yes
[INFO] [stderr]   checking for secure_getenv... yes
[INFO] [stderr]   checking for sched_getcpu... yes
[INFO] [stderr]   checking for sched_setaffinity... yes
[INFO] [stderr]   checking for issetugid... no
[INFO] [stderr]   checking for _malloc_thread_cleanup... no
[INFO] [stderr]   checking for _pthread_mutex_init_calloc_cb... no
[INFO] [stderr]   checking for memcntl... no
[INFO] [stderr]   checking for TLS... yes
[INFO] [stderr]   checking whether C11 atomics is compilable... yes
[INFO] [stderr]   checking whether GCC __atomic atomics is compilable... yes
[INFO] [stderr]   checking whether GCC 8-bit __atomic atomics is compilable... yes
[INFO] [stderr]   checking whether GCC __sync atomics is compilable... yes
[INFO] [stderr]   checking whether GCC 8-bit __sync atomics is compilable... yes
[INFO] [stderr]   checking whether Darwin OSAtomic*() is compilable... no
[INFO] [stderr]   checking whether madvise(2) is compilable... yes
[INFO] [stderr]   checking whether madvise(..., MADV_FREE) is compilable... yes
[INFO] [stderr]   checking whether madvise(..., MADV_DONTNEED) is compilable... yes
[INFO] [stderr]   checking whether madvise(..., MADV_DO[NT]DUMP) is compilable... yes
[INFO] [stderr]   checking whether madvise(..., MADV_[NO]HUGEPAGE) is compilable... yes
[INFO] [stderr]   checking whether madvise(..., MADV_[NO]CORE) is compilable... no
[INFO] [stderr]   checking whether mprotect(2) is compilable... yes
[INFO] [stderr]   checking for __builtin_clz... yes
[INFO] [stderr]   checking whether Darwin os_unfair_lock_*() is compilable... no
[INFO] [stderr]   checking whether glibc malloc hook is compilable... no
[INFO] [stderr]   checking whether glibc memalign hook is compilable... no
[INFO] [stderr]   checking whether pthreads adaptive mutexes is compilable... yes
[INFO] [stderr]   checking whether compiler supports -D_GNU_SOURCE... yes
[INFO] [stderr]   checking whether compiler supports -Werror... yes
[INFO] [stderr]   checking whether compiler supports -herror_on_warning... no
[INFO] [stderr]   checking whether strerror_r returns char with gnu source is compilable... yes
[INFO] [stderr]   checking for stdbool.h that conforms to C99... yes
[INFO] [stderr]   checking for _Bool... yes
[INFO] [stderr]   configure: creating ./config.status
[INFO] [stderr]   config.status: creating Makefile
[INFO] [stderr]   config.status: creating jemalloc.pc
[INFO] [stderr]   config.status: creating doc/html.xsl
[INFO] [stderr]   config.status: creating doc/manpages.xsl
[INFO] [stderr]   config.status: creating doc/jemalloc.xml
[INFO] [stderr]   config.status: creating include/jemalloc/jemalloc_macros.h
[INFO] [stderr]   config.status: creating include/jemalloc/jemalloc_protos.h
[INFO] [stderr]   config.status: creating include/jemalloc/jemalloc_typedefs.h
[INFO] [stderr]   config.status: creating include/jemalloc/internal/jemalloc_preamble.h
[INFO] [stderr]   config.status: creating test/test.sh
[INFO] [stderr]   config.status: creating test/include/test/jemalloc_test.h
[INFO] [stderr]   config.status: creating config.stamp
[INFO] [stderr]   config.status: creating bin/jemalloc-config
[INFO] [stderr]   config.status: creating bin/jemalloc.sh
[INFO] [stderr]   config.status: creating bin/jeprof
[INFO] [stderr]   config.status: creating include/jemalloc/jemalloc_defs.h
[INFO] [stderr]   config.status: creating include/jemalloc/internal/jemalloc_internal_defs.h
[INFO] [stderr]   config.status: creating test/include/test/jemalloc_test_defs.h
[INFO] [stderr]   config.status: executing include/jemalloc/internal/public_symbols.txt commands
[INFO] [stderr]   config.status: executing include/jemalloc/internal/private_symbols.awk commands
[INFO] [stderr]   config.status: executing include/jemalloc/internal/private_symbols_jet.awk commands
[INFO] [stderr]   config.status: executing include/jemalloc/internal/public_namespace.h commands
[INFO] [stderr]   config.status: executing include/jemalloc/internal/public_unnamespace.h commands
[INFO] [stderr]   config.status: executing include/jemalloc/jemalloc_protos_jet.h commands
[INFO] [stderr]   config.status: executing include/jemalloc/jemalloc_rename.h commands
[INFO] [stderr]   config.status: executing include/jemalloc/jemalloc_mangle.h commands
[INFO] [stderr]   config.status: executing include/jemalloc/jemalloc_mangle_jet.h commands
[INFO] [stderr]   config.status: executing include/jemalloc/jemalloc.h commands
[INFO] [stderr]   ===============================================================================
[INFO] [stderr]   jemalloc version   : 5.3.0-1-ge13ca993e8ccb9ba9847cc330696e02839f328f7
[INFO] [stderr]   library revision   : 2
[INFO] [stderr] 
[INFO] [stderr]   CONFIG             : --with-version=5.3.0-1-ge13ca993e8ccb9ba9847cc330696e02839f328f7 --disable-cxx --enable-doc=no --enable-shared=no --with-private-namespace=_rjem_ --enable-stats --host=x86_64-unknown-linux-gnu --build=x86_64-unknown-linux-gnu --prefix=/opt/rustwide/target/debug/build/tikv-jemalloc-sys/3361e04fca57e6f9/out build_alias=x86_64-unknown-linux-gnu host_alias=x86_64-unknown-linux-gnu CC=cc 'CFLAGS=-O0 -ffunction-sections -fdata-sections -fPIC -g -gdwarf-4 -fno-omit-frame-pointer -m64 -Wall' 'LDFLAGS=-O0 -ffunction-sections -fdata-sections -fPIC -g -gdwarf-4 -fno-omit-frame-pointer -m64 -Wall' 'CPPFLAGS=-O0 -ffunction-sections -fdata-sections -fPIC -g -gdwarf-4 -fno-omit-frame-pointer -m64 -Wall'
[INFO] [stderr]   CC                 : cc
[INFO] [stderr]   CONFIGURE_CFLAGS   : -std=gnu11 -Wall -Wextra -Wsign-compare -Wundef -Wno-format-zero-length -Wpointer-arith -Wno-missing-braces -Wno-missing-field-initializers -Wno-missing-attributes -pipe -g3 -fvisibility=hidden -Wimplicit-fallthrough -O3 -funroll-loops
[INFO] [stderr]   SPECIFIED_CFLAGS   : -O0 -ffunction-sections -fdata-sections -fPIC -g -gdwarf-4 -fno-omit-frame-pointer -m64 -Wall
[INFO] [stderr]   EXTRA_CFLAGS       : 
[INFO] [stderr]   CPPFLAGS           : -O0 -ffunction-sections -fdata-sections -fPIC -g -gdwarf-4 -fno-omit-frame-pointer -m64 -Wall -D_GNU_SOURCE -D_REENTRANT
[INFO] [stderr]   CXX                : 
[INFO] [stderr]   CONFIGURE_CXXFLAGS : 
[INFO] [stderr]   SPECIFIED_CXXFLAGS : 
[INFO] [stderr]   EXTRA_CXXFLAGS     : 
[INFO] [stderr]   LDFLAGS            : -O0 -ffunction-sections -fdata-sections -fPIC -g -gdwarf-4 -fno-omit-frame-pointer -m64 -Wall
[INFO] [stderr]   EXTRA_LDFLAGS      : 
[INFO] [stderr]   DSO_LDFLAGS        : -shared -Wl,-soname,$(@F)
[INFO] [stderr]   LIBS               : -lm  -pthread
[INFO] [stderr]   RPATH_EXTRA        : 
[INFO] [stderr] 
[INFO] [stderr]   XSLTPROC           : false
[INFO] [stderr]   XSLROOT            : 
[INFO] [stderr] 
[INFO] [stderr]   PREFIX             : /opt/rustwide/target/debug/build/tikv-jemalloc-sys/3361e04fca57e6f9/out
[INFO] [stderr]   BINDIR             : /opt/rustwide/target/debug/build/tikv-jemalloc-sys/3361e04fca57e6f9/out/bin
[INFO] [stderr]   DATADIR            : /opt/rustwide/target/debug/build/tikv-jemalloc-sys/3361e04fca57e6f9/out/share
[INFO] [stderr]   INCLUDEDIR         : /opt/rustwide/target/debug/build/tikv-jemalloc-sys/3361e04fca57e6f9/out/include
[INFO] [stderr]   LIBDIR             : /opt/rustwide/target/debug/build/tikv-jemalloc-sys/3361e04fca57e6f9/out/lib
[INFO] [stderr]   MANDIR             : /opt/rustwide/target/debug/build/tikv-jemalloc-sys/3361e04fca57e6f9/out/share/man
[INFO] [stderr] 
[INFO] [stderr]   srcroot            : 
[INFO] [stderr]   abs_srcroot        : /opt/rustwide/target/debug/build/tikv-jemalloc-sys/3361e04fca57e6f9/out/build/
[INFO] [stderr]   objroot            : 
[INFO] [stderr]   abs_objroot        : /opt/rustwide/target/debug/build/tikv-jemalloc-sys/3361e04fca57e6f9/out/build/
[INFO] [stderr] 
[INFO] [stderr]   JEMALLOC_PREFIX    : 
[INFO] [stderr]   JEMALLOC_PRIVATE_NAMESPACE
[INFO] [stderr]                      : _rjem_je_
[INFO] [stderr]   install_suffix     : 
[INFO] [stderr]   malloc_conf        : 
[INFO] [stderr]   documentation      : 0
[INFO] [stderr]   shared libs        : 0
[INFO] [stderr]   static libs        : 1
[INFO] [stderr]   autogen            : 0
[INFO] [stderr]   debug              : 0
[INFO] [stderr]   stats              : 1
[INFO] [stderr]   experimental_smallocx : 0
[INFO] [stderr]   prof               : 0
[INFO] [stderr]   prof-libunwind     : 0
[INFO] [stderr]   prof-libgcc        : 0
[INFO] [stderr]   prof-gcc           : 0
[INFO] [stderr]   fill               : 1
[INFO] [stderr]   utrace             : 0
[INFO] [stderr]   xmalloc            : 0
[INFO] [stderr]   log                : 0
[INFO] [stderr]   lazy_lock          : 0
[INFO] [stderr]   cache-oblivious    : 1
[INFO] [stderr]   cxx                : 0
[INFO] [stderr]   ===============================================================================
[INFO] [stderr]   running: cd "/opt/rustwide/target/debug/build/tikv-jemalloc-sys/3361e04fca57e6f9/out/build" && MAKEFLAGS="-j --jobserver-fds=4,5 --jobserver-auth=4,5" "make"
[INFO] [stderr]   cc -std=gnu11 -Wall -Wextra -Wsign-compare -Wundef -Wno-format-zero-length -Wpointer-arith -Wno-missing-braces -Wno-missing-field-initializers -Wno-missing-attributes -pipe -g3 -fvisibility=hidden -Wimplicit-fallthrough -O3 -funroll-loops -O0 -ffunction-sections -fdata-sections -fPIC -g -gdwarf-4 -fno-omit-frame-pointer -m64 -Wall -c -O0 -ffunction-sections -fdata-sections -fPIC -g -gdwarf-4 -fno-omit-frame-pointer -m64 -Wall -D_GNU_SOURCE -D_REENTRANT -Iinclude -Iinclude -DJEMALLOC_NO_PRIVATE_NAMESPACE -o src/jemalloc.sym.o src/jemalloc.c
[INFO] [stderr]   cc -std=gnu11 -Wall -Wextra -Wsign-compare -Wundef -Wno-format-zero-length -Wpointer-arith -Wno-missing-braces -Wno-missing-field-initializers -Wno-missing-attributes -pipe -g3 -fvisibility=hidden -Wimplicit-fallthrough -O3 -funroll-loops -O0 -ffunction-sections -fdata-sections -fPIC -g -gdwarf-4 -fno-omit-frame-pointer -m64 -Wall -c -O0 -ffunction-sections -fdata-sections -fPIC -g -gdwarf-4 -fno-omit-frame-pointer -m64 -Wall -D_GNU_SOURCE -D_REENTRANT -Iinclude -Iinclude -DJEMALLOC_NO_PRIVATE_NAMESPACE -o src/arena.sym.o src/arena.c
[INFO] [stderr]   cc -std=gnu11 -Wall -Wextra -Wsign-compare -Wundef -Wno-format-zero-length -Wpointer-arith -Wno-missing-braces -Wno-missing-field-initializers -Wno-missing-attributes -pipe -g3 -fvisibility=hidden -Wimplicit-fallthrough -O3 -funroll-loops -O0 -ffunction-sections -fdata-sections -fPIC -g -gdwarf-4 -fno-omit-frame-pointer -m64 -Wall -c -O0 -ffunction-sections -fdata-sections -fPIC -g -gdwarf-4 -fno-omit-frame-pointer -m64 -Wall -D_GNU_SOURCE -D_REENTRANT -Iinclude -Iinclude -DJEMALLOC_NO_PRIVATE_NAMESPACE -o src/background_thread.sym.o src/background_thread.c
[INFO] [stderr] 
[INFO] [stderr]   --- stderr
[INFO] [stderr]   Assembler messages:
[INFO] [stderr]   {standard input}:688078: Warning: end of file not at end of a line; newline inserted
[INFO] [stderr]   {standard input}: Error: open CFI at the end of file; missing .cfi_endproc directive
[INFO] [stderr]   cc: fatal error: Killed signal terminated program cc1
[INFO] [stderr]   compilation terminated.
[INFO] [stderr]   make: *** [Makefile:479: src/jemalloc.sym.o] Error 1
[INFO] [stderr]   make: *** Waiting for unfinished jobs....
[INFO] [stderr] 
[INFO] [stderr]   thread 'main' (3823) panicked at /opt/rustwide/cargo-home/registry/src/index.crates.io-1949cf8c6b5b557f/tikv-jemalloc-sys-0.6.1+5.3.0-1-ge13ca993e8ccb9ba9847cc330696e02839f328f7/build.rs:411:9:
[INFO] [stderr]   command did not execute successfully: cd "/opt/rustwide/target/debug/build/tikv-jemalloc-sys/3361e04fca57e6f9/out/build" && MAKEFLAGS="-j --jobserver-fds=4,5 --jobserver-auth=4,5" "make"
[INFO] [stderr]   expected success, got: exit status: 2
[INFO] [stderr]   stack backtrace:
[INFO] [stderr]      0:     0x65521cf72d01 - std[3164a59e47d3bde]::backtrace_rs::backtrace::libunwind::trace
[INFO] [stderr]                                  at /rustc/3154cc1a3e6424e44f438a95007d043ed5ceaaf6/library/std/src/../../backtrace/src/backtrace/libunwind.rs:117:9
[INFO] [stderr]      1:     0x65521cf72d01 - std[3164a59e47d3bde]::backtrace_rs::backtrace::trace_unsynchronized::<std[3164a59e47d3bde]::sys::backtrace::_print_fmt::{closure#1}>
[INFO] [stderr]                                  at /rustc/3154cc1a3e6424e44f438a95007d043ed5ceaaf6/library/std/src/../../backtrace/src/backtrace/mod.rs:66:14
[INFO] [stderr]      2:     0x65521cf72d01 - std[3164a59e47d3bde]::sys::backtrace::_print_fmt
[INFO] [stderr]                                  at /rustc/3154cc1a3e6424e44f438a95007d043ed5ceaaf6/library/std/src/sys/backtrace.rs:74:9
[INFO] [stderr]      3:     0x65521cf72d01 - <<std[3164a59e47d3bde]::sys::backtrace::BacktraceLock>::print::DisplayBacktrace as core[934024a1e6126fb4]::fmt::Display>::fmt
[INFO] [stderr]                                  at /rustc/3154cc1a3e6424e44f438a95007d043ed5ceaaf6/library/std/src/sys/backtrace.rs:44:26
[INFO] [stderr]      4:     0x65521cf8899a - <core[934024a1e6126fb4]::fmt::rt::Argument>::fmt
[INFO] [stderr]                                  at /rustc/3154cc1a3e6424e44f438a95007d043ed5ceaaf6/library/core/src/fmt/rt.rs:152:76
[INFO] [stderr]      5:     0x65521cf8899a - core[934024a1e6126fb4]::fmt::write
[INFO] [stderr]      6:     0x65521cf7941c - core[934024a1e6126fb4]::io::write::default_write_fmt::<std[3164a59e47d3bde]::sys::stdio::unix::Stderr>
[INFO] [stderr]                                  at /rustc/3154cc1a3e6424e44f438a95007d043ed5ceaaf6/library/core/src/io/write.rs:402:11
[INFO] [stderr]      7:     0x65521cf7941c - <std[3164a59e47d3bde]::sys::stdio::unix::Stderr as core[934024a1e6126fb4]::io::write::Write>::write_fmt
[INFO] [stderr]                                  at /rustc/3154cc1a3e6424e44f438a95007d043ed5ceaaf6/library/core/src/io/write.rs:335:13
[INFO] [stderr]      8:     0x65521cf4ba96 - <std[3164a59e47d3bde]::sys::backtrace::BacktraceLock>::print
[INFO] [stderr]                                  at /rustc/3154cc1a3e6424e44f438a95007d043ed5ceaaf6/library/std/src/sys/backtrace.rs:47:9
[INFO] [stderr]      9:     0x65521cf4ba96 - std[3164a59e47d3bde]::panicking::default_hook::{closure#0}
[INFO] [stderr]                                  at /rustc/3154cc1a3e6424e44f438a95007d043ed5ceaaf6/library/std/src/panicking.rs:289:27
[INFO] [stderr]     10:     0x65521cf69c71 - std[3164a59e47d3bde]::panicking::default_hook
[INFO] [stderr]                                  at /rustc/3154cc1a3e6424e44f438a95007d043ed5ceaaf6/library/std/src/panicking.rs:316:9
[INFO] [stderr]     11:     0x65521cf69e2b - std[3164a59e47d3bde]::panicking::panic_with_hook
[INFO] [stderr]                                  at /rustc/3154cc1a3e6424e44f438a95007d043ed5ceaaf6/library/std/src/panicking.rs:811:13
[INFO] [stderr]     12:     0x65521cf4bb42 - std[3164a59e47d3bde]::panicking::panic_handler::{closure#0}
[INFO] [stderr]                                  at /rustc/3154cc1a3e6424e44f438a95007d043ed5ceaaf6/library/std/src/panicking.rs:685:13
[INFO] [stderr]     13:     0x65521cf44629 - std[3164a59e47d3bde]::sys::backtrace::__rust_end_short_backtrace::<std[3164a59e47d3bde]::panicking::panic_handler::{closure#0}, !>
[INFO] [stderr]                                  at /rustc/3154cc1a3e6424e44f438a95007d043ed5ceaaf6/library/std/src/sys/backtrace.rs:182:18
[INFO] [stderr]     14:     0x65521cf4c82d - __rustc[2e7b49d4226056d3]::rust_begin_unwind
[INFO] [stderr]                                  at /rustc/3154cc1a3e6424e44f438a95007d043ed5ceaaf6/library/std/src/panicking.rs:676:5
[INFO] [stderr]     15:     0x65521cf8918c - core[934024a1e6126fb4]::panicking::panic_fmt
[INFO] [stderr]                                  at /rustc/3154cc1a3e6424e44f438a95007d043ed5ceaaf6/library/core/src/panicking.rs:80:14
[INFO] [stderr]     16:     0x65521cea296f - build_script_build[4c6f2b86636f74f3]::execute::<build_script_build[4c6f2b86636f74f3]::run::{closure#0}>
[INFO] [stderr]     17:     0x65521cea684e - build_script_build[4c6f2b86636f74f3]::run
[INFO] [stderr]     18:     0x65521cea9f6f - build_script_build[4c6f2b86636f74f3]::main
[INFO] [stderr]     19:     0x65521ceacd93 - <fn() as core[934024a1e6126fb4]::ops::function::FnOnce<()>>::call_once
[INFO] [stderr]     20:     0x65521cea4dbe - std[3164a59e47d3bde]::sys::backtrace::__rust_begin_short_backtrace::<fn(), ()>
[INFO] [stderr]     21:     0x65521cea53b9 - std[3164a59e47d3bde]::rt::lang_start::<()>::{closure#0}
[INFO] [stderr]     22:     0x65521cf68f78 - <&dyn core[934024a1e6126fb4]::ops::function::Fn<(), Output = i32> + core[934024a1e6126fb4]::marker::Sync + core[934024a1e6126fb4]::panic::unwind_safe::RefUnwindSafe as core[934024a1e6126fb4]::ops::function::FnOnce<()>>::call_once
[INFO] [stderr]                                  at /rustc/3154cc1a3e6424e44f438a95007d043ed5ceaaf6/library/core/src/ops/function.rs:287:21
[INFO] [stderr]     23:     0x65521cf68f78 - std[3164a59e47d3bde]::panicking::catch_unwind::do_call::<&dyn core[934024a1e6126fb4]::ops::function::Fn<(), Output = i32> + core[934024a1e6126fb4]::marker::Sync + core[934024a1e6126fb4]::panic::unwind_safe::RefUnwindSafe, i32>
[INFO] [stderr]                                  at /rustc/3154cc1a3e6424e44f438a95007d043ed5ceaaf6/library/std/src/panicking.rs:573:43
[INFO] [stderr]     24:     0x65521cf68f78 - std[3164a59e47d3bde]::panicking::catch_unwind::<i32, &dyn core[934024a1e6126fb4]::ops::function::Fn<(), Output = i32> + core[934024a1e6126fb4]::marker::Sync + core[934024a1e6126fb4]::panic::unwind_safe::RefUnwindSafe>
[INFO] [stderr]                                  at /rustc/3154cc1a3e6424e44f438a95007d043ed5ceaaf6/library/std/src/panicking.rs:541:19
[INFO] [stderr]     25:     0x65521cf68f78 - std[3164a59e47d3bde]::panic::catch_unwind::<&dyn core[934024a1e6126fb4]::ops::function::Fn<(), Output = i32> + core[934024a1e6126fb4]::marker::Sync + core[934024a1e6126fb4]::panic::unwind_safe::RefUnwindSafe, i32>
[INFO] [stderr]                                  at /rustc/3154cc1a3e6424e44f438a95007d043ed5ceaaf6/library/std/src/panic.rs:359:14
[INFO] [stderr]     26:     0x65521cf68f78 - std[3164a59e47d3bde]::rt::lang_start_internal::{closure#0}
[INFO] [stderr]                                  at /rustc/3154cc1a3e6424e44f438a95007d043ed5ceaaf6/library/std/src/rt.rs:175:24
[INFO] [stderr]     27:     0x65521cf68f78 - std[3164a59e47d3bde]::panicking::catch_unwind::do_call::<std[3164a59e47d3bde]::rt::lang_start_internal::{closure#0}, isize>
[INFO] [stderr]                                  at /rustc/3154cc1a3e6424e44f438a95007d043ed5ceaaf6/library/std/src/panicking.rs:573:43
[INFO] [stderr]     28:     0x65521cf68f78 - std[3164a59e47d3bde]::panicking::catch_unwind::<isize, std[3164a59e47d3bde]::rt::lang_start_internal::{closure#0}>
[INFO] [stderr]                                  at /rustc/3154cc1a3e6424e44f438a95007d043ed5ceaaf6/library/std/src/panicking.rs:541:19
[INFO] [stderr]     29:     0x65521cf68f78 - std[3164a59e47d3bde]::panic::catch_unwind::<std[3164a59e47d3bde]::rt::lang_start_internal::{closure#0}, isize>
[INFO] [stderr]                                  at /rustc/3154cc1a3e6424e44f438a95007d043ed5ceaaf6/library/std/src/panic.rs:359:14
[INFO] [stderr]     30:     0x65521cf68f78 - std[3164a59e47d3bde]::rt::lang_start_internal
[INFO] [stderr]                                  at /rustc/3154cc1a3e6424e44f438a95007d043ed5ceaaf6/library/std/src/rt.rs:171:5
[INFO] [stderr]     31:     0x65521cea4db1 - std[3164a59e47d3bde]::rt::lang_start::<()>
[INFO] [stderr]     32:     0x65521ceace05 - main
[INFO] [stderr]     33:     0x7a39f3d77601 - <unknown>
[INFO] [stderr]     34:     0x7a39f3d77718 - __libc_start_main
[INFO] [stderr]     35:     0x65521cea1a75 - _start
[INFO] [stderr]     36:                0x0 - <unknown>
[INFO] running `Command { std: "docker" "inspect" "61db23a13a37c70153a1f1e42f9766ecc547ade8bc42fc757d152038fbfddb31", kill_on_drop: false }`
[INFO] running `Command { std: "docker" "rm" "-f" "61db23a13a37c70153a1f1e42f9766ecc547ade8bc42fc757d152038fbfddb31", kill_on_drop: false }`
[INFO] [stdout] 61db23a13a37c70153a1f1e42f9766ecc547ade8bc42fc757d152038fbfddb31
