[INFO] cloning repository https://github.com/Alvinpro/DSH-Launcher
[INFO] running `Command { std: "git" "-c" "credential.helper=" "-c" "credential.helper=/workspace/cargo-home/bin/git-credential-null" "clone" "--bare" "https://github.com/Alvinpro/DSH-Launcher" "/workspace/cache/git-repos/https%3A%2F%2Fgithub.com%2FAlvinpro%2FDSH-Launcher", kill_on_drop: false }`
[INFO] [stderr] Cloning into bare repository '/workspace/cache/git-repos/https%3A%2F%2Fgithub.com%2FAlvinpro%2FDSH-Launcher'...
[INFO] running `Command { std: "git" "rev-parse" "HEAD", kill_on_drop: false }`
[INFO] [stdout] 89bcd142a7c0518f9797bbbe709691b7687e493e
[INFO] checking Alvinpro/DSH-Launcher against 3154cc1a3e6424e44f438a95007d043ed5ceaaf6 for pr-133502-30
[INFO] running `Command { std: "git" "clone" "/workspace/cache/git-repos/https%3A%2F%2Fgithub.com%2FAlvinpro%2FDSH-Launcher" "/workspace/builds/worker-4-tc2/source", kill_on_drop: false }`
[INFO] [stderr] Cloning into '/workspace/builds/worker-4-tc2/source'...
[INFO] [stderr] done.
[INFO] started tweaking git repo https://github.com/Alvinpro/DSH-Launcher
[INFO] finished tweaking git repo https://github.com/Alvinpro/DSH-Launcher
[INFO] tweaked toml for git repo https://github.com/Alvinpro/DSH-Launcher written to /workspace/builds/worker-4-tc2/source/Cargo.toml
[INFO] validating manifest of git repo https://github.com/Alvinpro/DSH-Launcher on toolchain 3154cc1a3e6424e44f438a95007d043ed5ceaaf6
[INFO] running `Command { std: CARGO_HOME="/workspace/cargo-home" RUSTUP_HOME="/workspace/rustup-home" "/workspace/cargo-home/bin/cargo" "+3154cc1a3e6424e44f438a95007d043ed5ceaaf6" "metadata" "--manifest-path" "Cargo.toml" "--no-deps", kill_on_drop: false }`
[INFO] crate git repo https://github.com/Alvinpro/DSH-Launcher already has a lockfile, it will not be regenerated
[INFO] running `Command { std: CARGO_HOME="/workspace/cargo-home" RUSTUP_HOME="/workspace/rustup-home" "/workspace/cargo-home/bin/cargo" "+3154cc1a3e6424e44f438a95007d043ed5ceaaf6" "fetch" "--manifest-path" "Cargo.toml", kill_on_drop: false }`
[INFO] running `Command { std: "docker" "create" "-v" "/var/lib/crater-agent-workspace/builds/worker-4-tc2/source:/opt/rustwide/workdir:ro,Z" "-v" "/var/lib/crater-agent-workspace/builds/worker-4-tc2/target:/opt/rustwide/target:rw,Z" "-v" "/var/lib/crater-agent-workspace/cargo-home:/opt/rustwide/cargo-home:ro,Z" "-v" "/var/lib/crater-agent-workspace/rustup-home:/opt/rustwide/rustup-home:ro,Z" "-m" "1610612736" "--network" "none" "ghcr.io/rust-lang/crates-build-env/linux@sha256:77db811e55d90add9212f6832c23229e3de5f1c1f9905e8cb07319ea15df73ac" "sleep" "infinity", kill_on_drop: false }`
[INFO] [stdout] 7fd43a85540d8a4786faa1f5eddf54767c40d04d4c99f7bd74bbc153975df5a2
[INFO] running `Command { std: "docker" "start" "7fd43a85540d8a4786faa1f5eddf54767c40d04d4c99f7bd74bbc153975df5a2", kill_on_drop: false }`
[INFO] running `Command { std: "docker" "inspect" "7fd43a85540d8a4786faa1f5eddf54767c40d04d4c99f7bd74bbc153975df5a2", kill_on_drop: false }`
[INFO] running `Command { std: "docker" "exec" "-e" "SOURCE_DIR=/opt/rustwide/workdir" "-e" "CARGO_HOME=/opt/rustwide/cargo-home" "-e" "RUSTUP_HOME=/opt/rustwide/rustup-home" "-e" "CARGO_TARGET_DIR=/opt/rustwide/target" "-w" "/opt/rustwide/workdir" "--user" "0:0" "7fd43a85540d8a4786faa1f5eddf54767c40d04d4c99f7bd74bbc153975df5a2" "/opt/rustwide/cargo-home/bin/cargo" "+3154cc1a3e6424e44f438a95007d043ed5ceaaf6" "metadata" "--no-deps" "--format-version=1", kill_on_drop: false }`
[INFO] running `Command { std: "docker" "inspect" "7fd43a85540d8a4786faa1f5eddf54767c40d04d4c99f7bd74bbc153975df5a2", kill_on_drop: false }`
[INFO] running `Command { std: "docker" "exec" "-e" "SOURCE_DIR=/opt/rustwide/workdir" "-e" "CARGO_HOME=/opt/rustwide/cargo-home" "-e" "RUSTUP_HOME=/opt/rustwide/rustup-home" "-e" "CARGO_TARGET_DIR=/opt/rustwide/target" "-e" "CARGO_INCREMENTAL=0" "-e" "RUST_BACKTRACE=full" "-e" "RUSTFLAGS=--cap-lints=forbid" "-e" "RUSTDOCFLAGS=--cap-lints=forbid" "-w" "/opt/rustwide/workdir" "--user" "0:0" "7fd43a85540d8a4786faa1f5eddf54767c40d04d4c99f7bd74bbc153975df5a2" "/opt/rustwide/cargo-home/bin/cargo" "+3154cc1a3e6424e44f438a95007d043ed5ceaaf6" "check" "--frozen" "--all" "--all-targets" "--message-format=json", kill_on_drop: false }`
[INFO] [stderr]    Compiling winnow v0.7.15
[INFO] [stderr]    Compiling toml_write v0.1.2
[INFO] [stderr]    Compiling serde v1.0.229
[INFO] [stderr]    Compiling windows_x86_64_gnu v0.52.6
[INFO] [stderr]    Compiling syn v2.0.119
[INFO] [stderr]    Compiling nix v0.31.3
[INFO] [stderr]    Compiling syn v3.0.3
[INFO] [stderr]     Checking windows-targets v0.52.6
[INFO] [stderr]     Checking windows-result v0.2.0
[INFO] [stderr]     Checking windows-strings v0.1.0
[INFO] [stderr]    Compiling toml_datetime v0.6.11
[INFO] [stderr]    Compiling serde_spanned v0.6.9
[INFO] [stderr]     Checking ctrlc v3.5.2
[INFO] [stderr]    Compiling serde_derive v1.0.229
[INFO] [stderr]    Compiling toml_edit v0.22.27
[INFO] [stderr]    Compiling windows-implement v0.58.0
[INFO] [stderr]    Compiling windows-interface v0.58.0
[INFO] [stderr]     Checking windows-core v0.58.0
[INFO] [stderr]     Checking windows v0.58.0
[INFO] [stderr]    Compiling toml v0.8.23
[INFO] [stderr]    Compiling embed-resource v2.5.2
[INFO] [stderr]    Compiling dsh-launcher v0.1.0 (/opt/rustwide/workdir)
[INFO] [stdout] error[E0433]: cannot find `windows` in `os`
[INFO] [stdout]  --> src/main.rs:9:9
[INFO] [stdout]   |
[INFO] [stdout] 9 |     os::windows::process::CommandExt,
[INFO] [stdout]   |         ^^^^^^^ could not find `windows` in `os`
[INFO] [stdout]   |
[INFO] [stdout] note: found an item that was configured out
[INFO] [stdout]  --> /rustc/3154cc1a3e6424e44f438a95007d043ed5ceaaf6/library/std/src/os/mod.rs:62:4
[INFO] [stdout]   |
[INFO] [stdout]   = note: the item is gated behind the `windows` feature
[INFO] [stdout] 
[INFO] [stdout] 
[INFO] [stdout] error[E0433]: cannot find `Win32` in `windows`
[INFO] [stdout]   --> src/main.rs:19:14
[INFO] [stdout]    |
[INFO] [stdout] 19 | use windows::Win32::{
[INFO] [stdout]    |              ^^^^^ could not find `Win32` in `windows`
[INFO] [stdout] 
[INFO] [stdout] 
[INFO] [stdout] error[E0433]: cannot find `windows` in `os`
[INFO] [stdout]    --> src/main.rs:733:18
[INFO] [stdout]     |
[INFO] [stdout] 733 |     use std::os::windows::io::AsRawHandle;
[INFO] [stdout]     |                  ^^^^^^^ could not find `windows` in `os`
[INFO] [stdout]     |
[INFO] [stdout] note: found an item that was configured out
[INFO] [stdout]    --> /rustc/3154cc1a3e6424e44f438a95007d043ed5ceaaf6/library/std/src/os/mod.rs:62:4
[INFO] [stdout]     |
[INFO] [stdout]     = note: the item is gated behind the `windows` feature
[INFO] [stdout] 
[INFO] [stdout] 
[INFO] [stdout] error[E0432]: unresolved import `windows::core`
[INFO] [stdout]   --> src/main.rs:18:14
[INFO] [stdout]    |
[INFO] [stdout] 18 | use windows::core::{w, PCWSTR};
[INFO] [stdout]    |              ^^^^ could not find `core` in `windows`
[INFO] [stdout] 
[INFO] [stdout] 
[INFO] [stdout] error[E0433]: cannot find `windows` in `os`
[INFO] [stdout]  --> src/main.rs:9:9
[INFO] [stdout]   |
[INFO] [stdout] 9 |     os::windows::process::CommandExt,
[INFO] [stdout]   |         ^^^^^^^ could not find `windows` in `os`
[INFO] [stdout]   |
[INFO] [stdout] note: found an item that was configured out
[INFO] [stdout]  --> /rustc/3154cc1a3e6424e44f438a95007d043ed5ceaaf6/library/std/src/os/mod.rs:62:4
[INFO] [stdout]   |
[INFO] [stdout]   = note: the item is gated behind the `windows` feature
[INFO] [stdout] 
[INFO] [stdout] 
[INFO] [stdout] error[E0433]: cannot find `Win32` in `windows`
[INFO] [stdout]   --> src/main.rs:19:14
[INFO] [stdout]    |
[INFO] [stdout] 19 | use windows::Win32::{
[INFO] [stdout]    |              ^^^^^ could not find `Win32` in `windows`
[INFO] [stdout] 
[INFO] [stdout] 
[INFO] [stdout] error[E0433]: cannot find `windows` in `os`
[INFO] [stdout]    --> src/main.rs:733:18
[INFO] [stdout]     |
[INFO] [stdout] 733 |     use std::os::windows::io::AsRawHandle;
[INFO] [stdout]     |                  ^^^^^^^ could not find `windows` in `os`
[INFO] [stdout]     |
[INFO] [stdout] note: found an item that was configured out
[INFO] [stdout]    --> /rustc/3154cc1a3e6424e44f438a95007d043ed5ceaaf6/library/std/src/os/mod.rs:62:4
[INFO] [stdout]     |
[INFO] [stdout]     = note: the item is gated behind the `windows` feature
[INFO] [stdout] 
[INFO] [stdout] 
[INFO] [stdout] error[E0432]: unresolved import `windows::core`
[INFO] [stdout]   --> src/main.rs:18:14
[INFO] [stdout]    |
[INFO] [stdout] 18 | use windows::core::{w, PCWSTR};
[INFO] [stdout]    |              ^^^^ could not find `core` in `windows`
[INFO] [stdout] 
[INFO] [stdout] 
[INFO] [stdout] error[E0599]: no method named `creation_flags` found for mutable reference `&mut Command` in the current scope
[INFO] [stdout]    --> src/main.rs:641:14
[INFO] [stdout]     |
[INFO] [stdout] 636 |         Command::new("cmd.exe")
[INFO] [stdout] 637 |             .arg("/C")
[INFO] [stdout] 638 |             .arg(&e.program)
[INFO] [stdout] 639 |             .args(&e.args)
[INFO] [stdout] 640 |             .arg("--version")
[INFO] [stdout] 641 |             .creation_flags(CREATE_NO_WINDOW)
[INFO] [stdout]     |              ^^^^^^^^^^^^^^ method not found in `&mut Command`
[INFO] [stdout] 
[INFO] [stdout] 
[INFO] [stdout] error[E0599]: no method named `creation_flags` found for mutable reference `&mut Command` in the current scope
[INFO] [stdout]    --> src/main.rs:641:14
[INFO] [stdout]     |
[INFO] [stdout] 636 |         Command::new("cmd.exe")
[INFO] [stdout] 637 |             .arg("/C")
[INFO] [stdout] 638 |             .arg(&e.program)
[INFO] [stdout] 639 |             .args(&e.args)
[INFO] [stdout] 640 |             .arg("--version")
[INFO] [stdout] 641 |             .creation_flags(CREATE_NO_WINDOW)
[INFO] [stdout]     |              ^^^^^^^^^^^^^^ method not found in `&mut Command`
[INFO] [stdout] 
[INFO] [stdout] 
[INFO] [stdout] error[E0599]: no method named `creation_flags` found for mutable reference `&mut Command` in the current scope
[INFO] [stdout]    --> src/main.rs:651:14
[INFO] [stdout]     |
[INFO] [stdout] 648 |         Command::new(&e.program)
[INFO] [stdout] 649 |             .args(&e.args)
[INFO] [stdout] 650 |             .arg("--version")
[INFO] [stdout] 651 |             .creation_flags(CREATE_NO_WINDOW)
[INFO] [stdout]     |              ^^^^^^^^^^^^^^ method not found in `&mut Command`
[INFO] [stdout] 
[INFO] [stdout] 
[INFO] [stdout] error[E0599]: no method named `creation_flags` found for mutable reference `&mut Command` in the current scope
[INFO] [stdout]    --> src/main.rs:651:14
[INFO] [stdout]     |
[INFO] [stdout] 648 |         Command::new(&e.program)
[INFO] [stdout] 649 |             .args(&e.args)
[INFO] [stdout] 650 |             .arg("--version")
[INFO] [stdout] 651 |             .creation_flags(CREATE_NO_WINDOW)
[INFO] [stdout]     |              ^^^^^^^^^^^^^^ method not found in `&mut Command`
[INFO] [stdout] 
[INFO] [stdout] 
[INFO] [stdout] error[E0599]: no method named `creation_flags` found for struct `Command` in the current scope
[INFO] [stdout]    --> src/main.rs:670:9
[INFO] [stdout]     |
[INFO] [stdout] 670 |     cmd.creation_flags(CREATE_NO_WINDOW);
[INFO] [stdout]     |         ^^^^^^^^^^^^^^ method not found in `Command`
[INFO] [stdout] 
[INFO] [stdout] 
[INFO] [stdout] error[E0599]: no method named `creation_flags` found for struct `Command` in the current scope
[INFO] [stdout]    --> src/main.rs:670:9
[INFO] [stdout]     |
[INFO] [stdout] 670 |     cmd.creation_flags(CREATE_NO_WINDOW);
[INFO] [stdout]     |         ^^^^^^^^^^^^^^ method not found in `Command`
[INFO] [stdout] 
[INFO] [stdout] 
[INFO] [stdout] error[E0599]: no method named `creation_flags` found for mutable reference `&mut Command` in the current scope
[INFO] [stdout]    --> src/main.rs:677:10
[INFO] [stdout]     |
[INFO] [stdout] 675 |     let out = Command::new("where.exe")
[INFO] [stdout] 676 |         .arg(pkg)
[INFO] [stdout] 677 |         .creation_flags(CREATE_NO_WINDOW)
[INFO] [stdout]     |          ^^^^^^^^^^^^^^ method not found in `&mut Command`
[INFO] [stdout] 
[INFO] [stdout] 
[INFO] [stdout] error[E0599]: no method named `creation_flags` found for mutable reference `&mut Command` in the current scope
[INFO] [stdout]    --> src/main.rs:677:10
[INFO] [stdout]     |
[INFO] [stdout] 675 |     let out = Command::new("where.exe")
[INFO] [stdout] 676 |         .arg(pkg)
[INFO] [stdout] 677 |         .creation_flags(CREATE_NO_WINDOW)
[INFO] [stdout]     |          ^^^^^^^^^^^^^^ method not found in `&mut Command`
[INFO] [stdout] 
[INFO] [stdout] 
[INFO] [stdout] error[E0599]: no method named `creation_flags` found for mutable reference `&mut Command` in the current scope
[INFO] [stdout]    --> src/main.rs:707:10
[INFO] [stdout]     |
[INFO] [stdout] 704 |     Command::new("cmd.exe")
[INFO] [stdout] 705 |         .arg("/C")
[INFO] [stdout] 706 |         .arg("npm --version")
[INFO] [stdout] 707 |         .creation_flags(CREATE_NO_WINDOW)
[INFO] [stdout]     |          ^^^^^^^^^^^^^^ method not found in `&mut Command`
[INFO] [stdout] 
[INFO] [stdout] 
[INFO] [stdout] error[E0599]: no method named `creation_flags` found for mutable reference `&mut Command` in the current scope
[INFO] [stdout]    --> src/main.rs:707:10
[INFO] [stdout]     |
[INFO] [stdout] 704 |     Command::new("cmd.exe")
[INFO] [stdout] 705 |         .arg("/C")
[INFO] [stdout] 706 |         .arg("npm --version")
[INFO] [stdout] 707 |         .creation_flags(CREATE_NO_WINDOW)
[INFO] [stdout]     |          ^^^^^^^^^^^^^^ method not found in `&mut Command`
[INFO] [stdout] 
[INFO] [stdout] 
[INFO] [stdout] error[E0599]: no method named `as_raw_handle` found for reference `&Child` in the current scope
[INFO] [stdout]    --> src/main.rs:734:19
[INFO] [stdout]     |
[INFO] [stdout] 734 |     let h = child.as_raw_handle() as *mut c_void;
[INFO] [stdout]     |                   ^^^^^^^^^^^^^ method not found in `&Child`
[INFO] [stdout] 
[INFO] [stdout] 
[INFO] [stdout] error[E0599]: no method named `as_raw_handle` found for reference `&Child` in the current scope
[INFO] [stdout]    --> src/main.rs:734:19
[INFO] [stdout]     |
[INFO] [stdout] 734 |     let h = child.as_raw_handle() as *mut c_void;
[INFO] [stdout]     |                   ^^^^^^^^^^^^^ method not found in `&Child`
[INFO] [stdout] 
[INFO] [stdout] 
[INFO] [stdout] Some errors have detailed explanations: E0432, E0433, E0599.
[INFO] [stdout] 
[INFO] [stdout] For more information about an error, try `rustc --explain E0432`.
[INFO] [stdout] 
[INFO] [stdout] Some errors have detailed explanations: E0432, E0433, E0599.
[INFO] [stdout] 
[INFO] [stdout] For more information about an error, try `rustc --explain E0432`.
[INFO] [stdout] 
[INFO] [stderr] error: could not compile `dsh-launcher` (bin "dsh-launcher" test) due to 10 previous errors
[INFO] [stderr] warning: build failed, waiting for other jobs to finish...
[INFO] [stderr] error: could not compile `dsh-launcher` (bin "dsh-launcher") due to 10 previous errors
[INFO] running `Command { std: "docker" "inspect" "7fd43a85540d8a4786faa1f5eddf54767c40d04d4c99f7bd74bbc153975df5a2", kill_on_drop: false }`
[INFO] running `Command { std: "docker" "rm" "-f" "7fd43a85540d8a4786faa1f5eddf54767c40d04d4c99f7bd74bbc153975df5a2", kill_on_drop: false }`
[INFO] [stdout] 7fd43a85540d8a4786faa1f5eddf54767c40d04d4c99f7bd74bbc153975df5a2
