[INFO] cloning repository https://github.com/Alice088/io
[INFO] running `Command { std: "git" "-c" "credential.helper=" "-c" "credential.helper=/workspace/cargo-home/bin/git-credential-null" "clone" "--bare" "https://github.com/Alice088/io" "/workspace/cache/git-repos/https%3A%2F%2Fgithub.com%2FAlice088%2Fio", kill_on_drop: false }`
[INFO] [stderr] Cloning into bare repository '/workspace/cache/git-repos/https%3A%2F%2Fgithub.com%2FAlice088%2Fio'...
[INFO] running `Command { std: "git" "rev-parse" "HEAD", kill_on_drop: false }`
[INFO] [stdout] f3266fe3b2ccd15032602673fb6b7ea4012d8d78
[INFO] checking Alice088/io against 3154cc1a3e6424e44f438a95007d043ed5ceaaf6 for pr-133502-30
[INFO] running `Command { std: "git" "clone" "/workspace/cache/git-repos/https%3A%2F%2Fgithub.com%2FAlice088%2Fio" "/workspace/builds/worker-2-tc2/source", kill_on_drop: false }`
[INFO] [stderr] Cloning into '/workspace/builds/worker-2-tc2/source'...
[INFO] [stderr] done.
[INFO] started tweaking git repo https://github.com/Alice088/io
[INFO] finished tweaking git repo https://github.com/Alice088/io
[INFO] tweaked toml for git repo https://github.com/Alice088/io written to /workspace/builds/worker-2-tc2/source/Cargo.toml
[INFO] validating manifest of git repo https://github.com/Alice088/io on toolchain 3154cc1a3e6424e44f438a95007d043ed5ceaaf6
[INFO] running `Command { std: CARGO_HOME="/workspace/cargo-home" RUSTUP_HOME="/workspace/rustup-home" "/workspace/cargo-home/bin/cargo" "+3154cc1a3e6424e44f438a95007d043ed5ceaaf6" "metadata" "--manifest-path" "Cargo.toml" "--no-deps", kill_on_drop: false }`
[INFO] crate git repo https://github.com/Alice088/io already has a lockfile, it will not be regenerated
[INFO] running `Command { std: CARGO_HOME="/workspace/cargo-home" RUSTUP_HOME="/workspace/rustup-home" "/workspace/cargo-home/bin/cargo" "+3154cc1a3e6424e44f438a95007d043ed5ceaaf6" "fetch" "--manifest-path" "Cargo.toml", kill_on_drop: false }`
[INFO] running `Command { std: "docker" "create" "-v" "/var/lib/crater-agent-workspace/builds/worker-2-tc2/source:/opt/rustwide/workdir:ro,Z" "-v" "/var/lib/crater-agent-workspace/builds/worker-2-tc2/target:/opt/rustwide/target:rw,Z" "-v" "/var/lib/crater-agent-workspace/cargo-home:/opt/rustwide/cargo-home:ro,Z" "-v" "/var/lib/crater-agent-workspace/rustup-home:/opt/rustwide/rustup-home:ro,Z" "-m" "1610612736" "--network" "none" "ghcr.io/rust-lang/crates-build-env/linux@sha256:77db811e55d90add9212f6832c23229e3de5f1c1f9905e8cb07319ea15df73ac" "sleep" "infinity", kill_on_drop: false }`
[INFO] [stdout] 06dc206c0dfeef90f107110aa0e0e2f12a1e81c7525d765266c472a28f1efd77
[INFO] running `Command { std: "docker" "start" "06dc206c0dfeef90f107110aa0e0e2f12a1e81c7525d765266c472a28f1efd77", kill_on_drop: false }`
[INFO] running `Command { std: "docker" "inspect" "06dc206c0dfeef90f107110aa0e0e2f12a1e81c7525d765266c472a28f1efd77", kill_on_drop: false }`
[INFO] running `Command { std: "docker" "exec" "-e" "SOURCE_DIR=/opt/rustwide/workdir" "-e" "CARGO_HOME=/opt/rustwide/cargo-home" "-e" "RUSTUP_HOME=/opt/rustwide/rustup-home" "-e" "CARGO_TARGET_DIR=/opt/rustwide/target" "-w" "/opt/rustwide/workdir" "--user" "0:0" "06dc206c0dfeef90f107110aa0e0e2f12a1e81c7525d765266c472a28f1efd77" "/opt/rustwide/cargo-home/bin/cargo" "+3154cc1a3e6424e44f438a95007d043ed5ceaaf6" "metadata" "--no-deps" "--format-version=1", kill_on_drop: false }`
[INFO] running `Command { std: "docker" "inspect" "06dc206c0dfeef90f107110aa0e0e2f12a1e81c7525d765266c472a28f1efd77", kill_on_drop: false }`
[INFO] running `Command { std: "docker" "exec" "-e" "SOURCE_DIR=/opt/rustwide/workdir" "-e" "CARGO_HOME=/opt/rustwide/cargo-home" "-e" "RUSTUP_HOME=/opt/rustwide/rustup-home" "-e" "CARGO_TARGET_DIR=/opt/rustwide/target" "-e" "CARGO_INCREMENTAL=0" "-e" "RUST_BACKTRACE=full" "-e" "RUSTFLAGS=--cap-lints=forbid" "-e" "RUSTDOCFLAGS=--cap-lints=forbid" "-w" "/opt/rustwide/workdir" "--user" "0:0" "06dc206c0dfeef90f107110aa0e0e2f12a1e81c7525d765266c472a28f1efd77" "/opt/rustwide/cargo-home/bin/cargo" "+3154cc1a3e6424e44f438a95007d043ed5ceaaf6" "check" "--frozen" "--all" "--all-targets" "--message-format=json", kill_on_drop: false }`
[INFO] [stderr]    Compiling anyhow v1.0.104
[INFO] [stderr]    Compiling either v1.17.0
[INFO] [stderr]    Compiling beef v0.5.2
[INFO] [stderr]    Compiling bytes v1.12.1
[INFO] [stderr]    Compiling libc v0.2.189
[INFO] [stderr]    Compiling getrandom v0.4.3
[INFO] [stderr]    Compiling syn v2.0.119
[INFO] [stderr]    Compiling syn v3.0.3
[INFO] [stderr]    Compiling unicode-width v0.1.14
[INFO] [stderr]    Compiling rustix v1.1.4
[INFO] [stderr]    Compiling itertools v0.14.0
[INFO] [stderr]    Compiling once_cell v1.21.4
[INFO] [stderr]    Compiling thiserror v1.0.69
[INFO] [stderr]    Compiling bitflags v2.13.1
[INFO] [stderr]    Compiling linux-raw-sys v0.12.1
[INFO] [stderr]     Checking smallvec v1.15.2
[INFO] [stderr]     Checking errno v0.3.14
[INFO] [stderr]    Compiling regex-automata v0.4.16
[INFO] [stderr]     Checking parking_lot_core v0.9.12
[INFO] [stderr]    Compiling fixedbitset v0.5.7
[INFO] [stderr]    Compiling fastrand v2.5.0
[INFO] [stderr]    Compiling petgraph v0.7.1
[INFO] [stderr]     Checking parking_lot v0.12.5
[INFO] [stderr]     Checking signal-hook-registry v1.4.8
[INFO] [stderr]     Checking socket2 v0.6.5
[INFO] [stderr]     Checking mio v1.2.2
[INFO] [stderr]    Compiling log v0.4.33
[INFO] [stderr]    Compiling multimap v0.10.1
[INFO] [stderr]     Checking futures-sink v0.3.33
[INFO] [stderr]     Checking heck v0.5.0
[INFO] [stderr]    Compiling regex v1.13.1
[INFO] [stderr]    Compiling tempfile v3.27.0
[INFO] [stderr]    Compiling tokio-macros v2.7.2
[INFO] [stderr]    Compiling thiserror-impl v2.0.19
[INFO] [stderr]    Compiling async-trait v0.1.91
[INFO] [stderr]    Compiling logos-codegen v0.14.4
[INFO] [stderr]    Compiling prettyplease v0.2.37
[INFO] [stderr]     Checking tokio v1.53.1
[INFO] [stderr]    Compiling prost-derive v0.13.5
[INFO] [stderr]    Compiling miette-derive v7.6.0
[INFO] [stderr]    Compiling thiserror-impl v1.0.69
[INFO] [stderr]     Checking thiserror v2.0.19
[INFO] [stderr]    Compiling logos-derive v0.14.4
[INFO] [stderr]    Compiling logos v0.14.4
[INFO] [stderr]    Compiling miette v7.6.0
[INFO] [stderr]    Compiling prost v0.13.5
[INFO] [stderr]    Compiling prost-types v0.13.5
[INFO] [stderr]    Compiling protox-parse v0.7.0
[INFO] [stderr]    Compiling prost-reflect v0.14.7
[INFO] [stderr]    Compiling prost-build v0.13.5
[INFO] [stderr]     Checking tokio-util v0.7.19
[INFO] [stderr]     Checking tokio-stream v0.1.19
[INFO] [stderr]    Compiling protox v0.7.2
[INFO] [stderr]    Compiling stayputnik v0.1.1
[INFO] [stderr]     Checking io v0.1.0 (/opt/rustwide/workdir)
[INFO] [stdout] warning: unused imports: `ComponentManagerError` and `ComponentManager`
[INFO] [stdout]   --> src/main.rs:11:33
[INFO] [stdout]    |
[INFO] [stdout] 11 | use crate::framework::manager::{ComponentManager, ComponentManagerError};
[INFO] [stdout]    |                                 ^^^^^^^^^^^^^^^^  ^^^^^^^^^^^^^^^^^^^^^
[INFO] [stdout]    |
[INFO] [stdout]    = note: `#[warn(unused_imports)]` (part of `#[warn(unused)]`) on by default
[INFO] [stdout] 
[INFO] [stdout] 
[INFO] [stdout] warning: unused imports: `ComponentManagerError` and `ComponentManager`
[INFO] [stdout]   --> src/main.rs:11:33
[INFO] [stdout]    |
[INFO] [stdout] 11 | use crate::framework::manager::{ComponentManager, ComponentManagerError};
[INFO] [stdout]    |                                 ^^^^^^^^^^^^^^^^  ^^^^^^^^^^^^^^^^^^^^^
[INFO] [stdout]    |
[INFO] [stdout]    = note: `#[warn(unused_imports)]` (part of `#[warn(unused)]`) on by default
[INFO] [stdout] 
[INFO] [stdout] 
[INFO] [stdout] error[E0716]: temporary value dropped while borrowed
[INFO] [stdout]   --> src/main.rs:32:40
[INFO] [stdout]    |
[INFO] [stdout] 32 |     let battery_hal = BatteryHal::new(&sc.active_vessel().await.expect("failed get vessel"));
[INFO] [stdout]    |                       -----------------^^^^^^^^^^^^^^^^^^^^^^^^^^^^^^^^^^^^^^^^^^^^^^^^^^^^-- temporary value is freed at the end of this statement
[INFO] [stdout]    |                       |                |
[INFO] [stdout]    |                       |                creates a temporary value which is freed while still in use
[INFO] [stdout]    |                       argument requires that borrow lasts for `'static`
[INFO] [stdout] 
[INFO] [stdout] 
[INFO] [stdout] error[E0507]: cannot move out of `power`, a captured variable in an `FnMut` closure
[INFO] [stdout]   --> src/main.rs:39:22
[INFO] [stdout]    |
[INFO] [stdout] 33 |     let mut power = Power::new(battery_hal, &[]);
[INFO] [stdout]    |         ---------   ---------------------------- move occurs because `power` has type `Power`, which does not implement the `Copy` trait
[INFO] [stdout]    |         |
[INFO] [stdout]    |         captured outer variable
[INFO] [stdout] ...
[INFO] [stdout] 38 |         Box::new(move || {
[INFO] [stdout]    |                  ------- captured by this `FnMut` closure
[INFO] [stdout] 39 |             Box::pin(async move {
[INFO] [stdout]    |                      ^^^^^^^^^^ `power` is moved here
[INFO] [stdout] 40 |                 match power.update().await {
[INFO] [stdout]    |                       ----- variable moved due to use in coroutine
[INFO] [stdout]    |
[INFO] [stdout]    = help: `Fn` and `FnMut` closures require captured values to be able to be consumed multiple times, but `FnOnce` closures may consume them only once
[INFO] [stdout] note: if `Power` implemented `Clone`, you could clone the value
[INFO] [stdout]   --> src/component/power.rs:6:1
[INFO] [stdout]    |
[INFO] [stdout]  6 | pub struct Power {
[INFO] [stdout]    | ^^^^^^^^^^^^^^^^ consider implementing `Clone` for this type
[INFO] [stdout]    |
[INFO] [stdout]   ::: src/main.rs:40:23
[INFO] [stdout]    |
[INFO] [stdout] 40 |                 match power.update().await {
[INFO] [stdout]    |                       ----- you could clone this value
[INFO] [stdout] 
[INFO] [stdout] 
[INFO] [stdout] Some errors have detailed explanations: E0507, E0716.
[INFO] [stdout] 
[INFO] [stdout] For more information about an error, try `rustc --explain E0507`.
[INFO] [stdout] 
[INFO] [stderr] error: could not compile `io` (bin "io") due to 2 previous errors; 1 warning emitted
[INFO] [stderr] warning: build failed, waiting for other jobs to finish...
[INFO] [stdout] error[E0716]: temporary value dropped while borrowed
[INFO] [stdout]   --> src/main.rs:32:40
[INFO] [stdout]    |
[INFO] [stdout] 32 |     let battery_hal = BatteryHal::new(&sc.active_vessel().await.expect("failed get vessel"));
[INFO] [stdout]    |                       -----------------^^^^^^^^^^^^^^^^^^^^^^^^^^^^^^^^^^^^^^^^^^^^^^^^^^^^-- temporary value is freed at the end of this statement
[INFO] [stdout]    |                       |                |
[INFO] [stdout]    |                       |                creates a temporary value which is freed while still in use
[INFO] [stdout]    |                       argument requires that borrow lasts for `'static`
[INFO] [stdout] 
[INFO] [stdout] 
[INFO] [stderr] error: could not compile `io` (bin "io" test) due to 2 previous errors; 1 warning emitted
[INFO] [stdout] error[E0507]: cannot move out of `power`, a captured variable in an `FnMut` closure
[INFO] [stdout]   --> src/main.rs:39:22
[INFO] [stdout]    |
[INFO] [stdout] 33 |     let mut power = Power::new(battery_hal, &[]);
[INFO] [stdout]    |         ---------   ---------------------------- move occurs because `power` has type `Power`, which does not implement the `Copy` trait
[INFO] [stdout]    |         |
[INFO] [stdout]    |         captured outer variable
[INFO] [stdout] ...
[INFO] [stdout] 38 |         Box::new(move || {
[INFO] [stdout]    |                  ------- captured by this `FnMut` closure
[INFO] [stdout] 39 |             Box::pin(async move {
[INFO] [stdout]    |                      ^^^^^^^^^^ `power` is moved here
[INFO] [stdout] 40 |                 match power.update().await {
[INFO] [stdout]    |                       ----- variable moved due to use in coroutine
[INFO] [stdout]    |
[INFO] [stdout]    = help: `Fn` and `FnMut` closures require captured values to be able to be consumed multiple times, but `FnOnce` closures may consume them only once
[INFO] [stdout] note: if `Power` implemented `Clone`, you could clone the value
[INFO] [stdout]   --> src/component/power.rs:6:1
[INFO] [stdout]    |
[INFO] [stdout]  6 | pub struct Power {
[INFO] [stdout]    | ^^^^^^^^^^^^^^^^ consider implementing `Clone` for this type
[INFO] [stdout]    |
[INFO] [stdout]   ::: src/main.rs:40:23
[INFO] [stdout]    |
[INFO] [stdout] 40 |                 match power.update().await {
[INFO] [stdout]    |                       ----- you could clone this value
[INFO] [stdout] 
[INFO] [stdout] 
[INFO] [stdout] Some errors have detailed explanations: E0507, E0716.
[INFO] [stdout] 
[INFO] [stdout] For more information about an error, try `rustc --explain E0507`.
[INFO] [stdout] 
[INFO] running `Command { std: "docker" "inspect" "06dc206c0dfeef90f107110aa0e0e2f12a1e81c7525d765266c472a28f1efd77", kill_on_drop: false }`
[INFO] running `Command { std: "docker" "rm" "-f" "06dc206c0dfeef90f107110aa0e0e2f12a1e81c7525d765266c472a28f1efd77", kill_on_drop: false }`
[INFO] [stdout] 06dc206c0dfeef90f107110aa0e0e2f12a1e81c7525d765266c472a28f1efd77
