[INFO] cloning repository https://github.com/AliZhr/cloud-data-hub
[INFO] running `Command { std: "git" "-c" "credential.helper=" "-c" "credential.helper=/workspace/cargo-home/bin/git-credential-null" "clone" "--bare" "https://github.com/AliZhr/cloud-data-hub" "/workspace/cache/git-repos/https%3A%2F%2Fgithub.com%2FAliZhr%2Fcloud-data-hub", kill_on_drop: false }`
[INFO] [stderr] Cloning into bare repository '/workspace/cache/git-repos/https%3A%2F%2Fgithub.com%2FAliZhr%2Fcloud-data-hub'...
[INFO] running `Command { std: "git" "rev-parse" "HEAD", kill_on_drop: false }`
[INFO] [stdout] a75f2d31f7222487fb667dd132c58cf57c8f9031
[INFO] checking AliZhr/cloud-data-hub against 3154cc1a3e6424e44f438a95007d043ed5ceaaf6+rustflags=-Znext-solver=coherence for pr-133502-30
[INFO] running `Command { std: "git" "clone" "/workspace/cache/git-repos/https%3A%2F%2Fgithub.com%2FAliZhr%2Fcloud-data-hub" "/workspace/builds/worker-3-tc1/source", kill_on_drop: false }`
[INFO] [stderr] Cloning into '/workspace/builds/worker-3-tc1/source'...
[INFO] [stderr] done.
[INFO] removed /workspace/builds/worker-3-tc1/source/rust-toolchain.toml
[INFO] started tweaking git repo https://github.com/AliZhr/cloud-data-hub
[INFO] finished tweaking git repo https://github.com/AliZhr/cloud-data-hub
[INFO] tweaked toml for git repo https://github.com/AliZhr/cloud-data-hub written to /workspace/builds/worker-3-tc1/source/Cargo.toml
[INFO] validating manifest of git repo https://github.com/AliZhr/cloud-data-hub on toolchain 3154cc1a3e6424e44f438a95007d043ed5ceaaf6
[INFO] running `Command { std: CARGO_HOME="/workspace/cargo-home" RUSTUP_HOME="/workspace/rustup-home" "/workspace/cargo-home/bin/cargo" "+3154cc1a3e6424e44f438a95007d043ed5ceaaf6" "metadata" "--manifest-path" "Cargo.toml" "--no-deps", kill_on_drop: false }`
[INFO] crate git repo https://github.com/AliZhr/cloud-data-hub already has a lockfile, it will not be regenerated
[INFO] running `Command { std: CARGO_HOME="/workspace/cargo-home" RUSTUP_HOME="/workspace/rustup-home" "/workspace/cargo-home/bin/cargo" "+3154cc1a3e6424e44f438a95007d043ed5ceaaf6" "fetch" "--manifest-path" "Cargo.toml", kill_on_drop: false }`
[INFO] [stderr] warning: unused workspace dependency `arrow-schema`
[INFO] [stderr]   --> Cargo.toml:41:25
[INFO] [stderr]    |
[INFO] [stderr] 41 | [workspace.dependencies.arrow-schema]
[INFO] [stderr]    |                         ^^^^^^^^^^^^
[INFO] [stderr]    |
[INFO] [stderr]    = note: `cargo::unused_workspace_dependencies` is set to `warn` by default
[INFO] [stderr] help: consider removing the workspace dependency `arrow-schema`
[INFO] [stderr] warning: unused workspace dependency `parquet`
[INFO] [stderr]   --> Cargo.toml:88:25
[INFO] [stderr]    |
[INFO] [stderr] 88 | [workspace.dependencies.parquet]
[INFO] [stderr]    |                         ^^^^^^^
[INFO] [stderr]    |
[INFO] [stderr] help: consider removing the workspace dependency `parquet`
[INFO] [stderr] warning: unused workspace dependency `regex`
[INFO] [stderr]   --> Cargo.toml:27:1
[INFO] [stderr]    |
[INFO] [stderr] 27 | regex = "1.13"
[INFO] [stderr]    | ^^^^^
[INFO] [stderr]    |
[INFO] [stderr] help: consider removing the workspace dependency `regex`
[INFO] [stderr] warning: unused field `publish` in `workspace.package`
[INFO] [stderr]    --> Cargo.toml:133:1
[INFO] [stderr]     |
[INFO] [stderr] 133 | publish = false
[INFO] [stderr]     | ^^^^^^^
[INFO] [stderr]     |
[INFO] [stderr]     = note: `cargo::unused_workspace_package_fields` is set to `warn` by default
[INFO] [stderr] help: consider removing the field `workspace.package.publish`
[INFO] [stderr] warning: unused field `repository` in `workspace.package`
[INFO] [stderr]    --> Cargo.toml:134:1
[INFO] [stderr]     |
[INFO] [stderr] 134 | repository = "https://example.invalid/cloud-data-hub"
[INFO] [stderr]     | ^^^^^^^^^^
[INFO] [stderr]     |
[INFO] [stderr] help: consider removing the field `workspace.package.repository`
[INFO] [stderr] warning: workspace (manifest) generated 5 warnings
[INFO] [stderr]     Updating crates.io index
[INFO] [stderr]  Downloading crates ...
[INFO] [stderr]   Downloaded etcetera v0.11.0
[INFO] [stderr]   Downloaded sha1 v0.11.0
[INFO] [stderr]   Downloaded whoami v2.1.3
[INFO] [stderr]   Downloaded md-5 v0.11.0
[INFO] [stderr]   Downloaded sqlx-macros v0.9.0
[INFO] [stderr]   Downloaded hashlink v0.11.1
[INFO] [stderr]   Downloaded sqlx-macros-core v0.9.0
[INFO] [stderr]   Downloaded metrics-exporter-prometheus v0.18.3
[INFO] [stderr]   Downloaded sqlx-sqlite v0.9.0
[INFO] [stderr]   Downloaded sqlx v0.9.0
[INFO] [stderr]   Downloaded sqlx-mysql v0.9.0
[INFO] [stderr]   Downloaded evmap v11.0.0
[INFO] [stderr]   Downloaded metrics-util v0.20.4
[INFO] [stderr]   Downloaded rapidhash v4.5.1
[INFO] [stderr]   Downloaded left-right v0.11.8
[INFO] [stderr]   Downloaded hashbag v0.1.13
[INFO] [stderr]   Downloaded sqlx-core v0.9.0
[INFO] [stderr]   Downloaded sqlx-postgres v0.9.0
[INFO] [stderr]   Downloaded hkdf v0.13.0
[INFO] [stderr]   Downloaded generator v0.8.9
[INFO] [stderr]   Downloaded object_store v0.13.2
[INFO] [stderr]   Downloaded libsqlite3-sys v0.37.0
[INFO] [stderr]   Downloaded zstd-safe v7.3.0
[INFO] [stderr]   Downloaded sqlparser_derive v0.5.0
[INFO] [stderr]   Downloaded recursive v0.1.1
[INFO] [stderr]   Downloaded snap v1.1.2
[INFO] [stderr]   Downloaded lz4_flex v0.14.0
[INFO] [stderr]   Downloaded datafusion v55.1.0
[INFO] [stderr]   Downloaded zstd-sys v2.1.0+zstd.1.5.7
[INFO] [stderr]   Downloaded sqlparser v0.62.0
[INFO] [stderr]   Downloaded psm v0.1.32
[INFO] [stderr]   Downloaded ar_archive_writer v0.5.3
[INFO] [stderr]   Downloaded object v0.39.1
[INFO] [stderr]   Downloaded recursive-proc-macro-impl v0.1.1
[INFO] [stderr]   Downloaded num-bigint v0.5.1
[INFO] [stderr]   Downloaded arrow-select v59.3.0
[INFO] [stderr]   Downloaded arrow-schema v59.3.0
[INFO] [stderr]   Downloaded phf_shared v0.12.1
[INFO] [stderr]   Downloaded datafusion-doc v55.1.0
[INFO] [stderr]   Downloaded datafusion-macros v55.1.0
[INFO] [stderr]   Downloaded phf v0.12.1
[INFO] [stderr]   Downloaded flatbuffers v25.12.19
[INFO] [stderr]   Downloaded lexical-core v1.0.6
[INFO] [stderr]   Downloaded arrow-string v59.3.0
[INFO] [stderr]   Downloaded arrow-row v59.3.0
[INFO] [stderr]   Downloaded arrow-ord v59.3.0
[INFO] [stderr]   Downloaded lexical-write-integer v1.0.6
[INFO] [stderr]   Downloaded lexical-parse-integer v1.0.6
[INFO] [stderr]   Downloaded arrow-csv v59.3.0
[INFO] [stderr]   Downloaded arrow-arith v59.3.0
[INFO] [stderr]   Downloaded arrow-data v59.3.0
[INFO] [stderr]   Downloaded arrow-buffer v59.3.0
[INFO] [stderr]   Downloaded datafusion-physical-expr-common v55.1.0
[INFO] [stderr]   Downloaded arrow v59.3.0
[INFO] [stderr]   Downloaded arrow-json v59.3.0
[INFO] [stderr]   Downloaded lexical-util v1.0.7
[INFO] [stderr]   Downloaded lexical-write-float v1.0.6
[INFO] [stderr]   Downloaded comfy-table v7.2.2
[INFO] [stderr]   Downloaded datafusion-functions-aggregate-common v55.1.0
[INFO] [stderr]   Downloaded arrow-ipc v59.3.0
[INFO] [stderr]   Downloaded itertools v0.15.0
[INFO] [stderr]   Downloaded datafusion-functions-nested v55.1.0
[INFO] [stderr]   Downloaded datafusion-expr-common v55.1.0
[INFO] [stderr]   Downloaded lexical-parse-float v1.0.6
[INFO] [stderr]   Downloaded arrow-cast v59.3.0
[INFO] [stderr]   Downloaded datafusion-functions-aggregate v55.1.0
[INFO] [stderr]   Downloaded arrow-array v59.3.0
[INFO] [stderr]   Downloaded datafusion-sql v55.1.0
[INFO] [stderr]   Downloaded datafusion-common v55.1.0
[INFO] [stderr]   Downloaded datafusion-physical-expr v55.1.0
[INFO] [stderr]   Downloaded parquet v59.3.0
[INFO] [stderr]   Downloaded chrono-tz v0.10.4
[INFO] [stderr]   Downloaded datafusion-datasource v55.1.0
[INFO] [stderr]   Downloaded datafusion-session v55.1.0
[INFO] [stderr]   Downloaded datafusion-common-runtime v55.1.0
[INFO] [stderr]   Downloaded datafusion-physical-optimizer v55.1.0
[INFO] [stderr]   Downloaded async-compression v0.4.47
[INFO] [stderr]   Downloaded datafusion-functions-window-common v55.1.0
[INFO] [stderr]   Downloaded datafusion-execution v55.1.0
[INFO] [stderr]   Downloaded datafusion-functions v55.1.0
[INFO] [stderr]   Downloaded compression-codecs v0.4.42
[INFO] [stderr]   Downloaded datafusion-expr v55.1.0
[INFO] [stderr]   Downloaded datafusion-pruning v55.1.0
[INFO] [stderr]   Downloaded datafusion-physical-expr-adapter v55.1.0
[INFO] [stderr]   Downloaded libbz2-rs-sys v0.2.5
[INFO] [stderr]   Downloaded zstd-safe v8.0.0
[INFO] [stderr]   Downloaded zstd v0.14.0
[INFO] [stderr]   Downloaded datafusion-functions-table v55.1.0
[INFO] [stderr]   Downloaded datafusion-datasource-json v55.1.0
[INFO] [stderr]   Downloaded datafusion-datasource-csv v55.1.0
[INFO] [stderr]   Downloaded datafusion-catalog-listing v55.1.0
[INFO] [stderr]   Downloaded globset v0.4.20
[INFO] [stderr]   Downloaded datafusion-datasource-arrow v55.1.0
[INFO] [stderr]   Downloaded datafusion-functions-window v55.1.0
[INFO] [stderr]   Downloaded bzip2 v0.6.1
[INFO] [stderr]   Downloaded datafusion-catalog v55.1.0
[INFO] [stderr]   Downloaded objc2-open-directory v0.3.2
[INFO] [stderr]   Downloaded tower-http v0.7.1
[INFO] [stderr]   Downloaded datafusion-datasource-parquet v55.1.0
[INFO] [stderr]   Downloaded objc2-io-kit v0.3.2
[INFO] [stderr]   Downloaded axum-macros v0.5.1
[INFO] [stderr]   Downloaded sysinfo v0.39.6
[INFO] [stderr]   Downloaded datafusion-optimizer v55.1.0
[INFO] [stderr]   Downloaded datafusion-physical-plan v55.1.0
[INFO] running `Command { std: "docker" "create" "-v" "/var/lib/crater-agent-workspace/builds/worker-3-tc1/source:/opt/rustwide/workdir:ro,Z" "-v" "/var/lib/crater-agent-workspace/builds/worker-3-tc1/target:/opt/rustwide/target:rw,Z" "-v" "/var/lib/crater-agent-workspace/cargo-home:/opt/rustwide/cargo-home:ro,Z" "-v" "/var/lib/crater-agent-workspace/rustup-home:/opt/rustwide/rustup-home:ro,Z" "-m" "1610612736" "--network" "none" "ghcr.io/rust-lang/crates-build-env/linux@sha256:77db811e55d90add9212f6832c23229e3de5f1c1f9905e8cb07319ea15df73ac" "sleep" "infinity", kill_on_drop: false }`
[INFO] [stdout] 013097e46b90cf626df838894ad7d5038163f7ba91276c4ee9c3045802260af0
[INFO] running `Command { std: "docker" "start" "013097e46b90cf626df838894ad7d5038163f7ba91276c4ee9c3045802260af0", kill_on_drop: false }`
[INFO] running `Command { std: "docker" "inspect" "013097e46b90cf626df838894ad7d5038163f7ba91276c4ee9c3045802260af0", kill_on_drop: false }`
[INFO] running `Command { std: "docker" "exec" "-e" "SOURCE_DIR=/opt/rustwide/workdir" "-e" "CARGO_HOME=/opt/rustwide/cargo-home" "-e" "RUSTUP_HOME=/opt/rustwide/rustup-home" "-e" "CARGO_TARGET_DIR=/opt/rustwide/target" "-w" "/opt/rustwide/workdir" "--user" "0:0" "013097e46b90cf626df838894ad7d5038163f7ba91276c4ee9c3045802260af0" "/opt/rustwide/cargo-home/bin/cargo" "+3154cc1a3e6424e44f438a95007d043ed5ceaaf6" "metadata" "--no-deps" "--format-version=1", kill_on_drop: false }`
[INFO] running `Command { std: "docker" "inspect" "013097e46b90cf626df838894ad7d5038163f7ba91276c4ee9c3045802260af0", kill_on_drop: false }`
[INFO] running `Command { std: "docker" "exec" "-e" "SOURCE_DIR=/opt/rustwide/workdir" "-e" "CARGO_HOME=/opt/rustwide/cargo-home" "-e" "RUSTUP_HOME=/opt/rustwide/rustup-home" "-e" "CARGO_TARGET_DIR=/opt/rustwide/target" "-e" "CARGO_INCREMENTAL=0" "-e" "RUST_BACKTRACE=full" "-e" "RUSTFLAGS=--cap-lints=forbid -Znext-solver=coherence" "-e" "RUSTDOCFLAGS=--cap-lints=forbid" "-w" "/opt/rustwide/workdir" "--user" "0:0" "013097e46b90cf626df838894ad7d5038163f7ba91276c4ee9c3045802260af0" "/opt/rustwide/cargo-home/bin/cargo" "+3154cc1a3e6424e44f438a95007d043ed5ceaaf6" "check" "--frozen" "--all" "--all-targets" "--message-format=json", kill_on_drop: false }`
[INFO] [stderr] warning: unused workspace dependency `arrow-schema`
[INFO] [stderr]   --> Cargo.toml:41:25
[INFO] [stderr]    |
[INFO] [stderr] 41 | [workspace.dependencies.arrow-schema]
[INFO] [stderr]    |                         ^^^^^^^^^^^^
[INFO] [stderr]    |
[INFO] [stderr]    = note: `cargo::unused_workspace_dependencies` is set to `warn` by default
[INFO] [stderr] help: consider removing the workspace dependency `arrow-schema`
[INFO] [stderr] warning: unused workspace dependency `parquet`
[INFO] [stderr]   --> Cargo.toml:88:25
[INFO] [stderr]    |
[INFO] [stderr] 88 | [workspace.dependencies.parquet]
[INFO] [stderr]    |                         ^^^^^^^
[INFO] [stderr]    |
[INFO] [stderr] help: consider removing the workspace dependency `parquet`
[INFO] [stderr] warning: unused workspace dependency `regex`
[INFO] [stderr]   --> Cargo.toml:27:1
[INFO] [stderr]    |
[INFO] [stderr] 27 | regex = "1.13"
[INFO] [stderr]    | ^^^^^
[INFO] [stderr]    |
[INFO] [stderr] help: consider removing the workspace dependency `regex`
[INFO] [stderr] warning: unused field `publish` in `workspace.package`
[INFO] [stderr]    --> Cargo.toml:133:1
[INFO] [stderr]     |
[INFO] [stderr] 133 | publish = false
[INFO] [stderr]     | ^^^^^^^
[INFO] [stderr]     |
[INFO] [stderr]     = note: `cargo::unused_workspace_package_fields` is set to `warn` by default
[INFO] [stderr] help: consider removing the field `workspace.package.publish`
[INFO] [stderr] warning: unused field `repository` in `workspace.package`
[INFO] [stderr]    --> Cargo.toml:134:1
[INFO] [stderr]     |
[INFO] [stderr] 134 | repository = "https://example.invalid/cloud-data-hub"
[INFO] [stderr]     | ^^^^^^^^^^
[INFO] [stderr]     |
[INFO] [stderr] help: consider removing the field `workspace.package.repository`
[INFO] [stderr] warning: workspace (manifest) generated 5 warnings
[INFO] [stderr]    Compiling proc-macro2 v1.0.107
[INFO] [stderr]    Compiling quote v1.0.47
[INFO] [stderr]    Compiling unicode-ident v1.0.24
[INFO] [stderr]    Compiling libc v0.2.189
[INFO] [stderr]     Checking cfg-if v1.0.4
[INFO] [stderr]    Compiling serde v1.0.229
[INFO] [stderr]    Compiling serde_core v1.0.229
[INFO] [stderr]    Compiling shlex v2.0.1
[INFO] [stderr]    Compiling find-msvc-tools v0.1.12
[INFO] [stderr]     Checking memchr v2.8.3
[INFO] [stderr]    Compiling autocfg v1.5.1
[INFO] [stderr]     Checking once_cell v1.21.4
[INFO] [stderr]     Checking itoa v1.0.18
[INFO] [stderr]     Checking allocator-api2 v0.2.21
[INFO] [stderr]     Checking equivalent v1.0.2
[INFO] [stderr]     Checking bytes v1.12.1
[INFO] [stderr]     Checking foldhash v0.2.0
[INFO] [stderr]    Compiling version_check v0.9.5
[INFO] [stderr]    Compiling zmij v1.0.23
[INFO] [stderr]     Checking hashbrown v0.17.1
[INFO] [stderr]    Compiling syn v3.0.5
[INFO] [stderr]    Compiling syn v2.0.119
[INFO] [stderr]     Checking indexmap v2.14.2
[INFO] [stderr]    Compiling parking_lot_core v0.9.12
[INFO] [stderr]    Compiling libm v0.2.16
[INFO] [stderr]    Compiling num-traits v0.2.19
[INFO] [stderr]     Checking pin-project-lite v0.2.17
[INFO] [stderr]    Compiling serde_json v1.0.151
[INFO] [stderr]    Compiling jobserver v0.1.35
[INFO] [stderr]     Checking log v0.4.34
[INFO] [stderr]    Compiling cc v1.4.6
[INFO] [stderr]     Checking futures-core v0.3.34
[INFO] [stderr]     Checking scopeguard v1.2.0
[INFO] [stderr]     Checking lock_api v0.4.14
[INFO] [stderr]     Checking slab v0.4.12
[INFO] [stderr]     Checking typenum v1.20.1
[INFO] [stderr]    Compiling icu_normalizer_data v2.3.0
[INFO] [stderr]    Compiling icu_properties_data v2.3.0
[INFO] [stderr]     Checking errno v0.3.14
[INFO] [stderr]    Compiling generic-array v0.14.7
[INFO] [stderr]     Checking tracing-core v0.1.36
[INFO] [stderr]     Checking futures-sink v0.3.34
[INFO] [stderr]    Compiling getrandom v0.4.3
[INFO] [stderr]     Checking signal-hook-registry v1.4.8
[INFO] [stderr]     Checking mio v1.2.3
[INFO] [stderr]     Checking socket2 v0.6.5
[INFO] [stderr]     Checking iana-time-zone v0.1.65
[INFO] [stderr]     Checking stable_deref_trait v1.2.1
[INFO] [stderr]     Checking bitflags v2.13.2
[INFO] [stderr]     Checking futures-channel v0.3.34
[INFO] [stderr]    Compiling zerocopy v0.8.57
[INFO] [stderr]     Checking rand_core v0.10.1
[INFO] [stderr]     Checking futures-task v0.3.34
[INFO] [stderr]     Checking futures-io v0.3.34
[INFO] [stderr]    Compiling rustls v0.23.45
[INFO] [stderr]    Compiling getrandom v0.3.4
[INFO] [stderr]     Checking writeable v0.6.4
[INFO] [stderr]     Checking percent-encoding v2.3.2
[INFO] [stderr]     Checking litemap v0.8.3
[INFO] [stderr]     Checking zeroize v1.9.0
[INFO] [stderr]     Checking utf8_iter v1.0.4
[INFO] [stderr]     Checking rustls-pki-types v1.15.1
[INFO] [stderr]     Checking http v1.5.0
[INFO] [stderr]     Checking base64 v0.22.1
[INFO] [stderr]    Compiling thiserror v2.0.20
[INFO] [stderr]     Checking getrandom v0.2.17
[INFO] [stderr]     Checking untrusted v0.9.0
[INFO] [stderr]     Checking form_urlencoded v1.2.2
[INFO] [stderr]     Checking cpufeatures v0.3.1
[INFO] [stderr]    Compiling pkg-config v0.3.34
[INFO] [stderr]     Checking num-integer v0.1.47
[INFO] [stderr]     Checking http-body v1.1.0
[INFO] [stderr]     Checking ryu v1.0.23
[INFO] [stderr]     Checking tower-service v0.3.3
[INFO] [stderr]     Checking subtle v2.6.1
[INFO] [stderr]    Compiling httparse v1.10.1
[INFO] [stderr]     Checking sync_wrapper v1.0.2
[INFO] [stderr]     Checking block-buffer v0.10.4
[INFO] [stderr]     Checking crypto-common v0.1.7
[INFO] [stderr]     Checking sha1_smol v1.0.1
[INFO] [stderr]     Checking fnv v1.0.7
[INFO] [stderr]     Checking digest v0.10.7
[INFO] [stderr]     Checking siphasher v1.0.3
[INFO] [stderr]     Checking tower-layer v0.3.3
[INFO] [stderr]     Checking try-lock v0.2.5
[INFO] [stderr]    Compiling synstructure v0.14.0
[INFO] [stderr]     Checking atomic-waker v1.1.2
[INFO] [stderr]     Checking want v0.3.1
[INFO] [stderr]     Checking phf_shared v0.12.1
[INFO] [stderr]     Checking uuid v1.26.1
[INFO] [stderr]     Checking num-bigint v0.5.1
[INFO] [stderr]    Compiling ahash v0.8.12
[INFO] [stderr]     Checking httpdate v1.0.3
[INFO] [stderr]    Compiling chrono-tz v0.10.4
[INFO] [stderr]     Checking phf v0.12.1
[INFO] [stderr]     Checking http-body-util v0.1.5
[INFO] [stderr]     Checking chacha20 v0.10.2
[INFO] [stderr]     Checking arrow-schema v59.3.0
[INFO] [stderr]     Checking ipnet v2.12.2
[INFO] [stderr]     Checking rand v0.10.2
[INFO] [stderr]     Checking num-complex v0.4.6
[INFO] [stderr]     Checking aho-corasick v1.1.5
[INFO] [stderr]     Checking regex-syntax v0.8.11
[INFO] [stderr]     Checking same-file v1.0.6
[INFO] [stderr]     Checking openssl-probe v0.2.1
[INFO] [stderr]     Checking rustls-native-certs v0.8.4
[INFO] [stderr]     Checking atoi v2.0.0
[INFO] [stderr]     Checking walkdir v2.5.0
[INFO] [stderr]    Compiling crossbeam-utils v0.8.23
[INFO] [stderr]     Checking md-5 v0.10.6
[INFO] [stderr]     Checking humantime v2.4.0
[INFO] [stderr]    Compiling object v0.39.1
[INFO] [stderr]     Checking lexical-util v1.0.7
[INFO] [stderr]    Compiling semver v1.0.28
[INFO] [stderr]     Checking lexical-write-integer v1.0.6
[INFO] [stderr]     Checking lexical-parse-integer v1.0.6
[INFO] [stderr]    Compiling rustc_version v0.4.1
[INFO] [stderr]    Compiling crc32fast v1.5.2
[INFO] [stderr]     Checking regex-automata v0.4.18
[INFO] [stderr]    Compiling zstd-safe v7.3.0
[INFO] [stderr]     Checking lexical-parse-float v1.0.6
[INFO] [stderr]    Compiling flatbuffers v25.12.19
[INFO] [stderr]     Checking lexical-write-float v1.0.6
[INFO] [stderr]     Checking unicode-segmentation v1.13.3
[INFO] [stderr]     Checking unicode-width v0.2.2
[INFO] [stderr]     Checking adler2 v2.0.1
[INFO] [stderr]     Checking simd-adler32 v0.3.10
[INFO] [stderr]    Compiling ring v0.17.14
[INFO] [stderr]    Compiling zstd-sys v2.1.0+zstd.1.5.7
[INFO] [stderr]     Checking base64 v0.23.1
[INFO] [stderr]     Checking comfy-table v7.2.2
[INFO] [stderr]     Checking miniz_oxide v0.9.1
[INFO] [stderr]    Compiling stacker v0.1.25
[INFO] [stderr]     Checking lexical-core v1.0.6
[INFO] [stderr]     Checking alloc-no-stdlib v2.0.4
[INFO] [stderr]     Checking twox-hash v2.1.4
[INFO] [stderr]     Checking zlib-rs v0.6.8
[INFO] [stderr]     Checking lz4_flex v0.14.0
[INFO] [stderr]     Checking alloc-stdlib v0.2.4
[INFO] [stderr]     Checking regex v1.13.1
[INFO] [stderr]     Checking csv-core v0.1.13
[INFO] [stderr]    Compiling snap v1.1.2
[INFO] [stderr]     Checking simdutf8 v0.1.5
[INFO] [stderr]     Checking csv v1.4.0
[INFO] [stderr]    Compiling ar_archive_writer v0.5.3
[INFO] [stderr]     Checking flate2 v1.1.10
[INFO] [stderr]     Checking brotli-decompressor v5.0.3
[INFO] [stderr]    Compiling seq-macro v0.3.6
[INFO] [stderr]     Checking hex v0.4.3
[INFO] [stderr]     Checking brotli v8.0.4
[INFO] [stderr]     Checking rand_core v0.9.5
[INFO] [stderr]    Compiling rustix v1.1.4
[INFO] [stderr]     Checking linux-raw-sys v0.12.1
[INFO] [stderr]     Checking datafusion-doc v55.1.0
[INFO] [stderr]     Checking fastrand v2.5.0
[INFO] [stderr]     Checking foldhash v0.1.5
[INFO] [stderr]     Checking cmov v0.5.4
[INFO] [stderr]    Compiling psm v0.1.32
[INFO] [stderr]     Checking ctutils v0.4.2
[INFO] [stderr]     Checking hashbrown v0.15.5
[INFO] [stderr]     Checking hybrid-array v0.4.15
[INFO] [stderr]     Checking fixedbitset v0.5.7
[INFO] [stderr]     Checking tempfile v3.27.0
[INFO] [stderr]     Checking petgraph v0.8.3
[INFO] [stderr]     Checking hashbrown v0.14.5
[INFO] [stderr]     Checking crypto-common v0.2.2
[INFO] [stderr]     Checking block-buffer v0.12.1
[INFO] [stderr]     Checking const-oid v0.10.2
[INFO] [stderr]     Checking rustls-webpki v0.103.15
[INFO] [stderr]     Checking digest v0.11.3
[INFO] [stderr]    Compiling liblzma-sys v0.4.9
[INFO] [stderr]    Compiling zstd-safe v8.0.0
[INFO] [stderr]     Checking libbz2-rs-sys v0.2.5
[INFO] [stderr]     Checking bzip2 v0.6.1
[INFO] [stderr]    Compiling heck v0.5.0
[INFO] [stderr]     Checking compression-core v0.4.33
[INFO] [stderr]     Checking sha2 v0.11.0
[INFO] [stderr]     Checking hashbrown v0.16.1
[INFO] [stderr]     Checking glob v0.3.4
[INFO] [stderr]    Compiling tokio v1.53.1
[INFO] [stderr]    Compiling cpufeatures v0.2.17
[INFO] [stderr]    Compiling tinyvec v1.13.3
[INFO] [stderr]    Compiling crc-catalog v2.5.0
[INFO] [stderr]    Compiling tracing-attributes v0.1.31
[INFO] [stderr]    Compiling zerocopy-derive v0.8.57
[INFO] [stderr]    Compiling recursive-proc-macro-impl v0.1.1
[INFO] [stderr]    Compiling sqlparser_derive v0.5.0
[INFO] [stderr]    Compiling pin-project-internal v1.1.13
[INFO] [stderr]     Checking recursive v0.1.1
[INFO] [stderr]     Checking liblzma v0.4.8
[INFO] [stderr]    Compiling serde_derive v1.0.229
[INFO] [stderr]    Compiling zerofrom-derive v0.1.8
[INFO] [stderr]    Compiling yoke-derive v0.8.3
[INFO] [stderr]    Compiling zerovec-derive v0.11.6
[INFO] [stderr]    Compiling displaydoc v0.2.7
[INFO] [stderr]    Compiling tokio-macros v2.7.2
[INFO] [stderr]     Checking tracing v0.1.44
[INFO] [stderr]    Compiling thiserror-impl v2.0.20
[INFO] [stderr]    Compiling futures-macro v0.3.34
[INFO] [stderr]    Compiling async-trait v0.1.92
[INFO] [stderr]     Checking zstd v0.13.3
[INFO] [stderr]     Checking sqlparser v0.62.0
[INFO] [stderr]     Checking pin-project v1.1.13
[INFO] [stderr]    Compiling datafusion-macros v55.1.0
[INFO] [stderr]     Checking zerofrom v0.1.8
[INFO] [stderr]     Checking yoke v0.8.3
[INFO] [stderr]     Checking zerovec v0.11.8
[INFO] [stderr]     Checking tinystr v0.8.4
[INFO] [stderr]     Checking icu_locale_core v2.3.0
[INFO] [stderr]     Checking potential_utf v0.1.6
[INFO] [stderr]     Checking zerotrie v0.2.5
[INFO] [stderr]     Checking icu_collections v2.3.0
[INFO] [stderr]     Checking icu_provider v2.3.1
[INFO] [stderr]     Checking futures-util v0.3.34
[INFO] [stderr]     Checking icu_properties v2.3.0
[INFO] [stderr]     Checking half v2.7.1
[INFO] [stderr]     Checking arrow-buffer v59.3.0
[INFO] [stderr]     Checking ppv-lite86 v0.2.21
[INFO] [stderr]     Checking rand_chacha v0.9.0
[INFO] [stderr]     Checking smallvec v1.16.1
[INFO] [stderr]     Checking chrono v0.4.45
[INFO] [stderr]     Checking icu_normalizer v2.3.0
[INFO] [stderr]     Checking parking_lot v0.12.5
[INFO] [stderr]     Checking idna_adapter v1.2.2
[INFO] [stderr]     Checking idna v1.1.0
[INFO] [stderr]     Checking either v1.18.0
[INFO] [stderr]     Checking url v2.5.8
[INFO] [stderr]     Checking arrow-data v59.3.0
[INFO] [stderr]     Checking serde_urlencoded v0.7.1
[INFO] [stderr]     Checking futures-executor v0.3.34
[INFO] [stderr]     Checking futures v0.3.34
[INFO] [stderr]     Checking itertools v0.14.0
[INFO] [stderr]     Checking quick-xml v0.39.4
[INFO] [stderr]     Checking itertools v0.15.0
[INFO] [stderr]     Checking rand v0.9.5
[INFO] [stderr]     Checking dashmap v6.2.1
[INFO] [stderr]     Checking zstd v0.14.0
[INFO] [stderr]     Checking compression-codecs v0.4.42
[INFO] [stderr]    Compiling parking v2.2.1
[INFO] [stderr]    Compiling event-listener v5.4.2
[INFO] [stderr]    Compiling futures-intrusive v0.5.0
[INFO] [stderr]     Checking tokio-util v0.7.19
[INFO] [stderr]     Checking tokio-rustls v0.26.5
[INFO] [stderr]     Checking datafusion-common-runtime v55.1.0
[INFO] [stderr]     Checking async-compression v0.4.47
[INFO] [stderr]     Checking h2 v0.4.19
[INFO] [stderr]     Checking tower v0.5.3
[INFO] [stderr]     Checking tokio-stream v0.1.19
[INFO] [stderr]     Checking tower-http v0.6.11
[INFO] [stderr]     Checking arrow-array v59.3.0
[INFO] [stderr]    Compiling crc v3.4.0
[INFO] [stderr]     Checking arrow-select v59.3.0
[INFO] [stderr]     Checking arrow-arith v59.3.0
[INFO] [stderr]     Checking arrow-row v59.3.0
[INFO] [stderr]     Checking hyper v1.11.1
[INFO] [stderr]    Compiling unicode-normalization v0.1.25
[INFO] [stderr]    Compiling sha2 v0.10.9
[INFO] [stderr]     Checking arrow-ord v59.3.0
[INFO] [stderr]     Checking arrow-ipc v59.3.0
[INFO] [stderr]     Checking hyper-util v0.1.20
[INFO] [stderr]     Checking arrow-cast v59.3.0
[INFO] [stderr]     Checking arrow-string v59.3.0
[INFO] [stderr]    Compiling hashlink v0.11.1
[INFO] [stderr]    Compiling crossbeam-queue v0.3.14
[INFO] [stderr]    Compiling webpki-roots v1.0.9
[INFO] [stderr]    Compiling hmac v0.13.0
[INFO] [stderr]    Compiling unicode-properties v0.1.4
[INFO] [stderr]    Compiling unicode-bidi v0.3.18
[INFO] [stderr]    Compiling hkdf v0.13.0
[INFO] [stderr]    Compiling stringprep v0.1.5
[INFO] [stderr]     Checking hyper-rustls v0.27.9
[INFO] [stderr]     Checking arrow-csv v59.3.0
[INFO] [stderr]     Checking reqwest v0.12.28
[INFO] [stderr]     Checking arrow-json v59.3.0
[INFO] [stderr]     Checking cdh-domain v0.1.0 (/opt/rustwide/workdir/crates/domain)
[INFO] [stderr]    Compiling sqlx-core v0.9.0
[INFO] [stderr]    Compiling md-5 v0.11.0
[INFO] [stderr]     Checking arrow v59.3.0
[INFO] [stderr]     Checking object_store v0.13.2
[INFO] [stderr]    Compiling byteorder v1.5.0
[INFO] [stderr]    Compiling dotenvy v0.15.7
[INFO] [stderr]    Compiling whoami v2.1.3
[INFO] [stderr]     Checking utf8parse v0.2.2
[INFO] [stderr]    Compiling rustversion v1.0.23
[INFO] [stderr]     Checking anstyle-parse v1.0.0
[INFO] [stderr]     Checking is_terminal_polyfill v1.70.2
[INFO] [stderr]     Checking anstyle v1.0.14
[INFO] [stderr]     Checking anstyle-query v1.1.5
[INFO] [stderr]     Checking colorchoice v1.0.5
[INFO] [stderr]    Compiling crossbeam-epoch v0.9.21
[INFO] [stderr]     Checking anstream v1.0.0
[INFO] [stderr]    Compiling anyhow v1.0.104
[INFO] [stderr]     Checking clap_lex v1.1.1
[INFO] [stderr]     Checking strsim v0.11.1
[INFO] [stderr]    Compiling clap_derive v4.6.7
[INFO] [stderr]     Checking clap_builder v4.6.7
[INFO] [stderr]     Checking raw-cpuid v11.6.0
[INFO] [stderr]    Compiling sqlx-postgres v0.9.0
[INFO] [stderr]     Checking rapidhash v4.5.1
[INFO] [stderr]    Compiling bigdecimal v0.4.10
[INFO] [stderr]     Checking quanta v0.12.6
[INFO] [stderr]     Checking metrics v0.24.6
[INFO] [stderr]     Checking parquet v59.3.0
[INFO] [stderr]     Checking cdh-storage v0.1.0 (/opt/rustwide/workdir/crates/storage)
[INFO] [stderr]     Checking rand_xoshiro v0.7.0
[INFO] [stderr]     Checking left-right v0.11.8
[INFO] [stderr]     Checking num-bigint v0.4.8
[INFO] [stderr]     Checking sketches-ddsketch v0.3.1
[INFO] [stderr]    Compiling metrics-exporter-prometheus v0.18.3
[INFO] [stderr]     Checking hashbag v0.1.13
[INFO] [stderr]     Checking lazy_static v1.5.0
[INFO] [stderr]     Checking sharded-slab v0.1.7
[INFO] [stderr]     Checking evmap v11.0.0
[INFO] [stderr]     Checking metrics-util v0.20.4
[INFO] [stderr]     Checking tracing-serde v0.2.0
[INFO] [stderr]     Checking matchers v0.2.0
[INFO] [stderr]     Checking tracing-log v0.2.0
[INFO] [stderr]     Checking thread_local v1.1.10
[INFO] [stderr]     Checking nu-ansi-term v0.50.3
[INFO] [stderr]     Checking tracing-subscriber v0.3.23
[INFO] [stderr]     Checking sysinfo v0.39.6
[INFO] [stderr]     Checking mime v0.3.17
[INFO] [stderr]     Checking axum-core v0.5.6
[INFO] [stderr]    Compiling sqlx-macros-core v0.9.0
[INFO] [stderr]     Checking cdh-observability v0.1.0 (/opt/rustwide/workdir/crates/observability)
[INFO] [stderr]    Compiling axum-macros v0.5.1
[INFO] [stderr]     Checking serde_path_to_error v0.1.20
[INFO] [stderr]     Checking matchit v0.8.4
[INFO] [stderr]    Compiling unicase v2.9.0
[INFO] [stderr]    Compiling mime_guess v2.0.5
[INFO] [stderr]     Checking datafusion-common v55.1.0
[INFO] [stderr]     Checking clap v4.6.7
[INFO] [stderr]     Checking cdh-synth v0.1.0 (/opt/rustwide/workdir/crates/synth)
[INFO] [stderr]    Compiling bstr v1.13.1
[INFO] [stderr]     Checking datafusion-expr-common v55.1.0
[INFO] [stderr]    Compiling globset v0.4.20
[INFO] [stderr]     Checking datafusion-physical-expr-common v55.1.0
[INFO] [stderr]     Checking datafusion-functions-aggregate-common v55.1.0
[INFO] [stderr]     Checking datafusion-functions-window-common v55.1.0
[INFO] [stderr]     Checking base64ct v1.8.3
[INFO] [stderr]     Checking datafusion-expr v55.1.0
[INFO] [stderr]     Checking phc v0.6.1
[INFO] [stderr]    Compiling rust-embed-utils v8.12.0
[INFO] [stderr]     Checking axum v0.8.9
[INFO] [stderr]     Checking password-hash v0.6.1
[INFO] [stderr]     Checking blake2 v0.11.0
[INFO] [stderr]    Compiling cdh-api v0.1.0 (/opt/rustwide/workdir/crates/api)
[INFO] [stderr]     Checking argon2 v0.6.0
[INFO] [stderr]     Checking tower-http v0.7.1
[INFO] [stderr]     Checking datafusion-physical-expr v55.1.0
[INFO] [stderr]     Checking datafusion-execution v55.1.0
[INFO] [stderr]    Compiling rust-embed-impl v8.12.0
[INFO] [stderr]     Checking datafusion-functions v55.1.0
[INFO] [stderr]     Checking rust-embed v8.12.0
[INFO] [stderr]    Compiling sqlx-macros v0.9.0
[INFO] [stderr]     Checking datafusion-functions-aggregate v55.1.0
[INFO] [stderr]     Checking datafusion-optimizer v55.1.0
[INFO] [stderr]     Checking datafusion-functions-window v55.1.0
[INFO] [stderr]     Checking sqlx v0.9.0
[INFO] [stderr]     Checking cdh-persistence v0.1.0 (/opt/rustwide/workdir/crates/persistence)
[INFO] [stderr]     Checking cdh-testkit v0.1.0 (/opt/rustwide/workdir/crates/testkit)
[INFO] [stderr]     Checking datafusion-physical-plan v55.1.0
[INFO] [stderr]     Checking datafusion-physical-expr-adapter v55.1.0
[INFO] [stderr]     Checking datafusion-functions-nested v55.1.0
[INFO] [stderr]     Checking datafusion-sql v55.1.0
[INFO] [stderr]     Checking datafusion-session v55.1.0
[INFO] [stderr]     Checking datafusion-datasource v55.1.0
[INFO] [stderr]     Checking datafusion-catalog v55.1.0
[INFO] [stderr]     Checking datafusion-pruning v55.1.0
[INFO] [stderr]     Checking datafusion-datasource-json v55.1.0
[INFO] [stderr]     Checking datafusion-datasource-arrow v55.1.0
[INFO] [stderr]     Checking datafusion-datasource-csv v55.1.0
[INFO] [stderr]     Checking datafusion-physical-optimizer v55.1.0
[INFO] [stderr]     Checking datafusion-datasource-parquet v55.1.0
[INFO] [stderr]     Checking datafusion-catalog-listing v55.1.0
[INFO] [stderr]     Checking datafusion-functions-table v55.1.0
[INFO] [stderr]     Checking datafusion v55.1.0
[INFO] [stderr]     Checking cdh-processing v0.1.0 (/opt/rustwide/workdir/crates/processing)
[INFO] [stderr]     Checking cdh-worker v0.1.0 (/opt/rustwide/workdir/crates/worker)
[INFO] [stdout] error: #[derive(RustEmbed)] folder '/opt/rustwide/workdir/crates/api/../../ui/dist' does not exist. cwd: '/opt/rustwide/workdir'
[INFO] [stdout]   --> crates/api/src/routes/ui.rs:9:1
[INFO] [stdout]    |
[INFO] [stdout]  9 | / #[folder = "../../ui/dist"]
[INFO] [stdout] 10 | | struct Assets;
[INFO] [stdout]    | |______________^
[INFO] [stdout] 
[INFO] [stdout] 
[INFO] [stdout] error[E0599]: no associated function or constant named `get` found for struct `Assets` in the current scope
[INFO] [stdout]   --> crates/api/src/routes/ui.rs:18:19
[INFO] [stdout]    |
[INFO] [stdout] 10 | struct Assets;
[INFO] [stdout]    | ------------- associated function or constant `get` not found for this struct
[INFO] [stdout] ...
[INFO] [stdout] 18 |     match Assets::get(candidate).or_else(|| Assets::get("index.html")) {
[INFO] [stdout]    |                   ^^^ associated function or constant not found in `Assets`
[INFO] [stdout]    |
[INFO] [stdout]    = help: items from traits can only be used if the trait is implemented and in scope
[INFO] [stdout]    = note: the following traits define an item `get`, perhaps you need to implement one of them:
[INFO] [stdout]            candidate #1: `Embed`
[INFO] [stdout]            candidate #2: `ObjectStoreExt`
[INFO] [stdout]            candidate #3: `SliceIndex`
[INFO] [stdout]            candidate #4: `arrow_array::scalar::Datum`
[INFO] [stdout]            candidate #5: `datafusion_execution::cache::Cache`
[INFO] [stdout]            candidate #6: `icu_collections::codepointtrie::cptrie::TypedCodePointTrie`
[INFO] [stdout]            candidate #7: `icu_properties::names::PropertyEnumToValueNameLookup`
[INFO] [stdout]            candidate #8: `icu_provider::baked::DataStore`
[INFO] [stdout]            candidate #9: `itertools::Itertools`
[INFO] [stdout]            candidate #10: `itertools::Itertools`
[INFO] [stdout]            candidate #11: `parquet::encodings::decoding::Decoder`
[INFO] [stdout]            candidate #12: `parquet::util::interner::Storage`
[INFO] [stdout]            candidate #13: `rustls::server::server_conn::StoresServerSessions`
[INFO] [stdout]            candidate #14: `sqlx_core::row::Row`
[INFO] [stdout] 
[INFO] [stdout] 
[INFO] [stdout] error[E0599]: no associated function or constant named `get` found for struct `Assets` in the current scope
[INFO] [stdout]   --> crates/api/src/routes/ui.rs:18:53
[INFO] [stdout]    |
[INFO] [stdout] 10 | struct Assets;
[INFO] [stdout]    | ------------- associated function or constant `get` not found for this struct
[INFO] [stdout] ...
[INFO] [stdout] 18 |     match Assets::get(candidate).or_else(|| Assets::get("index.html")) {
[INFO] [stdout]    |                                                     ^^^ associated function or constant not found in `Assets`
[INFO] [stdout]    |
[INFO] [stdout]    = help: items from traits can only be used if the trait is implemented and in scope
[INFO] [stdout]    = note: the following traits define an item `get`, perhaps you need to implement one of them:
[INFO] [stdout]            candidate #1: `Embed`
[INFO] [stdout]            candidate #2: `ObjectStoreExt`
[INFO] [stdout]            candidate #3: `SliceIndex`
[INFO] [stdout]            candidate #4: `arrow_array::scalar::Datum`
[INFO] [stdout]            candidate #5: `datafusion_execution::cache::Cache`
[INFO] [stdout]            candidate #6: `icu_collections::codepointtrie::cptrie::TypedCodePointTrie`
[INFO] [stdout]            candidate #7: `icu_properties::names::PropertyEnumToValueNameLookup`
[INFO] [stdout]            candidate #8: `icu_provider::baked::DataStore`
[INFO] [stdout]            candidate #9: `itertools::Itertools`
[INFO] [stdout]            candidate #10: `itertools::Itertools`
[INFO] [stdout]            candidate #11: `parquet::encodings::decoding::Decoder`
[INFO] [stdout]            candidate #12: `parquet::util::interner::Storage`
[INFO] [stdout]            candidate #13: `rustls::server::server_conn::StoresServerSessions`
[INFO] [stdout]            candidate #14: `sqlx_core::row::Row`
[INFO] [stdout] 
[INFO] [stdout] 
[INFO] [stdout] error[E0599]: no associated function or constant named `get` found for struct `Assets` in the current scope
[INFO] [stdout]   --> crates/api/src/routes/ui.rs:20:57
[INFO] [stdout]    |
[INFO] [stdout] 10 | struct Assets;
[INFO] [stdout]    | ------------- associated function or constant `get` not found for this struct
[INFO] [stdout] ...
[INFO] [stdout] 20 |             let mime = mime_guess::from_path(if Assets::get(candidate).is_some() {
[INFO] [stdout]    |                                                         ^^^ associated function or constant not found in `Assets`
[INFO] [stdout]    |
[INFO] [stdout]    = help: items from traits can only be used if the trait is implemented and in scope
[INFO] [stdout]    = note: the following traits define an item `get`, perhaps you need to implement one of them:
[INFO] [stdout]            candidate #1: `Embed`
[INFO] [stdout]            candidate #2: `ObjectStoreExt`
[INFO] [stdout]            candidate #3: `SliceIndex`
[INFO] [stdout]            candidate #4: `arrow_array::scalar::Datum`
[INFO] [stdout]            candidate #5: `datafusion_execution::cache::Cache`
[INFO] [stdout]            candidate #6: `icu_collections::codepointtrie::cptrie::TypedCodePointTrie`
[INFO] [stdout]            candidate #7: `icu_properties::names::PropertyEnumToValueNameLookup`
[INFO] [stdout]            candidate #8: `icu_provider::baked::DataStore`
[INFO] [stdout]            candidate #9: `itertools::Itertools`
[INFO] [stdout]            candidate #10: `itertools::Itertools`
[INFO] [stdout]            candidate #11: `parquet::encodings::decoding::Decoder`
[INFO] [stdout]            candidate #12: `parquet::util::interner::Storage`
[INFO] [stdout]            candidate #13: `rustls::server::server_conn::StoresServerSessions`
[INFO] [stdout]            candidate #14: `sqlx_core::row::Row`
[INFO] [stdout] 
[INFO] [stdout] 
[INFO] [stdout] error: #[derive(RustEmbed)] folder '/opt/rustwide/workdir/crates/api/../../ui/dist' does not exist. cwd: '/opt/rustwide/workdir'
[INFO] [stdout]   --> crates/api/src/routes/ui.rs:9:1
[INFO] [stdout]    |
[INFO] [stdout]  9 | / #[folder = "../../ui/dist"]
[INFO] [stdout] 10 | | struct Assets;
[INFO] [stdout]    | |______________^
[INFO] [stdout] 
[INFO] [stdout] 
[INFO] [stdout] For more information about this error, try `rustc --explain E0599`.
[INFO] [stdout] 
[INFO] [stdout] error[E0599]: no associated function or constant named `get` found for struct `Assets` in the current scope
[INFO] [stdout]   --> crates/api/src/routes/ui.rs:18:19
[INFO] [stdout]    |
[INFO] [stdout] 10 | struct Assets;
[INFO] [stdout]    | ------------- associated function or constant `get` not found for this struct
[INFO] [stdout] ...
[INFO] [stdout] 18 |     match Assets::get(candidate).or_else(|| Assets::get("index.html")) {
[INFO] [stdout]    |                   ^^^ associated function or constant not found in `Assets`
[INFO] [stdout]    |
[INFO] [stdout]    = help: items from traits can only be used if the trait is implemented and in scope
[INFO] [stdout]    = note: the following traits define an item `get`, perhaps you need to implement one of them:
[INFO] [stdout]            candidate #1: `Embed`
[INFO] [stdout]            candidate #2: `ObjectStoreExt`
[INFO] [stdout]            candidate #3: `SliceIndex`
[INFO] [stdout]            candidate #4: `arrow_array::scalar::Datum`
[INFO] [stdout]            candidate #5: `datafusion_execution::cache::Cache`
[INFO] [stdout]            candidate #6: `icu_collections::codepointtrie::cptrie::TypedCodePointTrie`
[INFO] [stdout]            candidate #7: `icu_properties::names::PropertyEnumToValueNameLookup`
[INFO] [stdout]            candidate #8: `icu_provider::baked::DataStore`
[INFO] [stdout]            candidate #9: `itertools::Itertools`
[INFO] [stdout]            candidate #10: `itertools::Itertools`
[INFO] [stdout]            candidate #11: `parquet::encodings::decoding::Decoder`
[INFO] [stdout]            candidate #12: `parquet::util::interner::Storage`
[INFO] [stdout]            candidate #13: `rustls::server::server_conn::StoresServerSessions`
[INFO] [stdout]            candidate #14: `sqlx_core::row::Row`
[INFO] [stdout] 
[INFO] [stdout] 
[INFO] [stderr] error: could not compile `cdh-api` (lib) due to 4 previous errors
[INFO] [stderr] warning: build failed, waiting for other jobs to finish...
[INFO] [stdout] error[E0599]: no associated function or constant named `get` found for struct `Assets` in the current scope
[INFO] [stdout]   --> crates/api/src/routes/ui.rs:18:53
[INFO] [stdout]    |
[INFO] [stdout] 10 | struct Assets;
[INFO] [stdout]    | ------------- associated function or constant `get` not found for this struct
[INFO] [stdout] ...
[INFO] [stdout] 18 |     match Assets::get(candidate).or_else(|| Assets::get("index.html")) {
[INFO] [stdout]    |                                                     ^^^ associated function or constant not found in `Assets`
[INFO] [stdout]    |
[INFO] [stdout]    = help: items from traits can only be used if the trait is implemented and in scope
[INFO] [stdout]    = note: the following traits define an item `get`, perhaps you need to implement one of them:
[INFO] [stdout]            candidate #1: `Embed`
[INFO] [stdout]            candidate #2: `ObjectStoreExt`
[INFO] [stdout]            candidate #3: `SliceIndex`
[INFO] [stdout]            candidate #4: `arrow_array::scalar::Datum`
[INFO] [stdout]            candidate #5: `datafusion_execution::cache::Cache`
[INFO] [stdout]            candidate #6: `icu_collections::codepointtrie::cptrie::TypedCodePointTrie`
[INFO] [stdout]            candidate #7: `icu_properties::names::PropertyEnumToValueNameLookup`
[INFO] [stdout]            candidate #8: `icu_provider::baked::DataStore`
[INFO] [stdout]            candidate #9: `itertools::Itertools`
[INFO] [stdout]            candidate #10: `itertools::Itertools`
[INFO] [stdout]            candidate #11: `parquet::encodings::decoding::Decoder`
[INFO] [stdout]            candidate #12: `parquet::util::interner::Storage`
[INFO] [stdout]            candidate #13: `rustls::server::server_conn::StoresServerSessions`
[INFO] [stdout]            candidate #14: `sqlx_core::row::Row`
[INFO] [stdout] 
[INFO] [stdout] 
[INFO] [stdout] error[E0599]: no associated function or constant named `get` found for struct `Assets` in the current scope
[INFO] [stdout]   --> crates/api/src/routes/ui.rs:20:57
[INFO] [stdout]    |
[INFO] [stdout] 10 | struct Assets;
[INFO] [stdout]    | ------------- associated function or constant `get` not found for this struct
[INFO] [stdout] ...
[INFO] [stdout] 20 |             let mime = mime_guess::from_path(if Assets::get(candidate).is_some() {
[INFO] [stdout]    |                                                         ^^^ associated function or constant not found in `Assets`
[INFO] [stdout]    |
[INFO] [stdout]    = help: items from traits can only be used if the trait is implemented and in scope
[INFO] [stdout]    = note: the following traits define an item `get`, perhaps you need to implement one of them:
[INFO] [stdout]            candidate #1: `Embed`
[INFO] [stdout]            candidate #2: `ObjectStoreExt`
[INFO] [stdout]            candidate #3: `SliceIndex`
[INFO] [stdout]            candidate #4: `arrow_array::scalar::Datum`
[INFO] [stdout]            candidate #5: `datafusion_execution::cache::Cache`
[INFO] [stdout]            candidate #6: `icu_collections::codepointtrie::cptrie::TypedCodePointTrie`
[INFO] [stdout]            candidate #7: `icu_properties::names::PropertyEnumToValueNameLookup`
[INFO] [stdout]            candidate #8: `icu_provider::baked::DataStore`
[INFO] [stdout]            candidate #9: `itertools::Itertools`
[INFO] [stdout]            candidate #10: `itertools::Itertools`
[INFO] [stdout]            candidate #11: `parquet::encodings::decoding::Decoder`
[INFO] [stdout]            candidate #12: `parquet::util::interner::Storage`
[INFO] [stdout]            candidate #13: `rustls::server::server_conn::StoresServerSessions`
[INFO] [stdout]            candidate #14: `sqlx_core::row::Row`
[INFO] [stdout] 
[INFO] [stdout] 
[INFO] [stdout] For more information about this error, try `rustc --explain E0599`.
[INFO] [stdout] 
[INFO] [stderr] error: could not compile `cdh-api` (lib test) due to 4 previous errors
[INFO] [stderr] warning: unused dependency `uuid`
[INFO] [stderr]   --> crates/domain/Cargo.toml:13:1
[INFO] [stderr]    |
[INFO] [stderr] 13 | uuid = { workspace = true }
[INFO] [stderr]    | ^^^^^^^^^^^^^^^^^^^^^^^^^^^
[INFO] [stderr]    |
[INFO] [stderr]    = note: `cargo::unused_dependencies` is set to `warn` by default
[INFO] [stderr] help: consider removing the dependency on `uuid`
[INFO] [stderr] warning: `cdh-domain` (manifest) generated 1 warning
[INFO] [stderr] warning: unused dependency `hex`
[INFO] [stderr]   --> crates/storage/Cargo.toml:24:1
[INFO] [stderr]    |
[INFO] [stderr] 24 | hex = { workspace = true }
[INFO] [stderr]    | ^^^^^^^^^^^^^^^^^^^^^^^^^^
[INFO] [stderr]    |
[INFO] [stderr]    = note: `cargo::unused_dependencies` is set to `warn` by default
[INFO] [stderr] help: consider removing the dependency on `hex`
[INFO] [stderr] warning: unused dependency `sha2`
[INFO] [stderr]   --> crates/storage/Cargo.toml:23:1
[INFO] [stderr]    |
[INFO] [stderr] 23 | sha2 = { workspace = true }
[INFO] [stderr]    | ^^^^^^^^^^^^^^^^^^^^^^^^^^^
[INFO] [stderr]    |
[INFO] [stderr] help: consider removing the dependency on `sha2`
[INFO] [stderr] warning: `cdh-storage` (manifest) generated 2 warnings
[INFO] running `Command { std: "docker" "inspect" "013097e46b90cf626df838894ad7d5038163f7ba91276c4ee9c3045802260af0", kill_on_drop: false }`
[INFO] running `Command { std: "docker" "rm" "-f" "013097e46b90cf626df838894ad7d5038163f7ba91276c4ee9c3045802260af0", kill_on_drop: false }`
[INFO] [stdout] 013097e46b90cf626df838894ad7d5038163f7ba91276c4ee9c3045802260af0
