[INFO] cloning repository https://github.com/AlexStapleton/InterruptX
[INFO] running `Command { std: "git" "-c" "credential.helper=" "-c" "credential.helper=/workspace/cargo-home/bin/git-credential-null" "clone" "--bare" "https://github.com/AlexStapleton/InterruptX" "/workspace/cache/git-repos/https%3A%2F%2Fgithub.com%2FAlexStapleton%2FInterruptX", kill_on_drop: false }`
[INFO] [stderr] Cloning into bare repository '/workspace/cache/git-repos/https%3A%2F%2Fgithub.com%2FAlexStapleton%2FInterruptX'...
[INFO] running `Command { std: "git" "rev-parse" "HEAD", kill_on_drop: false }`
[INFO] [stdout] bf919c2b7a8faab18c335c729c21e6597aa76e07
[INFO] checking AlexStapleton/InterruptX against 3154cc1a3e6424e44f438a95007d043ed5ceaaf6 for pr-133502-30
[INFO] running `Command { std: "git" "clone" "/workspace/cache/git-repos/https%3A%2F%2Fgithub.com%2FAlexStapleton%2FInterruptX" "/workspace/builds/worker-0-tc2/source", kill_on_drop: false }`
[INFO] [stderr] Cloning into '/workspace/builds/worker-0-tc2/source'...
[INFO] [stderr] done.
[INFO] removed /workspace/builds/worker-0-tc2/source/.cargo/config.toml
[INFO] removed /workspace/builds/worker-0-tc2/source/rust-toolchain.toml
[INFO] started tweaking git repo https://github.com/AlexStapleton/InterruptX
[INFO] finished tweaking git repo https://github.com/AlexStapleton/InterruptX
[INFO] tweaked toml for git repo https://github.com/AlexStapleton/InterruptX written to /workspace/builds/worker-0-tc2/source/Cargo.toml
[INFO] validating manifest of git repo https://github.com/AlexStapleton/InterruptX on toolchain 3154cc1a3e6424e44f438a95007d043ed5ceaaf6
[INFO] running `Command { std: CARGO_HOME="/workspace/cargo-home" RUSTUP_HOME="/workspace/rustup-home" "/workspace/cargo-home/bin/cargo" "+3154cc1a3e6424e44f438a95007d043ed5ceaaf6" "metadata" "--manifest-path" "Cargo.toml" "--no-deps", kill_on_drop: false }`
[INFO] crate git repo https://github.com/AlexStapleton/InterruptX already has a lockfile, it will not be regenerated
[INFO] running `Command { std: CARGO_HOME="/workspace/cargo-home" RUSTUP_HOME="/workspace/rustup-home" "/workspace/cargo-home/bin/cargo" "+3154cc1a3e6424e44f438a95007d043ed5ceaaf6" "fetch" "--manifest-path" "Cargo.toml", kill_on_drop: false }`
[INFO] running `Command { std: "docker" "create" "-v" "/var/lib/crater-agent-workspace/builds/worker-0-tc2/source:/opt/rustwide/workdir:ro,Z" "-v" "/var/lib/crater-agent-workspace/builds/worker-0-tc2/target:/opt/rustwide/target:rw,Z" "-v" "/var/lib/crater-agent-workspace/cargo-home:/opt/rustwide/cargo-home:ro,Z" "-v" "/var/lib/crater-agent-workspace/rustup-home:/opt/rustwide/rustup-home:ro,Z" "-m" "1610612736" "--network" "none" "ghcr.io/rust-lang/crates-build-env/linux@sha256:77db811e55d90add9212f6832c23229e3de5f1c1f9905e8cb07319ea15df73ac" "sleep" "infinity", kill_on_drop: false }`
[INFO] [stdout] ec88a91fb2fe14b7093fad48cfdb611e66540f2781adc6039c21b7447e240711
[INFO] running `Command { std: "docker" "start" "ec88a91fb2fe14b7093fad48cfdb611e66540f2781adc6039c21b7447e240711", kill_on_drop: false }`
[INFO] running `Command { std: "docker" "inspect" "ec88a91fb2fe14b7093fad48cfdb611e66540f2781adc6039c21b7447e240711", kill_on_drop: false }`
[INFO] running `Command { std: "docker" "exec" "-e" "SOURCE_DIR=/opt/rustwide/workdir" "-e" "CARGO_HOME=/opt/rustwide/cargo-home" "-e" "RUSTUP_HOME=/opt/rustwide/rustup-home" "-e" "CARGO_TARGET_DIR=/opt/rustwide/target" "-w" "/opt/rustwide/workdir" "--user" "0:0" "ec88a91fb2fe14b7093fad48cfdb611e66540f2781adc6039c21b7447e240711" "/opt/rustwide/cargo-home/bin/cargo" "+3154cc1a3e6424e44f438a95007d043ed5ceaaf6" "metadata" "--no-deps" "--format-version=1", kill_on_drop: false }`
[INFO] running `Command { std: "docker" "inspect" "ec88a91fb2fe14b7093fad48cfdb611e66540f2781adc6039c21b7447e240711", kill_on_drop: false }`
[INFO] running `Command { std: "docker" "exec" "-e" "SOURCE_DIR=/opt/rustwide/workdir" "-e" "CARGO_HOME=/opt/rustwide/cargo-home" "-e" "RUSTUP_HOME=/opt/rustwide/rustup-home" "-e" "CARGO_TARGET_DIR=/opt/rustwide/target" "-e" "CARGO_INCREMENTAL=0" "-e" "RUST_BACKTRACE=full" "-e" "RUSTFLAGS=--cap-lints=forbid" "-e" "RUSTDOCFLAGS=--cap-lints=forbid" "-w" "/opt/rustwide/workdir" "--user" "0:0" "ec88a91fb2fe14b7093fad48cfdb611e66540f2781adc6039c21b7447e240711" "/opt/rustwide/cargo-home/bin/cargo" "+3154cc1a3e6424e44f438a95007d043ed5ceaaf6" "check" "--frozen" "--all" "--all-targets" "--message-format=json", kill_on_drop: false }`
[INFO] [stderr]    Compiling serde_core v1.0.229
[INFO] [stderr]    Compiling serde v1.0.229
[INFO] [stderr]    Compiling crossbeam-utils v0.8.22
[INFO] [stderr]    Compiling syn v3.0.4
[INFO] [stderr]    Compiling num-traits v0.2.19
[INFO] [stderr]    Compiling crc32fast v1.5.1
[INFO] [stderr]     Checking simd-adler32 v0.3.10
[INFO] [stderr]    Compiling toml_edit v0.25.13+spec-1.1.0
[INFO] [stderr]    Compiling zerocopy v0.8.57
[INFO] [stderr]     Checking miniz_oxide v0.8.9
[INFO] [stderr]    Compiling cfg_aliases v0.2.2
[INFO] [stderr]    Compiling zvariant_utils v2.1.0
[INFO] [stderr]    Compiling windows_x86_64_gnu v0.52.6
[INFO] [stderr]     Checking crossbeam-channel v0.5.16
[INFO] [stderr]     Checking flate2 v1.1.9
[INFO] [stderr]     Checking nom v8.0.0
[INFO] [stderr]    Compiling proc-macro-crate v3.5.0
[INFO] [stderr]     Checking windows-targets v0.52.6
[INFO] [stderr]     Checking windows-result v0.2.0
[INFO] [stderr]     Checking concurrent-queue v2.5.0
[INFO] [stderr]     Checking windows-strings v0.1.0
[INFO] [stderr]    Compiling windows-implement v0.58.0
[INFO] [stderr]    Compiling windows-interface v0.58.0
[INFO] [stderr]    Compiling rustix v0.38.44
[INFO] [stderr]    Compiling zvariant_derive v4.2.0
[INFO] [stderr]     Checking futures-lite v2.6.1
[INFO] [stderr]     Checking parking_lot_core v0.9.12
[INFO] [stderr]     Checking windows-core v0.58.0
[INFO] [stderr]     Checking async-channel v2.5.0
[INFO] [stderr]    Compiling nix v0.29.0
[INFO] [stderr]     Checking windows v0.58.0
[INFO] [stderr]     Checking parking_lot v0.12.5
[INFO] [stderr]     Checking async-lock v3.4.2
[INFO] [stderr]     Checking arrayvec v0.7.8
[INFO] [stderr]    Compiling zbus_macros v4.4.0
[INFO] [stderr]     Checking blocking v1.7.0
[INFO] [stderr]     Checking async-executor v1.14.0
[INFO] [stderr]     Checking async-broadcast v0.7.2
[INFO] [stderr]    Compiling enumn v0.1.14
[INFO] [stderr]     Checking x11-dl v2.21.0
[INFO] [stderr]     Checking icu_normalizer_data v2.3.0
[INFO] [stderr]     Checking icu_properties_data v2.3.0
[INFO] [stderr]     Checking async-fs v2.2.0
[INFO] [stderr]     Checking bitflags v2.13.1
[INFO] [stderr]     Checking serde_json v1.0.151
[INFO] [stderr]     Checking rustix v1.1.4
[INFO] [stderr]     Checking immutable-chunkmap v2.1.3
[INFO] [stderr]    Compiling winit v0.30.13
[INFO] [stderr]     Checking hdrhistogram v7.6.0
[INFO] [stderr]     Checking epaint_default_fonts v0.29.1
[INFO] [stderr]    Compiling unicase v2.9.0
[INFO] [stderr]     Checking xkbcommon-dl v0.4.2
[INFO] [stderr]    Compiling phf_shared v0.11.3
[INFO] [stderr]    Compiling glutin_egl_sys v0.7.1
[INFO] [stderr]    Compiling glutin_glx_sys v0.6.1
[INFO] [stderr]    Compiling phf v0.11.3
[INFO] [stderr]    Compiling glutin v0.32.3
[INFO] [stderr]    Compiling mime_guess2 v2.3.1
[INFO] [stderr]     Checking ppv-lite86 v0.2.21
[INFO] [stderr]    Compiling glutin-winit v0.5.0
[INFO] [stderr]     Checking fdeflate v0.3.7
[INFO] [stderr]     Checking errno v0.3.14
[INFO] [stderr]     Checking rand_chacha v0.3.1
[INFO] [stderr]     Checking pxfm v0.1.30
[INFO] [stderr]    Compiling serde_derive v1.0.229
[INFO] [stderr]    Compiling bytemuck_derive v1.12.0
[INFO] [stderr]    Compiling zerovec-derive v0.11.6
[INFO] [stderr]    Compiling displaydoc v0.2.7
[INFO] [stderr]    Compiling futures-macro v0.3.34
[INFO] [stderr]     Checking rand v0.8.8
[INFO] [stderr]     Checking futures-util v0.3.34
[INFO] [stderr]     Checking zerovec v0.11.8
[INFO] [stderr]     Checking bytemuck v1.25.2
[INFO] [stderr]    Compiling serde_repr v0.1.21
[INFO] [stderr]    Compiling async-trait v0.1.92
[INFO] [stderr]     Checking zerotrie v0.2.5
[INFO] [stderr]     Checking polling v3.11.0
[INFO] [stderr]     Checking wayland-backend v0.3.17
[INFO] [stderr]     Checking gethostname v1.1.0
[INFO] [stderr]     Checking async-io v2.6.0
[INFO] [stderr]     Checking calloop v0.13.0
[INFO] [stderr]     Checking tinystr v0.8.4
[INFO] [stderr]     Checking potential_utf v0.1.6
[INFO] [stderr]     Checking icu_locale_core v2.3.0
[INFO] [stderr]     Checking icu_collections v2.3.0
[INFO] [stderr]     Checking tiny-skia-path v0.11.4
[INFO] [stderr]     Checking wayland-client v0.31.15
[INFO] [stderr]     Checking wayland-csd-frame v0.3.0
[INFO] [stderr]     Checking x11rb v0.13.2
[INFO] [stderr]     Checking calloop v0.14.4
[INFO] [stderr]    Compiling thiserror-impl v2.0.20
[INFO] [stderr]     Checking tiny-skia v0.11.4
[INFO] [stderr]     Checking icu_provider v2.3.1
[INFO] [stderr]     Checking moxcms v0.8.1
[INFO] [stderr]     Checking icu_properties v2.3.0
[INFO] [stderr]     Checking wayland-protocols v0.32.13
[INFO] [stderr]     Checking wayland-cursor v0.31.14
[INFO] [stderr]     Checking calloop-wayland-source v0.3.0
[INFO] [stderr]     Checking icu_normalizer v2.3.0
[INFO] [stderr]     Checking thiserror v2.0.20
[INFO] [stderr]     Checking calloop-wayland-source v0.4.1
[INFO] [stderr]     Checking ix-core v0.0.1 (/opt/rustwide/workdir/crates/ix-core)
[INFO] [stderr]     Checking enumflags2 v0.7.12
[INFO] [stderr]     Checking ix-ipc v0.1.0 (/opt/rustwide/workdir/crates/ix-ipc)
[INFO] [stderr]     Checking zvariant v4.2.0
[INFO] [stderr]    Compiling quick-xml v0.30.0
[INFO] [stderr]     Checking accesskit v0.16.3
[INFO] [stderr]     Checking ahash v0.8.12
[INFO] [stderr]     Checking emath v0.29.1
[INFO] [stderr]     Checking ix-client v0.1.0 (/opt/rustwide/workdir/crates/ix-client)
[INFO] [stderr]     Checking idna_adapter v1.2.2
[INFO] [stderr]     Checking ecolor v0.29.1
[INFO] [stderr]     Checking ron v0.8.1
[INFO] [stderr]     Checking idna v1.1.0
[INFO] [stderr]     Checking epaint v0.29.1
[INFO] [stderr]     Checking url v2.5.8
[INFO] [stderr]     Checking accesskit_consumer v0.24.3
[INFO] [stderr]     Checking ix-telemetry v0.0.1 (/opt/rustwide/workdir/crates/ix-telemetry)
[INFO] [stdout] error[E0433]: cannot find `Win32` in `windows`
[INFO] [stdout]   --> crates/ix-telemetry/src/consume.rs:76:14
[INFO] [stdout]    |
[INFO] [stdout] 76 | use windows::Win32::Foundation::{GetLastError, ERROR_INSUFFICIENT_BUFFER, ERROR_SUCCESS};
[INFO] [stdout]    |              ^^^^^ could not find `Win32` in `windows`
[INFO] [stdout] 
[INFO] [stdout] 
[INFO] [stdout] error[E0433]: cannot find `Win32` in `windows`
[INFO] [stdout]   --> crates/ix-telemetry/src/consume.rs:77:14
[INFO] [stdout]    |
[INFO] [stdout] 77 | use windows::Win32::System::Diagnostics::Etw::{
[INFO] [stdout]    |              ^^^^^ could not find `Win32` in `windows`
[INFO] [stdout] 
[INFO] [stdout] 
[INFO] [stdout] error[E0433]: cannot find `Win32` in `windows`
[INFO] [stdout]   --> crates/ix-telemetry/src/consume.rs:82:14
[INFO] [stdout]    |
[INFO] [stdout] 82 | use windows::Win32::System::Performance::QueryPerformanceFrequency;
[INFO] [stdout]    |              ^^^^^ could not find `Win32` in `windows`
[INFO] [stdout] 
[INFO] [stdout] 
[INFO] [stdout] error[E0432]: unresolved import `windows::core`
[INFO] [stdout]   --> crates/ix-telemetry/src/consume.rs:75:14
[INFO] [stdout]    |
[INFO] [stdout] 75 | use windows::core::PWSTR;
[INFO] [stdout]    |              ^^^^ could not find `core` in `windows`
[INFO] [stdout] 
[INFO] [stdout] 
[INFO] [stdout] error[E0433]: cannot find `Win32` in `windows`
[INFO] [stdout]   --> crates/ix-telemetry/src/images.rs:57:14
[INFO] [stdout]    |
[INFO] [stdout] 57 | use windows::Win32::Foundation::ERROR_SUCCESS;
[INFO] [stdout]    |              ^^^^^ could not find `Win32` in `windows`
[INFO] [stdout] 
[INFO] [stdout] 
[INFO] [stdout] error[E0433]: cannot find `Win32` in `windows`
[INFO] [stdout]   --> crates/ix-telemetry/src/images.rs:58:14
[INFO] [stdout]    |
[INFO] [stdout] 58 | use windows::Win32::System::Diagnostics::Etw::{
[INFO] [stdout]    |              ^^^^^ could not find `Win32` in `windows`
[INFO] [stdout] 
[INFO] [stdout] 
[INFO] [stdout] error[E0432]: unresolved import `windows::core`
[INFO] [stdout]   --> crates/ix-telemetry/src/images.rs:56:14
[INFO] [stdout]    |
[INFO] [stdout] 56 | use windows::core::GUID;
[INFO] [stdout]    |              ^^^^ could not find `core` in `windows`
[INFO] [stdout] 
[INFO] [stdout] 
[INFO] [stdout] error[E0433]: cannot find `Win32` in `windows`
[INFO] [stdout]   --> crates/ix-telemetry/src/session.rs:53:14
[INFO] [stdout]    |
[INFO] [stdout] 53 | use windows::Win32::Foundation::{ERROR_ALREADY_EXISTS, ERROR_SUCCESS, WIN32_ERROR};
[INFO] [stdout]    |              ^^^^^ could not find `Win32` in `windows`
[INFO] [stdout] 
[INFO] [stdout] 
[INFO] [stdout] error[E0433]: cannot find `Win32` in `windows`
[INFO] [stdout]   --> crates/ix-telemetry/src/session.rs:54:14
[INFO] [stdout]    |
[INFO] [stdout] 54 | use windows::Win32::System::Diagnostics::Etw::{
[INFO] [stdout]    |              ^^^^^ could not find `Win32` in `windows`
[INFO] [stdout] 
[INFO] [stdout] 
[INFO] [stdout] error[E0433]: cannot find `Win32` in `windows`
[INFO] [stdout]   --> crates/ix-telemetry/src/session.rs:60:14
[INFO] [stdout]    |
[INFO] [stdout] 60 | use windows::Win32::System::SystemInformation::{GetSystemInfo, SYSTEM_INFO};
[INFO] [stdout]    |              ^^^^^ could not find `Win32` in `windows`
[INFO] [stdout] 
[INFO] [stdout] 
[INFO] [stdout] error[E0432]: unresolved import `windows::core`
[INFO] [stdout]   --> crates/ix-telemetry/src/session.rs:52:14
[INFO] [stdout]    |
[INFO] [stdout] 52 | use windows::core::{GUID, HSTRING};
[INFO] [stdout]    |              ^^^^ could not find `core` in `windows`
[INFO] [stdout] 
[INFO] [stdout] 
[INFO] [stdout] error[E0433]: cannot find `core` in `windows`
[INFO] [stdout]    --> crates/ix-telemetry/src/session.rs:305:26
[INFO] [stdout]     |
[INFO] [stdout] 305 |                 windows::core::PCWSTR::null(),
[INFO] [stdout]     |                          ^^^^ could not find `core` in `windows`
[INFO] [stdout] 
[INFO] [stdout] 
[INFO] [stdout] error[E0433]: cannot find `core` in `windows`
[INFO] [stdout]    --> crates/ix-telemetry/src/session.rs:315:30
[INFO] [stdout]     |
[INFO] [stdout] 315 |                     windows::core::PCWSTR::null(),
[INFO] [stdout]     |                              ^^^^ could not find `core` in `windows`
[INFO] [stdout] 
[INFO] [stdout] 
[INFO] [stdout] error[E0433]: cannot find `core` in `windows`
[INFO] [stdout]    --> crates/ix-telemetry/src/session.rs:330:30
[INFO] [stdout]     |
[INFO] [stdout] 330 |                     windows::core::PCWSTR::null(),
[INFO] [stdout]     |                              ^^^^ could not find `core` in `windows`
[INFO] [stdout] 
[INFO] [stdout] 
[INFO] [stdout] error[E0433]: cannot find `core` in `windows`
[INFO] [stdout]    --> crates/ix-telemetry/src/session.rs:367:26
[INFO] [stdout]     |
[INFO] [stdout] 367 |                 windows::core::PCWSTR::null(),
[INFO] [stdout]     |                          ^^^^ could not find `core` in `windows`
[INFO] [stdout] 
[INFO] [stdout] 
[INFO] [stdout] error[E0433]: cannot find `core` in `windows`
[INFO] [stdout]    --> crates/ix-telemetry/src/session.rs:392:26
[INFO] [stdout]     |
[INFO] [stdout] 392 |                 windows::core::PCWSTR::null(),
[INFO] [stdout]     |                          ^^^^ could not find `core` in `windows`
[INFO] [stdout] 
[INFO] [stdout] 
[INFO] [stdout] error[E0433]: cannot find `core` in `windows`
[INFO] [stdout]    --> crates/ix-telemetry/src/session.rs:179:24
[INFO] [stdout]     |
[INFO] [stdout] 179 |     let err = windows::core::Error::from(code.to_hresult());
[INFO] [stdout]     |                        ^^^^ could not find `core` in `windows`
[INFO] [stdout]     |
[INFO] [stdout] help: consider importing one of these items
[INFO] [stdout]     |
[INFO] [stdout]  47 + use std::error::Error;
[INFO] [stdout]     |
[INFO] [stdout]  47 + use std::fmt::Error;
[INFO] [stdout]     |
[INFO] [stdout]  47 + use std::io::Error;
[INFO] [stdout]     |
[INFO] [stdout]  47 + use serde::de::Error;
[INFO] [stdout]     |
[INFO] [stdout]     = and 3 other candidates
[INFO] [stdout] help: if you import `Error`, refer to it directly
[INFO] [stdout]     |
[INFO] [stdout] 179 -     let err = windows::core::Error::from(code.to_hresult());
[INFO] [stdout] 179 +     let err = Error::from(code.to_hresult());
[INFO] [stdout]     |
[INFO] [stdout] 
[INFO] [stdout] 
[INFO] [stderr]     Checking webbrowser v1.2.4
[INFO] [stderr]     Checking ix-frontend v0.1.0 (/opt/rustwide/workdir/crates/ix-frontend)
[INFO] [stderr]     Checking arboard v3.6.1
[INFO] [stdout] Some errors have detailed explanations: E0432, E0433.
[INFO] [stdout] 
[INFO] [stdout] For more information about an error, try `rustc --explain E0432`.
[INFO] [stdout] 
[INFO] [stderr] error: could not compile `ix-telemetry` (lib) due to 17 previous errors
[INFO] [stderr] warning: build failed, waiting for other jobs to finish...
[INFO] running `Command { std: "docker" "inspect" "ec88a91fb2fe14b7093fad48cfdb611e66540f2781adc6039c21b7447e240711", kill_on_drop: false }`
[INFO] running `Command { std: "docker" "rm" "-f" "ec88a91fb2fe14b7093fad48cfdb611e66540f2781adc6039c21b7447e240711", kill_on_drop: false }`
[INFO] [stdout] ec88a91fb2fe14b7093fad48cfdb611e66540f2781adc6039c21b7447e240711
