[INFO] cloning repository https://github.com/AlbertHongGG/YTFlowDesktop
[INFO] running `Command { std: "git" "-c" "credential.helper=" "-c" "credential.helper=/workspace/cargo-home/bin/git-credential-null" "clone" "--bare" "https://github.com/AlbertHongGG/YTFlowDesktop" "/workspace/cache/git-repos/https%3A%2F%2Fgithub.com%2FAlbertHongGG%2FYTFlowDesktop", kill_on_drop: false }`
[INFO] [stderr] Cloning into bare repository '/workspace/cache/git-repos/https%3A%2F%2Fgithub.com%2FAlbertHongGG%2FYTFlowDesktop'...
[INFO] running `Command { std: "git" "rev-parse" "HEAD", kill_on_drop: false }`
[INFO] [stdout] bc2940c4cc7e9ff96e03cff2f0dca561eeb80d76
[INFO] checking AlbertHongGG/YTFlowDesktop against 3154cc1a3e6424e44f438a95007d043ed5ceaaf6 for pr-133502-30
[INFO] running `Command { std: "git" "clone" "/workspace/cache/git-repos/https%3A%2F%2Fgithub.com%2FAlbertHongGG%2FYTFlowDesktop" "/workspace/builds/worker-5-tc2/source", kill_on_drop: false }`
[INFO] [stderr] Cloning into '/workspace/builds/worker-5-tc2/source'...
[INFO] [stderr] done.
[INFO] started tweaking git repo https://github.com/AlbertHongGG/YTFlowDesktop
[INFO] finished tweaking git repo https://github.com/AlbertHongGG/YTFlowDesktop
[INFO] tweaked toml for git repo https://github.com/AlbertHongGG/YTFlowDesktop written to /workspace/builds/worker-5-tc2/source/Cargo.toml
[INFO] validating manifest of git repo https://github.com/AlbertHongGG/YTFlowDesktop on toolchain 3154cc1a3e6424e44f438a95007d043ed5ceaaf6
[INFO] running `Command { std: CARGO_HOME="/workspace/cargo-home" RUSTUP_HOME="/workspace/rustup-home" "/workspace/cargo-home/bin/cargo" "+3154cc1a3e6424e44f438a95007d043ed5ceaaf6" "metadata" "--manifest-path" "Cargo.toml" "--no-deps", kill_on_drop: false }`
[INFO] crate git repo https://github.com/AlbertHongGG/YTFlowDesktop already has a lockfile, it will not be regenerated
[INFO] running `Command { std: CARGO_HOME="/workspace/cargo-home" RUSTUP_HOME="/workspace/rustup-home" "/workspace/cargo-home/bin/cargo" "+3154cc1a3e6424e44f438a95007d043ed5ceaaf6" "fetch" "--manifest-path" "Cargo.toml", kill_on_drop: false }`
[INFO] running `Command { std: "docker" "create" "-v" "/var/lib/crater-agent-workspace/builds/worker-5-tc2/source:/opt/rustwide/workdir:ro,Z" "-v" "/var/lib/crater-agent-workspace/builds/worker-5-tc2/target:/opt/rustwide/target:rw,Z" "-v" "/var/lib/crater-agent-workspace/cargo-home:/opt/rustwide/cargo-home:ro,Z" "-v" "/var/lib/crater-agent-workspace/rustup-home:/opt/rustwide/rustup-home:ro,Z" "-m" "1610612736" "--network" "none" "ghcr.io/rust-lang/crates-build-env/linux@sha256:77db811e55d90add9212f6832c23229e3de5f1c1f9905e8cb07319ea15df73ac" "sleep" "infinity", kill_on_drop: false }`
[INFO] [stdout] 245bc82a27b29de5a873e1f28c892b244fbaa379f0110e8be037daf355fbdbcb
[INFO] running `Command { std: "docker" "start" "245bc82a27b29de5a873e1f28c892b244fbaa379f0110e8be037daf355fbdbcb", kill_on_drop: false }`
[INFO] running `Command { std: "docker" "inspect" "245bc82a27b29de5a873e1f28c892b244fbaa379f0110e8be037daf355fbdbcb", kill_on_drop: false }`
[INFO] running `Command { std: "docker" "exec" "-e" "SOURCE_DIR=/opt/rustwide/workdir" "-e" "CARGO_HOME=/opt/rustwide/cargo-home" "-e" "RUSTUP_HOME=/opt/rustwide/rustup-home" "-e" "CARGO_TARGET_DIR=/opt/rustwide/target" "-w" "/opt/rustwide/workdir" "--user" "0:0" "245bc82a27b29de5a873e1f28c892b244fbaa379f0110e8be037daf355fbdbcb" "/opt/rustwide/cargo-home/bin/cargo" "+3154cc1a3e6424e44f438a95007d043ed5ceaaf6" "metadata" "--no-deps" "--format-version=1", kill_on_drop: false }`
[INFO] running `Command { std: "docker" "inspect" "245bc82a27b29de5a873e1f28c892b244fbaa379f0110e8be037daf355fbdbcb", kill_on_drop: false }`
[INFO] running `Command { std: "docker" "exec" "-e" "SOURCE_DIR=/opt/rustwide/workdir" "-e" "CARGO_HOME=/opt/rustwide/cargo-home" "-e" "RUSTUP_HOME=/opt/rustwide/rustup-home" "-e" "CARGO_TARGET_DIR=/opt/rustwide/target" "-e" "CARGO_INCREMENTAL=0" "-e" "RUST_BACKTRACE=full" "-e" "RUSTFLAGS=--cap-lints=forbid" "-e" "RUSTDOCFLAGS=--cap-lints=forbid" "-w" "/opt/rustwide/workdir" "--user" "0:0" "245bc82a27b29de5a873e1f28c892b244fbaa379f0110e8be037daf355fbdbcb" "/opt/rustwide/cargo-home/bin/cargo" "+3154cc1a3e6424e44f438a95007d043ed5ceaaf6" "check" "--frozen" "--all" "--all-targets" "--message-format=json", kill_on_drop: false }`
[INFO] [stderr]    Compiling indexmap v2.14.1
[INFO] [stderr]    Compiling quote v1.0.47
[INFO] [stderr]     Checking bitflags v2.13.1
[INFO] [stderr]    Compiling winnow v1.0.4
[INFO] [stderr]    Compiling toml_datetime v1.1.1+spec-1.1.0
[INFO] [stderr]    Compiling regex-automata v0.4.18
[INFO] [stderr]     Checking parking_lot_core v0.9.12
[INFO] [stderr]     Checking mio v1.2.3
[INFO] [stderr]     Checking uuid v1.26.0
[INFO] [stderr]    Compiling openssl-sys v0.9.117
[INFO] [stderr]    Compiling generic-array v0.14.7
[INFO] [stderr]    Compiling cookie v0.18.2
[INFO] [stderr]    Compiling libdbus-sys v0.2.7
[INFO] [stderr]    Compiling syn v3.0.5
[INFO] [stderr]    Compiling syn v2.0.119
[INFO] [stderr]    Compiling string_cache_codegen v0.6.1
[INFO] [stderr]     Checking parking_lot v0.12.5
[INFO] [stderr]    Compiling proc-macro-error-attr v1.0.4
[INFO] [stderr]    Compiling flate2 v1.1.10
[INFO] [stderr]     Checking futures-sink v0.3.34
[INFO] [stderr]     Checking x11-dl v2.21.0
[INFO] [stderr]     Checking cfb v0.7.3
[INFO] [stderr]    Compiling toml_parser v1.1.3+spec-1.1.0
[INFO] [stderr]    Compiling proc-macro-error v1.0.4
[INFO] [stderr]    Compiling openssl v0.10.81
[INFO] [stderr]    Compiling crypto-common v0.1.7
[INFO] [stderr]    Compiling block-buffer v0.10.4
[INFO] [stderr]     Checking infer v0.19.0
[INFO] [stderr]    Compiling digest v0.10.7
[INFO] [stderr]    Compiling native-tls v0.2.18
[INFO] [stderr]     Checking dbus v0.9.12
[INFO] [stderr]    Compiling web_atoms v0.2.6
[INFO] [stderr]    Compiling png v0.17.16
[INFO] [stderr]     Checking ahash v0.8.12
[INFO] [stderr]    Compiling libsqlite3-sys v0.30.1
[INFO] [stderr]    Compiling sha2 v0.10.9
[INFO] [stderr]     Checking sync_wrapper v1.0.2
[INFO] [stderr]    Compiling toml v1.1.5+spec-1.1.0
[INFO] [stderr]    Compiling toml v0.9.12+spec-1.1.0
[INFO] [stderr]     Checking ipnet v2.12.1
[INFO] [stderr]    Compiling signal-hook v0.4.4
[INFO] [stderr]     Checking hashbrown v0.14.5
[INFO] [stderr]     Checking http-body-util v0.1.5
[INFO] [stderr]     Checking either v1.18.0
[INFO] [stderr]     Checking os_pipe v1.2.3
[INFO] [stderr]     Checking is-docker v0.2.0
[INFO] [stderr]    Compiling rfd v0.16.0
[INFO] [stderr]     Checking rayon v1.12.0
[INFO] [stderr]     Checking fallible-iterator v0.3.0
[INFO] [stderr]     Checking fallible-streaming-iterator v0.1.9
[INFO] [stderr]     Checking is-wsl v0.4.0
[INFO] [stderr]     Checking sigchld v0.2.5
[INFO] [stderr]     Checking tracing-log v0.2.0
[INFO] [stderr]     Checking thread_local v1.1.10
[INFO] [stderr]    Compiling ico v0.5.0
[INFO] [stderr]     Checking hashlink v0.9.1
[INFO] [stderr]    Compiling embed-resource v3.0.11
[INFO] [stderr]     Checking shared_child v1.1.2
[INFO] [stderr]     Checking open v5.4.3
[INFO] [stderr]     Checking symlink v0.1.0
[INFO] [stderr]    Compiling tauri-winres v0.3.6
[INFO] [stderr]     Checking regex v1.13.1
[INFO] [stderr]     Checking matchers v0.2.0
[INFO] [stderr]     Checking sysinfo v0.30.13
[INFO] [stderr]    Compiling serde_derive v1.0.229
[INFO] [stderr]    Compiling zerovec-derive v0.11.6
[INFO] [stderr]    Compiling displaydoc v0.2.7
[INFO] [stderr]    Compiling thiserror-impl v2.0.20
[INFO] [stderr]    Compiling futures-macro v0.3.34
[INFO] [stderr]    Compiling tokio-macros v2.7.2
[INFO] [stderr]    Compiling serde_repr v0.1.21
[INFO] [stderr]    Compiling async-trait v0.1.92
[INFO] [stderr]     Checking tokio v1.53.1
[INFO] [stderr]    Compiling thiserror v2.0.20
[INFO] [stderr]     Checking futures-util v0.3.34
[INFO] [stderr]    Compiling synstructure v0.13.2
[INFO] [stderr]    Compiling darling_core v0.23.0
[INFO] [stderr]    Compiling serde_derive_internals v0.29.1
[INFO] [stderr]    Compiling zerofrom-derive v0.1.7
[INFO] [stderr]    Compiling yoke-derive v0.8.2
[INFO] [stderr]    Compiling thiserror-impl v1.0.69
[INFO] [stderr]    Compiling phf_macros v0.13.1
[INFO] [stderr]    Compiling cssparser-macros v0.6.1
[INFO] [stderr]    Compiling derive_more-impl v2.1.1
[INFO] [stderr]    Compiling tracing-attributes v0.1.31
[INFO] [stderr]    Compiling openssl-macros v0.1.1
[INFO] [stderr]    Compiling dlopen2_derive v0.4.3
[INFO] [stderr]    Compiling serialize-to-javascript-impl v0.1.2
[INFO] [stderr]    Compiling phf v0.13.1
[INFO] [stderr]    Compiling cssparser v0.36.0
[INFO] [stderr]     Checking dlopen2 v0.8.2
[INFO] [stderr]    Compiling schemars_derive v0.8.22
[INFO] [stderr]    Compiling markup5ever v0.38.0
[INFO] [stderr]    Compiling serde v1.0.229
[INFO] [stderr]     Checking thiserror v1.0.69
[INFO] [stderr]    Compiling html5ever v0.38.0
[INFO] [stderr]    Compiling zerofrom v0.1.8
[INFO] [stderr]    Compiling derive_more v2.1.1
[INFO] [stderr]    Compiling yoke v0.8.3
[INFO] [stderr]     Checking zerovec v0.11.8
[INFO] [stderr]     Checking zerotrie v0.2.5
[INFO] [stderr]     Checking dpi v0.1.2
[INFO] [stderr]    Compiling darling_macro v0.23.0
[INFO] [stderr]     Checking jsonptr v0.6.3
[INFO] [stderr]     Checking plist v1.10.0
[INFO] [stderr]    Compiling toml_datetime v0.6.3
[INFO] [stderr]    Compiling serde_spanned v0.6.9
[INFO] [stderr]    Compiling indexmap v1.9.3
[INFO] [stderr]    Compiling toml_edit v0.20.2
[INFO] [stderr]    Compiling darling v0.23.0
[INFO] [stderr]    Compiling serde_with_macros v3.22.0
[INFO] [stderr]    Compiling selectors v0.36.1
[INFO] [stderr]     Checking futures-executor v0.3.34
[INFO] [stderr]    Compiling cargo-platform v0.1.9
[INFO] [stderr]    Compiling toml_edit v0.19.15
[INFO] [stderr]     Checking tinystr v0.8.4
[INFO] [stderr]     Checking potential_utf v0.1.6
[INFO] [stderr]    Compiling json-patch v3.0.1
[INFO] [stderr]    Compiling cargo_metadata v0.19.2
[INFO] [stderr]    Compiling cargo_toml v0.22.3
[INFO] [stderr]     Checking icu_collections v2.3.0
[INFO] [stderr]     Checking icu_locale_core v2.3.0
[INFO] [stderr]     Checking tracing v0.1.44
[INFO] [stderr]     Checking keyboard-types v0.7.0
[INFO] [stderr]     Checking ytflow-domain v0.1.0 (/opt/rustwide/workdir/crates/ytflow-domain)
[INFO] [stderr]     Checking serialize-to-javascript v0.1.2
[INFO] [stderr]     Checking serde_urlencoded v0.7.1
[INFO] [stderr]     Checking tokio-util v0.7.19
[INFO] [stderr]    Compiling serde_with v3.22.0
[INFO] [stderr]     Checking tower v0.5.3
[INFO] [stderr]     Checking tracing-subscriber v0.3.23
[INFO] [stderr]     Checking ytflow-app v0.1.0 (/opt/rustwide/workdir/crates/ytflow-app)
[INFO] [stderr]     Checking icu_provider v2.3.1
[INFO] [stderr]     Checking icu_normalizer v2.3.0
[INFO] [stderr]     Checking icu_properties v2.3.0
[INFO] [stderr]     Checking h2 v0.4.19
[INFO] [stderr]    Compiling dom_query v0.27.0
[INFO] [stderr]     Checking tokio-native-tls v0.3.1
[INFO] [stderr]    Compiling toml v0.8.2
[INFO] [stderr]    Compiling proc-macro-crate v2.0.2
[INFO] [stderr]     Checking tracing-appender v0.2.5
[INFO] [stderr]    Compiling proc-macro-crate v1.3.1
[INFO] [stderr]    Compiling glib-macros v0.18.5
[INFO] [stderr]    Compiling system-deps v6.2.2
[INFO] [stderr]    Compiling gtk3-macros v0.18.2
[INFO] [stderr]    Compiling idna_adapter v1.2.2
[INFO] [stderr]    Compiling idna v1.1.0
[INFO] [stderr]    Compiling glib-sys v0.18.1
[INFO] [stderr]    Compiling gobject-sys v0.18.0
[INFO] [stderr]    Compiling gio-sys v0.18.1
[INFO] [stderr]    Compiling gdk-sys v0.18.2
[INFO] [stderr]    Compiling atk-sys v0.18.2
[INFO] [stderr]    Compiling pango-sys v0.18.0
[INFO] [stderr]    Compiling gdk-pixbuf-sys v0.18.0
[INFO] [stderr]    Compiling cairo-sys-rs v0.18.2
[INFO] [stderr]    Compiling gtk-sys v0.18.2
[INFO] [stderr]     Checking url v2.5.8
[INFO] [stderr]    Compiling soup3-sys v0.5.0
[INFO] [stderr]    Compiling javascriptcore-rs-sys v1.1.1
[INFO] [stderr]    Compiling webkit2gtk-sys v2.0.2
[INFO] [stderr]    Compiling gdkx11-sys v0.18.2
[INFO] [stderr]    Compiling gtk v0.18.2
[INFO] [stderr]    Compiling wry v0.55.1
[INFO] [stderr]     Checking rusqlite v0.32.1
[INFO] [stderr]     Checking urlpattern v0.3.0
[INFO] [stderr]     Checking tower-http v0.6.11
[INFO] [stderr]    Compiling schemars v0.8.22
[INFO] [stderr]     Checking hyper v1.11.1
[INFO] [stderr]     Checking tauri-utils v2.9.3
[INFO] [stderr]     Checking hyper-util v0.1.20
[INFO] [stderr]     Checking gdkwayland-sys v0.18.2
[INFO] [stderr]     Checking glib v0.18.5
[INFO] [stderr]     Checking hyper-tls v0.6.0
[INFO] [stderr]     Checking reqwest v0.12.28
[INFO] [stderr]     Checking ytflow-infra v0.1.0 (/opt/rustwide/workdir/crates/ytflow-infra)
[INFO] [stdout] error[E0433]: cannot find module or crate `libc` in this scope
[INFO] [stdout]    --> crates/ytflow-infra/src/runner.rs:125:22
[INFO] [stdout]     |
[INFO] [stdout] 125 |             unsafe { libc::kill(self.pid as i32, libc::SIGSTOP) == 0 }
[INFO] [stdout]     |                      ^^^^ use of unresolved module or unlinked crate `libc`
[INFO] [stdout]     |
[INFO] [stdout]     = help: if you wanted to use a crate named `libc`, use `cargo add libc` to add it to your `Cargo.toml`
[INFO] [stdout] 
[INFO] [stdout] 
[INFO] [stdout] error[E0433]: cannot find module or crate `libc` in this scope
[INFO] [stdout]    --> crates/ytflow-infra/src/runner.rs:125:50
[INFO] [stdout]     |
[INFO] [stdout] 125 |             unsafe { libc::kill(self.pid as i32, libc::SIGSTOP) == 0 }
[INFO] [stdout]     |                                                  ^^^^ use of unresolved module or unlinked crate `libc`
[INFO] [stdout]     |
[INFO] [stdout]     = help: if you wanted to use a crate named `libc`, use `cargo add libc` to add it to your `Cargo.toml`
[INFO] [stdout] 
[INFO] [stdout] 
[INFO] [stdout] error[E0433]: cannot find module or crate `libc` in this scope
[INFO] [stdout]    --> crates/ytflow-infra/src/runner.rs:129:22
[INFO] [stdout]     |
[INFO] [stdout] 129 |             unsafe { libc::kill(self.pid as i32, libc::SIGCONT) == 0 }
[INFO] [stdout]     |                      ^^^^ use of unresolved module or unlinked crate `libc`
[INFO] [stdout]     |
[INFO] [stdout]     = help: if you wanted to use a crate named `libc`, use `cargo add libc` to add it to your `Cargo.toml`
[INFO] [stdout] 
[INFO] [stdout] 
[INFO] [stdout] error[E0433]: cannot find module or crate `libc` in this scope
[INFO] [stdout]    --> crates/ytflow-infra/src/runner.rs:129:50
[INFO] [stdout]     |
[INFO] [stdout] 129 |             unsafe { libc::kill(self.pid as i32, libc::SIGCONT) == 0 }
[INFO] [stdout]     |                                                  ^^^^ use of unresolved module or unlinked crate `libc`
[INFO] [stdout]     |
[INFO] [stdout]     = help: if you wanted to use a crate named `libc`, use `cargo add libc` to add it to your `Cargo.toml`
[INFO] [stdout] 
[INFO] [stdout] 
[INFO] [stdout] error[E0433]: cannot find module or crate `libc` in this scope
[INFO] [stdout]    --> crates/ytflow-infra/src/runner.rs:125:22
[INFO] [stdout]     |
[INFO] [stdout] 125 |             unsafe { libc::kill(self.pid as i32, libc::SIGSTOP) == 0 }
[INFO] [stdout]     |                      ^^^^ use of unresolved module or unlinked crate `libc`
[INFO] [stdout]     |
[INFO] [stdout]     = help: if you wanted to use a crate named `libc`, use `cargo add libc` to add it to your `Cargo.toml`
[INFO] [stdout] 
[INFO] [stdout] 
[INFO] [stdout] error[E0433]: cannot find module or crate `libc` in this scope
[INFO] [stdout]    --> crates/ytflow-infra/src/runner.rs:125:50
[INFO] [stdout]     |
[INFO] [stdout] 125 |             unsafe { libc::kill(self.pid as i32, libc::SIGSTOP) == 0 }
[INFO] [stdout]     |                                                  ^^^^ use of unresolved module or unlinked crate `libc`
[INFO] [stdout]     |
[INFO] [stdout]     = help: if you wanted to use a crate named `libc`, use `cargo add libc` to add it to your `Cargo.toml`
[INFO] [stdout] 
[INFO] [stdout] 
[INFO] [stdout] error[E0433]: cannot find module or crate `libc` in this scope
[INFO] [stdout]    --> crates/ytflow-infra/src/runner.rs:129:22
[INFO] [stdout]     |
[INFO] [stdout] 129 |             unsafe { libc::kill(self.pid as i32, libc::SIGCONT) == 0 }
[INFO] [stdout]     |                      ^^^^ use of unresolved module or unlinked crate `libc`
[INFO] [stdout]     |
[INFO] [stdout]     = help: if you wanted to use a crate named `libc`, use `cargo add libc` to add it to your `Cargo.toml`
[INFO] [stdout] 
[INFO] [stdout] 
[INFO] [stdout] error[E0433]: cannot find module or crate `libc` in this scope
[INFO] [stdout]    --> crates/ytflow-infra/src/runner.rs:129:50
[INFO] [stdout]     |
[INFO] [stdout] 129 |             unsafe { libc::kill(self.pid as i32, libc::SIGCONT) == 0 }
[INFO] [stdout]     |                                                  ^^^^ use of unresolved module or unlinked crate `libc`
[INFO] [stdout]     |
[INFO] [stdout]     = help: if you wanted to use a crate named `libc`, use `cargo add libc` to add it to your `Cargo.toml`
[INFO] [stdout] 
[INFO] [stdout] 
[INFO] [stdout] For more information about this error, try `rustc --explain E0433`.
[INFO] [stdout] 
[INFO] [stderr] error: could not compile `ytflow-infra` (lib) due to 4 previous errors
[INFO] [stderr] warning: build failed, waiting for other jobs to finish...
[INFO] [stdout] For more information about this error, try `rustc --explain E0433`.
[INFO] [stdout] 
[INFO] [stderr] error: could not compile `ytflow-infra` (lib test) due to 4 previous errors
[INFO] running `Command { std: "docker" "inspect" "245bc82a27b29de5a873e1f28c892b244fbaa379f0110e8be037daf355fbdbcb", kill_on_drop: false }`
[INFO] running `Command { std: "docker" "rm" "-f" "245bc82a27b29de5a873e1f28c892b244fbaa379f0110e8be037daf355fbdbcb", kill_on_drop: false }`
[INFO] [stdout] 245bc82a27b29de5a873e1f28c892b244fbaa379f0110e8be037daf355fbdbcb
