[INFO] cloning repository https://github.com/Al3xWalton/agentic-search
[INFO] running `Command { std: "git" "-c" "credential.helper=" "-c" "credential.helper=/workspace/cargo-home/bin/git-credential-null" "clone" "--bare" "https://github.com/Al3xWalton/agentic-search" "/workspace/cache/git-repos/https%3A%2F%2Fgithub.com%2FAl3xWalton%2Fagentic-search", kill_on_drop: false }`
[INFO] [stderr] Cloning into bare repository '/workspace/cache/git-repos/https%3A%2F%2Fgithub.com%2FAl3xWalton%2Fagentic-search'...
[INFO] running `Command { std: "git" "rev-parse" "HEAD", kill_on_drop: false }`
[INFO] [stdout] a7756839a089cc748a1131cd3cb2efecaf0d632f
[INFO] checking Al3xWalton/agentic-search against 3154cc1a3e6424e44f438a95007d043ed5ceaaf6+rustflags=-Znext-solver=coherence for pr-133502-30
[INFO] running `Command { std: "git" "clone" "/workspace/cache/git-repos/https%3A%2F%2Fgithub.com%2FAl3xWalton%2Fagentic-search" "/workspace/builds/worker-6-tc1/source", kill_on_drop: false }`
[INFO] [stderr] Cloning into '/workspace/builds/worker-6-tc1/source'...
[INFO] [stderr] done.
[INFO] removed /workspace/builds/worker-6-tc1/source/.cargo/config.toml
[INFO] removed /workspace/builds/worker-6-tc1/source/rust-toolchain.toml
[INFO] started tweaking git repo https://github.com/Al3xWalton/agentic-search
[INFO] finished tweaking git repo https://github.com/Al3xWalton/agentic-search
[INFO] tweaked toml for git repo https://github.com/Al3xWalton/agentic-search written to /workspace/builds/worker-6-tc1/source/Cargo.toml
[INFO] validating manifest of git repo https://github.com/Al3xWalton/agentic-search on toolchain 3154cc1a3e6424e44f438a95007d043ed5ceaaf6
[INFO] running `Command { std: CARGO_HOME="/workspace/cargo-home" RUSTUP_HOME="/workspace/rustup-home" "/workspace/cargo-home/bin/cargo" "+3154cc1a3e6424e44f438a95007d043ed5ceaaf6" "metadata" "--manifest-path" "Cargo.toml" "--no-deps", kill_on_drop: false }`
[INFO] crate git repo https://github.com/Al3xWalton/agentic-search already has a lockfile, it will not be regenerated
[INFO] running `Command { std: CARGO_HOME="/workspace/cargo-home" RUSTUP_HOME="/workspace/rustup-home" "/workspace/cargo-home/bin/cargo" "+3154cc1a3e6424e44f438a95007d043ed5ceaaf6" "fetch" "--manifest-path" "Cargo.toml", kill_on_drop: false }`
[INFO] [stderr] warning: unused workspace dependency `async-channel`
[INFO] [stderr]   --> Cargo.toml:23:1
[INFO] [stderr]    |
[INFO] [stderr] 23 | async-channel = "1.8.0"
[INFO] [stderr]    | ^^^^^^^^^^^^^
[INFO] [stderr]    |
[INFO] [stderr]    = note: `cargo::unused_workspace_dependencies` is set to `warn` by default
[INFO] [stderr] help: consider removing the workspace dependency `async-channel`
[INFO] [stderr] warning: unused workspace dependency `bindgen`
[INFO] [stderr]   --> Cargo.toml:29:1
[INFO] [stderr]    |
[INFO] [stderr] 29 | bindgen = "0.69.2"
[INFO] [stderr]    | ^^^^^^^
[INFO] [stderr]    |
[INFO] [stderr] help: consider removing the workspace dependency `bindgen`
[INFO] [stderr] warning: unused workspace dependency `cc`
[INFO] [stderr]    --> Cargo.toml:137:25
[INFO] [stderr]     |
[INFO] [stderr] 137 | [workspace.dependencies.cc]
[INFO] [stderr]     |                         ^^
[INFO] [stderr]     |
[INFO] [stderr] help: consider removing the workspace dependency `cc`
[INFO] [stderr] warning: unused workspace dependency `cmake`
[INFO] [stderr]   --> Cargo.toml:40:1
[INFO] [stderr]    |
[INFO] [stderr] 40 | cmake = "0.1"
[INFO] [stderr]    | ^^^^^
[INFO] [stderr]    |
[INFO] [stderr] help: consider removing the workspace dependency `cmake`
[INFO] [stderr] warning: unused workspace dependency `eventsource-stream`
[INFO] [stderr]   --> Cargo.toml:50:1
[INFO] [stderr]    |
[INFO] [stderr] 50 | eventsource-stream = "0.2.3"
[INFO] [stderr]    | ^^^^^^^^^^^^^^^^^^
[INFO] [stderr]    |
[INFO] [stderr] help: consider removing the workspace dependency `eventsource-stream`
[INFO] [stderr] warning: unused workspace dependency `half`
[INFO] [stderr]    --> Cargo.toml:173:25
[INFO] [stderr]     |
[INFO] [stderr] 173 | [workspace.dependencies.half]
[INFO] [stderr]     |                         ^^^^
[INFO] [stderr]     |
[INFO] [stderr] help: consider removing the workspace dependency `half`
[INFO] [stderr] warning: unused workspace dependency `lz-str`
[INFO] [stderr]   --> Cargo.toml:66:1
[INFO] [stderr]    |
[INFO] [stderr] 66 | lz-str = "0.2.1"
[INFO] [stderr]    | ^^^^^^
[INFO] [stderr]    |
[INFO] [stderr] help: consider removing the workspace dependency `lz-str`
[INFO] [stderr] warning: unused workspace dependency `rkyv`
[INFO] [stderr]    --> Cargo.toml:219:25
[INFO] [stderr]     |
[INFO] [stderr] 219 | [workspace.dependencies.rkyv]
[INFO] [stderr]     |                         ^^^^
[INFO] [stderr]     |
[INFO] [stderr] help: consider removing the workspace dependency `rkyv`
[INFO] [stderr] warning: unused workspace dependency `rusqlite`
[INFO] [stderr]    --> Cargo.toml:223:25
[INFO] [stderr]     |
[INFO] [stderr] 223 | [workspace.dependencies.rusqlite]
[INFO] [stderr]     |                         ^^^^^^^^
[INFO] [stderr]     |
[INFO] [stderr] help: consider removing the workspace dependency `rusqlite`
[INFO] [stderr] warning: unused workspace dependency `safetensors`
[INFO] [stderr]   --> Cargo.toml:98:1
[INFO] [stderr]    |
[INFO] [stderr] 98 | safetensors = "0.3.1"
[INFO] [stderr]    | ^^^^^^^^^^^
[INFO] [stderr]    |
[INFO] [stderr] help: consider removing the workspace dependency `safetensors`
[INFO] [stderr] warning: unused workspace dependency `serde_urlencoded`
[INFO] [stderr]    --> Cargo.toml:101:1
[INFO] [stderr]     |
[INFO] [stderr] 101 | serde_urlencoded = "0.7.1"
[INFO] [stderr]     | ^^^^^^^^^^^^^^^^
[INFO] [stderr]     |
[INFO] [stderr] help: consider removing the workspace dependency `serde_urlencoded`
[INFO] [stderr] warning: workspace (manifest) generated 11 warnings
[INFO] [stderr]     Updating git repository `https://github.com/bincode-org/bincode`
[INFO] [stderr]     Updating crates.io index
[INFO] [stderr]  Downloading crates ...
[INFO] [stderr]   Downloaded zstd v0.13.2
[INFO] [stderr]   Downloaded cc v1.2.2
[INFO] [stderr]   Downloaded wait-timeout v0.2.0
[INFO] [stderr]   Downloaded zstd-safe v7.2.1
[INFO] [stderr]   Downloaded derive_builder_macro v0.12.0
[INFO] [stderr]   Downloaded unarray v0.1.4
[INFO] [stderr]   Downloaded errno v0.3.10
[INFO] [stderr]   Downloaded quick-error v1.2.3
[INFO] [stderr]   Downloaded wasm-bindgen-shared v0.2.97
[INFO] [stderr]   Downloaded unty v0.0.3
[INFO] [stderr]   Downloaded foldhash v0.1.3
[INFO] [stderr]   Downloaded rust-embed-utils v8.5.0
[INFO] [stderr]   Downloaded cpufeatures v0.2.16
[INFO] [stderr]   Downloaded tokio-macros v2.4.0
[INFO] [stderr]   Downloaded urlencoding v2.1.3
[INFO] [stderr]   Downloaded tracing-test-macro v0.2.5
[INFO] [stderr]   Downloaded serde_spanned v0.6.8
[INFO] [stderr]   Downloaded hyper-tls v0.5.0
[INFO] [stderr]   Downloaded monostate-impl v0.1.13
[INFO] [stderr]   Downloaded dirs v4.0.0
[INFO] [stderr]   Downloaded lzma v0.2.2
[INFO] [stderr]   Downloaded byteorder v0.5.3
[INFO] [stderr]   Downloaded rand_xorshift v0.3.0
[INFO] [stderr]   Downloaded wasm-bindgen-macro v0.2.97
[INFO] [stderr]   Downloaded utf8-ranges v1.0.5
[INFO] [stderr]   Downloaded rust-embed-impl v8.5.0
[INFO] [stderr]   Downloaded tracing-test v0.2.5
[INFO] [stderr]   Downloaded toml_datetime v0.6.8
[INFO] [stderr]   Downloaded winreg v0.50.0
[INFO] [stderr]   Downloaded wasm-bindgen-futures v0.4.47
[INFO] [stderr]   Downloaded rayon-cond v0.1.0
[INFO] [stderr]   Downloaded onig v6.4.0
[INFO] [stderr]   Downloaded monostate v0.1.13
[INFO] [stderr]   Downloaded macro_rules_attribute v0.1.3
[INFO] [stderr]   Downloaded macro_rules_attribute-proc_macro v0.1.3
[INFO] [stderr]   Downloaded number_prefix v0.3.0
[INFO] [stderr]   Downloaded clap_lex v0.7.3
[INFO] [stderr]   Downloaded inout v0.1.3
[INFO] [stderr]   Downloaded xattr v1.3.1
[INFO] [stderr]   Downloaded maplit v1.0.2
[INFO] [stderr]   Downloaded alloca v0.4.0
[INFO] [stderr]   Downloaded darling_macro v0.20.10
[INFO] [stderr]   Downloaded home v0.5.9
[INFO] [stderr]   Downloaded seq-macro v0.3.5
[INFO] [stderr]   Downloaded bytecount v0.6.8
[INFO] [stderr]   Downloaded ahash v0.8.11
[INFO] [stderr]   Downloaded rusty-fork v0.3.0
[INFO] [stderr]   Downloaded bit-vec v0.6.3
[INFO] [stderr]   Downloaded bit-set v0.5.3
[INFO] [stderr]   Downloaded indicatif v0.17.9
[INFO] [stderr]   Downloaded wasm-bindgen v0.2.97
[INFO] [stderr]   Downloaded wasm-bindgen-macro-support v0.2.97
[INFO] [stderr]   Downloaded wasm-bindgen-backend v0.2.97
[INFO] [stderr]   Downloaded console v0.15.8
[INFO] [stderr]   Downloaded encode_unicode v0.3.6
[INFO] [stderr]   Downloaded virtue v0.0.16
[INFO] [stderr]   Downloaded anyhow v1.0.93
[INFO] [stderr]   Downloaded utoipa-swagger-ui v8.0.3
[INFO] [stderr]   Downloaded lockfree-object-pool v0.1.6
[INFO] [stderr]   Downloaded thiserror v2.0.3
[INFO] [stderr]   Downloaded thiserror-impl v2.0.3
[INFO] [stderr]   Downloaded matchit v0.7.3
[INFO] [stderr]   Downloaded axum-core v0.4.5
[INFO] [stderr]   Downloaded async-trait v0.1.83
[INFO] [stderr]   Downloaded pin-project-internal v1.1.7
[INFO] [stderr]   Downloaded toml v0.8.19
[INFO] [stderr]   Downloaded tokio-stream v0.1.16
[INFO] [stderr]   Downloaded rustls-pemfile v1.0.4
[INFO] [stderr]   Downloaded indicatif v0.15.0
[INFO] [stderr]   Downloaded derive_builder_core v0.12.0
[INFO] [stderr]   Downloaded colorchoice v1.0.3
[INFO] [stderr]   Downloaded filetime v0.2.25
[INFO] [stderr]   Downloaded tikv-jemallocator v0.5.4
[INFO] [stderr]   Downloaded zipf v7.0.1
[INFO] [stderr]   Downloaded embedded-io v0.6.1
[INFO] [stderr]   Downloaded more-asserts v0.3.1
[INFO] [stderr]   Downloaded matches v0.1.10
[INFO] [stderr]   Downloaded peakmem-alloc v0.3.0
[INFO] [stderr]   Downloaded mini-internal v0.1.40
[INFO] [stderr]   Downloaded strum v0.23.0
[INFO] [stderr]   Downloaded scylla-macros v0.4.0
[INFO] [stderr]   Downloaded histogram v0.6.9
[INFO] [stderr]   Downloaded rxml_validation v0.9.1
[INFO] [stderr]   Downloaded pico-args v0.5.0
[INFO] [stderr]   Downloaded whatlang v0.16.4
[INFO] [stderr]   Downloaded serde v1.0.215
[INFO] [stderr]   Downloaded serde_derive v1.0.215
[INFO] [stderr]   Downloaded uuid v1.11.0
[INFO] [stderr]   Downloaded crossbeam-utils v0.8.20
[INFO] [stderr]   Downloaded crossbeam-deque v0.8.5
[INFO] [stderr]   Downloaded js-sys v0.3.74
[INFO] [stderr]   Downloaded zopfli v0.8.1
[INFO] [stderr]   Downloaded indexmap v2.7.0
[INFO] [stderr]   Downloaded utoipa v5.2.0
[INFO] [stderr]   Downloaded socket2 v0.5.8
[INFO] [stderr]   Downloaded bytes v1.9.0
[INFO] [stderr]   Downloaded tinyvec v1.8.0
[INFO] [stderr]   Downloaded pin-project v1.1.7
[INFO] [stderr]   Downloaded toml_edit v0.22.22
[INFO] [stderr]   Downloaded unicode_categories v0.1.1
[INFO] [stderr]   Downloaded unicode-normalization-alignments v0.1.12
[INFO] [stderr]   Downloaded anstyle-wincon v3.0.6
[INFO] [stderr]   Downloaded anstyle-query v1.1.2
[INFO] [stderr]   Downloaded anstyle-parse v0.2.6
[INFO] [stderr]   Downloaded embedded-io v0.4.0
[INFO] [stderr]   Downloaded measure_time v0.8.3
[INFO] [stderr]   Downloaded levenshtein_automata v0.2.1
[INFO] [stderr]   Downloaded fastdivide v0.4.2
[INFO] [stderr]   Downloaded census v0.4.2
[INFO] [stderr]   Downloaded rustop v1.1.4
[INFO] [stderr]   Downloaded aws-region v0.25.5
[INFO] [stderr]   Downloaded rio_api v0.8.5
[INFO] [stderr]   Downloaded string_cache v0.8.7
[INFO] [stderr]   Downloaded phf_shared v0.10.0
[INFO] [stderr]   Downloaded keccak v0.1.5
[INFO] [stderr]   Downloaded zip v2.2.1
[INFO] [stderr]   Downloaded flate2 v1.0.35
[INFO] [stderr]   Downloaded axum v0.7.9
[INFO] [stderr]   Downloaded tower v0.5.1
[INFO] [stderr]   Downloaded mio v1.0.3
[INFO] [stderr]   Downloaded unicode-normalization v0.1.24
[INFO] [stderr]   Downloaded tower-http v0.5.2
[INFO] [stderr]   Downloaded tokio-util v0.7.12
[INFO] [stderr]   Downloaded async-compression v0.4.18
[INFO] [stderr]   Downloaded winnow v0.6.20
[INFO] [stderr]   Downloaded reqwest v0.11.27
[INFO] [stderr]   Downloaded h2 v0.3.26
[INFO] [stderr]   Downloaded itertools v0.8.2
[INFO] [stderr]   Downloaded anstyle v1.0.10
[INFO] [stderr]   Downloaded is-terminal v0.4.13
[INFO] [stderr]   Downloaded postcard-derive v0.1.2
[INFO] [stderr]   Downloaded murmurhash32 v0.3.1
[INFO] [stderr]   Downloaded rand_pcg v0.3.1
[INFO] [stderr]   Downloaded block_on_proc v0.2.0
[INFO] [stderr]   Downloaded aws-creds v0.36.0
[INFO] [stderr]   Downloaded oxilangtag v0.1.5
[INFO] [stderr]   Downloaded psl-types v2.0.11
[INFO] [stderr]   Downloaded term v1.0.0
[INFO] [stderr]   Downloaded fixedbitset v0.4.2
[INFO] [stderr]   Downloaded ena v0.14.3
[INFO] [stderr]   Downloaded validit v0.2.4
[INFO] [stderr]   Downloaded anyerror v0.1.12
[INFO] [stderr]   Downloaded openraft-macros v0.9.17
[INFO] [stderr]   Downloaded derive_more v1.0.0
[INFO] [stderr]   Downloaded syn v2.0.90
[INFO] [stderr]   Downloaded proptest v1.5.0
[INFO] [stderr]   Downloaded utoipa-gen v5.2.0
[INFO] [stderr]   Downloaded tokenizers v0.13.4
[INFO] [stderr]   Downloaded hyper v0.14.31
[INFO] [stderr]   Downloaded semver v1.0.23
[INFO] [stderr]   Downloaded cobs v0.2.3
[INFO] [stderr]   Downloaded twox-hash v1.6.3
[INFO] [stderr]   Downloaded fs4 v0.8.4
[INFO] [stderr]   Downloaded binggan v0.8.1
[INFO] [stderr]   Downloaded darling v0.20.10
[INFO] [stderr]   Downloaded ordered-multimap v0.6.0
[INFO] [stderr]   Downloaded lebe v0.5.2
[INFO] [stderr]   Downloaded regex-syntax v0.7.5
[INFO] [stderr]   Downloaded anstream v0.6.18
[INFO] [stderr]   Downloaded hermit-abi v0.4.0
[INFO] [stderr]   Downloaded fail v0.5.1
[INFO] [stderr]   Downloaded perf-event v0.4.8
[INFO] [stderr]   Downloaded num_enum v0.6.1
[INFO] [stderr]   Downloaded smartstring v1.0.1
[INFO] [stderr]   Downloaded rust-ini v0.19.0
[INFO] [stderr]   Downloaded openraft v0.9.17
[INFO] [stderr]   Downloaded time-macros v0.2.19
[INFO] [stderr]   Downloaded indicatif v0.16.2
[INFO] [stderr]   Downloaded postcard v1.1.1
[INFO] [stderr]   Downloaded bitpacking v0.9.2
[INFO] [stderr]   Downloaded xxhash-rust v0.8.12
[INFO] [stderr]   Downloaded strum_macros v0.23.1
[INFO] [stderr]   Downloaded snap v1.1.1
[INFO] [stderr]   Downloaded num_enum_derive v0.6.1
[INFO] [stderr]   Downloaded minidom v0.15.2
[INFO] [stderr]   Downloaded maybe-async v0.2.10
[INFO] [stderr]   Downloaded oxiri v0.2.8
[INFO] [stderr]   Downloaded dtoa-short v0.3.5
[INFO] [stderr]   Downloaded fdeflate v0.3.6
[INFO] [stderr]   Downloaded bit_field v0.10.2
[INFO] [stderr]   Downloaded spm_precompiled v0.1.4
[INFO] [stderr]   Downloaded web-sys v0.3.74
[INFO] [stderr]   Downloaded onig_sys v69.8.1
[INFO] [stderr]   Downloaded derive_builder v0.12.0
[INFO] [stderr]   Downloaded clap_derive v4.5.18
[INFO] [stderr]   Downloaded oneshot v0.1.8
[INFO] [stderr]   Downloaded perf-event-open-sys v4.0.0
[INFO] [stderr]   Downloaded rio_turtle v0.8.5
[INFO] [stderr]   Downloaded phf_generator v0.11.2
[INFO] [stderr]   Downloaded cssparser-macros v0.6.1
[INFO] [stderr]   Downloaded string_cache_codegen v0.5.2
[INFO] [stderr]   Downloaded zstd-sys v2.0.13+zstd.1.5.6
[INFO] [stderr]   Downloaded libc v0.2.167
[INFO] [stderr]   Downloaded rust-embed v8.5.0
[INFO] [stderr]   Downloaded tokio v1.42.0
[INFO] [stderr]   Downloaded clap v4.5.21
[INFO] [stderr]   Downloaded cached-path v0.6.1
[INFO] [stderr]   Downloaded tar v0.4.43
[INFO] [stderr]   Downloaded pretty_assertions v1.4.1
[INFO] [stderr]   Downloaded rust-s3 v0.34.0
[INFO] [stderr]   Downloaded sha3 v0.10.8
[INFO] [stderr]   Downloaded petgraph v0.6.5
[INFO] [stderr]   Downloaded dtoa v1.0.9
[INFO] [stderr]   Downloaded ravif v0.11.11
[INFO] [stderr]   Downloaded v_frame v0.3.8
[INFO] [stderr]   Downloaded aligned-vec v0.5.0
[INFO] [stderr]   Downloaded version-compare v0.2.0
[INFO] [stderr]   Downloaded profiling v1.0.16
[INFO] [stderr]   Downloaded profiling-procmacros v1.0.16
[INFO] [stderr]   Downloaded built v0.7.5
[INFO] [stderr]   Downloaded bitstream-io v2.6.0
[INFO] [stderr]   Downloaded avif-serialize v0.8.2
[INFO] [stderr]   Downloaded bytemuck v1.20.0
[INFO] [stderr]   Downloaded bytemuck_derive v1.8.0
[INFO] [stderr]   Downloaded gif v0.13.1
[INFO] [stderr]   Downloaded riff v1.0.1
[INFO] [stderr]   Downloaded serde_plain v1.0.2
[INFO] [stderr]   Downloaded axum-macros v0.4.2
[INFO] [stderr]   Downloaded serde-wasm-bindgen v0.6.5
[INFO] [stderr]   Downloaded lz4_flex v0.11.3
[INFO] [stderr]   Downloaded htmlescape v0.3.1
[INFO] [stderr]   Downloaded miniserde v0.1.40
[INFO] [stderr]   Downloaded libfuzzer-sys v0.4.8
[INFO] [stderr]   Downloaded av1-grain v0.2.3
[INFO] [stderr]   Downloaded imgref v1.11.0
[INFO] [stderr]   Downloaded png v0.17.14
[INFO] [stderr]   Downloaded fst v0.4.7
[INFO] [stderr]   Downloaded yansi v1.0.1
[INFO] [stderr]   Downloaded proptest-derive v0.4.0
[INFO] [stderr]   Downloaded logos v0.13.0
[INFO] [stderr]   Downloaded logos-derive v0.13.0
[INFO] [stderr]   Downloaded logos-codegen v0.13.0
[INFO] [stderr]   Downloaded beef v0.5.2
[INFO] [stderr]   Downloaded lalrpop-util v0.22.0
[INFO] [stderr]   Downloaded phf_codegen v0.10.0
[INFO] [stderr]   Downloaded phf v0.10.1
[INFO] [stderr]   Downloaded phf_macros v0.11.2
[INFO] [stderr]   Downloaded weezl v0.1.8
[INFO] [stderr]   Downloaded half v2.4.1
[INFO] [stderr]   Downloaded esaxx-rs v0.1.10
[INFO] [stderr]   Downloaded darling_core v0.20.10
[INFO] [stderr]   Downloaded attohttpc v0.26.1
[INFO] [stderr]   Downloaded byte-unit v5.1.6
[INFO] [stderr]   Downloaded utf8-width v0.1.7
[INFO] [stderr]   Downloaded rust_decimal v1.36.0
[INFO] [stderr]   Downloaded rkyv_derive v0.7.45
[INFO] [stderr]   Downloaded borsh v1.5.3
[INFO] [stderr]   Downloaded borsh-derive v1.5.3
[INFO] [stderr]   Downloaded proc-macro-crate v3.2.0
[INFO] [stderr]   Downloaded min-max-heap v1.3.0
[INFO] [stderr]   Downloaded selectors v0.25.0
[INFO] [stderr]   Downloaded servo_arc v0.3.0
[INFO] [stderr]   Downloaded phf_generator v0.10.0
[INFO] [stderr]   Downloaded derive_more v0.99.18
[INFO] [stderr]   Downloaded cssparser v0.31.2
[INFO] [stderr]   Downloaded markup5ever v0.11.0
[INFO] [stderr]   Downloaded image-webp v0.2.0
[INFO] [stderr]   Downloaded candle-nn v0.3.3
[INFO] [stderr]   Downloaded itertools v0.9.0
[INFO] [stderr]   Downloaded crossbeam-channel v0.5.13
[INFO] [stderr]   Downloaded arc-swap v1.7.1
[INFO] [stderr]   Downloaded publicsuffix v2.3.0
[INFO] [stderr]   Downloaded lalrpop v0.22.0
[INFO] [stderr]   Downloaded rkyv v0.7.45
[INFO] [stderr]   Downloaded similar v2.6.0
[INFO] [stderr]   Downloaded zune-jpeg v0.4.13
[INFO] [stderr]   Downloaded scylla-cql v0.1.0
[INFO] [stderr]   Downloaded derive_more-impl v1.0.0
[INFO] [stderr]   Downloaded rgb v0.8.50
[INFO] [stderr]   Downloaded deadpool-runtime v0.1.4
[INFO] [stderr]   Downloaded cast v0.3.0
[INFO] [stderr]   Downloaded ciborium-ll v0.2.2
[INFO] [stderr]   Downloaded tinytemplate v1.2.1
[INFO] [stderr]   Downloaded plotters-svg v0.3.7
[INFO] [stderr]   Downloaded ciborium-io v0.2.2
[INFO] [stderr]   Downloaded html5ever v0.26.0
[INFO] [stderr]   Downloaded csv-core v0.1.11
[INFO] [stderr]   Downloaded plotters-backend v0.3.7
[INFO] [stderr]   Downloaded criterion-plot v0.5.0
[INFO] [stderr]   Downloaded ciborium v0.2.2
[INFO] [stderr]   Downloaded fend-core v1.5.5
[INFO] [stderr]   Downloaded deadpool v0.12.1
[INFO] [stderr]   Downloaded oorandom v11.1.4
[INFO] [stderr]   Downloaded anes v0.1.6
[INFO] [stderr]   Downloaded criterion v0.5.1
[INFO] [stderr]   Downloaded chitchat v0.5.0
[INFO] [stderr]   Downloaded chardetng v0.1.17
[INFO] [stderr]   Downloaded plotters v0.3.7
[INFO] [stderr]   Downloaded rav1e v0.7.1
[INFO] [stderr]   Downloaded rxml v0.9.1
[INFO] [stderr]   Downloaded insta v1.41.1
[INFO] [stderr]   Downloaded csv v1.3.1
[INFO] [stderr]   Downloaded time v0.3.37
[INFO] [stderr]   Downloaded itertools v0.11.0
[INFO] [stderr]   Downloaded quick-xml v0.30.0
[INFO] [stderr]   Downloaded redb v2.2.0
[INFO] [stderr]   Downloaded candle-transformers v0.3.3
[INFO] [stderr]   Downloaded clap_builder v4.5.21
[INFO] [stderr]   Downloaded candle-core v0.3.3
[INFO] [stderr]   Downloaded bitvec v1.0.1
[INFO] [stderr]   Downloaded scylla v0.12.0
[INFO] [stderr]   Downloaded chrono v0.4.38
[INFO] [stderr]   Downloaded exr v1.73.0
[INFO] [stderr]   Downloaded image v0.25.5
[INFO] [stderr]   Downloaded wav v1.0.1
[INFO] [stderr]   Downloaded bzip2-sys v0.1.11+1.0.8
[INFO] [stderr]   Downloaded jpeg-decoder v0.3.1
[INFO] [stderr]   Downloaded tikv-jemalloc-sys v0.5.4+5.3.0-patched
[INFO] [stderr]   Downloaded tiff v0.9.1
[INFO] [stderr]   Downloaded rust-stemmers v1.2.0
[INFO] running `Command { std: "docker" "create" "-v" "/var/lib/crater-agent-workspace/builds/worker-6-tc1/source:/opt/rustwide/workdir:ro,Z" "-v" "/var/lib/crater-agent-workspace/builds/worker-6-tc1/target:/opt/rustwide/target:rw,Z" "-v" "/var/lib/crater-agent-workspace/cargo-home:/opt/rustwide/cargo-home:ro,Z" "-v" "/var/lib/crater-agent-workspace/rustup-home:/opt/rustwide/rustup-home:ro,Z" "-m" "1610612736" "--network" "none" "ghcr.io/rust-lang/crates-build-env/linux@sha256:77db811e55d90add9212f6832c23229e3de5f1c1f9905e8cb07319ea15df73ac" "sleep" "infinity", kill_on_drop: false }`
[INFO] [stdout] 76ba2256f4ca330d2308bf5ecf985d1a1710633838f2c1af9104e2bc8ead14eb
[INFO] running `Command { std: "docker" "start" "76ba2256f4ca330d2308bf5ecf985d1a1710633838f2c1af9104e2bc8ead14eb", kill_on_drop: false }`
[INFO] running `Command { std: "docker" "inspect" "76ba2256f4ca330d2308bf5ecf985d1a1710633838f2c1af9104e2bc8ead14eb", kill_on_drop: false }`
[INFO] running `Command { std: "docker" "exec" "-e" "SOURCE_DIR=/opt/rustwide/workdir" "-e" "CARGO_HOME=/opt/rustwide/cargo-home" "-e" "RUSTUP_HOME=/opt/rustwide/rustup-home" "-e" "CARGO_TARGET_DIR=/opt/rustwide/target" "-w" "/opt/rustwide/workdir" "--user" "0:0" "76ba2256f4ca330d2308bf5ecf985d1a1710633838f2c1af9104e2bc8ead14eb" "/opt/rustwide/cargo-home/bin/cargo" "+3154cc1a3e6424e44f438a95007d043ed5ceaaf6" "metadata" "--no-deps" "--format-version=1", kill_on_drop: false }`
[INFO] running `Command { std: "docker" "inspect" "76ba2256f4ca330d2308bf5ecf985d1a1710633838f2c1af9104e2bc8ead14eb", kill_on_drop: false }`
[INFO] running `Command { std: "docker" "exec" "-e" "SOURCE_DIR=/opt/rustwide/workdir" "-e" "CARGO_HOME=/opt/rustwide/cargo-home" "-e" "RUSTUP_HOME=/opt/rustwide/rustup-home" "-e" "CARGO_TARGET_DIR=/opt/rustwide/target" "-e" "CARGO_INCREMENTAL=0" "-e" "RUST_BACKTRACE=full" "-e" "RUSTFLAGS=--cap-lints=forbid -Znext-solver=coherence" "-e" "RUSTDOCFLAGS=--cap-lints=forbid" "-w" "/opt/rustwide/workdir" "--user" "0:0" "76ba2256f4ca330d2308bf5ecf985d1a1710633838f2c1af9104e2bc8ead14eb" "/opt/rustwide/cargo-home/bin/cargo" "+3154cc1a3e6424e44f438a95007d043ed5ceaaf6" "check" "--frozen" "--all" "--all-targets" "--message-format=json", kill_on_drop: false }`
[INFO] [stderr] warning: unused workspace dependency `async-channel`
[INFO] [stderr]   --> Cargo.toml:23:1
[INFO] [stderr]    |
[INFO] [stderr] 23 | async-channel = "1.8.0"
[INFO] [stderr]    | ^^^^^^^^^^^^^
[INFO] [stderr]    |
[INFO] [stderr]    = note: `cargo::unused_workspace_dependencies` is set to `warn` by default
[INFO] [stderr] help: consider removing the workspace dependency `async-channel`
[INFO] [stderr] warning: unused workspace dependency `bindgen`
[INFO] [stderr]   --> Cargo.toml:29:1
[INFO] [stderr]    |
[INFO] [stderr] 29 | bindgen = "0.69.2"
[INFO] [stderr]    | ^^^^^^^
[INFO] [stderr]    |
[INFO] [stderr] help: consider removing the workspace dependency `bindgen`
[INFO] [stderr] warning: unused workspace dependency `cc`
[INFO] [stderr]    --> Cargo.toml:137:25
[INFO] [stderr]     |
[INFO] [stderr] 137 | [workspace.dependencies.cc]
[INFO] [stderr]     |                         ^^
[INFO] [stderr]     |
[INFO] [stderr] help: consider removing the workspace dependency `cc`
[INFO] [stderr] warning: unused workspace dependency `cmake`
[INFO] [stderr]   --> Cargo.toml:40:1
[INFO] [stderr]    |
[INFO] [stderr] 40 | cmake = "0.1"
[INFO] [stderr]    | ^^^^^
[INFO] [stderr]    |
[INFO] [stderr] help: consider removing the workspace dependency `cmake`
[INFO] [stderr] warning: unused workspace dependency `eventsource-stream`
[INFO] [stderr]   --> Cargo.toml:50:1
[INFO] [stderr]    |
[INFO] [stderr] 50 | eventsource-stream = "0.2.3"
[INFO] [stderr]    | ^^^^^^^^^^^^^^^^^^
[INFO] [stderr]    |
[INFO] [stderr] help: consider removing the workspace dependency `eventsource-stream`
[INFO] [stderr] warning: unused workspace dependency `half`
[INFO] [stderr]    --> Cargo.toml:173:25
[INFO] [stderr]     |
[INFO] [stderr] 173 | [workspace.dependencies.half]
[INFO] [stderr]     |                         ^^^^
[INFO] [stderr]     |
[INFO] [stderr] help: consider removing the workspace dependency `half`
[INFO] [stderr] warning: unused workspace dependency `lz-str`
[INFO] [stderr]   --> Cargo.toml:66:1
[INFO] [stderr]    |
[INFO] [stderr] 66 | lz-str = "0.2.1"
[INFO] [stderr]    | ^^^^^^
[INFO] [stderr]    |
[INFO] [stderr] help: consider removing the workspace dependency `lz-str`
[INFO] [stderr] warning: unused workspace dependency `rkyv`
[INFO] [stderr]    --> Cargo.toml:219:25
[INFO] [stderr]     |
[INFO] [stderr] 219 | [workspace.dependencies.rkyv]
[INFO] [stderr]     |                         ^^^^
[INFO] [stderr]     |
[INFO] [stderr] help: consider removing the workspace dependency `rkyv`
[INFO] [stderr] warning: unused workspace dependency `rusqlite`
[INFO] [stderr]    --> Cargo.toml:223:25
[INFO] [stderr]     |
[INFO] [stderr] 223 | [workspace.dependencies.rusqlite]
[INFO] [stderr]     |                         ^^^^^^^^
[INFO] [stderr]     |
[INFO] [stderr] help: consider removing the workspace dependency `rusqlite`
[INFO] [stderr] warning: unused workspace dependency `safetensors`
[INFO] [stderr]   --> Cargo.toml:98:1
[INFO] [stderr]    |
[INFO] [stderr] 98 | safetensors = "0.3.1"
[INFO] [stderr]    | ^^^^^^^^^^^
[INFO] [stderr]    |
[INFO] [stderr] help: consider removing the workspace dependency `safetensors`
[INFO] [stderr] warning: unused workspace dependency `serde_urlencoded`
[INFO] [stderr]    --> Cargo.toml:101:1
[INFO] [stderr]     |
[INFO] [stderr] 101 | serde_urlencoded = "0.7.1"
[INFO] [stderr]     | ^^^^^^^^^^^^^^^^
[INFO] [stderr]     |
[INFO] [stderr] help: consider removing the workspace dependency `serde_urlencoded`
[INFO] [stderr] warning: workspace (manifest) generated 11 warnings
[INFO] [stderr]    Compiling proc-macro2 v1.0.92
[INFO] [stderr]    Compiling unicode-ident v1.0.14
[INFO] [stderr]    Compiling libc v0.2.167
[INFO] [stderr]     Checking cfg-if v1.0.0
[INFO] [stderr]    Compiling autocfg v1.4.0
[INFO] [stderr]    Compiling serde v1.0.215
[INFO] [stderr]     Checking memchr v2.7.4
[INFO] [stderr]     Checking once_cell v1.20.2
[INFO] [stderr]     Checking itoa v1.0.14
[INFO] [stderr]     Checking smallvec v1.13.2
[INFO] [stderr]     Checking log v0.4.22
[INFO] [stderr]     Checking stable_deref_trait v1.2.0
[INFO] [stderr]    Compiling libm v0.2.11
[INFO] [stderr]    Compiling parking_lot_core v0.9.10
[INFO] [stderr]     Checking pin-project-lite v0.2.15
[INFO] [stderr]    Compiling typenum v1.17.0
[INFO] [stderr]    Compiling pkg-config v0.3.31
[INFO] [stderr]    Compiling lock_api v0.4.12
[INFO] [stderr]    Compiling num-traits v0.2.19
[INFO] [stderr]     Checking simd-adler32 v0.3.7
[INFO] [stderr]    Compiling quote v1.0.37
[INFO] [stderr]     Checking ryu v1.0.18
[INFO] [stderr]     Checking adler2 v2.0.0
[INFO] [stderr]     Checking either v1.13.0
[INFO] [stderr]     Checking miniz_oxide v0.8.0
[INFO] [stderr]    Compiling serde_json v1.0.133
[INFO] [stderr]    Compiling syn v2.0.90
[INFO] [stderr]     Checking bytes v1.9.0
[INFO] [stderr]    Compiling jobserver v0.1.32
[INFO] [stderr]     Checking getrandom v0.2.15
[INFO] [stderr]    Compiling crossbeam-utils v0.8.20
[INFO] [stderr]     Checking rand_core v0.6.4
[INFO] [stderr]    Compiling cc v1.2.2
[INFO] [stderr]     Checking parking_lot v0.12.3
[INFO] [stderr]     Checking tracing-core v0.1.33
[INFO] [stderr]    Compiling siphasher v0.3.11
[INFO] [stderr]     Checking bitflags v2.6.0
[INFO] [stderr]     Checking foldhash v0.1.3
[INFO] [stderr]     Checking equivalent v1.0.1
[INFO] [stderr]    Compiling rayon-core v1.12.1
[INFO] [stderr]     Checking gimli v0.31.1
[INFO] [stderr]     Checking socket2 v0.5.8
[INFO] [stderr]     Checking hashbrown v0.15.2
[INFO] [stderr]     Checking signal-hook-registry v1.4.2
[INFO] [stderr]     Checking mio v1.0.3
[INFO] [stderr]     Checking crossbeam-epoch v0.9.18
[INFO] [stderr]     Checking object v0.36.5
[INFO] [stderr]    Compiling slab v0.4.9
[INFO] [stderr]     Checking crossbeam-deque v0.8.5
[INFO] [stderr]     Checking generic-array v0.14.7
[INFO] [stderr]     Checking rustc-demangle v0.1.24
[INFO] [stderr]    Compiling anyhow v1.0.93
[INFO] [stderr]    Compiling syn v1.0.109
[INFO] [stderr]     Checking rayon v1.10.0
[INFO] [stderr]     Checking futures-channel v0.3.31
[INFO] [stderr]    Compiling phf_shared v0.10.0
[INFO] [stderr]     Checking crypto-common v0.1.6
[INFO] [stderr]    Compiling byteorder v1.5.0
[INFO] [stderr]     Checking futures-io v0.3.31
[INFO] [stderr]     Checking subtle v2.6.1
[INFO] [stderr]     Checking block-buffer v0.10.4
[INFO] [stderr]     Checking cpufeatures v0.2.16
[INFO] [stderr]     Checking digest v0.10.7
[INFO] [stderr]    Compiling virtue v0.0.16
[INFO] [stderr]    Compiling fnv v1.0.7
[INFO] [stderr]    Compiling rustversion v1.0.18
[INFO] [stderr]     Checking writeable v0.5.5
[INFO] [stderr]    Compiling bincode_derive v2.0.0-rc.3 (https://github.com/bincode-org/bincode?rev=100685b#100685bc)
[INFO] [stderr]     Checking litemap v0.7.4
[INFO] [stderr]     Checking regex-syntax v0.8.5
[INFO] [stderr]     Checking addr2line v0.24.2
[INFO] [stderr]     Checking unty v0.0.3
[INFO] [stderr]    Compiling indexmap v2.7.0
[INFO] [stderr]     Checking sha2 v0.10.8
[INFO] [stderr]    Compiling zstd-sys v2.0.13+zstd.1.5.6
[INFO] [stderr]     Checking memmap2 v0.9.5
[INFO] [stderr]     Checking aho-corasick v1.1.3
[INFO] [stderr]     Checking backtrace v0.3.74
[INFO] [stderr]     Checking icu_locid_transform_data v1.5.0
[INFO] [stderr]    Compiling rustix v0.38.41
[INFO] [stderr]    Compiling openssl-sys v0.9.104
[INFO] [stderr]     Checking regex-automata v0.4.9
[INFO] [stderr]     Checking linux-raw-sys v0.4.14
[INFO] [stderr]     Checking icu_properties_data v1.5.0
[INFO] [stderr]    Compiling synstructure v0.13.1
[INFO] [stderr]     Checking icu_normalizer_data v1.5.0
[INFO] [stderr]     Checking tower-service v0.3.3
[INFO] [stderr]     Checking write16 v1.0.0
[INFO] [stderr]     Checking lazy_static v1.5.0
[INFO] [stderr]     Checking bitflags v1.3.2
[INFO] [stderr]     Checking utf16_iter v1.0.5
[INFO] [stderr]     Checking percent-encoding v2.3.1
[INFO] [stderr]     Checking form_urlencoded v1.2.1
[INFO] [stderr]     Checking crc32fast v1.4.2
[INFO] [stderr]    Compiling httparse v1.9.5
[INFO] [stderr]    Compiling crunchy v0.2.2
[INFO] [stderr]     Checking ipnet v2.10.1
[INFO] [stderr]     Checking anstyle-parse v0.2.6
[INFO] [stderr]    Compiling serde_derive v1.0.215
[INFO] [stderr]    Compiling zerocopy-derive v0.7.35
[INFO] [stderr]    Compiling zerofrom-derive v0.1.5
[INFO] [stderr]    Compiling yoke-derive v0.7.5
[INFO] [stderr]    Compiling zerovec-derive v0.10.3
[INFO] [stderr]     Checking zerocopy v0.7.35
[INFO] [stderr]    Compiling displaydoc v0.2.5
[INFO] [stderr]    Compiling thiserror-impl v1.0.69
[INFO] [stderr]    Compiling tracing-attributes v0.1.28
[INFO] [stderr]    Compiling icu_provider_macros v1.5.0
[INFO] [stderr]     Checking ppv-lite86 v0.2.20
[INFO] [stderr]     Checking zerofrom v0.1.5
[INFO] [stderr]    Compiling tokio-macros v2.4.0
[INFO] [stderr]     Checking yoke v0.7.5
[INFO] [stderr]    Compiling futures-macro v0.3.31
[INFO] [stderr]     Checking rand_chacha v0.3.1
[INFO] [stderr]     Checking rand v0.8.5
[INFO] [stderr]     Checking tokio v1.42.0
[INFO] [stderr]     Checking thiserror v1.0.69
[INFO] [stderr]     Checking zerovec v0.10.4
[INFO] [stderr]     Checking tracing v0.1.41
[INFO] [stderr]     Checking futures-util v0.3.31
[INFO] [stderr]    Compiling bytemuck_derive v1.8.0
[INFO] [stderr]     Checking rand_distr v0.4.3
[INFO] [stderr]     Checking tinystr v0.7.6
[INFO] [stderr]     Checking icu_collections v1.5.0
[INFO] [stderr]     Checking icu_locid v1.5.0
[INFO] [stderr]     Checking bytemuck v1.20.0
[INFO] [stderr]    Compiling phf_generator v0.10.0
[INFO] [stderr]     Checking icu_provider v1.5.0
[INFO] [stderr]     Checking half v2.4.1
[INFO] [stderr]    Compiling phf_codegen v0.10.0
[INFO] [stderr]     Checking icu_locid_transform v1.5.0
[INFO] [stderr]     Checking spin v0.9.8
[INFO] [stderr]     Checking iana-time-zone v0.1.61
[INFO] [stderr]    Compiling openssl v0.10.68
[INFO] [stderr]    Compiling ident_case v1.0.1
[INFO] [stderr]     Checking is_terminal_polyfill v1.70.1
[INFO] [stderr]     Checking anstyle v1.0.10
[INFO] [stderr]     Checking icu_properties v1.5.1
[INFO] [stderr]     Checking minimal-lexical v0.2.1
[INFO] [stderr]    Compiling bumpalo v3.16.0
[INFO] [stderr]     Checking anstyle-query v1.1.2
[INFO] [stderr]     Checking colorchoice v1.0.3
[INFO] [stderr]     Checking nom v7.1.3
[INFO] [stderr]     Checking anstream v0.6.18
[INFO] [stderr]    Compiling openssl-macros v0.1.1
[INFO] [stderr]    Compiling ring v0.17.8
[INFO] [stderr]     Checking bincode v2.0.0-rc.3 (https://github.com/bincode-org/bincode?rev=100685b#100685bc)
[INFO] [stderr]     Checking tokio-util v0.7.12
[INFO] [stderr]    Compiling regex v1.11.1
[INFO] [stderr]     Checking chrono v0.4.38
[INFO] [stderr]     Checking uuid v1.11.0
[INFO] [stderr]     Checking icu_normalizer v1.5.0
[INFO] [stderr]     Checking http v0.2.12
[INFO] [stderr]    Compiling num-conv v0.1.0
[INFO] [stderr]     Checking fastrand v2.2.0
[INFO] [stderr]     Checking same-file v1.0.6
[INFO] [stderr]     Checking clap_lex v0.7.3
[INFO] [stderr]    Compiling time-core v0.1.2
[INFO] [stderr]    Compiling native-tls v0.2.12
[INFO] [stderr]     Checking reborrow v0.5.5
[INFO] [stderr]     Checking clap_builder v4.5.21
[INFO] [stderr]     Checking deranged v0.3.11
[INFO] [stderr]    Compiling time-macros v0.2.19
[INFO] [stderr]     Checking idna_adapter v1.2.0
[INFO] [stderr]     Checking tempfile v3.14.0
[INFO] [stderr]     Checking idna v1.0.3
[INFO] [stderr]    Compiling walkdir v2.5.0
[INFO] [stderr]     Checking serde_spanned v0.6.8
[INFO] [stderr]     Checking toml_datetime v0.6.8
[INFO] [stderr]     Checking num-complex v0.4.6
[INFO] [stderr]    Compiling clap_derive v4.5.18
[INFO] [stderr]     Checking flate2 v1.0.35
[INFO] [stderr]    Compiling phf_shared v0.11.2
[INFO] [stderr]     Checking unicode-width v0.1.14
[INFO] [stderr]     Checking winnow v0.6.20
[INFO] [stderr]     Checking openssl-probe v0.1.5
[INFO] [stderr]     Checking time v0.3.37
[INFO] [stderr]    Compiling phf_generator v0.11.2
[INFO] [stderr]     Checking pulp v0.18.22
[INFO] [stderr]     Checking url v2.5.4
[INFO] [stderr]     Checking clap v4.5.21
[INFO] [stderr]     Checking toml_edit v0.22.22
[INFO] [stderr]     Checking dyn-stack v0.10.0
[INFO] [stderr]    Compiling string_cache_codegen v0.5.2
[INFO] [stderr]     Checking raw-cpuid v10.7.0
[INFO] [stderr]     Checking itertools v0.13.0
[INFO] [stderr]     Checking precomputed-hash v0.1.1
[INFO] [stderr]     Checking static_assertions v1.1.0
[INFO] [stderr]    Compiling seq-macro v0.3.5
[INFO] [stderr]     Checking mac v0.1.1
[INFO] [stderr]    Compiling semver v1.0.23
[INFO] [stderr]     Checking futf v0.1.5
[INFO] [stderr]    Compiling markup5ever v0.11.0
[INFO] [stderr]    Compiling phf_macros v0.11.2
[INFO] [stderr]     Checking phf v0.10.1
[INFO] [stderr]     Checking gemm-common v0.17.1
[INFO] [stderr]    Compiling async-trait v0.1.83
[INFO] [stderr]     Checking ownedbytes v0.1.0 (/opt/rustwide/workdir/crates/ownedbytes)
[INFO] [stderr]    Compiling bzip2-sys v0.1.11+1.0.8
[INFO] [stderr]     Checking utf-8 v0.7.6
[INFO] [stderr]    Compiling zstd-safe v5.0.2+zstd.1.5.2
[INFO] [stderr]     Checking try-lock v0.2.5
[INFO] [stderr]     Checking dtoa v1.0.9
[INFO] [stderr]    Compiling home v0.5.9
[INFO] [stderr]    Compiling tiny-keccak v2.0.2
[INFO] [stderr]     Checking dtoa-short v0.3.5
[INFO] [stderr]    Compiling term v1.0.0
[INFO] [stderr]     Checking want v0.3.1
[INFO] [stderr]     Checking tendril v0.4.3
[INFO] [stderr]     Checking toml v0.8.19
[INFO] [stderr]     Checking phf v0.11.2
[INFO] [stderr]     Checking string_cache v0.8.7
[INFO] [stderr]     Checking console v0.15.8
[INFO] [stderr]     Checking http-body v0.4.6
[INFO] [stderr]     Checking h2 v0.3.26
[INFO] [stderr]    Compiling selectors v0.25.0
[INFO] [stderr]    Compiling html5ever v0.26.0
[INFO] [stderr]    Compiling cssparser-macros v0.6.1
[INFO] [stderr]     Checking hmac v0.12.1
[INFO] [stderr]     Checking inout v0.1.3
[INFO] [stderr]     Checking http v1.1.0
[INFO] [stderr]    Compiling indexmap v1.9.3
[INFO] [stderr]    Compiling ahash v0.8.11
[INFO] [stderr]    Compiling keccak v0.1.5
[INFO] [stderr]     Checking base64ct v1.6.0
[INFO] [stderr]    Compiling fixedbitset v0.4.2
[INFO] [stderr]    Compiling new_debug_unreachable v1.0.6
[INFO] [stderr]    Compiling bit-vec v0.8.0
[INFO] [stderr]    Compiling fst v0.4.7
[INFO] [stderr]     Checking sync_wrapper v0.1.2
[INFO] [stderr]     Checking arrayvec v0.7.6
[INFO] [stderr]    Compiling petgraph v0.6.5
[INFO] [stderr]     Checking password-hash v0.4.2
[INFO] [stderr]    Compiling bit-set v0.8.0
[INFO] [stderr]     Checking http-body v1.0.1
[INFO] [stderr]    Compiling sha3 v0.10.8
[INFO] [stderr]     Checking cssparser v0.31.2
[INFO] [stderr]     Checking cipher v0.4.4
[INFO] [stderr]     Checking egress v0.1.0 (/opt/rustwide/workdir/crates/egress)
[INFO] [stderr]    Compiling ascii-canvas v4.0.0
[INFO] [stderr]     Checking tokio-native-tls v0.3.1
[INFO] [stderr]     Checking common v0.1.0 (/opt/rustwide/workdir/crates/common)
[INFO] [stderr]    Compiling lalrpop-util v0.22.0
[INFO] [stderr]     Checking serde_urlencoded v0.7.1
[INFO] [stderr]    Compiling derive_more v0.99.18
[INFO] [stderr]    Compiling ena v0.14.3
[INFO] [stderr]     Checking servo_arc v0.3.0
[INFO] [stderr]     Checking fxhash v0.2.1
[INFO] [stderr]    Compiling radium v0.7.0
[INFO] [stderr]     Checking hashbrown v0.12.3
[INFO] [stderr]    Compiling pico-args v0.5.0
[INFO] [stderr]    Compiling zstd-safe v7.2.1
[INFO] [stderr]    Compiling strsim v0.10.0
[INFO] [stderr]     Checking utf8-ranges v1.0.5
[INFO] [stderr]     Checking matches v0.1.10
[INFO] [stderr]    Compiling regex-syntax v0.6.29
[INFO] [stderr]    Compiling beef v0.5.2
[INFO] [stderr]    Compiling darling_core v0.14.4
[INFO] [stderr]    Compiling lalrpop v0.22.0
[INFO] [stderr]     Checking zstd v0.11.2+zstd.1.5.2
[INFO] [stderr]     Checking bzip2 v0.4.4
[INFO] [stderr]    Compiling const-random-macro v0.1.16
[INFO] [stderr]     Checking aes v0.8.4
[INFO] [stderr]     Checking pbkdf2 v0.11.0
[INFO] [stderr]    Compiling utoipa-gen v5.2.0
[INFO] [stderr]     Checking sha1 v0.10.6
[INFO] [stderr]     Checking num-integer v0.1.46
[INFO] [stderr]     Checking encoding_rs v0.8.35
[INFO] [stderr]    Compiling logos-codegen v0.13.0
[INFO] [stderr]    Compiling strsim v0.11.1
[INFO] [stderr]     Checking hyper v0.14.31
[INFO] [stderr]    Compiling winnow v0.5.40
[INFO] [stderr]    Compiling thiserror v2.0.3
[INFO] [stderr]     Checking number_prefix v0.4.0
[INFO] [stderr]     Checking tap v1.0.1
[INFO] [stderr]     Checking constant_time_eq v0.1.5
[INFO] [stderr]     Checking tower-layer v0.3.3
[INFO] [stderr]     Checking wyz v0.5.1
[INFO] [stderr]     Checking zip v0.6.6
[INFO] [stderr]    Compiling darling_macro v0.14.4
[INFO] [stderr]    Compiling darling_core v0.20.10
[INFO] [stderr]     Checking num-bigint v0.4.6
[INFO] [stderr]     Checking hashbrown v0.14.5
[INFO] [stderr]    Compiling logos-derive v0.13.0
[INFO] [stderr]     Checking const-random v0.1.18
[INFO] [stderr]     Checking rustls-pemfile v1.0.4
[INFO] [stderr]     Checking file_store v0.1.0 (/opt/rustwide/workdir/crates/file-store)
[INFO] [stderr]    Compiling rustc_version v0.4.1
[INFO] [stderr]     Checking gemm-f32 v0.17.1
[INFO] [stderr]     Checking twox-hash v1.6.3
[INFO] [stderr]    Compiling toml_edit v0.19.15
[INFO] [stderr]     Checking futures-executor v0.3.31
[INFO] [stderr]    Compiling thiserror-impl v2.0.3
[INFO] [stderr]    Compiling smartstring v1.0.1
[INFO] [stderr]    Compiling portable-atomic v1.10.0
[INFO] [stderr]     Checking funty v2.0.0
[INFO] [stderr]    Compiling built v0.7.5
[INFO] [stderr]    Compiling lockfree-object-pool v0.1.6
[INFO] [stderr]     Checking aligned-vec v0.5.0
[INFO] [stderr]     Checking hyper-tls v0.5.0
[INFO] [stderr]    Compiling zip v2.2.1
[INFO] [stderr]     Checking v_frame v0.3.8
[INFO] [stderr]     Checking reqwest v0.11.27
[INFO] [stderr]    Compiling proc-macro-crate v1.3.1
[INFO] [stderr]    Compiling zopfli v0.8.1
[INFO] [stderr]    Compiling rav1e v0.7.1
[INFO] [stderr]     Checking bitvec v1.0.1
[INFO] [stderr]    Compiling darling_macro v0.20.10
[INFO] [stderr]     Checking gemm-f16 v0.17.1
[INFO] [stderr]     Checking futures v0.3.31
[INFO] [stderr]     Checking lz4_flex v0.11.3
[INFO] [stderr]     Checking num-rational v0.4.2
[INFO] [stderr]    Compiling heapless v0.7.17
[INFO] [stderr]     Checking zstd v0.13.2
[INFO] [stderr]     Checking dlv-list v0.5.2
[INFO] [stderr]     Checking logos v0.13.0
[INFO] [stderr]    Compiling darling v0.14.4
[INFO] [stderr]     Checking kuchiki v0.8.1 (/opt/rustwide/workdir/crates/kuchiki)
[INFO] [stderr]     Checking http-body-util v0.1.2
[INFO] [stderr]     Checking gemm-c32 v0.17.1
[INFO] [stderr]     Checking gemm-c64 v0.17.1
[INFO] [stdout] warning: hiding a lifetime that's elided elsewhere is confusing
[INFO] [stdout]   --> crates/kuchiki/src/attributes.rs:60:38
[INFO] [stdout]    |
[INFO] [stdout] 60 |     pub fn entry<A: Into<LocalName>>(&mut self, local_name: A) -> Entry<ExpandedName, Attribute> {
[INFO] [stdout]    |                                      ^^^^^^^^^                    ^^^^^^^^^^^^^^^^^^^^^^^^^^^^^^ the same lifetime is hidden here
[INFO] [stdout]    |                                      |
[INFO] [stdout]    |                                      the lifetime is elided here
[INFO] [stdout]    |
[INFO] [stdout]    = help: the same lifetime is referred to in inconsistent ways, making the signature confusing
[INFO] [stdout]    = note: `#[warn(mismatched_lifetime_syntaxes)]` on by default
[INFO] [stdout] help: use `'_` for type paths
[INFO] [stdout]    |
[INFO] [stdout] 60 |     pub fn entry<A: Into<LocalName>>(&mut self, local_name: A) -> Entry<'_, ExpandedName, Attribute> {
[INFO] [stdout]    |                                                                         +++
[INFO] [stdout] 
[INFO] [stdout] 
[INFO] [stderr]     Checking gemm-f64 v0.17.1
[INFO] [stderr]    Compiling pin-project-internal v1.1.7
[INFO] [stderr]    Compiling profiling-procmacros v1.0.16
[INFO] [stderr]    Compiling onig_sys v69.8.1
[INFO] [stderr]     Checking num_cpus v1.16.0
[INFO] [stderr]     Checking hashbrown v0.13.2
[INFO] [stderr]    Compiling unicase v2.8.0
[INFO] [stderr]    Compiling rust_decimal v1.36.0
[INFO] [stderr]    Compiling snap v1.1.1
[INFO] [stderr]     Checking xxhash-rust v0.8.12
[INFO] [stderr]     Checking gemm v0.17.1
[INFO] [stderr]     Checking ordered-multimap v0.6.0
[INFO] [stderr]    Compiling mime_guess v2.0.5
[INFO] [stderr]     Checking profiling v1.0.16
[INFO] [stderr]     Checking pin-project v1.1.7
[INFO] [stderr]    Compiling num_enum_derive v0.6.1
[INFO] [stderr]     Checking utoipa v5.2.0
[INFO] [stderr]    Compiling derive_builder_core v0.12.0
[INFO] [stderr]     Checking av1-grain v0.2.3
[INFO] [stderr]    Compiling rust-embed-utils v8.5.0
[INFO] [stderr]    Compiling darling v0.20.10
[INFO] [stderr]     Checking regex-automata v0.1.10
[INFO] [stderr]     Checking hyper v1.5.1
[INFO] [stderr]     Checking safetensors v0.4.5
[INFO] [stderr]     Checking xattr v1.3.1
[INFO] [stderr]    Compiling num-derive v0.4.2
[INFO] [stderr]    Compiling arg_enum_proc_macro v0.3.4
[INFO] [stderr]    Compiling strum_macros v0.26.4
[INFO] [stderr]     Checking maybe-rayon v0.1.1
[INFO] [stderr]    Compiling tikv-jemalloc-sys v0.5.4+5.3.0-patched
[INFO] [stderr]    Compiling esaxx-rs v0.1.10
[INFO] [stderr]    Compiling simd_helpers v0.1.0
[INFO] [stderr]     Checking filetime v0.2.25
[INFO] [stderr]     Checking itertools v0.12.1
[INFO] [stderr]     Checking hash32 v0.2.1
[INFO] [stderr]     Checking instant v0.1.13
[INFO] [stderr]     Checking weezl v0.1.8
[INFO] [stderr]     Checking imgref v1.11.0
[INFO] [stderr]     Checking overload v0.1.1
[INFO] [stderr]     Checking unicode-width v0.2.0
[INFO] [stderr]     Checking arc-swap v1.7.1
[INFO] [stderr]     Checking bitstream-io v2.6.0
[INFO] [stderr]     Checking byteorder v0.5.3
[INFO] [stderr]     Checking sync_wrapper v1.0.2
[INFO] [stderr]     Checking rxml_validation v0.9.1
[INFO] [stderr]     Checking lzma v0.2.2
[INFO] [stderr]     Checking axum-core v0.4.5
[INFO] [stderr]     Checking rxml v0.9.1
[INFO] [stderr]     Checking loop9 v0.1.5
[INFO] [stderr]     Checking indicatif v0.17.9
[INFO] [stderr]    Compiling heck v0.3.3
[INFO] [stderr]     Checking nu-ansi-term v0.46.0
[INFO] [stderr]     Checking measure_time v0.8.3
[INFO] [stderr]     Checking strum v0.26.3
[INFO] [stderr]     Checking tar v0.4.43
[INFO] [stderr]     Checking hyper-util v0.1.10
[INFO] [stderr]    Compiling optics v0.1.0 (/opt/rustwide/workdir/crates/optics)
[INFO] [stderr]     Checking bitpacking v0.9.2
[INFO] [stderr]     Checking matchers v0.1.0
[INFO] [stderr]     Checking candle-core v0.3.3
[INFO] [stderr]    Compiling derive_builder_macro v0.12.0
[INFO] [stderr]    Compiling scylla-macros v0.4.0
[INFO] [stderr]    Compiling utoipa-swagger-ui v8.0.3
[INFO] [stderr]    Compiling rust-embed-impl v8.5.0
[INFO] [stderr] warning: onig_sys@69.8.1: oniguruma/src/regparse.c: In function 'onig_st_init_strend_table_with_size':
[INFO] [stderr] warning: onig_sys@69.8.1: oniguruma/src/regparse.c:588:5: error: initialization of 'int (*)(void)' from incompatible pointer type 'int (*)(st_str_end_key *, st_str_end_key *)' [-Wincompatible-pointer-types]
[INFO] [stderr] warning: onig_sys@69.8.1:   588 |     str_end_cmp,
[INFO] [stderr] warning: onig_sys@69.8.1:       |     ^~~~~~~~~~~
[INFO] [stderr] warning: onig_sys@69.8.1: oniguruma/src/regparse.c:588:5: note: (near initialization for 'hashType.compare')
[INFO] [stderr] warning: onig_sys@69.8.1: oniguruma/src/regparse.c:550:1: note: 'str_end_cmp' declared here
[INFO] [stderr] warning: onig_sys@69.8.1:   550 | str_end_cmp(st_str_end_key* x, st_str_end_key* y)
[INFO] [stderr] warning: onig_sys@69.8.1:       | ^~~~~~~~~~~
[INFO] [stderr] warning: onig_sys@69.8.1: oniguruma/src/regparse.c:589:5: error: initialization of 'int (*)(void)' from incompatible pointer type 'int (*)(st_str_end_key *)' [-Wincompatible-pointer-types]
[INFO] [stderr] warning: onig_sys@69.8.1:   589 |     str_end_hash,
[INFO] [stderr] warning: onig_sys@69.8.1:       |     ^~~~~~~~~~~~
[INFO] [stderr] warning: onig_sys@69.8.1: oniguruma/src/regparse.c:589:5: note: (near initialization for 'hashType.hash')
[INFO] [stderr] warning: onig_sys@69.8.1: oniguruma/src/regparse.c:571:1: note: 'str_end_hash' declared here
[INFO] [stderr] warning: onig_sys@69.8.1:   571 | str_end_hash(st_str_end_key* x)
[INFO] [stderr] warning: onig_sys@69.8.1:       | ^~~~~~~~~~~~
[INFO] [stderr] warning: onig_sys@69.8.1: oniguruma/src/regparse.c: In function 'onig_st_init_callout_name_table_with_size':
[INFO] [stderr] warning: onig_sys@69.8.1: oniguruma/src/regparse.c:678:5: error: initialization of 'int (*)(void)' from incompatible pointer type 'int (*)(st_callout_name_key *, st_callout_name_key *)' [-Wincompatible-pointer-types]
[INFO] [stderr] warning: onig_sys@69.8.1:   678 |     callout_name_table_cmp,
[INFO] [stderr] warning: onig_sys@69.8.1:       |     ^~~~~~~~~~~~~~~~~~~~~~
[INFO] [stderr] warning: onig_sys@69.8.1: oniguruma/src/regparse.c:678:5: note: (near initialization for 'hashType.compare')
[INFO] [stderr] warning: onig_sys@69.8.1: oniguruma/src/regparse.c:637:1: note: 'callout_name_table_cmp' declared here
[INFO] [stderr] warning: onig_sys@69.8.1:   637 | callout_name_table_cmp(st_callout_name_key* x, st_callout_name_key* y)
[INFO] [stderr] warning: onig_sys@69.8.1:       | ^~~~~~~~~~~~~~~~~~~~~~
[INFO] [stderr] warning: onig_sys@69.8.1: oniguruma/src/regparse.c:679:5: error: initialization of 'int (*)(void)' from incompatible pointer type 'int (*)(st_callout_name_key *)' [-Wincompatible-pointer-types]
[INFO] [stderr] warning: onig_sys@69.8.1:   679 |     callout_name_table_hash,
[INFO] [stderr] warning: onig_sys@69.8.1:       |     ^~~~~~~~~~~~~~~~~~~~~~~
[INFO] [stderr] warning: onig_sys@69.8.1: oniguruma/src/regparse.c:679:5: note: (near initialization for 'hashType.hash')
[INFO] [stderr] warning: onig_sys@69.8.1: oniguruma/src/regparse.c:660:1: note: 'callout_name_table_hash' declared here
[INFO] [stderr] warning: onig_sys@69.8.1:   660 | callout_name_table_hash(st_callout_name_key* x)
[INFO] [stderr] warning: onig_sys@69.8.1:       | ^~~~~~~~~~~~~~~~~~~~~~~
[INFO] [stderr] warning: onig_sys@69.8.1: oniguruma/src/regparse.c: In function 'names_clear':
[INFO] [stderr] warning: onig_sys@69.8.1: oniguruma/src/regparse.c:804:24: error: passing argument 2 of 'onig_st_foreach' from incompatible pointer type [-Wincompatible-pointer-types]
[INFO] [stderr] warning: onig_sys@69.8.1:   804 |     onig_st_foreach(t, i_free_name_entry, 0);
[INFO] [stderr] warning: onig_sys@69.8.1:       |                        ^~~~~~~~~~~~~~~~~
[INFO] [stderr] warning: onig_sys@69.8.1:       |                        |
[INFO] [stderr] warning: onig_sys@69.8.1:       |                        int (*)(OnigUChar *, NameEntry *, void *) {aka int (*)(unsigned char *, NameEntry *, void *)}
[INFO] [stderr] warning: onig_sys@69.8.1: In file included from oniguruma/src/regparse.c:37:
[INFO] [stderr] warning: onig_sys@69.8.1: oniguruma/src/st.h:55:31: note: expected 'int (*)(void)' but argument is of type 'int (*)(OnigUChar *, NameEntry *, void *)' {aka 'int (*)(unsigned char *, NameEntry *, void *)'}
[INFO] [stderr] warning: onig_sys@69.8.1:    55 | int st_foreach _((st_table *, int (*)(ANYARGS), st_data_t));
[INFO] [stderr] warning: onig_sys@69.8.1:       |                               ^~~~~~~~~~~~~~~~
[INFO] [stderr] warning: onig_sys@69.8.1: oniguruma/src/st.h:35:18: note: in definition of macro '_'
[INFO] [stderr] warning: onig_sys@69.8.1:    35 | # define _(args) args
[INFO] [stderr] warning: onig_sys@69.8.1:       |                  ^~~~
[INFO] [stderr] warning: onig_sys@69.8.1: oniguruma/src/regparse.c:789:1: note: 'i_free_name_entry' declared here
[INFO] [stderr] warning: onig_sys@69.8.1:   789 | i_free_name_entry(UChar* key, NameEntry* e, void* arg ARG_UNUSED)
[INFO] [stderr] warning: onig_sys@69.8.1:       | ^~~~~~~~~~~~~~~~~
[INFO] [stderr] warning: onig_sys@69.8.1: oniguruma/src/regparse.c: In function 'onig_foreach_name':
[INFO] [stderr] warning: onig_sys@69.8.1: oniguruma/src/regparse.c:873:24: error: passing argument 2 of 'onig_st_foreach' from incompatible pointer type [-Wincompatible-pointer-types]
[INFO] [stderr] warning: onig_sys@69.8.1:   873 |     onig_st_foreach(t, i_names, (HashDataType )&narg);
[INFO] [stderr] warning: onig_sys@69.8.1:       |                        ^~~~~~~
[INFO] [stderr] warning: onig_sys@69.8.1:       |                        |
[INFO] [stderr] warning: onig_sys@69.8.1:       |                        int (*)(OnigUChar *, NameEntry *, INamesArg *) {aka int (*)(unsigned char *, NameEntry *, INamesArg *)}
[INFO] [stderr] warning: onig_sys@69.8.1: oniguruma/src/st.h:55:31: note: expected 'int (*)(void)' but argument is of type 'int (*)(OnigUChar *, NameEntry *, INamesArg *)' {aka 'int (*)(unsigned char *, NameEntry *, INamesArg *)'}
[INFO] [stderr] warning: onig_sys@69.8.1:    55 | int st_foreach _((st_table *, int (*)(ANYARGS), st_data_t));
[INFO] [stderr] warning: onig_sys@69.8.1:       |                               ^~~~~~~~~~~~~~~~
[INFO] [stderr] warning: onig_sys@69.8.1: oniguruma/src/st.h:35:18: note: in definition of macro '_'
[INFO] [stderr] warning: onig_sys@69.8.1:    35 | # define _(args) args
[INFO] [stderr] warning: onig_sys@69.8.1:       |                  ^~~~
[INFO] [stderr] warning: onig_sys@69.8.1: oniguruma/src/regparse.c:846:1: note: 'i_names' declared here
[INFO] [stderr] warning: onig_sys@69.8.1:   846 | i_names(UChar* key ARG_UNUSED, NameEntry* e, INamesArg* arg)
[INFO] [stderr] warning: onig_sys@69.8.1:       | ^~~~~~~
[INFO] [stderr] warning: onig_sys@69.8.1: oniguruma/src/regparse.c: In function 'onig_renumber_name_table':
[INFO] [stderr] warning: onig_sys@69.8.1: oniguruma/src/regparse.c:901:24: error: passing argument 2 of 'onig_st_foreach' from incompatible pointer type [-Wincompatible-pointer-types]
[INFO] [stderr] warning: onig_sys@69.8.1:   901 |     onig_st_foreach(t, i_renumber_name, (HashDataType )map);
[INFO] [stderr] warning: onig_sys@69.8.1:       |                        ^~~~~~~~~~~~~~~
[INFO] [stderr] warning: onig_sys@69.8.1:       |                        |
[INFO] [stderr] warning: onig_sys@69.8.1:       |                        int (*)(OnigUChar *, NameEntry *, GroupNumMap *) {aka int (*)(unsigned char *, NameEntry *, GroupNumMap *)}
[INFO] [stderr] warning: onig_sys@69.8.1: oniguruma/src/st.h:55:31: note: expected 'int (*)(void)' but argument is of type 'int (*)(OnigUChar *, NameEntry *, GroupNumMap *)' {aka 'int (*)(unsigned char *, NameEntry *, GroupNumMap *)'}
[INFO] [stderr] warning: onig_sys@69.8.1:    55 | int st_foreach _((st_table *, int (*)(ANYARGS), st_data_t));
[INFO] [stderr] warning: onig_sys@69.8.1:       |                               ^~~~~~~~~~~~~~~~
[INFO] [stderr] warning: onig_sys@69.8.1: oniguruma/src/st.h:35:18: note: in definition of macro '_'
[INFO] [stderr] warning: onig_sys@69.8.1:    35 | # define _(args) args
[INFO] [stderr] warning: onig_sys@69.8.1:       |                  ^~~~
[INFO] [stderr] warning: onig_sys@69.8.1: oniguruma/src/regparse.c:879:1: note: 'i_renumber_name' declared here
[INFO] [stderr] warning: onig_sys@69.8.1:   879 | i_renumber_name(UChar* key ARG_UNUSED, NameEntry* e, GroupNumMap* map)
[INFO] [stderr] warning: onig_sys@69.8.1:       | ^~~~~~~~~~~~~~~
[INFO] [stderr] warning: onig_sys@69.8.1: oniguruma/src/regparse.c: In function 'callout_name_table_clear':
[INFO] [stderr] warning: onig_sys@69.8.1: oniguruma/src/regparse.c:1386:24: error: passing argument 2 of 'onig_st_foreach' from incompatible pointer type [-Wincompatible-pointer-types]
[INFO] [stderr] warning: onig_sys@69.8.1:  1386 |     onig_st_foreach(t, i_free_callout_name_entry, 0);
[INFO] [stderr] warning: onig_sys@69.8.1:       |                        ^~~~~~~~~~~~~~~~~~~~~~~~~
[INFO] [stderr] warning: onig_sys@69.8.1:       |                        |
[INFO] [stderr] warning: onig_sys@69.8.1:       |                        int (*)(st_callout_name_key *, CalloutNameEntry *, void *)
[INFO] [stderr] warning: onig_sys@69.8.1: oniguruma/src/st.h:55:31: note: expected 'int (*)(void)' but argument is of type 'int (*)(st_callout_name_key *, CalloutNameEntry *, void *)'
[INFO] [stderr] warning: onig_sys@69.8.1:    55 | int st_foreach _((st_table *, int (*)(ANYARGS), st_data_t));
[INFO] [stderr] warning: onig_sys@69.8.1:       |                               ^~~~~~~~~~~~~~~~
[INFO] [stderr] warning: onig_sys@69.8.1: oniguruma/src/st.h:35:18: note: in definition of macro '_'
[INFO] [stderr] warning: onig_sys@69.8.1:    35 | # define _(args) args
[INFO] [stderr] warning: onig_sys@69.8.1:       |                  ^~~~
[INFO] [stderr] warning: onig_sys@69.8.1: oniguruma/src/regparse.c:1370:1: note: 'i_free_callout_name_entry' declared here
[INFO] [stderr] warning: onig_sys@69.8.1:  1370 | i_free_callout_name_entry(st_callout_name_key* key, CalloutNameEntry* e,
[INFO] [stderr] warning: onig_sys@69.8.1:       | ^~~~~~~~~~~~~~~~~~~~~~~~~
[INFO] [stderr] warning: onig_sys@69.8.1: oniguruma/src/regparse.c: In function 'setup_ext_callout_list_values':
[INFO] [stderr] warning: onig_sys@69.8.1: oniguruma/src/regparse.c:1884:56: error: passing argument 2 of 'onig_st_foreach' from incompatible pointer type [-Wincompatible-pointer-types]
[INFO] [stderr] warning: onig_sys@69.8.1:  1884 |     onig_st_foreach((CalloutTagTable *)ext->tag_table, i_callout_callout_list_set,
[INFO] [stderr] warning: onig_sys@69.8.1:       |                                                        ^~~~~~~~~~~~~~~~~~~~~~~~~~
[INFO] [stderr] warning: onig_sys@69.8.1:       |                                                        |
[INFO] [stderr] warning: onig_sys@69.8.1:       |                                                        int (*)(OnigUChar *, CalloutTagVal,  void *) {aka int (*)(unsigned char *, long int,  void *)}
[INFO] [stderr] warning: onig_sys@69.8.1: oniguruma/src/st.h:55:31: note: expected 'int (*)(void)' but argument is of type 'int (*)(OnigUChar *, CalloutTagVal,  void *)' {aka 'int (*)(unsigned char *, long int,  void *)'}
[INFO] [stderr] warning: onig_sys@69.8.1:    55 | int st_foreach _((st_table *, int (*)(ANYARGS), st_data_t));
[INFO] [stderr] warning: onig_sys@69.8.1:       |                               ^~~~~~~~~~~~~~~~
[INFO] [stderr] warning: onig_sys@69.8.1: oniguruma/src/st.h:35:18: note: in definition of macro '_'
[INFO] [stderr] warning: onig_sys@69.8.1:    35 | # define _(args) args
[INFO] [stderr] warning: onig_sys@69.8.1:       |                  ^~~~
[INFO] [stderr] warning: onig_sys@69.8.1: oniguruma/src/regparse.c:1866:1: note: 'i_callout_callout_list_set' declared here
[INFO] [stderr] warning: onig_sys@69.8.1:  1866 | i_callout_callout_list_set(UChar* key, CalloutTagVal e, void* arg)
[INFO] [stderr] warning: onig_sys@69.8.1:       | ^~~~~~~~~~~~~~~~~~~~~~~~~~
[INFO] [stderr] warning: onig_sys@69.8.1: oniguruma/src/regparse.c: In function 'callout_tag_table_clear':
[INFO] [stderr] warning: onig_sys@69.8.1: oniguruma/src/regparse.c:1932:24: error: passing argument 2 of 'onig_st_foreach' from incompatible pointer type [-Wincompatible-pointer-types]
[INFO] [stderr] warning: onig_sys@69.8.1:  1932 |     onig_st_foreach(t, i_free_callout_tag_entry, 0);
[INFO] [stderr] warning: onig_sys@69.8.1:       |                        ^~~~~~~~~~~~~~~~~~~~~~~~
[INFO] [stderr] warning: onig_sys@69.8.1:       |                        |
[INFO] [stderr] warning: onig_sys@69.8.1:       |                        int (*)(OnigUChar *, CalloutTagVal,  void *) {aka int (*)(unsigned char *, long int,  void *)}
[INFO] [stderr] warning: onig_sys@69.8.1: oniguruma/src/st.h:55:31: note: expected 'int (*)(void)' but argument is of type 'int (*)(OnigUChar *, CalloutTagVal,  void *)' {aka 'int (*)(unsigned char *, long int,  void *)'}
[INFO] [stderr] warning: onig_sys@69.8.1:    55 | int st_foreach _((st_table *, int (*)(ANYARGS), st_data_t));
[INFO] [stderr] warning: onig_sys@69.8.1:       |                               ^~~~~~~~~~~~~~~~
[INFO] [stderr] warning: onig_sys@69.8.1: oniguruma/src/st.h:35:18: note: in definition of macro '_'
[INFO] [stderr] warning: onig_sys@69.8.1:    35 | # define _(args) args
[INFO] [stderr] warning: onig_sys@69.8.1:       |                  ^~~~
[INFO] [stderr] warning: onig_sys@69.8.1: oniguruma/src/regparse.c:1922:1: note: 'i_free_callout_tag_entry' declared here
[INFO] [stderr] warning: onig_sys@69.8.1:  1922 | i_free_callout_tag_entry(UChar* key, CalloutTagVal e, void* arg ARG_UNUSED)
[INFO] [stderr] warning: onig_sys@69.8.1:       | ^~~~~~~~~~~~~~~~~~~~~~~~
[INFO] [stderr] warning: onig_sys@69.8.1: ToolExecError: Command LC_ALL="C" "cc" "-O0" "-ffunction-sections" "-fdata-sections" "-fPIC" "-gdwarf-4" "-fno-omit-frame-pointer" "-m64" "-I" "/opt/rustwide/target/debug/build/onig_sys/8c22454a66b478b4/out" "-I" "oniguruma/src" "-DHAVE_UNISTD_H=1" "-DHAVE_SYS_TYPES_H=1" "-DHAVE_SYS_TIME_H=1" "-o" "/opt/rustwide/target/debug/build/onig_sys/8c22454a66b478b4/out/a445302c6d3dcb51-regparse.o" "-c" "oniguruma/src/regparse.c" with args cc did not execute successfully (status code exit status: 1).cargo:warning=oniguruma/src/st.c:38:5: error: initialization of 'int (*)(void)' from incompatible pointer type 'int (*)(long int,  long int)' [-Wincompatible-pointer-types]
[INFO] [stderr] warning: onig_sys@69.8.1:    38 |     numcmp,
[INFO] [stderr] warning: onig_sys@69.8.1:       |     ^~~~~~
[INFO] [stderr] warning: onig_sys@69.8.1: oniguruma/src/st.c:38:5: note: (near initialization for 'type_numhash.compare')
[INFO] [stderr] warning: onig_sys@69.8.1: oniguruma/src/st.c:35:12: note: 'numcmp' declared here
[INFO] [stderr] warning: onig_sys@69.8.1:    35 | static int numcmp(long, long);
[INFO] [stderr] warning: onig_sys@69.8.1:       |            ^~~~~~
[INFO] [stderr] warning: onig_sys@69.8.1: oniguruma/src/st.c:39:5: error: initialization of 'int (*)(void)' from incompatible pointer type 'int (*)(long int)' [-Wincompatible-pointer-types]
[INFO] [stderr] warning: onig_sys@69.8.1:    39 |     numhash,
[INFO] [stderr] warning: onig_sys@69.8.1:       |     ^~~~~~~
[INFO] [stderr] warning: onig_sys@69.8.1: oniguruma/src/st.c:39:5: note: (near initialization for 'type_numhash.hash')
[INFO] [stderr] warning: onig_sys@69.8.1: oniguruma/src/st.c:36:12: note: 'numhash' declared here
[INFO] [stderr] warning: onig_sys@69.8.1:    36 | static int numhash(long);
[INFO] [stderr] warning: onig_sys@69.8.1:       |            ^~~~~~~
[INFO] [stderr] warning: onig_sys@69.8.1: oniguruma/src/st.c:45:5: error: initialization of 'int (*)(void)' from incompatible pointer type 'int (*)(const char *, const char *)' [-Wincompatible-pointer-types]
[INFO] [stderr] warning: onig_sys@69.8.1:    45 |     strcmp,
[INFO] [stderr] warning: onig_sys@69.8.1:       |     ^~~~~~
[INFO] [stderr] warning: onig_sys@69.8.1: oniguruma/src/st.c:45:5: note: (near initialization for 'type_strhash.compare')
[INFO] [stderr] warning: onig_sys@69.8.1: In file included from oniguruma/src/regint.h:111,
[INFO] [stderr] warning: onig_sys@69.8.1:                  from oniguruma/src/st.c:9:
[INFO] [stderr] warning: onig_sys@69.8.1: /usr/include/string.h:171:12: note: 'strcmp' declared here
[INFO] [stderr] warning: onig_sys@69.8.1:   171 | extern int strcmp (const char *__s1, const char *__s2)
[INFO] [stderr] warning: onig_sys@69.8.1:       |            ^~~~~~
[INFO] [stderr] warning: onig_sys@69.8.1: oniguruma/src/st.c:46:5: error: initialization of 'int (*)(void)' from incompatible pointer type 'int (*)(const char *)' [-Wincompatible-pointer-types]
[INFO] [stderr] warning: onig_sys@69.8.1:    46 |     strhash,
[INFO] [stderr] warning: onig_sys@69.8.1:       |     ^~~~~~~
[INFO] [stderr] warning: onig_sys@69.8.1: oniguruma/src/st.c:46:5: note: (near initialization for 'type_strhash.hash')
[INFO] [stderr] warning: onig_sys@69.8.1: oniguruma/src/st.c:43:12: note: 'strhash' declared here
[INFO] [stderr] warning: onig_sys@69.8.1:    43 | static int strhash(const char *);
[INFO] [stderr] warning: onig_sys@69.8.1:       |            ^~~~~~~
[INFO] [stderr] warning: onig_sys@69.8.1: oniguruma/src/st.c: In function 'new_size':
[INFO] [stderr] warning: onig_sys@69.8.1: oniguruma/src/st.c:101:1: warning: old-style function definition [-Wold-style-definition]
[INFO] [stderr] warning: onig_sys@69.8.1:   101 | new_size(size)
[INFO] [stderr] warning: onig_sys@69.8.1:       | ^~~~~~~~
[INFO] [stderr] warning: onig_sys@69.8.1: oniguruma/src/st.c: In function 'onig_st_init_table_with_size':
[INFO] [stderr] warning: onig_sys@69.8.1: oniguruma/src/regint.h:220:37: warning: old-style function definition [-Wold-style-definition]
[INFO] [stderr] warning: onig_sys@69.8.1:   220 | #define st_init_table_with_size     onig_st_init_table_with_size
[INFO] [stderr] warning: onig_sys@69.8.1:       |                                     ^~~~~~~~~~~~~~~~~~~~~~~~~~~~
[INFO] [stderr] warning: onig_sys@69.8.1: oniguruma/src/st.c:140:1: note: in expansion of macro 'st_init_table_with_size'
[INFO] [stderr] warning: onig_sys@69.8.1:   140 | st_init_table_with_size(type, size)
[INFO] [stderr] warning: onig_sys@69.8.1:       | ^~~~~~~~~~~~~~~~~~~~~~~
[INFO] [stderr] warning: onig_sys@69.8.1: oniguruma/src/st.c: In function 'onig_st_init_table':
[INFO] [stderr] warning: onig_sys@69.8.1: oniguruma/src/regint.h:219:37: warning: old-style function definition [-Wold-style-definition]
[INFO] [stderr] warning: onig_sys@69.8.1:   219 | #define st_init_table               onig_st_init_table
[INFO] [stderr] warning: onig_sys@69.8.1:       |                                     ^~~~~~~~~~~~~~~~~~
[INFO] [stderr] warning: onig_sys@69.8.1: oniguruma/src/st.c:172:1: note: in expansion of macro 'st_init_table'
[INFO] [stderr] warning: onig_sys@69.8.1:   172 | st_init_table(type)
[INFO] [stderr] warning: onig_sys@69.8.1:       | ^~~~~~~~~~~~~
[INFO] [stderr] warning: onig_sys@69.8.1: oniguruma/src/st.c: In function 'onig_st_init_numtable_with_size':
[INFO] [stderr] warning: onig_sys@69.8.1: oniguruma/src/regint.h:222:37: warning: old-style function definition [-Wold-style-definition]
[INFO] [stderr] warning: onig_sys@69.8.1:   222 | #define st_init_numtable_with_size  onig_st_init_numtable_with_size
[INFO] [stderr] warning: onig_sys@69.8.1:       |                                     ^~~~~~~~~~~~~~~~~~~~~~~~~~~~~~~
[INFO] [stderr] warning: onig_sys@69.8.1: oniguruma/src/st.c:185:1: note: in expansion of macro 'st_init_numtable_with_size'
[INFO] [stderr] warning: onig_sys@69.8.1:   185 | st_init_numtable_with_size(size)
[INFO] [stderr] warning: onig_sys@69.8.1:       | ^~~~~~~~~~~~~~~~~~~~~~~~~~
[INFO] [stderr] warning: onig_sys@69.8.1: oniguruma/src/st.c: In function 'onig_st_init_strtable_with_size':
[INFO] [stderr] warning: onig_sys@69.8.1: oniguruma/src/regint.h:224:37: warning: old-style function definition [-Wold-style-definition]
[INFO] [stderr] warning: onig_sys@69.8.1:   224 | #define st_init_strtable_with_size  onig_st_init_strtable_with_size
[INFO] [stderr] warning: onig_sys@69.8.1:       |                                     ^~~~~~~~~~~~~~~~~~~~~~~~~~~~~~~
[INFO] [stderr] warning: onig_sys@69.8.1: oniguruma/src/st.c:198:1: note: in expansion of macro 'st_init_strtable_with_size'
[INFO] [stderr] warning: onig_sys@69.8.1:   198 | st_init_strtable_with_size(size)
[INFO] [stderr] warning: onig_sys@69.8.1:       | ^~~~~~~~~~~~~~~~~~~~~~~~~~
[INFO] [stderr] warning: onig_sys@69.8.1: oniguruma/src/st.c: In function 'onig_st_free_table':
[INFO] [stderr] warning: onig_sys@69.8.1: oniguruma/src/regint.h:231:37: warning: old-style function definition [-Wold-style-definition]
[INFO] [stderr] warning: onig_sys@69.8.1:   231 | #define st_free_table               onig_st_free_table
[INFO] [stderr] warning: onig_sys@69.8.1:       |                                     ^~~~~~~~~~~~~~~~~~
[INFO] [stderr] warning: onig_sys@69.8.1: oniguruma/src/st.c:205:1: note: in expansion of macro 'st_free_table'
[INFO] [stderr] warning: onig_sys@69.8.1:   205 | st_free_table(table)
[INFO] [stderr] warning: onig_sys@69.8.1:       | ^~~~~~~~~~~~~
[INFO] [stderr] warning: onig_sys@69.8.1: oniguruma/src/st.c: In function 'onig_st_lookup':
[INFO] [stderr] warning: onig_sys@69.8.1: oniguruma/src/regint.h:228:37: warning: old-style function definition [-Wold-style-definition]
[INFO] [stderr] warning: onig_sys@69.8.1:   228 | #define st_lookup                   onig_st_lookup
[INFO] [stderr] warning: onig_sys@69.8.1:       |                                     ^~~~~~~~~~~~~~
[INFO] [stderr] warning: onig_sys@69.8.1: oniguruma/src/st.c:245:1: note: in expansion of macro 'st_lookup'
[INFO] [stderr] warning: onig_sys@69.8.1:   245 | st_lookup(table, key, value)
[INFO] [stderr] warning: onig_sys@69.8.1:       | ^~~~~~~~~
[INFO] [stderr] warning: onig_sys@69.8.1: oniguruma/src/st.c:56:43: error: too many arguments to function 'table->type->hash'; expected 0, have 1
[INFO] [stderr] warning: onig_sys@69.8.1:    56 | #define do_hash(key,table) (unsigned int)(*(table)->type->hash)((key))
[INFO] [stderr] warning: onig_sys@69.8.1:       |                                          ~^~~~~~~~~~~~~~~~~~~~~ ~~~~~
[INFO] [stderr] warning: onig_sys@69.8.1: oniguruma/src/st.c:253:14: note: in expansion of macro 'do_hash'
[INFO] [stderr] warning: onig_sys@69.8.1:   253 |   hash_val = do_hash(key, table);
[INFO] [stderr] warning: onig_sys@69.8.1:       |              ^~~~~~~
[INFO] [stderr] warning: onig_sys@69.8.1: In file included from oniguruma/src/st.c:10:
[INFO] [stderr] warning: onig_sys@69.8.1: oniguruma/src/st.h:20:11: note: declared here
[INFO] [stderr] warning: onig_sys@69.8.1:    20 |     int (*hash)();
[INFO] [stderr] warning: onig_sys@69.8.1:       |           ^~~~
[INFO] [stderr] warning: onig_sys@69.8.1: oniguruma/src/st.c:54:40: error: too many arguments to function 'table->type->compare'; expected 0, have 2
[INFO] [stderr] warning: onig_sys@69.8.1:    54 | #define EQUAL(table,x,y) ((x)==(y) || (*table->type->compare)((x),(y)) == 0)
[INFO] [stderr] warning: onig_sys@69.8.1:       |                                       ~^~~~~~~~~~~~~~~~~~~~~~ ~~~
[INFO] [stderr] warning: onig_sys@69.8.1: oniguruma/src/st.c:224:45: note: in expansion of macro 'EQUAL'
[INFO] [stderr] warning: onig_sys@69.8.1:   224 | ((ptr) != 0 && (ptr->hash != (hash_val) || !EQUAL((table), (key), (ptr)->key)))
[INFO] [stderr] warning: onig_sys@69.8.1:       |                                             ^~~~~
[INFO] [stderr] warning: onig_sys@69.8.1: oniguruma/src/st.c:235:9: note: in expansion of macro 'PTR_NOT_EQUAL'
[INFO] [stderr] warning: onig_sys@69.8.1:   235 |     if (PTR_NOT_EQUAL(table, ptr, hash_val, key)) {\
[INFO] [stderr] warning: onig_sys@69.8.1:       |         ^~~~~~~~~~~~~
[INFO] [stderr] warning: onig_sys@69.8.1: oniguruma/src/st.c:254:3: note: in expansion of macro 'FIND_ENTRY'
[INFO] [stderr] warning: onig_sys@69.8.1:   254 |   FIND_ENTRY(table, ptr, hash_val, bin_pos);
[INFO] [stderr] warning: onig_sys@69.8.1:       |   ^~~~~~~~~~
[INFO] [stderr] warning: onig_sys@69.8.1: oniguruma/src/st.h:19:11: note: declared here
[INFO] [stderr] warning: onig_sys@69.8.1:    19 |     int (*compare)();
[INFO] [stderr] warning: onig_sys@69.8.1:       |           ^~~~~~~
[INFO] [stderr] warning: onig_sys@69.8.1: oniguruma/src/st.c:54:40: error: too many arguments to function 'table->type->compare'; expected 0, have 2
[INFO] [stderr] warning: onig_sys@69.8.1:    54 | #define EQUAL(table,x,y) ((x)==(y) || (*table->type->compare)((x),(y)) == 0)
[INFO] [stderr] warning: onig_sys@69.8.1:       |                                       ~^~~~~~~~~~~~~~~~~~~~~~ ~~~
[INFO] [stderr] warning: onig_sys@69.8.1: oniguruma/src/st.c:224:45: note: in expansion of macro 'EQUAL'
[INFO] [stderr] warning: onig_sys@69.8.1:   224 | ((ptr) != 0 && (ptr->hash != (hash_val) || !EQUAL((table), (key), (ptr)->key)))
[INFO] [stderr] warning: onig_sys@69.8.1:       |                                             ^~~~~
[INFO] [stderr] warning: onig_sys@69.8.1: oniguruma/src/st.c:237:14: note: in expansion of macro 'PTR_NOT_EQUAL'
[INFO] [stderr] warning: onig_sys@69.8.1:   237 |       while (PTR_NOT_EQUAL(table, ptr->next, hash_val, key)) {\
[INFO] [stderr] warning: onig_sys@69.8.1:       |              ^~~~~~~~~~~~~
[INFO] [stderr] warning: onig_sys@69.8.1: oniguruma/src/st.c:254:3: note: in expansion of macro 'FIND_ENTRY'
[INFO] [stderr] warning: onig_sys@69.8.1:   254 |   FIND_ENTRY(table, ptr, hash_val, bin_pos);
[INFO] [stderr] warning: onig_sys@69.8.1:       |   ^~~~~~~~~~
[INFO] [stderr] warning: onig_sys@69.8.1: oniguruma/src/st.h:19:11: note: declared here
[INFO] [stderr] warning: onig_sys@69.8.1:    19 |     int (*compare)();
[INFO] [stderr] warning: onig_sys@69.8.1:       |           ^~~~~~~
[INFO] [stderr] warning: onig_sys@69.8.1: oniguruma/src/st.c: In function 'onig_st_insert':
[INFO] [stderr] warning: onig_sys@69.8.1: oniguruma/src/regint.h:227:37: warning: old-style function definition [-Wold-style-definition]
[INFO] [stderr] warning: onig_sys@69.8.1:   227 | #define st_insert                   onig_st_insert
[INFO] [stderr] warning: onig_sys@69.8.1:       |                                     ^~~~~~~~~~~~~~
[INFO] [stderr] warning: onig_sys@69.8.1: oniguruma/src/st.c:283:1: note: in expansion of macro 'st_insert'
[INFO] [stderr] warning: onig_sys@69.8.1:   283 | st_insert(table, key, value)
[INFO] [stderr] warning: onig_sys@69.8.1:       | ^~~~~~~~~
[INFO] [stderr] warning: onig_sys@69.8.1: oniguruma/src/st.c:56:43: error: too many arguments to function 'table->type->hash'; expected 0, have 1
[INFO] [stderr] warning: onig_sys@69.8.1:    56 | #define do_hash(key,table) (unsigned int)(*(table)->type->hash)((key))
[INFO] [stderr] warning: onig_sys@69.8.1:       |                                          ~^~~~~~~~~~~~~~~~~~~~~ ~~~~~
[INFO] [stderr] warning: onig_sys@69.8.1: oniguruma/src/st.c:291:14: note: in expansion of macro 'do_hash'
[INFO] [stderr] warning: onig_sys@69.8.1:   291 |   hash_val = do_hash(key, table);
[INFO] [stderr] warning: onig_sys@69.8.1:       |              ^~~~~~~
[INFO] [stderr] warning: onig_sys@69.8.1: oniguruma/src/st.h:20:11: note: declared here
[INFO] [stderr] warning: onig_sys@69.8.1:    20 |     int (*hash)();
[INFO] [stderr] warning: onig_sys@69.8.1:       |           ^~~~
[INFO] [stderr] warning: onig_sys@69.8.1: oniguruma/src/st.c:54:40: error: too many arguments to function 'table->type->compare'; expected 0, have 2
[INFO] [stderr] warning: onig_sys@69.8.1:    54 | #define EQUAL(table,x,y) ((x)==(y) || (*table->type->compare)((x),(y)) == 0)
[INFO] [stderr] warning: onig_sys@69.8.1:       |                                       ~^~~~~~~~~~~~~~~~~~~~~~ ~~~
[INFO] [stderr] warning: onig_sys@69.8.1: oniguruma/src/st.c:224:45: note: in expansion of macro 'EQUAL'
[INFO] [stderr] warning: onig_sys@69.8.1:   224 | ((ptr) != 0 && (ptr->hash != (hash_val) || !EQUAL((table), (key), (ptr)->key)))
[INFO] [stderr] warning: onig_sys@69.8.1:       |                                             ^~~~~
[INFO] [stderr] warning: onig_sys@69.8.1: oniguruma/src/st.c:235:9: note: in expansion of macro 'PTR_NOT_EQUAL'
[INFO] [stderr] warning: onig_sys@69.8.1:   235 |     if (PTR_NOT_EQUAL(table, ptr, hash_val, key)) {\
[INFO] [stderr] warning: onig_sys@69.8.1:       |         ^~~~~~~~~~~~~
[INFO] [stderr] warning: onig_sys@69.8.1: oniguruma/src/st.c:292:3: note: in expansion of macro 'FIND_ENTRY'
[INFO] [stderr] warning: onig_sys@69.8.1:   292 |   FIND_ENTRY(table, ptr, hash_val, bin_pos);
[INFO] [stderr] warning: onig_sys@69.8.1:       |   ^~~~~~~~~~
[INFO] [stderr] warning: onig_sys@69.8.1: oniguruma/src/st.h:19:11: note: declared here
[INFO] [stderr] warning: onig_sys@69.8.1:    19 |     int (*compare)();
[INFO] [stderr] warning: onig_sys@69.8.1:       |           ^~~~~~~
[INFO] [stderr] warning: onig_sys@69.8.1: oniguruma/src/st.c:54:40: error: too many arguments to function 'table->type->compare'; expected 0, have 2
[INFO] [stderr] warning: onig_sys@69.8.1:    54 | #define EQUAL(table,x,y) ((x)==(y) || (*table->type->compare)((x),(y)) == 0)
[INFO] [stderr] warning: onig_sys@69.8.1:       |                                       ~^~~~~~~~~~~~~~~~~~~~~~ ~~~
[INFO] [stderr] warning: onig_sys@69.8.1: oniguruma/src/st.c:224:45: note: in expansion of macro 'EQUAL'
[INFO] [stderr] warning: onig_sys@69.8.1:   224 | ((ptr) != 0 && (ptr->hash != (hash_val) || !EQUAL((table), (key), (ptr)->key)))
[INFO] [stderr] warning: onig_sys@69.8.1:       |                                             ^~~~~
[INFO] [stderr] warning: onig_sys@69.8.1: oniguruma/src/st.c:237:14: note: in expansion of macro 'PTR_NOT_EQUAL'
[INFO] [stderr] warning: onig_sys@69.8.1:   237 |       while (PTR_NOT_EQUAL(table, ptr->next, hash_val, key)) {\
[INFO] [stderr] warning: onig_sys@69.8.1:       |              ^~~~~~~~~~~~~
[INFO] [stderr] warning: onig_sys@69.8.1: oniguruma/src/st.c:292:3: note: in expansion of macro 'FIND_ENTRY'
[INFO] [stderr] warning: onig_sys@69.8.1:   292 |   FIND_ENTRY(table, ptr, hash_val, bin_pos);
[INFO] [stderr] warning: onig_sys@69.8.1:       |   ^~~~~~~~~~
[INFO] [stderr] warning: onig_sys@69.8.1: oniguruma/src/st.h:19:11: note: declared here
[INFO] [stderr] warning: onig_sys@69.8.1:    19 |     int (*compare)();
[INFO] [stderr] warning: onig_sys@69.8.1:       |           ^~~~~~~
[INFO] [stderr] warning: onig_sys@69.8.1: oniguruma/src/st.c: In function 'onig_st_add_direct':
[INFO] [stderr] warning: onig_sys@69.8.1: oniguruma/src/regint.h:230:37: warning: old-style function definition [-Wold-style-definition]
[INFO] [stderr] warning: onig_sys@69.8.1:   230 | #define st_add_direct               onig_st_add_direct
[INFO] [stderr] warning: onig_sys@69.8.1:       |                                     ^~~~~~~~~~~~~~~~~~
[INFO] [stderr] warning: onig_sys@69.8.1: oniguruma/src/st.c:305:1: note: in expansion of macro 'st_add_direct'
[INFO] [stderr] warning: onig_sys@69.8.1:   305 | st_add_direct(table, key, value)
[INFO] [stderr] warning: onig_sys@69.8.1:       | ^~~~~~~~~~~~~
[INFO] [stderr] warning: onig_sys@69.8.1: oniguruma/src/st.c:56:43: error: too many arguments to function 'table->type->hash'; expected 0, have 1
[INFO] [stderr] warning: onig_sys@69.8.1:    56 | #define do_hash(key,table) (unsigned int)(*(table)->type->hash)((key))
[INFO] [stderr] warning: onig_sys@69.8.1:       |                                          ~^~~~~~~~~~~~~~~~~~~~~ ~~~~~
[INFO] [stderr] warning: onig_sys@69.8.1: oniguruma/src/st.c:312:14: note: in expansion of macro 'do_hash'
[INFO] [stderr] warning: onig_sys@69.8.1:   312 |   hash_val = do_hash(key, table);
[INFO] [stderr] warning: onig_sys@69.8.1:       |              ^~~~~~~
[INFO] [stderr] warning: onig_sys@69.8.1: oniguruma/src/st.h:20:11: note: declared here
[INFO] [stderr] warning: onig_sys@69.8.1:    20 |     int (*hash)();
[INFO] [stderr] warning: onig_sys@69.8.1:       |           ^~~~
[INFO] [stderr] warning: onig_sys@69.8.1: oniguruma/src/st.c: In function 'rehash':
[INFO] [stderr] warning: onig_sys@69.8.1: oniguruma/src/st.c:318:1: warning: old-style function definition [-Wold-style-definition]
[INFO] [stderr] warning: onig_sys@69.8.1:   318 | rehash(table)
[INFO] [stderr] warning: onig_sys@69.8.1:       | ^~~~~~
[INFO] [stderr] warning: onig_sys@69.8.1: oniguruma/src/st.c: In function 'onig_st_copy':
[INFO] [stderr] warning: onig_sys@69.8.1: oniguruma/src/regint.h:233:37: warning: old-style function definition [-Wold-style-definition]
[INFO] [stderr] warning: onig_sys@69.8.1:   233 | #define st_copy                     onig_st_copy
[INFO] [stderr] warning: onig_sys@69.8.1:       |                                     ^~~~~~~~~~~~
[INFO] [stderr] warning: onig_sys@69.8.1: oniguruma/src/st.c:350:1: note: in expansion of macro 'st_copy'
[INFO] [stderr] warning: onig_sys@69.8.1:   350 | st_copy(old_table)
[INFO] [stderr] warning: onig_sys@69.8.1:       | ^~~~~~~
[INFO] [stderr] warning: onig_sys@69.8.1: oniguruma/src/st.c: In function 'onig_st_delete':
[INFO] [stderr] warning: onig_sys@69.8.1: oniguruma/src/regint.h:225:37: warning: old-style function definition [-Wold-style-definition]
[INFO] [stderr] warning: onig_sys@69.8.1:   225 | #define st_delete                   onig_st_delete
[INFO] [stderr] warning: onig_sys@69.8.1:       |                                     ^~~~~~~~~~~~~~
[INFO] [stderr] warning: onig_sys@69.8.1: oniguruma/src/st.c:391:1: note: in expansion of macro 'st_delete'
[INFO] [stderr] warning: onig_sys@69.8.1:   391 | st_delete(table, key, value)
[INFO] [stderr] warning: onig_sys@69.8.1:       | ^~~~~~~~~
[INFO] [stderr] warning: onig_sys@69.8.1: oniguruma/src/st.c:56:43: error: too many arguments to function 'table->type->hash'; expected 0, have 1
[INFO] [stderr] warning: onig_sys@69.8.1:    56 | #define do_hash(key,table) (unsigned int)(*(table)->type->hash)((key))
[INFO] [stderr] warning: onig_sys@69.8.1:       |                                          ~^~~~~~~~~~~~~~~~~~~~~ ~~~~~
[INFO] [stderr] warning: onig_sys@69.8.1: oniguruma/src/st.c:57:33: note: in expansion of macro 'do_hash'
[INFO] [stderr] warning: onig_sys@69.8.1:    57 | #define do_hash_bin(key,table) (do_hash(key, table)%(table)->num_bins)
[INFO] [stderr] warning: onig_sys@69.8.1:       |                                 ^~~~~~~
[INFO] [stderr] warning: onig_sys@69.8.1: oniguruma/src/st.c:400:14: note: in expansion of macro 'do_hash_bin'
[INFO] [stderr] warning: onig_sys@69.8.1:   400 |   hash_val = do_hash_bin(*key, table);
[INFO] [stderr] warning: onig_sys@69.8.1:       |              ^~~~~~~~~~~
[INFO] [stderr] warning: onig_sys@69.8.1: oniguruma/src/st.h:20:11: note: declared here
[INFO] [stderr] warning: onig_sys@69.8.1:    20 |     int (*hash)();
[INFO] [stderr] warning: onig_sys@69.8.1:       |           ^~~~
[INFO] [stderr] warning: onig_sys@69.8.1: oniguruma/src/st.c:54:40: error: too many arguments to function 'table->type->compare'; expected 0, have 2
[INFO] [stderr] warning: onig_sys@69.8.1:    54 | #define EQUAL(table,x,y) ((x)==(y) || (*table->type->compare)((x),(y)) == 0)
[INFO] [stderr] warning: onig_sys@69.8.1:       |                                       ~^~~~~~~~~~~~~~~~~~~~~~ ~~~
[INFO] [stderr] warning: onig_sys@69.8.1: oniguruma/src/st.c:408:7: note: in expansion of macro 'EQUAL'
[INFO] [stderr] warning: onig_sys@69.8.1:   408 |   if (EQUAL(table, *key, ptr->key)) {
[INFO] [stderr] warning: onig_sys@69.8.1:       |       ^~~~~
[INFO] [stderr] warning: onig_sys@69.8.1: oniguruma/src/st.h:19:11: note: declared here
[INFO] [stderr] warning: onig_sys@69.8.1:    19 |     int (*compare)();
[INFO] [stderr] warning: onig_sys@69.8.1:       |           ^~~~~~~
[INFO] [stderr] warning: onig_sys@69.8.1: oniguruma/src/st.c:54:40: error: too many arguments to function 'table->type->compare'; expected 0, have 2
[INFO] [stderr] warning: onig_sys@69.8.1:    54 | #define EQUAL(table,x,y) ((x)==(y) || (*table->type->compare)((x),(y)) == 0)
[INFO] [stderr] warning: onig_sys@69.8.1:       |                                       ~^~~~~~~~~~~~~~~~~~~~~~ ~~~
[INFO] [stderr] warning: onig_sys@69.8.1: oniguruma/src/st.c:418:9: note: in expansion of macro 'EQUAL'
[INFO] [stderr] warning: onig_sys@69.8.1:   418 |     if (EQUAL(table, ptr->next->key, *key)) {
[INFO] [stderr] warning: onig_sys@69.8.1:       |         ^~~~~
[INFO] [stderr] warning: onig_sys@69.8.1: oniguruma/src/st.h:19:11: note: declared here
[INFO] [stderr] warning: onig_sys@69.8.1:    19 |     int (*compare)();
[INFO] [stderr] warning: onig_sys@69.8.1:       |           ^~~~~~~
[INFO] [stderr] warning: onig_sys@69.8.1: oniguruma/src/st.c: In function 'onig_st_delete_safe':
[INFO] [stderr] warning: onig_sys@69.8.1: oniguruma/src/regint.h:226:37: warning: old-style function definition [-Wold-style-definition]
[INFO] [stderr] warning: onig_sys@69.8.1:   226 | #define st_delete_safe              onig_st_delete_safe
[INFO] [stderr] warning: onig_sys@69.8.1:       |                                     ^~~~~~~~~~~~~~~~~~~
[INFO] [stderr] warning: onig_sys@69.8.1: oniguruma/src/st.c:433:1: note: in expansion of macro 'st_delete_safe'
[INFO] [stderr] warning: onig_sys@69.8.1:   433 | st_delete_safe(table, key, value, never)
[INFO] [stderr] warning: onig_sys@69.8.1:       | ^~~~~~~~~~~~~~
[INFO] [stderr] warning: onig_sys@69.8.1: oniguruma/src/st.c:56:43: error: too many arguments to function 'table->type->hash'; expected 0, have 1
[INFO] [stderr] warning: onig_sys@69.8.1:    56 | #define do_hash(key,table) (unsigned int)(*(table)->type->hash)((key))
[INFO] [stderr] warning: onig_sys@69.8.1:       |                                          ~^~~~~~~~~~~~~~~~~~~~~ ~~~~~
[INFO] [stderr] warning: onig_sys@69.8.1: oniguruma/src/st.c:57:33: note: in expansion of macro 'do_hash'
[INFO] [stderr] warning: onig_sys@69.8.1:    57 | #define do_hash_bin(key,table) (do_hash(key, table)%(table)->num_bins)
[INFO] [stderr] warning: onig_sys@69.8.1:       |                                 ^~~~~~~
[INFO] [stderr] warning: onig_sys@69.8.1: oniguruma/src/st.c:442:14: note: in expansion of macro 'do_hash_bin'
[INFO] [stderr] warning: onig_sys@69.8.1:   442 |   hash_val = do_hash_bin(*key, table);
[INFO] [stderr] warning: onig_sys@69.8.1:       |              ^~~~~~~~~~~
[INFO] [stderr] warning: onig_sys@69.8.1: oniguruma/src/st.h:20:11: note: declared here
[INFO] [stderr] warning: onig_sys@69.8.1:    20 |     int (*hash)();
[INFO] [stderr] warning: onig_sys@69.8.1:       |           ^~~~
[INFO] [stderr] warning: onig_sys@69.8.1: oniguruma/src/st.c:54:40: error: too many arguments to function 'table->type->compare'; expected 0, have 2
[INFO] [stderr] warning: onig_sys@69.8.1:    54 | #define EQUAL(table,x,y) ((x)==(y) || (*table->type->compare)((x),(y)) == 0)
[INFO] [stderr] warning: onig_sys@69.8.1:       |                                       ~^~~~~~~~~~~~~~~~~~~~~~ ~~~
[INFO] [stderr] warning: onig_sys@69.8.1: oniguruma/src/st.c:451:32: note: in expansion of macro 'EQUAL'
[INFO] [stderr] warning: onig_sys@69.8.1:   451 |     if ((ptr->key != never) && EQUAL(table, ptr->key, *key)) {
[INFO] [stderr] warning: onig_sys@69.8.1:       |                                ^~~~~
[INFO] [stderr] warning: onig_sys@69.8.1: oniguruma/src/st.h:19:11: note: declared here
[INFO] [stderr] warning: onig_sys@69.8.1:    19 |     int (*compare)();
[INFO] [stderr] warning: onig_sys@69.8.1:       |           ^~~~~~~
[INFO] [stderr] warning: onig_sys@69.8.1: oniguruma/src/st.c: In function 'onig_st_cleanup_safe':
[INFO] [stderr] warning: onig_sys@69.8.1: oniguruma/src/regint.h:232:37: warning: old-style function definition [-Wold-style-definition]
[INFO] [stderr] warning: onig_sys@69.8.1:   232 | #define st_cleanup_safe             onig_st_cleanup_safe
[INFO] [stderr] warning: onig_sys@69.8.1:       |                                     ^~~~~~~~~~~~~~~~~~~~
[INFO] [stderr] warning: onig_sys@69.8.1: oniguruma/src/st.c:477:1: note: in expansion of macro 'st_cleanup_safe'
[INFO] [stderr] warning: onig_sys@69.8.1:   477 | st_cleanup_safe(table, never)
[INFO] [stderr] warning: onig_sys@69.8.1:       | ^~~~~~~~~~~~~~~
[INFO] [stderr] warning: onig_sys@69.8.1: oniguruma/src/st.c:483:21: error: passing argument 2 of 'onig_st_foreach' from incompatible pointer type [-Wincompatible-pointer-types]
[INFO] [stderr] warning: onig_sys@69.8.1:   483 |   st_foreach(table, delete_never, never);
[INFO] [stderr] warning: onig_sys@69.8.1:       |                     ^~~~~~~~~~~~
[INFO] [stderr] warning: onig_sys@69.8.1:       |                     |
[INFO] [stderr] warning: onig_sys@69.8.1:       |                     int (*)(st_data_t,  st_data_t,  st_data_t) {aka int (*)(long unsigned int,  long unsigned int,  long unsigned int)}
[INFO] [stderr] warning: onig_sys@69.8.1: oniguruma/src/st.h:55:31: note: expected 'int (*)(void)' but argument is of type 'int (*)(st_data_t,  st_data_t,  st_data_t)' {aka 'int (*)(long unsigned int,  long unsigned int,  long unsigned int)'}
[INFO] [stderr] warning: onig_sys@69.8.1:    55 | int st_foreach _((st_table *, int (*)(ANYARGS), st_data_t));
[INFO] [stderr] warning: onig_sys@69.8.1:       |                               ^~~~~~~~~~~~~~~~
[INFO] [stderr] warning: onig_sys@69.8.1: oniguruma/src/st.h:35:18: note: in definition of macro '_'
[INFO] [stderr] warning: onig_sys@69.8.1:    35 | # define _(args) args
[INFO] [stderr] warning: onig_sys@69.8.1:       |                  ^~~~
[INFO] [stderr] warning: onig_sys@69.8.1: oniguruma/src/st.c:465:1: note: 'delete_never' declared here
[INFO] [stderr] warning: onig_sys@69.8.1:   465 | delete_never(st_data_t key __attribute__ ((unused)), st_data_t value,
[INFO] [stderr] warning: onig_sys@69.8.1:       | ^~~~~~~~~~~~
[INFO] [stderr] warning: onig_sys@69.8.1: oniguruma/src/st.c: In function 'onig_st_foreach':
[INFO] [stderr] warning: onig_sys@69.8.1: oniguruma/src/regint.h:229:37: warning: old-style function definition [-Wold-style-definition]
[INFO] [stderr] warning: onig_sys@69.8.1:   229 | #define st_foreach                  onig_st_foreach
[INFO] [stderr] warning: onig_sys@69.8.1:       |                                     ^~~~~~~~~~~~~~~
[INFO] [stderr] warning: onig_sys@69.8.1: oniguruma/src/st.c:488:1: note: in expansion of macro 'st_foreach'
[INFO] [stderr] warning: onig_sys@69.8.1:   488 | st_foreach(table, func, arg)
[INFO] [stderr] warning: onig_sys@69.8.1:       | ^~~~~~~~~~
[INFO] [stderr] warning: onig_sys@69.8.1: oniguruma/src/st.c:500:23: error: too many arguments to function 'func'; expected 0, have 3
[INFO] [stderr] warning: onig_sys@69.8.1:   500 |             retval = (*func)(ptr->key, ptr->record, arg);
[INFO] [stderr] warning: onig_sys@69.8.1:       |                      ~^~~~~~ ~~~~~~~~
[INFO] [stderr] warning: onig_sys@69.8.1: oniguruma/src/st.c: In function 'strhash':
[INFO] [stderr] warning: onig_sys@69.8.1: oniguruma/src/st.c:538:1: warning: old-style function definition [-Wold-style-definition]
[INFO] [stderr] warning: onig_sys@69.8.1:   538 | strhash(string)
[INFO] [stderr] warning: onig_sys@69.8.1:       | ^~~~~~~
[INFO] [stderr] warning: onig_sys@69.8.1: oniguruma/src/st.c: In function 'numcmp':
[INFO] [stderr] warning: onig_sys@69.8.1: oniguruma/src/st.c:577:1: warning: old-style function definition [-Wold-style-definition]
[INFO] [stderr] warning: onig_sys@69.8.1:   577 | numcmp(x, y)
[INFO] [stderr] warning: onig_sys@69.8.1:       | ^~~~~~
[INFO] [stderr] warning: onig_sys@69.8.1: oniguruma/src/st.c: In function 'numhash':
[INFO] [stderr] warning: onig_sys@69.8.1: oniguruma/src/st.c:584:1: warning: old-style function definition [-Wold-style-definition]
[INFO] [stderr] warning: onig_sys@69.8.1:   584 | numhash(n)
[INFO] [stderr] warning: onig_sys@69.8.1:       | ^~~~~~~
[INFO] [stderr] warning: onig_sys@69.8.1: ToolExecError: Command LC_ALL="C" "cc" "-O0" "-ffunction-sections" "-fdata-sections" "-fPIC" "-gdwarf-4" "-fno-omit-frame-pointer" "-m64" "-I" "/opt/rustwide/target/debug/build/onig_sys/8c22454a66b478b4/out" "-I" "oniguruma/src" "-DHAVE_UNISTD_H=1" "-DHAVE_SYS_TYPES_H=1" "-DHAVE_SYS_TIME_H=1" "-o" "/opt/rustwide/target/debug/build/onig_sys/8c22454a66b478b4/out/a445302c6d3dcb51-st.o" "-c" "oniguruma/src/st.c" with args cc did not execute successfully (status code exit status: 1).
[INFO] [stderr] error: failed to run custom build command for `onig_sys v69.8.1`
[INFO] [stderr] note: To improve backtraces for build dependencies, set the CARGO_PROFILE_DEV_BUILD_OVERRIDE_DEBUG=true environment variable to enable debug information generation.
[INFO] [stderr] 
[INFO] [stderr] Caused by:
[INFO] [stderr]   process didn't exit successfully: `/opt/rustwide/target/debug/build/onig_sys/a2742ea19bdd9ba6/out/build_script_build` (exit status: 1)
[INFO] [stderr]   --- stdout
[INFO] [stderr]   cargo:rerun-if-env-changed=RUSTONIG_DYNAMIC_LIBONIG
[INFO] [stderr]   cargo:rerun-if-env-changed=RUSTONIG_STATIC_LIBONIG
[INFO] [stderr]   cargo:rerun-if-env-changed=RUSTONIG_SYSTEM_LIBONIG
[INFO] [stderr]   OUT_DIR = Some(/opt/rustwide/target/debug/build/onig_sys/8c22454a66b478b4/out)
[INFO] [stderr]   OPT_LEVEL = Some(0)
[INFO] [stderr]   TARGET = Some(x86_64-unknown-linux-gnu)
[INFO] [stderr]   HOST = Some(x86_64-unknown-linux-gnu)
[INFO] [stderr]   cargo:rerun-if-env-changed=CC_x86_64-unknown-linux-gnu
[INFO] [stderr]   CC_x86_64-unknown-linux-gnu = None
[INFO] [stderr]   cargo:rerun-if-env-changed=CC_x86_64_unknown_linux_gnu
[INFO] [stderr]   CC_x86_64_unknown_linux_gnu = None
[INFO] [stderr]   cargo:rerun-if-env-changed=HOST_CC
[INFO] [stderr]   HOST_CC = None
[INFO] [stderr]   cargo:rerun-if-env-changed=CC
[INFO] [stderr]   CC = None
[INFO] [stderr]   cargo:rerun-if-env-changed=CC_ENABLE_DEBUG_OUTPUT
[INFO] [stderr]   RUSTC_WRAPPER = None
[INFO] [stderr]   cargo:rerun-if-env-changed=CRATE_CC_NO_DEFAULTS
[INFO] [stderr]   CRATE_CC_NO_DEFAULTS = None
[INFO] [stderr]   DEBUG = Some(true)
[INFO] [stderr]   CARGO_CFG_TARGET_FEATURE = Some(fxsr,sse,sse2,x87)
[INFO] [stderr]   cargo:rerun-if-env-changed=CFLAGS_x86_64-unknown-linux-gnu
[INFO] [stderr]   CFLAGS_x86_64-unknown-linux-gnu = None
[INFO] [stderr]   cargo:rerun-if-env-changed=CFLAGS_x86_64_unknown_linux_gnu
[INFO] [stderr]   CFLAGS_x86_64_unknown_linux_gnu = None
[INFO] [stderr]   cargo:rerun-if-env-changed=HOST_CFLAGS
[INFO] [stderr]   HOST_CFLAGS = None
[INFO] [stderr]   cargo:rerun-if-env-changed=CFLAGS
[INFO] [stderr]   CFLAGS = None
[INFO] [stderr]   CARGO_ENCODED_RUSTFLAGS = Some(--cap-lints=forbid-Znext-solver=coherence)
[INFO] [stderr]   cargo:warning=oniguruma/src/regparse.c: In function 'onig_st_init_strend_table_with_size':
[INFO] [stderr]   cargo:warning=oniguruma/src/regparse.c:588:5: error: initialization of 'int (*)(void)' from incompatible pointer type 'int (*)(st_str_end_key *, st_str_end_key *)' [-Wincompatible-pointer-types]
[INFO] [stderr]   cargo:warning=  588 |     str_end_cmp,
[INFO] [stderr]   cargo:warning=      |     ^~~~~~~~~~~
[INFO] [stderr]   cargo:warning=oniguruma/src/regparse.c:588:5: note: (near initialization for 'hashType.compare')
[INFO] [stderr]   cargo:warning=oniguruma/src/regparse.c:550:1: note: 'str_end_cmp' declared here
[INFO] [stderr]   cargo:warning=  550 | str_end_cmp(st_str_end_key* x, st_str_end_key* y)
[INFO] [stderr]   cargo:warning=      | ^~~~~~~~~~~
[INFO] [stderr]   cargo:warning=oniguruma/src/regparse.c:589:5: error: initialization of 'int (*)(void)' from incompatible pointer type 'int (*)(st_str_end_key *)' [-Wincompatible-pointer-types]
[INFO] [stderr]   cargo:warning=  589 |     str_end_hash,
[INFO] [stderr]   cargo:warning=      |     ^~~~~~~~~~~~
[INFO] [stderr]   cargo:warning=oniguruma/src/regparse.c:589:5: note: (near initialization for 'hashType.hash')
[INFO] [stderr]   cargo:warning=oniguruma/src/regparse.c:571:1: note: 'str_end_hash' declared here
[INFO] [stderr]   cargo:warning=  571 | str_end_hash(st_str_end_key* x)
[INFO] [stderr]   cargo:warning=      | ^~~~~~~~~~~~
[INFO] [stderr]   cargo:warning=oniguruma/src/regparse.c: In function 'onig_st_init_callout_name_table_with_size':
[INFO] [stderr]   cargo:warning=oniguruma/src/regparse.c:678:5: error: initialization of 'int (*)(void)' from incompatible pointer type 'int (*)(st_callout_name_key *, st_callout_name_key *)' [-Wincompatible-pointer-types]
[INFO] [stderr]   cargo:warning=  678 |     callout_name_table_cmp,
[INFO] [stderr]   cargo:warning=      |     ^~~~~~~~~~~~~~~~~~~~~~
[INFO] [stderr]   cargo:warning=oniguruma/src/regparse.c:678:5: note: (near initialization for 'hashType.compare')
[INFO] [stderr]   cargo:warning=oniguruma/src/regparse.c:637:1: note: 'callout_name_table_cmp' declared here
[INFO] [stderr]   cargo:warning=  637 | callout_name_table_cmp(st_callout_name_key* x, st_callout_name_key* y)
[INFO] [stderr]   cargo:warning=      | ^~~~~~~~~~~~~~~~~~~~~~
[INFO] [stderr]   cargo:warning=oniguruma/src/regparse.c:679:5: error: initialization of 'int (*)(void)' from incompatible pointer type 'int (*)(st_callout_name_key *)' [-Wincompatible-pointer-types]
[INFO] [stderr]   cargo:warning=  679 |     callout_name_table_hash,
[INFO] [stderr]   cargo:warning=      |     ^~~~~~~~~~~~~~~~~~~~~~~
[INFO] [stderr]   cargo:warning=oniguruma/src/regparse.c:679:5: note: (near initialization for 'hashType.hash')
[INFO] [stderr]   cargo:warning=oniguruma/src/regparse.c:660:1: note: 'callout_name_table_hash' declared here
[INFO] [stderr]   cargo:warning=  660 | callout_name_table_hash(st_callout_name_key* x)
[INFO] [stderr]   cargo:warning=      | ^~~~~~~~~~~~~~~~~~~~~~~
[INFO] [stderr]   cargo:warning=oniguruma/src/regparse.c: In function 'names_clear':
[INFO] [stderr]   cargo:warning=oniguruma/src/regparse.c:804:24: error: passing argument 2 of 'onig_st_foreach' from incompatible pointer type [-Wincompatible-pointer-types]
[INFO] [stderr]   cargo:warning=  804 |     onig_st_foreach(t, i_free_name_entry, 0);
[INFO] [stderr]   cargo:warning=      |                        ^~~~~~~~~~~~~~~~~
[INFO] [stderr]   cargo:warning=      |                        |
[INFO] [stderr]   cargo:warning=      |                        int (*)(OnigUChar *, NameEntry *, void *) {aka int (*)(unsigned char *, NameEntry *, void *)}
[INFO] [stderr]   cargo:warning=In file included from oniguruma/src/regparse.c:37:
[INFO] [stderr]   cargo:warning=oniguruma/src/st.h:55:31: note: expected 'int (*)(void)' but argument is of type 'int (*)(OnigUChar *, NameEntry *, void *)' {aka 'int (*)(unsigned char *, NameEntry *, void *)'}
[INFO] [stderr]   cargo:warning=   55 | int st_foreach _((st_table *, int (*)(ANYARGS), st_data_t));
[INFO] [stderr]   cargo:warning=      |                               ^~~~~~~~~~~~~~~~
[INFO] [stderr]   cargo:warning=oniguruma/src/st.h:35:18: note: in definition of macro '_'
[INFO] [stderr]   cargo:warning=   35 | # define _(args) args
[INFO] [stderr]   cargo:warning=      |                  ^~~~
[INFO] [stderr]   cargo:warning=oniguruma/src/regparse.c:789:1: note: 'i_free_name_entry' declared here
[INFO] [stderr]   cargo:warning=  789 | i_free_name_entry(UChar* key, NameEntry* e, void* arg ARG_UNUSED)
[INFO] [stderr]   cargo:warning=      | ^~~~~~~~~~~~~~~~~
[INFO] [stderr]   cargo:warning=oniguruma/src/regparse.c: In function 'onig_foreach_name':
[INFO] [stderr]   cargo:warning=oniguruma/src/regparse.c:873:24: error: passing argument 2 of 'onig_st_foreach' from incompatible pointer type [-Wincompatible-pointer-types]
[INFO] [stderr]   cargo:warning=  873 |     onig_st_foreach(t, i_names, (HashDataType )&narg);
[INFO] [stderr]   cargo:warning=      |                        ^~~~~~~
[INFO] [stderr]   cargo:warning=      |                        |
[INFO] [stderr]   cargo:warning=      |                        int (*)(OnigUChar *, NameEntry *, INamesArg *) {aka int (*)(unsigned char *, NameEntry *, INamesArg *)}
[INFO] [stderr]   cargo:warning=oniguruma/src/st.h:55:31: note: expected 'int (*)(void)' but argument is of type 'int (*)(OnigUChar *, NameEntry *, INamesArg *)' {aka 'int (*)(unsigned char *, NameEntry *, INamesArg *)'}
[INFO] [stderr]   cargo:warning=   55 | int st_foreach _((st_table *, int (*)(ANYARGS), st_data_t));
[INFO] [stderr]   cargo:warning=      |                               ^~~~~~~~~~~~~~~~
[INFO] [stderr]   cargo:warning=oniguruma/src/st.h:35:18: note: in definition of macro '_'
[INFO] [stderr]   cargo:warning=   35 | # define _(args) args
[INFO] [stderr]   cargo:warning=      |                  ^~~~
[INFO] [stderr]   cargo:warning=oniguruma/src/regparse.c:846:1: note: 'i_names' declared here
[INFO] [stderr]   cargo:warning=  846 | i_names(UChar* key ARG_UNUSED, NameEntry* e, INamesArg* arg)
[INFO] [stderr]   cargo:warning=      | ^~~~~~~
[INFO] [stderr]   cargo:warning=oniguruma/src/regparse.c: In function 'onig_renumber_name_table':
[INFO] [stderr]   cargo:warning=oniguruma/src/regparse.c:901:24: error: passing argument 2 of 'onig_st_foreach' from incompatible pointer type [-Wincompatible-pointer-types]
[INFO] [stderr]   cargo:warning=  901 |     onig_st_foreach(t, i_renumber_name, (HashDataType )map);
[INFO] [stderr]   cargo:warning=      |                        ^~~~~~~~~~~~~~~
[INFO] [stderr]   cargo:warning=      |                        |
[INFO] [stderr]   cargo:warning=      |                        int (*)(OnigUChar *, NameEntry *, GroupNumMap *) {aka int (*)(unsigned char *, NameEntry *, GroupNumMap *)}
[INFO] [stderr]   cargo:warning=oniguruma/src/st.h:55:31: note: expected 'int (*)(void)' but argument is of type 'int (*)(OnigUChar *, NameEntry *, GroupNumMap *)' {aka 'int (*)(unsigned char *, NameEntry *, GroupNumMap *)'}
[INFO] [stderr]   cargo:warning=   55 | int st_foreach _((st_table *, int (*)(ANYARGS), st_data_t));
[INFO] [stderr]   cargo:warning=      |                               ^~~~~~~~~~~~~~~~
[INFO] [stderr]   cargo:warning=oniguruma/src/st.h:35:18: note: in definition of macro '_'
[INFO] [stderr]   cargo:warning=   35 | # define _(args) args
[INFO] [stderr]   cargo:warning=      |                  ^~~~
[INFO] [stderr]   cargo:warning=oniguruma/src/regparse.c:879:1: note: 'i_renumber_name' declared here
[INFO] [stderr]   cargo:warning=  879 | i_renumber_name(UChar* key ARG_UNUSED, NameEntry* e, GroupNumMap* map)
[INFO] [stderr]   cargo:warning=      | ^~~~~~~~~~~~~~~
[INFO] [stderr]   cargo:warning=oniguruma/src/regparse.c: In function 'callout_name_table_clear':
[INFO] [stderr]   cargo:warning=oniguruma/src/regparse.c:1386:24: error: passing argument 2 of 'onig_st_foreach' from incompatible pointer type [-Wincompatible-pointer-types]
[INFO] [stderr]   cargo:warning= 1386 |     onig_st_foreach(t, i_free_callout_name_entry, 0);
[INFO] [stderr]   cargo:warning=      |                        ^~~~~~~~~~~~~~~~~~~~~~~~~
[INFO] [stderr]   cargo:warning=      |                        |
[INFO] [stderr]   cargo:warning=      |                        int (*)(st_callout_name_key *, CalloutNameEntry *, void *)
[INFO] [stderr]   cargo:warning=oniguruma/src/st.h:55:31: note: expected 'int (*)(void)' but argument is of type 'int (*)(st_callout_name_key *, CalloutNameEntry *, void *)'
[INFO] [stderr]   cargo:warning=   55 | int st_foreach _((st_table *, int (*)(ANYARGS), st_data_t));
[INFO] [stderr]   cargo:warning=      |                               ^~~~~~~~~~~~~~~~
[INFO] [stderr]   cargo:warning=oniguruma/src/st.h:35:18: note: in definition of macro '_'
[INFO] [stderr]   cargo:warning=   35 | # define _(args) args
[INFO] [stderr]   cargo:warning=      |                  ^~~~
[INFO] [stderr]   cargo:warning=oniguruma/src/regparse.c:1370:1: note: 'i_free_callout_name_entry' declared here
[INFO] [stderr]   cargo:warning= 1370 | i_free_callout_name_entry(st_callout_name_key* key, CalloutNameEntry* e,
[INFO] [stderr]   cargo:warning=      | ^~~~~~~~~~~~~~~~~~~~~~~~~
[INFO] [stderr]   cargo:warning=oniguruma/src/regparse.c: In function 'setup_ext_callout_list_values':
[INFO] [stderr]   cargo:warning=oniguruma/src/regparse.c:1884:56: error: passing argument 2 of 'onig_st_foreach' from incompatible pointer type [-Wincompatible-pointer-types]
[INFO] [stderr]   cargo:warning= 1884 |     onig_st_foreach((CalloutTagTable *)ext->tag_table, i_callout_callout_list_set,
[INFO] [stderr]   cargo:warning=      |                                                        ^~~~~~~~~~~~~~~~~~~~~~~~~~
[INFO] [stderr]   cargo:warning=      |                                                        |
[INFO] [stderr]   cargo:warning=      |                                                        int (*)(OnigUChar *, CalloutTagVal,  void *) {aka int (*)(unsigned char *, long int,  void *)}
[INFO] [stderr]   cargo:warning=oniguruma/src/st.h:55:31: note: expected 'int (*)(void)' but argument is of type 'int (*)(OnigUChar *, CalloutTagVal,  void *)' {aka 'int (*)(unsigned char *, long int,  void *)'}
[INFO] [stderr]   cargo:warning=   55 | int st_foreach _((st_table *, int (*)(ANYARGS), st_data_t));
[INFO] [stderr]   cargo:warning=      |                               ^~~~~~~~~~~~~~~~
[INFO] [stderr]   cargo:warning=oniguruma/src/st.h:35:18: note: in definition of macro '_'
[INFO] [stderr]   cargo:warning=   35 | # define _(args) args
[INFO] [stderr]   cargo:warning=      |                  ^~~~
[INFO] [stderr]   cargo:warning=oniguruma/src/regparse.c:1866:1: note: 'i_callout_callout_list_set' declared here
[INFO] [stderr]   cargo:warning= 1866 | i_callout_callout_list_set(UChar* key, CalloutTagVal e, void* arg)
[INFO] [stderr]   cargo:warning=      | ^~~~~~~~~~~~~~~~~~~~~~~~~~
[INFO] [stderr]   cargo:warning=oniguruma/src/regparse.c: In function 'callout_tag_table_clear':
[INFO] [stderr]   cargo:warning=oniguruma/src/regparse.c:1932:24: error: passing argument 2 of 'onig_st_foreach' from incompatible pointer type [-Wincompatible-pointer-types]
[INFO] [stderr]   cargo:warning= 1932 |     onig_st_foreach(t, i_free_callout_tag_entry, 0);
[INFO] [stderr]   cargo:warning=      |                        ^~~~~~~~~~~~~~~~~~~~~~~~
[INFO] [stderr]   cargo:warning=      |                        |
[INFO] [stderr]   cargo:warning=      |                        int (*)(OnigUChar *, CalloutTagVal,  void *) {aka int (*)(unsigned char *, long int,  void *)}
[INFO] [stderr]   cargo:warning=oniguruma/src/st.h:55:31: note: expected 'int (*)(void)' but argument is of type 'int (*)(OnigUChar *, CalloutTagVal,  void *)' {aka 'int (*)(unsigned char *, long int,  void *)'}
[INFO] [stderr]   cargo:warning=   55 | int st_foreach _((st_table *, int (*)(ANYARGS), st_data_t));
[INFO] [stderr]   cargo:warning=      |                               ^~~~~~~~~~~~~~~~
[INFO] [stderr]   cargo:warning=oniguruma/src/st.h:35:18: note: in definition of macro '_'
[INFO] [stderr]   cargo:warning=   35 | # define _(args) args
[INFO] [stderr]   cargo:warning=      |                  ^~~~
[INFO] [stderr]   cargo:warning=oniguruma/src/regparse.c:1922:1: note: 'i_free_callout_tag_entry' declared here
[INFO] [stderr]   cargo:warning= 1922 | i_free_callout_tag_entry(UChar* key, CalloutTagVal e, void* arg ARG_UNUSED)
[INFO] [stderr]   cargo:warning=      | ^~~~~~~~~~~~~~~~~~~~~~~~
[INFO] [stderr]   exit status: 0
[INFO] [stderr]   exit status: 0
[INFO] [stderr]   exit status: 1
[INFO] [stderr]   cargo:warning=ToolExecError: Command LC_ALL="C" "cc" "-O0" "-ffunction-sections" "-fdata-sections" "-fPIC" "-gdwarf-4" "-fno-omit-frame-pointer" "-m64" "-I" "/opt/rustwide/target/debug/build/onig_sys/8c22454a66b478b4/out" "-I" "oniguruma/src" "-DHAVE_UNISTD_H=1" "-DHAVE_SYS_TYPES_H=1" "-DHAVE_SYS_TIME_H=1" "-o" "/opt/rustwide/target/debug/build/onig_sys/8c22454a66b478b4/out/a445302c6d3dcb51-regparse.o" "-c" "oniguruma/src/regparse.c" with args cc did not execute successfully (status code exit status: 1).cargo:warning=oniguruma/src/st.c:38:5: error: initialization of 'int (*)(void)' from incompatible pointer type 'int (*)(long int,  long int)' [-Wincompatible-pointer-types]
[INFO] [stderr]   cargo:warning=   38 |     numcmp,
[INFO] [stderr]   cargo:warning=      |     ^~~~~~
[INFO] [stderr]   cargo:warning=oniguruma/src/st.c:38:5: note: (near initialization for 'type_numhash.compare')
[INFO] [stderr]   cargo:warning=oniguruma/src/st.c:35:12: note: 'numcmp' declared here
[INFO] [stderr]   cargo:warning=   35 | static int numcmp(long, long);
[INFO] [stderr]   cargo:warning=      |            ^~~~~~
[INFO] [stderr]   cargo:warning=oniguruma/src/st.c:39:5: error: initialization of 'int (*)(void)' from incompatible pointer type 'int (*)(long int)' [-Wincompatible-pointer-types]
[INFO] [stderr]   cargo:warning=   39 |     numhash,
[INFO] [stderr]   cargo:warning=      |     ^~~~~~~
[INFO] [stderr]   cargo:warning=oniguruma/src/st.c:39:5: note: (near initialization for 'type_numhash.hash')
[INFO] [stderr]   cargo:warning=oniguruma/src/st.c:36:12: note: 'numhash' declared here
[INFO] [stderr]   cargo:warning=   36 | static int numhash(long);
[INFO] [stderr]   cargo:warning=      |            ^~~~~~~
[INFO] [stderr]   cargo:warning=oniguruma/src/st.c:45:5: error: initialization of 'int (*)(void)' from incompatible pointer type 'int (*)(const char *, const char *)' [-Wincompatible-pointer-types]
[INFO] [stderr]   cargo:warning=   45 |     strcmp,
[INFO] [stderr]   cargo:warning=      |     ^~~~~~
[INFO] [stderr]   cargo:warning=oniguruma/src/st.c:45:5: note: (near initialization for 'type_strhash.compare')
[INFO] [stderr]   cargo:warning=In file included from oniguruma/src/regint.h:111,
[INFO] [stderr]   cargo:warning=                 from oniguruma/src/st.c:9:
[INFO] [stderr]   cargo:warning=/usr/include/string.h:171:12: note: 'strcmp' declared here
[INFO] [stderr]   cargo:warning=  171 | extern int strcmp (const char *__s1, const char *__s2)
[INFO] [stderr]   cargo:warning=      |            ^~~~~~
[INFO] [stderr]   cargo:warning=oniguruma/src/st.c:46:5: error: initialization of 'int (*)(void)' from incompatible pointer type 'int (*)(const char *)' [-Wincompatible-pointer-types]
[INFO] [stderr]   cargo:warning=   46 |     strhash,
[INFO] [stderr]   cargo:warning=      |     ^~~~~~~
[INFO] [stderr]   cargo:warning=oniguruma/src/st.c:46:5: note: (near initialization for 'type_strhash.hash')
[INFO] [stderr]   cargo:warning=oniguruma/src/st.c:43:12: note: 'strhash' declared here
[INFO] [stderr]   cargo:warning=   43 | static int strhash(const char *);
[INFO] [stderr]   cargo:warning=      |            ^~~~~~~
[INFO] [stderr]   cargo:warning=oniguruma/src/st.c: In function 'new_size':
[INFO] [stderr]   cargo:warning=oniguruma/src/st.c:101:1: warning: old-style function definition [-Wold-style-definition]
[INFO] [stderr]   cargo:warning=  101 | new_size(size)
[INFO] [stderr]   cargo:warning=      | ^~~~~~~~
[INFO] [stderr]   cargo:warning=oniguruma/src/st.c: In function 'onig_st_init_table_with_size':
[INFO] [stderr]   cargo:warning=oniguruma/src/regint.h:220:37: warning: old-style function definition [-Wold-style-definition]
[INFO] [stderr]   cargo:warning=  220 | #define st_init_table_with_size     onig_st_init_table_with_size
[INFO] [stderr]   cargo:warning=      |                                     ^~~~~~~~~~~~~~~~~~~~~~~~~~~~
[INFO] [stderr]   cargo:warning=oniguruma/src/st.c:140:1: note: in expansion of macro 'st_init_table_with_size'
[INFO] [stderr]   cargo:warning=  140 | st_init_table_with_size(type, size)
[INFO] [stderr]   cargo:warning=      | ^~~~~~~~~~~~~~~~~~~~~~~
[INFO] [stderr]   cargo:warning=oniguruma/src/st.c: In function 'onig_st_init_table':
[INFO] [stderr]   cargo:warning=oniguruma/src/regint.h:219:37: warning: old-style function definition [-Wold-style-definition]
[INFO] [stderr]   cargo:warning=  219 | #define st_init_table               onig_st_init_table
[INFO] [stderr]   cargo:warning=      |                                     ^~~~~~~~~~~~~~~~~~
[INFO] [stderr]   cargo:warning=oniguruma/src/st.c:172:1: note: in expansion of macro 'st_init_table'
[INFO] [stderr]   cargo:warning=  172 | st_init_table(type)
[INFO] [stderr]   cargo:warning=      | ^~~~~~~~~~~~~
[INFO] [stderr]   cargo:warning=oniguruma/src/st.c: In function 'onig_st_init_numtable_with_size':
[INFO] [stderr]   cargo:warning=oniguruma/src/regint.h:222:37: warning: old-style function definition [-Wold-style-definition]
[INFO] [stderr]   cargo:warning=  222 | #define st_init_numtable_with_size  onig_st_init_numtable_with_size
[INFO] [stderr]   cargo:warning=      |                                     ^~~~~~~~~~~~~~~~~~~~~~~~~~~~~~~
[INFO] [stderr]   cargo:warning=oniguruma/src/st.c:185:1: note: in expansion of macro 'st_init_numtable_with_size'
[INFO] [stderr]   cargo:warning=  185 | st_init_numtable_with_size(size)
[INFO] [stderr]   cargo:warning=      | ^~~~~~~~~~~~~~~~~~~~~~~~~~
[INFO] [stderr]   cargo:warning=oniguruma/src/st.c: In function 'onig_st_init_strtable_with_size':
[INFO] [stderr]   cargo:warning=oniguruma/src/regint.h:224:37: warning: old-style function definition [-Wold-style-definition]
[INFO] [stderr]   cargo:warning=  224 | #define st_init_strtable_with_size  onig_st_init_strtable_with_size
[INFO] [stderr]   cargo:warning=      |                                     ^~~~~~~~~~~~~~~~~~~~~~~~~~~~~~~
[INFO] [stderr]   cargo:warning=oniguruma/src/st.c:198:1: note: in expansion of macro 'st_init_strtable_with_size'
[INFO] [stderr]   cargo:warning=  198 | st_init_strtable_with_size(size)
[INFO] [stderr]   cargo:warning=      | ^~~~~~~~~~~~~~~~~~~~~~~~~~
[INFO] [stderr]   cargo:warning=oniguruma/src/st.c: In function 'onig_st_free_table':
[INFO] [stderr]   cargo:warning=oniguruma/src/regint.h:231:37: warning: old-style function definition [-Wold-style-definition]
[INFO] [stderr]   cargo:warning=  231 | #define st_free_table               onig_st_free_table
[INFO] [stderr]   cargo:warning=      |                                     ^~~~~~~~~~~~~~~~~~
[INFO] [stderr]   cargo:warning=oniguruma/src/st.c:205:1: note: in expansion of macro 'st_free_table'
[INFO] [stderr]   cargo:warning=  205 | st_free_table(table)
[INFO] [stderr]   cargo:warning=      | ^~~~~~~~~~~~~
[INFO] [stderr]   cargo:warning=oniguruma/src/st.c: In function 'onig_st_lookup':
[INFO] [stderr]   cargo:warning=oniguruma/src/regint.h:228:37: warning: old-style function definition [-Wold-style-definition]
[INFO] [stderr]   cargo:warning=  228 | #define st_lookup                   onig_st_lookup
[INFO] [stderr]   cargo:warning=      |                                     ^~~~~~~~~~~~~~
[INFO] [stderr]   cargo:warning=oniguruma/src/st.c:245:1: note: in expansion of macro 'st_lookup'
[INFO] [stderr]   cargo:warning=  245 | st_lookup(table, key, value)
[INFO] [stderr]   cargo:warning=      | ^~~~~~~~~
[INFO] [stderr]   cargo:warning=oniguruma/src/st.c:56:43: error: too many arguments to function 'table->type->hash'; expected 0, have 1
[INFO] [stderr]   cargo:warning=   56 | #define do_hash(key,table) (unsigned int)(*(table)->type->hash)((key))
[INFO] [stderr]   cargo:warning=      |                                          ~^~~~~~~~~~~~~~~~~~~~~ ~~~~~
[INFO] [stderr]   cargo:warning=oniguruma/src/st.c:253:14: note: in expansion of macro 'do_hash'
[INFO] [stderr]   cargo:warning=  253 |   hash_val = do_hash(key, table);
[INFO] [stderr]   cargo:warning=      |              ^~~~~~~
[INFO] [stderr]   cargo:warning=In file included from oniguruma/src/st.c:10:
[INFO] [stderr]   cargo:warning=oniguruma/src/st.h:20:11: note: declared here
[INFO] [stderr]   cargo:warning=   20 |     int (*hash)();
[INFO] [stderr]   cargo:warning=      |           ^~~~
[INFO] [stderr]   cargo:warning=oniguruma/src/st.c:54:40: error: too many arguments to function 'table->type->compare'; expected 0, have 2
[INFO] [stderr]   cargo:warning=   54 | #define EQUAL(table,x,y) ((x)==(y) || (*table->type->compare)((x),(y)) == 0)
[INFO] [stderr]   cargo:warning=      |                                       ~^~~~~~~~~~~~~~~~~~~~~~ ~~~
[INFO] [stderr]   cargo:warning=oniguruma/src/st.c:224:45: note: in expansion of macro 'EQUAL'
[INFO] [stderr]   cargo:warning=  224 | ((ptr) != 0 && (ptr->hash != (hash_val) || !EQUAL((table), (key), (ptr)->key)))
[INFO] [stderr]   cargo:warning=      |                                             ^~~~~
[INFO] [stderr]   cargo:warning=oniguruma/src/st.c:235:9: note: in expansion of macro 'PTR_NOT_EQUAL'
[INFO] [stderr]   cargo:warning=  235 |     if (PTR_NOT_EQUAL(table, ptr, hash_val, key)) {\
[INFO] [stderr]   cargo:warning=      |         ^~~~~~~~~~~~~
[INFO] [stderr]   cargo:warning=oniguruma/src/st.c:254:3: note: in expansion of macro 'FIND_ENTRY'
[INFO] [stderr]   cargo:warning=  254 |   FIND_ENTRY(table, ptr, hash_val, bin_pos);
[INFO] [stderr]   cargo:warning=      |   ^~~~~~~~~~
[INFO] [stderr]   cargo:warning=oniguruma/src/st.h:19:11: note: declared here
[INFO] [stderr]   cargo:warning=   19 |     int (*compare)();
[INFO] [stderr]   cargo:warning=      |           ^~~~~~~
[INFO] [stderr]   cargo:warning=oniguruma/src/st.c:54:40: error: too many arguments to function 'table->type->compare'; expected 0, have 2
[INFO] [stderr]   cargo:warning=   54 | #define EQUAL(table,x,y) ((x)==(y) || (*table->type->compare)((x),(y)) == 0)
[INFO] [stderr]   cargo:warning=      |                                       ~^~~~~~~~~~~~~~~~~~~~~~ ~~~
[INFO] [stderr]   cargo:warning=oniguruma/src/st.c:224:45: note: in expansion of macro 'EQUAL'
[INFO] [stderr]   cargo:warning=  224 | ((ptr) != 0 && (ptr->hash != (hash_val) || !EQUAL((table), (key), (ptr)->key)))
[INFO] [stderr]   cargo:warning=      |                                             ^~~~~
[INFO] [stderr]   cargo:warning=oniguruma/src/st.c:237:14: note: in expansion of macro 'PTR_NOT_EQUAL'
[INFO] [stderr]   cargo:warning=  237 |       while (PTR_NOT_EQUAL(table, ptr->next, hash_val, key)) {\
[INFO] [stderr]   cargo:warning=      |              ^~~~~~~~~~~~~
[INFO] [stderr]   cargo:warning=oniguruma/src/st.c:254:3: note: in expansion of macro 'FIND_ENTRY'
[INFO] [stderr]   cargo:warning=  254 |   FIND_ENTRY(table, ptr, hash_val, bin_pos);
[INFO] [stderr]   cargo:warning=      |   ^~~~~~~~~~
[INFO] [stderr]   cargo:warning=oniguruma/src/st.h:19:11: note: declared here
[INFO] [stderr]   cargo:warning=   19 |     int (*compare)();
[INFO] [stderr]   cargo:warning=      |           ^~~~~~~
[INFO] [stderr]   cargo:warning=oniguruma/src/st.c: In function 'onig_st_insert':
[INFO] [stderr]   cargo:warning=oniguruma/src/regint.h:227:37: warning: old-style function definition [-Wold-style-definition]
[INFO] [stderr]   cargo:warning=  227 | #define st_insert                   onig_st_insert
[INFO] [stderr]   cargo:warning=      |                                     ^~~~~~~~~~~~~~
[INFO] [stderr]   cargo:warning=oniguruma/src/st.c:283:1: note: in expansion of macro 'st_insert'
[INFO] [stderr]   cargo:warning=  283 | st_insert(table, key, value)
[INFO] [stderr]   cargo:warning=      | ^~~~~~~~~
[INFO] [stderr]   cargo:warning=oniguruma/src/st.c:56:43: error: too many arguments to function 'table->type->hash'; expected 0, have 1
[INFO] [stderr]   cargo:warning=   56 | #define do_hash(key,table) (unsigned int)(*(table)->type->hash)((key))
[INFO] [stderr]   cargo:warning=      |                                          ~^~~~~~~~~~~~~~~~~~~~~ ~~~~~
[INFO] [stderr]   cargo:warning=oniguruma/src/st.c:291:14: note: in expansion of macro 'do_hash'
[INFO] [stderr]   cargo:warning=  291 |   hash_val = do_hash(key, table);
[INFO] [stderr]   cargo:warning=      |              ^~~~~~~
[INFO] [stderr]   cargo:warning=oniguruma/src/st.h:20:11: note: declared here
[INFO] [stderr]   cargo:warning=   20 |     int (*hash)();
[INFO] [stderr]   cargo:warning=      |           ^~~~
[INFO] [stderr]   cargo:warning=oniguruma/src/st.c:54:40: error: too many arguments to function 'table->type->compare'; expected 0, have 2
[INFO] [stderr]   cargo:warning=   54 | #define EQUAL(table,x,y) ((x)==(y) || (*table->type->compare)((x),(y)) == 0)
[INFO] [stderr]   cargo:warning=      |                                       ~^~~~~~~~~~~~~~~~~~~~~~ ~~~
[INFO] [stderr]   cargo:warning=oniguruma/src/st.c:224:45: note: in expansion of macro 'EQUAL'
[INFO] [stderr]   cargo:warning=  224 | ((ptr) != 0 && (ptr->hash != (hash_val) || !EQUAL((table), (key), (ptr)->key)))
[INFO] [stderr]   cargo:warning=      |                                             ^~~~~
[INFO] [stderr]   cargo:warning=oniguruma/src/st.c:235:9: note: in expansion of macro 'PTR_NOT_EQUAL'
[INFO] [stderr]   cargo:warning=  235 |     if (PTR_NOT_EQUAL(table, ptr, hash_val, key)) {\
[INFO] [stderr]   cargo:warning=      |         ^~~~~~~~~~~~~
[INFO] [stderr]   cargo:warning=oniguruma/src/st.c:292:3: note: in expansion of macro 'FIND_ENTRY'
[INFO] [stderr]   cargo:warning=  292 |   FIND_ENTRY(table, ptr, hash_val, bin_pos);
[INFO] [stderr]   cargo:warning=      |   ^~~~~~~~~~
[INFO] [stderr]   cargo:warning=oniguruma/src/st.h:19:11: note: declared here
[INFO] [stderr]   cargo:warning=   19 |     int (*compare)();
[INFO] [stderr]   cargo:warning=      |           ^~~~~~~
[INFO] [stderr]   cargo:warning=oniguruma/src/st.c:54:40: error: too many arguments to function 'table->type->compare'; expected 0, have 2
[INFO] [stderr]   cargo:warning=   54 | #define EQUAL(table,x,y) ((x)==(y) || (*table->type->compare)((x),(y)) == 0)
[INFO] [stderr]   cargo:warning=      |                                       ~^~~~~~~~~~~~~~~~~~~~~~ ~~~
[INFO] [stderr]   cargo:warning=oniguruma/src/st.c:224:45: note: in expansion of macro 'EQUAL'
[INFO] [stderr]   cargo:warning=  224 | ((ptr) != 0 && (ptr->hash != (hash_val) || !EQUAL((table), (key), (ptr)->key)))
[INFO] [stderr]   cargo:warning=      |                                             ^~~~~
[INFO] [stderr]   cargo:warning=oniguruma/src/st.c:237:14: note: in expansion of macro 'PTR_NOT_EQUAL'
[INFO] [stderr]   cargo:warning=  237 |       while (PTR_NOT_EQUAL(table, ptr->next, hash_val, key)) {\
[INFO] [stderr]   cargo:warning=      |              ^~~~~~~~~~~~~
[INFO] [stderr]   cargo:warning=oniguruma/src/st.c:292:3: note: in expansion of macro 'FIND_ENTRY'
[INFO] [stderr]   cargo:warning=  292 |   FIND_ENTRY(table, ptr, hash_val, bin_pos);
[INFO] [stderr]   cargo:warning=      |   ^~~~~~~~~~
[INFO] [stderr]   cargo:warning=oniguruma/src/st.h:19:11: note: declared here
[INFO] [stderr]   cargo:warning=   19 |     int (*compare)();
[INFO] [stderr]   cargo:warning=      |           ^~~~~~~
[INFO] [stderr]   cargo:warning=oniguruma/src/st.c: In function 'onig_st_add_direct':
[INFO] [stderr]   cargo:warning=oniguruma/src/regint.h:230:37: warning: old-style function definition [-Wold-style-definition]
[INFO] [stderr]   cargo:warning=  230 | #define st_add_direct               onig_st_add_direct
[INFO] [stderr]   cargo:warning=      |                                     ^~~~~~~~~~~~~~~~~~
[INFO] [stderr]   cargo:warning=oniguruma/src/st.c:305:1: note: in expansion of macro 'st_add_direct'
[INFO] [stderr]   cargo:warning=  305 | st_add_direct(table, key, value)
[INFO] [stderr]   cargo:warning=      | ^~~~~~~~~~~~~
[INFO] [stderr]   cargo:warning=oniguruma/src/st.c:56:43: error: too many arguments to function 'table->type->hash'; expected 0, have 1
[INFO] [stderr]   cargo:warning=   56 | #define do_hash(key,table) (unsigned int)(*(table)->type->hash)((key))
[INFO] [stderr]   cargo:warning=      |                                          ~^~~~~~~~~~~~~~~~~~~~~ ~~~~~
[INFO] [stderr]   cargo:warning=oniguruma/src/st.c:312:14: note: in expansion of macro 'do_hash'
[INFO] [stderr]   cargo:warning=  312 |   hash_val = do_hash(key, table);
[INFO] [stderr]   cargo:warning=      |              ^~~~~~~
[INFO] [stderr]   cargo:warning=oniguruma/src/st.h:20:11: note: declared here
[INFO] [stderr]   cargo:warning=   20 |     int (*hash)();
[INFO] [stderr]   cargo:warning=      |           ^~~~
[INFO] [stderr]   cargo:warning=oniguruma/src/st.c: In function 'rehash':
[INFO] [stderr]   cargo:warning=oniguruma/src/st.c:318:1: warning: old-style function definition [-Wold-style-definition]
[INFO] [stderr]   cargo:warning=  318 | rehash(table)
[INFO] [stderr]   cargo:warning=      | ^~~~~~
[INFO] [stderr]   cargo:warning=oniguruma/src/st.c: In function 'onig_st_copy':
[INFO] [stderr]   cargo:warning=oniguruma/src/regint.h:233:37: warning: old-style function definition [-Wold-style-definition]
[INFO] [stderr]   cargo:warning=  233 | #define st_copy                     onig_st_copy
[INFO] [stderr]   cargo:warning=      |                                     ^~~~~~~~~~~~
[INFO] [stderr]   cargo:warning=oniguruma/src/st.c:350:1: note: in expansion of macro 'st_copy'
[INFO] [stderr]   cargo:warning=  350 | st_copy(old_table)
[INFO] [stderr]   cargo:warning=      | ^~~~~~~
[INFO] [stderr]   cargo:warning=oniguruma/src/st.c: In function 'onig_st_delete':
[INFO] [stderr]   cargo:warning=oniguruma/src/regint.h:225:37: warning: old-style function definition [-Wold-style-definition]
[INFO] [stderr]   cargo:warning=  225 | #define st_delete                   onig_st_delete
[INFO] [stderr]   cargo:warning=      |                                     ^~~~~~~~~~~~~~
[INFO] [stderr]   cargo:warning=oniguruma/src/st.c:391:1: note: in expansion of macro 'st_delete'
[INFO] [stderr]   cargo:warning=  391 | st_delete(table, key, value)
[INFO] [stderr]   cargo:warning=      | ^~~~~~~~~
[INFO] [stderr]   cargo:warning=oniguruma/src/st.c:56:43: error: too many arguments to function 'table->type->hash'; expected 0, have 1
[INFO] [stderr]   cargo:warning=   56 | #define do_hash(key,table) (unsigned int)(*(table)->type->hash)((key))
[INFO] [stderr]   cargo:warning=      |                                          ~^~~~~~~~~~~~~~~~~~~~~ ~~~~~
[INFO] [stderr]   cargo:warning=oniguruma/src/st.c:57:33: note: in expansion of macro 'do_hash'
[INFO] [stderr]   cargo:warning=   57 | #define do_hash_bin(key,table) (do_hash(key, table)%(table)->num_bins)
[INFO] [stderr]   cargo:warning=      |                                 ^~~~~~~
[INFO] [stderr]   cargo:warning=oniguruma/src/st.c:400:14: note: in expansion of macro 'do_hash_bin'
[INFO] [stderr]   cargo:warning=  400 |   hash_val = do_hash_bin(*key, table);
[INFO] [stderr]   cargo:warning=      |              ^~~~~~~~~~~
[INFO] [stderr]   cargo:warning=oniguruma/src/st.h:20:11: note: declared here
[INFO] [stderr]   cargo:warning=   20 |     int (*hash)();
[INFO] [stderr]   cargo:warning=      |           ^~~~
[INFO] [stderr]   cargo:warning=oniguruma/src/st.c:54:40: error: too many arguments to function 'table->type->compare'; expected 0, have 2
[INFO] [stderr]   cargo:warning=   54 | #define EQUAL(table,x,y) ((x)==(y) || (*table->type->compare)((x),(y)) == 0)
[INFO] [stderr]   cargo:warning=      |                                       ~^~~~~~~~~~~~~~~~~~~~~~ ~~~
[INFO] [stderr]   cargo:warning=oniguruma/src/st.c:408:7: note: in expansion of macro 'EQUAL'
[INFO] [stderr]   cargo:warning=  408 |   if (EQUAL(table, *key, ptr->key)) {
[INFO] [stderr]   cargo:warning=      |       ^~~~~
[INFO] [stderr]   cargo:warning=oniguruma/src/st.h:19:11: note: declared here
[INFO] [stderr]   cargo:warning=   19 |     int (*compare)();
[INFO] [stderr]   cargo:warning=      |           ^~~~~~~
[INFO] [stderr]   cargo:warning=oniguruma/src/st.c:54:40: error: too many arguments to function 'table->type->compare'; expected 0, have 2
[INFO] [stderr]   cargo:warning=   54 | #define EQUAL(table,x,y) ((x)==(y) || (*table->type->compare)((x),(y)) == 0)
[INFO] [stderr]   cargo:warning=      |                                       ~^~~~~~~~~~~~~~~~~~~~~~ ~~~
[INFO] [stderr]   cargo:warning=oniguruma/src/st.c:418:9: note: in expansion of macro 'EQUAL'
[INFO] [stderr]   cargo:warning=  418 |     if (EQUAL(table, ptr->next->key, *key)) {
[INFO] [stderr]   cargo:warning=      |         ^~~~~
[INFO] [stderr]   cargo:warning=oniguruma/src/st.h:19:11: note: declared here
[INFO] [stderr]   cargo:warning=   19 |     int (*compare)();
[INFO] [stderr]   cargo:warning=      |           ^~~~~~~
[INFO] [stderr]   cargo:warning=oniguruma/src/st.c: In function 'onig_st_delete_safe':
[INFO] [stderr]   cargo:warning=oniguruma/src/regint.h:226:37: warning: old-style function definition [-Wold-style-definition]
[INFO] [stderr]   cargo:warning=  226 | #define st_delete_safe              onig_st_delete_safe
[INFO] [stderr]   cargo:warning=      |                                     ^~~~~~~~~~~~~~~~~~~
[INFO] [stderr]   cargo:warning=oniguruma/src/st.c:433:1: note: in expansion of macro 'st_delete_safe'
[INFO] [stderr]   cargo:warning=  433 | st_delete_safe(table, key, value, never)
[INFO] [stderr]   cargo:warning=      | ^~~~~~~~~~~~~~
[INFO] [stderr]   cargo:warning=oniguruma/src/st.c:56:43: error: too many arguments to function 'table->type->hash'; expected 0, have 1
[INFO] [stderr]   cargo:warning=   56 | #define do_hash(key,table) (unsigned int)(*(table)->type->hash)((key))
[INFO] [stderr]   cargo:warning=      |                                          ~^~~~~~~~~~~~~~~~~~~~~ ~~~~~
[INFO] [stderr]   cargo:warning=oniguruma/src/st.c:57:33: note: in expansion of macro 'do_hash'
[INFO] [stderr]   cargo:warning=   57 | #define do_hash_bin(key,table) (do_hash(key, table)%(table)->num_bins)
[INFO] [stderr]   cargo:warning=      |                                 ^~~~~~~
[INFO] [stderr]   cargo:warning=oniguruma/src/st.c:442:14: note: in expansion of macro 'do_hash_bin'
[INFO] [stderr]   cargo:warning=  442 |   hash_val = do_hash_bin(*key, table);
[INFO] [stderr]   cargo:warning=      |              ^~~~~~~~~~~
[INFO] [stderr]   cargo:warning=oniguruma/src/st.h:20:11: note: declared here
[INFO] [stderr]   cargo:warning=   20 |     int (*hash)();
[INFO] [stderr]   cargo:warning=      |           ^~~~
[INFO] [stderr]   cargo:warning=oniguruma/src/st.c:54:40: error: too many arguments to function 'table->type->compare'; expected 0, have 2
[INFO] [stderr]   cargo:warning=   54 | #define EQUAL(table,x,y) ((x)==(y) || (*table->type->compare)((x),(y)) == 0)
[INFO] [stderr]   cargo:warning=      |                                       ~^~~~~~~~~~~~~~~~~~~~~~ ~~~
[INFO] [stderr]   cargo:warning=oniguruma/src/st.c:451:32: note: in expansion of macro 'EQUAL'
[INFO] [stderr]   cargo:warning=  451 |     if ((ptr->key != never) && EQUAL(table, ptr->key, *key)) {
[INFO] [stderr]   cargo:warning=      |                                ^~~~~
[INFO] [stderr]   cargo:warning=oniguruma/src/st.h:19:11: note: declared here
[INFO] [stderr]   cargo:warning=   19 |     int (*compare)();
[INFO] [stderr]   cargo:warning=      |           ^~~~~~~
[INFO] [stderr]   cargo:warning=oniguruma/src/st.c: In function 'onig_st_cleanup_safe':
[INFO] [stderr]   cargo:warning=oniguruma/src/regint.h:232:37: warning: old-style function definition [-Wold-style-definition]
[INFO] [stderr]   cargo:warning=  232 | #define st_cleanup_safe             onig_st_cleanup_safe
[INFO] [stderr]   cargo:warning=      |                                     ^~~~~~~~~~~~~~~~~~~~
[INFO] [stderr]   cargo:warning=oniguruma/src/st.c:477:1: note: in expansion of macro 'st_cleanup_safe'
[INFO] [stderr]   cargo:warning=  477 | st_cleanup_safe(table, never)
[INFO] [stderr]   cargo:warning=      | ^~~~~~~~~~~~~~~
[INFO] [stderr]   cargo:warning=oniguruma/src/st.c:483:21: error: passing argument 2 of 'onig_st_foreach' from incompatible pointer type [-Wincompatible-pointer-types]
[INFO] [stderr]   cargo:warning=  483 |   st_foreach(table, delete_never, never);
[INFO] [stderr]   cargo:warning=      |                     ^~~~~~~~~~~~
[INFO] [stderr]   cargo:warning=      |                     |
[INFO] [stderr]   cargo:warning=      |                     int (*)(st_data_t,  st_data_t,  st_data_t) {aka int (*)(long unsigned int,  long unsigned int,  long unsigned int)}
[INFO] [stderr]   cargo:warning=oniguruma/src/st.h:55:31: note: expected 'int (*)(void)' but argument is of type 'int (*)(st_data_t,  st_data_t,  st_data_t)' {aka 'int (*)(long unsigned int,  long unsigned int,  long unsigned int)'}
[INFO] [stderr]   cargo:warning=   55 | int st_foreach _((st_table *, int (*)(ANYARGS), st_data_t));
[INFO] [stderr]   cargo:warning=      |                               ^~~~~~~~~~~~~~~~
[INFO] [stderr]   cargo:warning=oniguruma/src/st.h:35:18: note: in definition of macro '_'
[INFO] [stderr]   cargo:warning=   35 | # define _(args) args
[INFO] [stderr]   cargo:warning=      |                  ^~~~
[INFO] [stderr]   cargo:warning=oniguruma/src/st.c:465:1: note: 'delete_never' declared here
[INFO] [stderr]   cargo:warning=  465 | delete_never(st_data_t key __attribute__ ((unused)), st_data_t value,
[INFO] [stderr]   cargo:warning=      | ^~~~~~~~~~~~
[INFO] [stderr]   cargo:warning=oniguruma/src/st.c: In function 'onig_st_foreach':
[INFO] [stderr]   cargo:warning=oniguruma/src/regint.h:229:37: warning: old-style function definition [-Wold-style-definition]
[INFO] [stderr]   cargo:warning=  229 | #define st_foreach                  onig_st_foreach
[INFO] [stderr]   cargo:warning=      |                                     ^~~~~~~~~~~~~~~
[INFO] [stderr]   cargo:warning=oniguruma/src/st.c:488:1: note: in expansion of macro 'st_foreach'
[INFO] [stderr]   cargo:warning=  488 | st_foreach(table, func, arg)
[INFO] [stderr]   cargo:warning=      | ^~~~~~~~~~
[INFO] [stderr]   cargo:warning=oniguruma/src/st.c:500:23: error: too many arguments to function 'func'; expected 0, have 3
[INFO] [stderr]   cargo:warning=  500 |             retval = (*func)(ptr->key, ptr->record, arg);
[INFO] [stderr]   cargo:warning=      |                      ~^~~~~~ ~~~~~~~~
[INFO] [stderr]   cargo:warning=oniguruma/src/st.c: In function 'strhash':
[INFO] [stderr]   cargo:warning=oniguruma/src/st.c:538:1: warning: old-style function definition [-Wold-style-definition]
[INFO] [stderr]   cargo:warning=  538 | strhash(string)
[INFO] [stderr]   cargo:warning=      | ^~~~~~~
[INFO] [stderr]   cargo:warning=oniguruma/src/st.c: In function 'numcmp':
[INFO] [stderr]   cargo:warning=oniguruma/src/st.c:577:1: warning: old-style function definition [-Wold-style-definition]
[INFO] [stderr]   cargo:warning=  577 | numcmp(x, y)
[INFO] [stderr]   cargo:warning=      | ^~~~~~
[INFO] [stderr]   cargo:warning=oniguruma/src/st.c: In function 'numhash':
[INFO] [stderr]   cargo:warning=oniguruma/src/st.c:584:1: warning: old-style function definition [-Wold-style-definition]
[INFO] [stderr]   cargo:warning=  584 | numhash(n)
[INFO] [stderr]   cargo:warning=      | ^~~~~~~
[INFO] [stderr] 
[INFO] [stderr]   exit status: 0
[INFO] [stderr]   exit status: 0
[INFO] [stderr]   exit status: 0
[INFO] [stderr]   exit status: 0
[INFO] [stderr]   exit status: 0
[INFO] [stderr]   exit status: 0
[INFO] [stderr]   exit status: 0
[INFO] [stderr]   exit status: 1
[INFO] [stderr]   cargo:warning=ToolExecError: Command LC_ALL="C" "cc" "-O0" "-ffunction-sections" "-fdata-sections" "-fPIC" "-gdwarf-4" "-fno-omit-frame-pointer" "-m64" "-I" "/opt/rustwide/target/debug/build/onig_sys/8c22454a66b478b4/out" "-I" "oniguruma/src" "-DHAVE_UNISTD_H=1" "-DHAVE_SYS_TYPES_H=1" "-DHAVE_SYS_TIME_H=1" "-o" "/opt/rustwide/target/debug/build/onig_sys/8c22454a66b478b4/out/a445302c6d3dcb51-st.o" "-c" "oniguruma/src/st.c" with args cc did not execute successfully (status code exit status: 1).
[INFO] [stderr]   exit status: 0
[INFO] [stderr]   exit status: 0
[INFO] [stderr]   exit status: 0
[INFO] [stderr]   exit status: 0
[INFO] [stderr]   exit status: 0
[INFO] [stderr]   exit status: 0
[INFO] [stderr]   exit status: 0
[INFO] [stderr]   exit status: 0
[INFO] [stderr]   exit status: 0
[INFO] [stderr]   exit status: 0
[INFO] [stderr]   exit status: 0
[INFO] [stderr]   exit status: 0
[INFO] [stderr]   exit status: 0
[INFO] [stderr]   exit status: 0
[INFO] [stderr]   exit status: 0
[INFO] [stderr]   exit status: 0
[INFO] [stderr]   exit status: 0
[INFO] [stderr]   exit status: 0
[INFO] [stderr]   exit status: 0
[INFO] [stderr]   exit status: 0
[INFO] [stderr]   exit status: 0
[INFO] [stderr]   exit status: 0
[INFO] [stderr]   exit status: 0
[INFO] [stderr]   exit status: 0
[INFO] [stderr]   exit status: 0
[INFO] [stderr]   exit status: 0
[INFO] [stderr]   exit status: 0
[INFO] [stderr]   exit status: 0
[INFO] [stderr]   exit status: 0
[INFO] [stderr]   exit status: 0
[INFO] [stderr]   exit status: 0
[INFO] [stderr]   exit status: 0
[INFO] [stderr]   exit status: 0
[INFO] [stderr]   exit status: 0
[INFO] [stderr]   exit status: 0
[INFO] [stderr]   exit status: 0
[INFO] [stderr]   exit status: 0
[INFO] [stderr] 
[INFO] [stderr]   --- stderr
[INFO] [stderr] 
[INFO] [stderr] 
[INFO] [stderr]   error occurred: Command LC_ALL="C" "cc" "-O0" "-ffunction-sections" "-fdata-sections" "-fPIC" "-gdwarf-4" "-fno-omit-frame-pointer" "-m64" "-I" "/opt/rustwide/target/debug/build/onig_sys/8c22454a66b478b4/out" "-I" "oniguruma/src" "-DHAVE_UNISTD_H=1" "-DHAVE_SYS_TYPES_H=1" "-DHAVE_SYS_TIME_H=1" "-o" "/opt/rustwide/target/debug/build/onig_sys/8c22454a66b478b4/out/a445302c6d3dcb51-st.o" "-c" "oniguruma/src/st.c" with args cc did not execute successfully (status code exit status: 1).
[INFO] [stderr] 
[INFO] [stderr] 
[INFO] [stderr] warning: build failed, waiting for other jobs to finish...
[INFO] running `Command { std: "docker" "inspect" "76ba2256f4ca330d2308bf5ecf985d1a1710633838f2c1af9104e2bc8ead14eb", kill_on_drop: false }`
[INFO] running `Command { std: "docker" "rm" "-f" "76ba2256f4ca330d2308bf5ecf985d1a1710633838f2c1af9104e2bc8ead14eb", kill_on_drop: false }`
[INFO] [stdout] 76ba2256f4ca330d2308bf5ecf985d1a1710633838f2c1af9104e2bc8ead14eb
