[INFO] cloning repository https://github.com/Akshola00/sepele_db
[INFO] running `Command { std: "git" "-c" "credential.helper=" "-c" "credential.helper=/workspace/cargo-home/bin/git-credential-null" "clone" "--bare" "https://github.com/Akshola00/sepele_db" "/workspace/cache/git-repos/https%3A%2F%2Fgithub.com%2FAkshola00%2Fsepele_db", kill_on_drop: false }`
[INFO] [stderr] Cloning into bare repository '/workspace/cache/git-repos/https%3A%2F%2Fgithub.com%2FAkshola00%2Fsepele_db'...
[INFO] running `Command { std: "git" "rev-parse" "HEAD", kill_on_drop: false }`
[INFO] [stdout] cea3077de61a5e7305589fd89cc812676e8902b8
[INFO] checking Akshola00/sepele_db against 3154cc1a3e6424e44f438a95007d043ed5ceaaf6+rustflags=-Znext-solver=coherence for pr-133502-30
[INFO] running `Command { std: "git" "clone" "/workspace/cache/git-repos/https%3A%2F%2Fgithub.com%2FAkshola00%2Fsepele_db" "/workspace/builds/worker-5-tc1/source", kill_on_drop: false }`
[INFO] [stderr] Cloning into '/workspace/builds/worker-5-tc1/source'...
[INFO] [stderr] done.
[INFO] started tweaking git repo https://github.com/Akshola00/sepele_db
[INFO] finished tweaking git repo https://github.com/Akshola00/sepele_db
[INFO] tweaked toml for git repo https://github.com/Akshola00/sepele_db written to /workspace/builds/worker-5-tc1/source/Cargo.toml
[INFO] validating manifest of git repo https://github.com/Akshola00/sepele_db on toolchain 3154cc1a3e6424e44f438a95007d043ed5ceaaf6
[INFO] running `Command { std: CARGO_HOME="/workspace/cargo-home" RUSTUP_HOME="/workspace/rustup-home" "/workspace/cargo-home/bin/cargo" "+3154cc1a3e6424e44f438a95007d043ed5ceaaf6" "metadata" "--manifest-path" "Cargo.toml" "--no-deps", kill_on_drop: false }`
[INFO] crate git repo https://github.com/Akshola00/sepele_db already has a lockfile, it will not be regenerated
[INFO] running `Command { std: CARGO_HOME="/workspace/cargo-home" RUSTUP_HOME="/workspace/rustup-home" "/workspace/cargo-home/bin/cargo" "+3154cc1a3e6424e44f438a95007d043ed5ceaaf6" "fetch" "--manifest-path" "Cargo.toml", kill_on_drop: false }`
[INFO] running `Command { std: "docker" "create" "-v" "/var/lib/crater-agent-workspace/builds/worker-5-tc1/source:/opt/rustwide/workdir:ro,Z" "-v" "/var/lib/crater-agent-workspace/builds/worker-5-tc1/target:/opt/rustwide/target:rw,Z" "-v" "/var/lib/crater-agent-workspace/cargo-home:/opt/rustwide/cargo-home:ro,Z" "-v" "/var/lib/crater-agent-workspace/rustup-home:/opt/rustwide/rustup-home:ro,Z" "-m" "1610612736" "--network" "none" "ghcr.io/rust-lang/crates-build-env/linux@sha256:77db811e55d90add9212f6832c23229e3de5f1c1f9905e8cb07319ea15df73ac" "sleep" "infinity", kill_on_drop: false }`
[INFO] [stdout] 7644ac7fbd433e2fe2f773143157ab7784e774d5cad4aa05c3daafc37b15aaae
[INFO] running `Command { std: "docker" "start" "7644ac7fbd433e2fe2f773143157ab7784e774d5cad4aa05c3daafc37b15aaae", kill_on_drop: false }`
[INFO] running `Command { std: "docker" "inspect" "7644ac7fbd433e2fe2f773143157ab7784e774d5cad4aa05c3daafc37b15aaae", kill_on_drop: false }`
[INFO] running `Command { std: "docker" "exec" "-e" "SOURCE_DIR=/opt/rustwide/workdir" "-e" "CARGO_HOME=/opt/rustwide/cargo-home" "-e" "RUSTUP_HOME=/opt/rustwide/rustup-home" "-e" "CARGO_TARGET_DIR=/opt/rustwide/target" "-w" "/opt/rustwide/workdir" "--user" "0:0" "7644ac7fbd433e2fe2f773143157ab7784e774d5cad4aa05c3daafc37b15aaae" "/opt/rustwide/cargo-home/bin/cargo" "+3154cc1a3e6424e44f438a95007d043ed5ceaaf6" "metadata" "--no-deps" "--format-version=1", kill_on_drop: false }`
[INFO] running `Command { std: "docker" "inspect" "7644ac7fbd433e2fe2f773143157ab7784e774d5cad4aa05c3daafc37b15aaae", kill_on_drop: false }`
[INFO] running `Command { std: "docker" "exec" "-e" "SOURCE_DIR=/opt/rustwide/workdir" "-e" "CARGO_HOME=/opt/rustwide/cargo-home" "-e" "RUSTUP_HOME=/opt/rustwide/rustup-home" "-e" "CARGO_TARGET_DIR=/opt/rustwide/target" "-e" "CARGO_INCREMENTAL=0" "-e" "RUST_BACKTRACE=full" "-e" "RUSTFLAGS=--cap-lints=forbid -Znext-solver=coherence" "-e" "RUSTDOCFLAGS=--cap-lints=forbid" "-w" "/opt/rustwide/workdir" "--user" "0:0" "7644ac7fbd433e2fe2f773143157ab7784e774d5cad4aa05c3daafc37b15aaae" "/opt/rustwide/cargo-home/bin/cargo" "+3154cc1a3e6424e44f438a95007d043ed5ceaaf6" "check" "--frozen" "--all" "--all-targets" "--message-format=json", kill_on_drop: false }`
[INFO] [stderr]     Checking thiserror v2.0.20
[INFO] [stderr]     Checking sapele_db v0.1.0 (/opt/rustwide/workdir)
[INFO] [stdout] error[E0425]: cannot find type `HashMap` in this scope
[INFO] [stdout]  --> src/table.rs:3:17
[INFO] [stdout]   |
[INFO] [stdout] 3 |     pub fields: HashMap<String, DataType>,
[INFO] [stdout]   |                 ^^^^^^^ not found in this scope
[INFO] [stdout]   |
[INFO] [stdout] help: consider importing this struct
[INFO] [stdout]   |
[INFO] [stdout] 1 + use std::collections::HashMap;
[INFO] [stdout]   |
[INFO] [stdout] 
[INFO] [stdout] 
[INFO] [stdout] error[E0425]: cannot find type `DataType` in this scope
[INFO] [stdout]  --> src/table.rs:3:33
[INFO] [stdout]   |
[INFO] [stdout] 3 |     pub fields: HashMap<String, DataType>,
[INFO] [stdout]   |                                 ^^^^^^^^ not found in this scope
[INFO] [stdout]   |
[INFO] [stdout] help: consider importing this enum
[INFO] [stdout]   |
[INFO] [stdout] 1 + use crate::data::DataType;
[INFO] [stdout]   |
[INFO] [stdout] 
[INFO] [stdout] 
[INFO] [stdout] error[E0425]: cannot find type `HashMap` in this scope
[INFO] [stdout]  --> src/table.rs:4:18
[INFO] [stdout]   |
[INFO] [stdout] 4 |     pub columns: HashMap<String, Vec<DataType>>,
[INFO] [stdout]   |                  ^^^^^^^ not found in this scope
[INFO] [stdout]   |
[INFO] [stdout] help: consider importing this struct
[INFO] [stdout]   |
[INFO] [stdout] 1 + use std::collections::HashMap;
[INFO] [stdout]   |
[INFO] [stdout] 
[INFO] [stdout] 
[INFO] [stdout] error[E0425]: cannot find type `DataType` in this scope
[INFO] [stdout]  --> src/table.rs:4:38
[INFO] [stdout]   |
[INFO] [stdout] 4 |     pub columns: HashMap<String, Vec<DataType>>,
[INFO] [stdout]   |                                      ^^^^^^^^ not found in this scope
[INFO] [stdout]   |
[INFO] [stdout] help: consider importing this enum
[INFO] [stdout]   |
[INFO] [stdout] 1 + use crate::data::DataType;
[INFO] [stdout]   |
[INFO] [stdout] 
[INFO] [stdout] 
[INFO] [stdout] error[E0425]: cannot find type `SaveMode` in this scope
[INFO] [stdout]   --> src/table.rs:11:15
[INFO] [stdout]    |
[INFO] [stdout] 11 |         mode: SaveMode,
[INFO] [stdout]    |               ^^^^^^^^ not found in this scope
[INFO] [stdout] 
[INFO] [stdout] 
[INFO] [stdout] error[E0425]: cannot find type `FileFormat` in this scope
[INFO] [stdout]   --> src/table.rs:12:17
[INFO] [stdout]    |
[INFO] [stdout] 12 |         format: FileFormat
[INFO] [stdout]    |                 ^^^^^^^^^^ not found in this scope
[INFO] [stdout] 
[INFO] [stdout] 
[INFO] [stdout] error[E0425]: cannot find type `TableErrors` in this scope
[INFO] [stdout]   --> src/table.rs:13:21
[INFO] [stdout]    |
[INFO] [stdout] 13 |     ) -> Result<(), TableErrors> {
[INFO] [stdout]    |                     ^^^^^^^^^^^ not found in this scope
[INFO] [stdout]    |
[INFO] [stdout] help: you might be missing a type parameter
[INFO] [stdout]    |
[INFO] [stdout]  8 | impl<TableErrors> Table {
[INFO] [stdout]    |     +++++++++++++
[INFO] [stdout] 
[INFO] [stdout] 
[INFO] [stdout] error[E0425]: cannot find type `FileFormat` in this scope
[INFO] [stdout]   --> src/table.rs:20:17
[INFO] [stdout]    |
[INFO] [stdout] 20 |         format: FileFormat,
[INFO] [stdout]    |                 ^^^^^^^^^^ not found in this scope
[INFO] [stdout] 
[INFO] [stdout] 
[INFO] [stdout] error[E0425]: cannot find type `TableErrors` in this scope
[INFO] [stdout]   --> src/table.rs:21:24
[INFO] [stdout]    |
[INFO] [stdout] 21 |     ) -> Result<Table, TableErrors> {
[INFO] [stdout]    |                        ^^^^^^^^^^^ not found in this scope
[INFO] [stdout]    |
[INFO] [stdout] help: you might be missing a type parameter
[INFO] [stdout]    |
[INFO] [stdout]  8 | impl<TableErrors> Table {
[INFO] [stdout]    |     +++++++++++++
[INFO] [stdout] 
[INFO] [stdout] 
[INFO] [stdout] warning: unused import: `std::collections::HashMap`
[INFO] [stdout]  --> src/data.rs:1:5
[INFO] [stdout]   |
[INFO] [stdout] 1 | use std::collections::HashMap;
[INFO] [stdout]   |     ^^^^^^^^^^^^^^^^^^^^^^^^^
[INFO] [stdout]   |
[INFO] [stdout]   = note: `#[warn(unused_imports)]` (part of `#[warn(unused)]`) on by default
[INFO] [stdout] 
[INFO] [stdout] 
[INFO] [stdout] For more information about this error, try `rustc --explain E0425`.
[INFO] [stdout] 
[INFO] [stderr] error: could not compile `sapele_db` (bin "sapele_db" test) due to 9 previous errors; 1 warning emitted
[INFO] [stderr] warning: build failed, waiting for other jobs to finish...
[INFO] [stdout] error[E0425]: cannot find type `HashMap` in this scope
[INFO] [stdout]  --> src/table.rs:3:17
[INFO] [stdout]   |
[INFO] [stdout] 3 |     pub fields: HashMap<String, DataType>,
[INFO] [stdout]   |                 ^^^^^^^ not found in this scope
[INFO] [stdout]   |
[INFO] [stdout] help: consider importing this struct
[INFO] [stdout]   |
[INFO] [stdout] 1 + use std::collections::HashMap;
[INFO] [stdout]   |
[INFO] [stdout] 
[INFO] [stdout] 
[INFO] [stdout] error[E0425]: cannot find type `DataType` in this scope
[INFO] [stdout]  --> src/table.rs:3:33
[INFO] [stdout]   |
[INFO] [stdout] 3 |     pub fields: HashMap<String, DataType>,
[INFO] [stdout]   |                                 ^^^^^^^^ not found in this scope
[INFO] [stdout]   |
[INFO] [stdout] help: consider importing this enum
[INFO] [stdout]   |
[INFO] [stdout] 1 + use crate::data::DataType;
[INFO] [stdout]   |
[INFO] [stdout] 
[INFO] [stdout] 
[INFO] [stdout] error[E0425]: cannot find type `HashMap` in this scope
[INFO] [stdout]  --> src/table.rs:4:18
[INFO] [stdout]   |
[INFO] [stdout] 4 |     pub columns: HashMap<String, Vec<DataType>>,
[INFO] [stdout]   |                  ^^^^^^^ not found in this scope
[INFO] [stdout]   |
[INFO] [stdout] help: consider importing this struct
[INFO] [stdout]   |
[INFO] [stdout] 1 + use std::collections::HashMap;
[INFO] [stdout]   |
[INFO] [stdout] 
[INFO] [stdout] 
[INFO] [stdout] error[E0425]: cannot find type `DataType` in this scope
[INFO] [stdout]  --> src/table.rs:4:38
[INFO] [stdout]   |
[INFO] [stdout] 4 |     pub columns: HashMap<String, Vec<DataType>>,
[INFO] [stdout]   |                                      ^^^^^^^^ not found in this scope
[INFO] [stdout]   |
[INFO] [stdout] help: consider importing this enum
[INFO] [stdout]   |
[INFO] [stdout] 1 + use crate::data::DataType;
[INFO] [stdout]   |
[INFO] [stdout] 
[INFO] [stdout] 
[INFO] [stdout] error[E0425]: cannot find type `SaveMode` in this scope
[INFO] [stdout]   --> src/table.rs:11:15
[INFO] [stdout]    |
[INFO] [stdout] 11 |         mode: SaveMode,
[INFO] [stdout]    |               ^^^^^^^^ not found in this scope
[INFO] [stdout] 
[INFO] [stdout] 
[INFO] [stdout] error[E0425]: cannot find type `FileFormat` in this scope
[INFO] [stdout]   --> src/table.rs:12:17
[INFO] [stdout]    |
[INFO] [stdout] 12 |         format: FileFormat
[INFO] [stdout]    |                 ^^^^^^^^^^ not found in this scope
[INFO] [stdout] 
[INFO] [stdout] 
[INFO] [stdout] error[E0425]: cannot find type `TableErrors` in this scope
[INFO] [stdout]   --> src/table.rs:13:21
[INFO] [stdout]    |
[INFO] [stdout] 13 |     ) -> Result<(), TableErrors> {
[INFO] [stdout]    |                     ^^^^^^^^^^^ not found in this scope
[INFO] [stdout]    |
[INFO] [stdout] help: you might be missing a type parameter
[INFO] [stdout]    |
[INFO] [stdout]  8 | impl<TableErrors> Table {
[INFO] [stdout]    |     +++++++++++++
[INFO] [stdout] 
[INFO] [stdout] 
[INFO] [stdout] error[E0425]: cannot find type `FileFormat` in this scope
[INFO] [stdout]   --> src/table.rs:20:17
[INFO] [stdout]    |
[INFO] [stdout] 20 |         format: FileFormat,
[INFO] [stdout]    |                 ^^^^^^^^^^ not found in this scope
[INFO] [stdout] 
[INFO] [stdout] 
[INFO] [stdout] error[E0425]: cannot find type `TableErrors` in this scope
[INFO] [stdout]   --> src/table.rs:21:24
[INFO] [stdout]    |
[INFO] [stdout] 21 |     ) -> Result<Table, TableErrors> {
[INFO] [stdout]    |                        ^^^^^^^^^^^ not found in this scope
[INFO] [stdout]    |
[INFO] [stdout] help: you might be missing a type parameter
[INFO] [stdout]    |
[INFO] [stdout]  8 | impl<TableErrors> Table {
[INFO] [stdout]    |     +++++++++++++
[INFO] [stdout] 
[INFO] [stdout] 
[INFO] [stdout] warning: unused import: `std::collections::HashMap`
[INFO] [stdout]  --> src/data.rs:1:5
[INFO] [stdout]   |
[INFO] [stdout] 1 | use std::collections::HashMap;
[INFO] [stdout]   |     ^^^^^^^^^^^^^^^^^^^^^^^^^
[INFO] [stdout]   |
[INFO] [stdout]   = note: `#[warn(unused_imports)]` (part of `#[warn(unused)]`) on by default
[INFO] [stdout] 
[INFO] [stdout] 
[INFO] [stdout] For more information about this error, try `rustc --explain E0425`.
[INFO] [stdout] 
[INFO] [stderr] error: could not compile `sapele_db` (bin "sapele_db") due to 9 previous errors; 1 warning emitted
[INFO] [stderr] warning: unused dependency `anyhow`
[INFO] [stderr]  --> Cargo.toml:2:1
[INFO] [stderr]   |
[INFO] [stderr] 2 | anyhow = "1.0.104"
[INFO] [stderr]   | ^^^^^^^^^^^^^^^^^^
[INFO] [stderr]   |
[INFO] [stderr]   = note: `cargo::unused_dependencies` is set to `warn` by default
[INFO] [stderr] help: consider removing the dependency on `anyhow`
[INFO] [stderr] warning: unused dependency `thiserror`
[INFO] [stderr]  --> Cargo.toml:3:1
[INFO] [stderr]   |
[INFO] [stderr] 3 | thiserror = "2.0.20"
[INFO] [stderr]   | ^^^^^^^^^^^^^^^^^^^^
[INFO] [stderr]   |
[INFO] [stderr] help: consider removing the dependency on `thiserror`
[INFO] [stderr] warning: `sapele_db` (manifest) generated 2 warnings
[INFO] running `Command { std: "docker" "inspect" "7644ac7fbd433e2fe2f773143157ab7784e774d5cad4aa05c3daafc37b15aaae", kill_on_drop: false }`
[INFO] running `Command { std: "docker" "rm" "-f" "7644ac7fbd433e2fe2f773143157ab7784e774d5cad4aa05c3daafc37b15aaae", kill_on_drop: false }`
[INFO] [stdout] 7644ac7fbd433e2fe2f773143157ab7784e774d5cad4aa05c3daafc37b15aaae
