[INFO] cloning repository https://github.com/Akionka/rak-rs
[INFO] running `Command { std: "git" "-c" "credential.helper=" "-c" "credential.helper=/workspace/cargo-home/bin/git-credential-null" "clone" "--bare" "https://github.com/Akionka/rak-rs" "/workspace/cache/git-repos/https%3A%2F%2Fgithub.com%2FAkionka%2Frak-rs", kill_on_drop: false }`
[INFO] [stderr] Cloning into bare repository '/workspace/cache/git-repos/https%3A%2F%2Fgithub.com%2FAkionka%2Frak-rs'...
[INFO] running `Command { std: "git" "rev-parse" "HEAD", kill_on_drop: false }`
[INFO] [stdout] c658b939a3d5b5be512b5b27ea869995bc37b44d
[INFO] checking Akionka/rak-rs against 3154cc1a3e6424e44f438a95007d043ed5ceaaf6+rustflags=-Znext-solver=coherence for pr-133502-30
[INFO] running `Command { std: "git" "clone" "/workspace/cache/git-repos/https%3A%2F%2Fgithub.com%2FAkionka%2Frak-rs" "/workspace/builds/worker-5-tc1/source", kill_on_drop: false }`
[INFO] [stderr] Cloning into '/workspace/builds/worker-5-tc1/source'...
[INFO] [stderr] done.
[INFO] removed /workspace/builds/worker-5-tc1/source/.cargo/config.toml
[INFO] started tweaking git repo https://github.com/Akionka/rak-rs
[INFO] finished tweaking git repo https://github.com/Akionka/rak-rs
[INFO] tweaked toml for git repo https://github.com/Akionka/rak-rs written to /workspace/builds/worker-5-tc1/source/Cargo.toml
[INFO] validating manifest of git repo https://github.com/Akionka/rak-rs on toolchain 3154cc1a3e6424e44f438a95007d043ed5ceaaf6
[INFO] running `Command { std: CARGO_HOME="/workspace/cargo-home" RUSTUP_HOME="/workspace/rustup-home" "/workspace/cargo-home/bin/cargo" "+3154cc1a3e6424e44f438a95007d043ed5ceaaf6" "metadata" "--manifest-path" "Cargo.toml" "--no-deps", kill_on_drop: false }`
[INFO] crate git repo https://github.com/Akionka/rak-rs already has a lockfile, it will not be regenerated
[INFO] running `Command { std: CARGO_HOME="/workspace/cargo-home" RUSTUP_HOME="/workspace/rustup-home" "/workspace/cargo-home/bin/cargo" "+3154cc1a3e6424e44f438a95007d043ed5ceaaf6" "fetch" "--manifest-path" "Cargo.toml", kill_on_drop: false }`
[INFO] [stderr] warning: `package.homepage` is redundant with `package.repository`
[INFO] [stderr]  --> sdk/Cargo.toml:9:12
[INFO] [stderr]   |
[INFO] [stderr] 8 | repository = "https://github.com/Akionka/samp-client-sdk"
[INFO] [stderr]   |              --------------------------------------------
[INFO] [stderr] 9 | homepage = "https://github.com/Akionka/samp-client-sdk"
[INFO] [stderr]   |            ^^^^^^^^^^^^^^^^^^^^^^^^^^^^^^^^^^^^^^^^^^^^
[INFO] [stderr]   |
[INFO] [stderr]   = note: `cargo::redundant_homepage` is set to `warn` by default
[INFO] [stderr] help: consider removing `package.homepage`
[INFO] [stderr] warning: `samp-client-sdk` (manifest) generated 1 warning
[INFO] [stderr] warning: `package.homepage` is redundant with `package.repository`
[INFO] [stderr]   --> Cargo.toml:28:12
[INFO] [stderr]    |
[INFO] [stderr] 28 | homepage = "https://github.com/Akionka/samp-client-sdk"
[INFO] [stderr]    |            ^^^^^^^^^^^^^^^^^^^^^^^^^^^^^^^^^^^^^^^^^^^^
[INFO] [stderr] ...
[INFO] [stderr] 34 | repository = "https://github.com/Akionka/samp-client-sdk"
[INFO] [stderr]    |              --------------------------------------------
[INFO] [stderr]    |
[INFO] [stderr]    = note: `cargo::redundant_homepage` is set to `warn` by default
[INFO] [stderr] help: consider removing `package.homepage`
[INFO] [stderr] warning: `samp-client-sdk-host` (manifest) generated 1 warning
[INFO] [stderr]     Blocking waiting for file lock on package cache
[INFO] [stderr]     Updating crates.io index
[INFO] [stderr]     Blocking waiting for file lock on package cache
[INFO] [stderr]  Downloading crates ...
[INFO] [stderr]   Downloaded num-conv v0.2.2
[INFO] [stderr]   Downloaded time-macros v0.2.32
[INFO] [stderr]   Downloaded time-core v0.1.9
[INFO] [stderr]   Downloaded num_threads v0.1.7
[INFO] [stderr]   Downloaded simplelog v0.12.2
[INFO] [stderr]   Downloaded deranged v0.5.8
[INFO] [stderr]   Downloaded time v0.3.55
[INFO] running `Command { std: "docker" "create" "-v" "/var/lib/crater-agent-workspace/builds/worker-5-tc1/source:/opt/rustwide/workdir:ro,Z" "-v" "/var/lib/crater-agent-workspace/builds/worker-5-tc1/target:/opt/rustwide/target:rw,Z" "-v" "/var/lib/crater-agent-workspace/cargo-home:/opt/rustwide/cargo-home:ro,Z" "-v" "/var/lib/crater-agent-workspace/rustup-home:/opt/rustwide/rustup-home:ro,Z" "-m" "1610612736" "--network" "none" "ghcr.io/rust-lang/crates-build-env/linux@sha256:77db811e55d90add9212f6832c23229e3de5f1c1f9905e8cb07319ea15df73ac" "sleep" "infinity", kill_on_drop: false }`
[INFO] [stdout] c8661e6eb3c29d4562f9701fa9ee683d005f9b9adeb356842a8f5e097e7a586a
[INFO] running `Command { std: "docker" "start" "c8661e6eb3c29d4562f9701fa9ee683d005f9b9adeb356842a8f5e097e7a586a", kill_on_drop: false }`
[INFO] running `Command { std: "docker" "inspect" "c8661e6eb3c29d4562f9701fa9ee683d005f9b9adeb356842a8f5e097e7a586a", kill_on_drop: false }`
[INFO] running `Command { std: "docker" "exec" "-e" "SOURCE_DIR=/opt/rustwide/workdir" "-e" "CARGO_HOME=/opt/rustwide/cargo-home" "-e" "RUSTUP_HOME=/opt/rustwide/rustup-home" "-e" "CARGO_TARGET_DIR=/opt/rustwide/target" "-w" "/opt/rustwide/workdir" "--user" "0:0" "c8661e6eb3c29d4562f9701fa9ee683d005f9b9adeb356842a8f5e097e7a586a" "/opt/rustwide/cargo-home/bin/cargo" "+3154cc1a3e6424e44f438a95007d043ed5ceaaf6" "metadata" "--no-deps" "--format-version=1", kill_on_drop: false }`
[INFO] running `Command { std: "docker" "inspect" "c8661e6eb3c29d4562f9701fa9ee683d005f9b9adeb356842a8f5e097e7a586a", kill_on_drop: false }`
[INFO] running `Command { std: "docker" "exec" "-e" "SOURCE_DIR=/opt/rustwide/workdir" "-e" "CARGO_HOME=/opt/rustwide/cargo-home" "-e" "RUSTUP_HOME=/opt/rustwide/rustup-home" "-e" "CARGO_TARGET_DIR=/opt/rustwide/target" "-e" "CARGO_INCREMENTAL=0" "-e" "RUST_BACKTRACE=full" "-e" "RUSTFLAGS=--cap-lints=forbid -Znext-solver=coherence" "-e" "RUSTDOCFLAGS=--cap-lints=forbid" "-w" "/opt/rustwide/workdir" "--user" "0:0" "c8661e6eb3c29d4562f9701fa9ee683d005f9b9adeb356842a8f5e097e7a586a" "/opt/rustwide/cargo-home/bin/cargo" "+3154cc1a3e6424e44f438a95007d043ed5ceaaf6" "check" "--frozen" "--all" "--all-targets" "--message-format=json", kill_on_drop: false }`
[INFO] [stderr] warning: `package.homepage` is redundant with `package.repository`
[INFO] [stderr]   --> Cargo.toml:28:12
[INFO] [stderr]    |
[INFO] [stderr] 28 | homepage = "https://github.com/Akionka/samp-client-sdk"
[INFO] [stderr]    |            ^^^^^^^^^^^^^^^^^^^^^^^^^^^^^^^^^^^^^^^^^^^^
[INFO] [stderr] ...
[INFO] [stderr] 34 | repository = "https://github.com/Akionka/samp-client-sdk"
[INFO] [stderr]    |              --------------------------------------------
[INFO] [stderr]    |
[INFO] [stderr]    = note: `cargo::redundant_homepage` is set to `warn` by default
[INFO] [stderr] help: consider removing `package.homepage`
[INFO] [stderr] warning: `samp-client-sdk-host` (manifest) generated 1 warning
[INFO] [stderr] warning: `package.homepage` is redundant with `package.repository`
[INFO] [stderr]  --> sdk/Cargo.toml:9:12
[INFO] [stderr]   |
[INFO] [stderr] 8 | repository = "https://github.com/Akionka/samp-client-sdk"
[INFO] [stderr]   |              --------------------------------------------
[INFO] [stderr] 9 | homepage = "https://github.com/Akionka/samp-client-sdk"
[INFO] [stderr]   |            ^^^^^^^^^^^^^^^^^^^^^^^^^^^^^^^^^^^^^^^^^^^^
[INFO] [stderr]   |
[INFO] [stderr]   = note: `cargo::redundant_homepage` is set to `warn` by default
[INFO] [stderr] help: consider removing `package.homepage`
[INFO] [stderr] warning: `samp-client-sdk` (manifest) generated 1 warning
[INFO] [stderr]     Checking samp-protocol v0.1.0-alpha.4 (/opt/rustwide/workdir/crates/samp-protocol)
[INFO] [stderr]     Checking modkit-abi v0.1.0-alpha.4 (/opt/rustwide/workdir/crates/modkit-abi)
[INFO] [stderr]     Checking log v0.4.34
[INFO] [stderr]     Checking windows-link v0.2.1
[INFO] [stderr]    Compiling version_check v0.9.5
[INFO] [stderr]     Checking typenum v1.20.1
[INFO] [stderr]    Compiling libc v0.2.189
[INFO] [stderr]     Checking cpufeatures v0.2.17
[INFO] [stderr]     Checking windows-sys v0.61.2
[INFO] [stderr]     Checking cfg-if v1.0.4
[INFO] [stderr]    Compiling time-core v0.1.9
[INFO] [stderr]    Compiling num-conv v0.2.2
[INFO] [stderr]     Checking modkit-sdk v0.1.0-alpha.4 (/opt/rustwide/workdir/crates/modkit-sdk)
[INFO] [stderr]    Compiling shlex v2.0.1
[INFO] [stderr]    Compiling find-msvc-tools v0.1.11
[INFO] [stderr]    Compiling generic-array v0.14.7
[INFO] [stderr]     Checking gta-sa v0.1.0-alpha.4 (/opt/rustwide/workdir/crates/gta-sa)
[INFO] [stderr]    Compiling time-macros v0.2.32
[INFO] [stderr]    Compiling cc v1.4.4
[INFO] [stderr]     Checking num_threads v0.1.7
[INFO] [stderr]     Checking deranged v0.5.8
[INFO] [stderr]     Checking powerfmt v0.2.0
[INFO] [stderr]     Checking termcolor v1.4.1
[INFO] [stderr]     Checking modkit-runtime v0.1.0-alpha.4 (/opt/rustwide/workdir/crates/modkit-runtime)
[INFO] [stderr]     Checking crypto-common v0.1.7
[INFO] [stderr]     Checking block-buffer v0.10.4
[INFO] [stderr]     Checking digest v0.10.7
[INFO] [stderr]     Checking samp-client-sdk v0.1.0-alpha.4 (/opt/rustwide/workdir/sdk)
[INFO] [stderr]     Checking samp v0.1.0-alpha.4 (/opt/rustwide/workdir/crates/samp)
[INFO] [stdout] error: samp_client_sdk supports only 32-bit Windows x86 targets
[INFO] [stdout]   --> sdk/src/lib.rs:52:1
[INFO] [stdout]    |
[INFO] [stdout] 52 | compile_error!("samp_client_sdk supports only 32-bit Windows x86 targets");
[INFO] [stdout]    | ^^^^^^^^^^^^^^^^^^^^^^^^^^^^^^^^^^^^^^^^^^^^^^^^^^^^^^^^^^^^^^^^^^^^^^^^^^
[INFO] [stdout] 
[INFO] [stdout] 
[INFO] [stdout] error[E0433]: cannot find module or crate `windows_sys` in this scope
[INFO] [stdout]   --> sdk/src/raw.rs:34:9
[INFO] [stdout]    |
[INFO] [stdout] 34 |     use windows_sys::Win32::System::LibraryLoader::GetModuleHandleA;
[INFO] [stdout]    |         ^^^^^^^^^^^ use of unresolved module or unlinked crate `windows_sys`
[INFO] [stdout]    |
[INFO] [stdout]    = help: if you wanted to use a crate named `windows_sys`, use `cargo add windows_sys` to add it to your `Cargo.toml`
[INFO] [stdout] 
[INFO] [stdout] 
[INFO] [stderr]     Checking sha2 v0.10.9
[INFO] [stderr]     Checking modkit-win32 v0.1.0-alpha.4 (/opt/rustwide/workdir/crates/modkit-win32)
[INFO] [stdout] warning: unused imports: `ABI_VERSION_V1` and `SampClientSdkGetApiV1`
[INFO] [stdout]  --> sdk/src/resolve.rs:2:5
[INFO] [stdout]   |
[INFO] [stdout] 2 |     ABI_VERSION_V1, DEFAULT_HOST_MODULE, HostApi, SampClientSdkGetApiV1, SampClientSdkHostStatus,
[INFO] [stdout]   |     ^^^^^^^^^^^^^^                                ^^^^^^^^^^^^^^^^^^^^^
[INFO] [stdout]   |
[INFO] [stdout]   = note: `#[warn(unused_imports)]` (part of `#[warn(unused)]`) on by default
[INFO] [stdout] 
[INFO] [stdout] 
[INFO] [stdout] warning: unused import: `mem`
[INFO] [stdout]  --> sdk/src/resolve.rs:4:17
[INFO] [stdout]   |
[INFO] [stdout] 4 | use core::{fmt, mem};
[INFO] [stdout]   |                 ^^^
[INFO] [stdout] 
[INFO] [stdout] 
[INFO] [stdout] error: modkit-win32 supports only 32-bit Windows x86 targets
[INFO] [stdout]   --> crates/modkit-win32/src/lib.rs:11:1
[INFO] [stdout]    |
[INFO] [stdout] 11 | compile_error!("modkit-win32 supports only 32-bit Windows x86 targets");
[INFO] [stdout]    | ^^^^^^^^^^^^^^^^^^^^^^^^^^^^^^^^^^^^^^^^^^^^^^^^^^^^^^^^^^^^^^^^^^^^^^^
[INFO] [stdout] 
[INFO] [stdout] 
[INFO] [stdout] error[E0433]: cannot find module or crate `minhook` in this scope
[INFO] [stdout]   --> crates/modkit-win32/src/hooks.rs:50:13
[INFO] [stdout]    |
[INFO] [stdout] 50 |             minhook::MinHook::create_hook(target as *mut c_void, detour as *mut c_void)
[INFO] [stdout]    |             ^^^^^^^ use of unresolved module or unlinked crate `minhook`
[INFO] [stdout]    |
[INFO] [stdout]    = help: if you wanted to use a crate named `minhook`, use `cargo add minhook` to add it to your `Cargo.toml`
[INFO] [stdout] 
[INFO] [stdout] 
[INFO] [stderr]     Checking gta-basic-plugin v0.1.0 (/opt/rustwide/workdir/examples/gta_basic_plugin)
[INFO] [stdout] error[E0433]: cannot find module or crate `minhook` in this scope
[INFO] [stdout]   --> crates/modkit-win32/src/hooks.rs:54:42
[INFO] [stdout]    |
[INFO] [stdout] 54 |             if let Err(error) = unsafe { minhook::MinHook::remove_hook(target as *mut c_void) } {
[INFO] [stdout]    |                                          ^^^^^^^ use of unresolved module or unlinked crate `minhook`
[INFO] [stdout]    |
[INFO] [stdout]    = help: if you wanted to use a crate named `minhook`, use `cargo add minhook` to add it to your `Cargo.toml`
[INFO] [stdout] 
[INFO] [stdout] 
[INFO] [stdout] error[E0433]: cannot find module or crate `minhook` in this scope
[INFO] [stdout]   --> crates/modkit-win32/src/hooks.rs:73:18
[INFO] [stdout]    |
[INFO] [stdout] 73 |         unsafe { minhook::MinHook::enable_hook(self.target as *mut c_void) }
[INFO] [stdout]    |                  ^^^^^^^ use of unresolved module or unlinked crate `minhook`
[INFO] [stdout]    |
[INFO] [stdout]    = help: if you wanted to use a crate named `minhook`, use `cargo add minhook` to add it to your `Cargo.toml`
[INFO] [stdout] 
[INFO] [stdout] 
[INFO] [stdout] error: gta-basic-plugin supports only 32-bit Windows x86 targets
[INFO] [stdout]  --> examples/gta_basic_plugin/src/lib.rs:4:1
[INFO] [stdout]   |
[INFO] [stdout] 4 | compile_error!("gta-basic-plugin supports only 32-bit Windows x86 targets");
[INFO] [stdout]   | ^^^^^^^^^^^^^^^^^^^^^^^^^^^^^^^^^^^^^^^^^^^^^^^^^^^^^^^^^^^^^^^^^^^^^^^^^^^
[INFO] [stdout] 
[INFO] [stdout] 
[INFO] [stdout] error[E0433]: cannot find module or crate `minhook` in this scope
[INFO] [stdout]   --> crates/modkit-win32/src/hooks.rs:96:18
[INFO] [stdout]    |
[INFO] [stdout] 96 |         unsafe { minhook::MinHook::disable_hook(self.target as *mut c_void) }
[INFO] [stdout]    |                  ^^^^^^^ use of unresolved module or unlinked crate `minhook`
[INFO] [stdout]    |
[INFO] [stdout]    = help: if you wanted to use a crate named `minhook`, use `cargo add minhook` to add it to your `Cargo.toml`
[INFO] [stdout] 
[INFO] [stdout] 
[INFO] [stdout] error[E0433]: cannot find module or crate `minhook` in this scope
[INFO] [stdout]    --> crates/modkit-win32/src/hooks.rs:108:18
[INFO] [stdout]     |
[INFO] [stdout] 108 |         unsafe { minhook::MinHook::remove_hook(self.target as *mut c_void) }
[INFO] [stdout]     |                  ^^^^^^^ use of unresolved module or unlinked crate `minhook`
[INFO] [stdout]     |
[INFO] [stdout]     = help: if you wanted to use a crate named `minhook`, use `cargo add minhook` to add it to your `Cargo.toml`
[INFO] [stdout] 
[INFO] [stdout] 
[INFO] [stdout] For more information about this error, try `rustc --explain E0433`.
[INFO] [stdout] 
[INFO] [stderr] error: could not compile `modkit-win32` (lib) due to 6 previous errors
[INFO] [stderr] warning: build failed, waiting for other jobs to finish...
[INFO] [stderr] error: could not compile `gta-basic-plugin` (lib test) due to 1 previous error
[INFO] [stdout] For more information about this error, try `rustc --explain E0433`.
[INFO] [stdout] 
[INFO] [stderr] error: could not compile `samp-client-sdk` (lib) due to 2 previous errors; 2 warnings emitted
[INFO] running `Command { std: "docker" "inspect" "c8661e6eb3c29d4562f9701fa9ee683d005f9b9adeb356842a8f5e097e7a586a", kill_on_drop: false }`
[INFO] running `Command { std: "docker" "rm" "-f" "c8661e6eb3c29d4562f9701fa9ee683d005f9b9adeb356842a8f5e097e7a586a", kill_on_drop: false }`
[INFO] [stdout] c8661e6eb3c29d4562f9701fa9ee683d005f9b9adeb356842a8f5e097e7a586a
