[INFO] cloning repository https://github.com/Akinus21/docker-ops-agent
[INFO] running `Command { std: "git" "-c" "credential.helper=" "-c" "credential.helper=/workspace/cargo-home/bin/git-credential-null" "clone" "--bare" "https://github.com/Akinus21/docker-ops-agent" "/workspace/cache/git-repos/https%3A%2F%2Fgithub.com%2FAkinus21%2Fdocker-ops-agent", kill_on_drop: false }`
[INFO] [stderr] Cloning into bare repository '/workspace/cache/git-repos/https%3A%2F%2Fgithub.com%2FAkinus21%2Fdocker-ops-agent'...
[INFO] running `Command { std: "git" "rev-parse" "HEAD", kill_on_drop: false }`
[INFO] [stdout] be168bafc4ac37a5b67f4c1d93d49bb9ca556049
[INFO] checking Akinus21/docker-ops-agent against 3154cc1a3e6424e44f438a95007d043ed5ceaaf6+rustflags=-Znext-solver=coherence for pr-133502-30
[INFO] running `Command { std: "git" "clone" "/workspace/cache/git-repos/https%3A%2F%2Fgithub.com%2FAkinus21%2Fdocker-ops-agent" "/workspace/builds/worker-2-tc1/source", kill_on_drop: false }`
[INFO] [stderr] Cloning into '/workspace/builds/worker-2-tc1/source'...
[INFO] [stderr] done.
[INFO] started tweaking git repo https://github.com/Akinus21/docker-ops-agent
[INFO] finished tweaking git repo https://github.com/Akinus21/docker-ops-agent
[INFO] tweaked toml for git repo https://github.com/Akinus21/docker-ops-agent written to /workspace/builds/worker-2-tc1/source/Cargo.toml
[INFO] validating manifest of git repo https://github.com/Akinus21/docker-ops-agent on toolchain 3154cc1a3e6424e44f438a95007d043ed5ceaaf6
[INFO] running `Command { std: CARGO_HOME="/workspace/cargo-home" RUSTUP_HOME="/workspace/rustup-home" "/workspace/cargo-home/bin/cargo" "+3154cc1a3e6424e44f438a95007d043ed5ceaaf6" "metadata" "--manifest-path" "Cargo.toml" "--no-deps", kill_on_drop: false }`
[INFO] crate git repo https://github.com/Akinus21/docker-ops-agent already has a lockfile, it will not be regenerated
[INFO] running `Command { std: CARGO_HOME="/workspace/cargo-home" RUSTUP_HOME="/workspace/rustup-home" "/workspace/cargo-home/bin/cargo" "+3154cc1a3e6424e44f438a95007d043ed5ceaaf6" "fetch" "--manifest-path" "Cargo.toml", kill_on_drop: false }`
[INFO] running `Command { std: "docker" "create" "-v" "/var/lib/crater-agent-workspace/builds/worker-2-tc1/source:/opt/rustwide/workdir:ro,Z" "-v" "/var/lib/crater-agent-workspace/builds/worker-2-tc1/target:/opt/rustwide/target:rw,Z" "-v" "/var/lib/crater-agent-workspace/cargo-home:/opt/rustwide/cargo-home:ro,Z" "-v" "/var/lib/crater-agent-workspace/rustup-home:/opt/rustwide/rustup-home:ro,Z" "-m" "1610612736" "--network" "none" "ghcr.io/rust-lang/crates-build-env/linux@sha256:77db811e55d90add9212f6832c23229e3de5f1c1f9905e8cb07319ea15df73ac" "sleep" "infinity", kill_on_drop: false }`
[INFO] [stdout] 0c8bcaa2989a9e60a2c54ddec980b7704696bca4ec480239cc85332333174c75
[INFO] running `Command { std: "docker" "start" "0c8bcaa2989a9e60a2c54ddec980b7704696bca4ec480239cc85332333174c75", kill_on_drop: false }`
[INFO] running `Command { std: "docker" "inspect" "0c8bcaa2989a9e60a2c54ddec980b7704696bca4ec480239cc85332333174c75", kill_on_drop: false }`
[INFO] running `Command { std: "docker" "exec" "-e" "SOURCE_DIR=/opt/rustwide/workdir" "-e" "CARGO_HOME=/opt/rustwide/cargo-home" "-e" "RUSTUP_HOME=/opt/rustwide/rustup-home" "-e" "CARGO_TARGET_DIR=/opt/rustwide/target" "-w" "/opt/rustwide/workdir" "--user" "0:0" "0c8bcaa2989a9e60a2c54ddec980b7704696bca4ec480239cc85332333174c75" "/opt/rustwide/cargo-home/bin/cargo" "+3154cc1a3e6424e44f438a95007d043ed5ceaaf6" "metadata" "--no-deps" "--format-version=1", kill_on_drop: false }`
[INFO] running `Command { std: "docker" "inspect" "0c8bcaa2989a9e60a2c54ddec980b7704696bca4ec480239cc85332333174c75", kill_on_drop: false }`
[INFO] running `Command { std: "docker" "exec" "-e" "SOURCE_DIR=/opt/rustwide/workdir" "-e" "CARGO_HOME=/opt/rustwide/cargo-home" "-e" "RUSTUP_HOME=/opt/rustwide/rustup-home" "-e" "CARGO_TARGET_DIR=/opt/rustwide/target" "-e" "CARGO_INCREMENTAL=0" "-e" "RUST_BACKTRACE=full" "-e" "RUSTFLAGS=--cap-lints=forbid -Znext-solver=coherence" "-e" "RUSTDOCFLAGS=--cap-lints=forbid" "-w" "/opt/rustwide/workdir" "--user" "0:0" "0c8bcaa2989a9e60a2c54ddec980b7704696bca4ec480239cc85332333174c75" "/opt/rustwide/cargo-home/bin/cargo" "+3154cc1a3e6424e44f438a95007d043ed5ceaaf6" "check" "--frozen" "--all" "--all-targets" "--message-format=json", kill_on_drop: false }`
[INFO] [stderr]    Compiling proc-macro2 v1.0.107
[INFO] [stderr]     Checking smallvec v1.16.1
[INFO] [stderr]     Checking once_cell v1.19.0
[INFO] [stderr]    Compiling serde v1.0.210
[INFO] [stderr]     Checking socket2 v0.5.10
[INFO] [stderr]     Checking futures-task v0.3.34
[INFO] [stderr]     Checking slab v0.4.12
[INFO] [stderr]    Compiling rustversion v1.0.23
[INFO] [stderr]    Compiling num-traits v0.2.19
[INFO] [stderr]     Checking tracing-core v0.1.36
[INFO] [stderr]     Checking futures-util v0.3.34
[INFO] [stderr]     Checking futures-channel v0.3.34
[INFO] [stderr]    Compiling serde_json v1.0.128
[INFO] [stderr]     Checking parking_lot_core v0.9.12
[INFO] [stderr]     Checking sync_wrapper v1.0.2
[INFO] [stderr]     Checking http-body-util v0.1.5
[INFO] [stderr]     Checking parking_lot v0.12.5
[INFO] [stderr]     Checking getrandom v0.2.17
[INFO] [stderr]    Compiling quote v1.0.47
[INFO] [stderr]     Checking tracing-log v0.2.0
[INFO] [stderr]     Checking thread_local v1.1.10
[INFO] [stderr]     Checking matchit v0.7.3
[INFO] [stderr]    Compiling syn v2.0.119
[INFO] [stderr]    Compiling syn v3.0.6
[INFO] [stderr]     Checking tracing-subscriber v0.3.18
[INFO] [stderr]     Checking uuid v1.10.0
[INFO] [stderr]     Checking regex v1.10.6
[INFO] [stderr]     Checking chrono v0.4.38
[INFO] [stderr]    Compiling async-trait v0.1.92
[INFO] [stderr]    Compiling serde_derive v1.0.210
[INFO] [stderr]    Compiling tokio-macros v2.4.0
[INFO] [stderr]    Compiling tracing-attributes v0.1.31
[INFO] [stderr]     Checking tokio v1.40.0
[INFO] [stderr]     Checking tracing v0.1.40
[INFO] [stderr]     Checking axum-core v0.4.5
[INFO] [stderr]     Checking hyper v1.11.1
[INFO] [stderr]     Checking tower v0.5.3
[INFO] [stderr]     Checking hyper-util v0.1.20
[INFO] [stderr]     Checking serde_urlencoded v0.7.1
[INFO] [stderr]     Checking serde_path_to_error v0.1.17
[INFO] [stderr]     Checking basic-toml v0.1.10
[INFO] [stderr]     Checking axum v0.7.9
[INFO] [stderr]     Checking docker-ops-agent v0.5.0 (/opt/rustwide/workdir)
[INFO] [stdout] error[E0609]: no field `host_config` on type `ContainerConfig`
[INFO] [stdout]    --> src/main.rs:835:18
[INFO] [stdout]     |
[INFO] [stdout] 835 |                 .host_config
[INFO] [stdout]     |                  ^^^^^^^^^^^ unknown field
[INFO] [stdout]     |
[INFO] [stdout]     = note: available fields are: `env`, `image`, `exposed_ports`
[INFO] [stdout] 
[INFO] [stdout] 
[INFO] [stdout] error[E0609]: no field `host_config` on type `ContainerConfig`
[INFO] [stdout]    --> src/main.rs:835:18
[INFO] [stdout]     |
[INFO] [stdout] 835 |                 .host_config
[INFO] [stdout]     |                  ^^^^^^^^^^^ unknown field
[INFO] [stdout]     |
[INFO] [stdout]     = note: available fields are: `env`, `image`, `exposed_ports`
[INFO] [stdout] 
[INFO] [stdout] 
[INFO] [stdout] error[E0609]: no field `host_config` on type `ContainerConfig`
[INFO] [stdout]    --> src/main.rs:858:18
[INFO] [stdout]     |
[INFO] [stdout] 858 |                 .host_config
[INFO] [stdout]     |                  ^^^^^^^^^^^ unknown field
[INFO] [stdout]     |
[INFO] [stdout]     = note: available fields are: `env`, `image`, `exposed_ports`
[INFO] [stdout] 
[INFO] [stdout] 
[INFO] [stdout] error[E0609]: no field `host_config` on type `ContainerConfig`
[INFO] [stdout]    --> src/main.rs:858:18
[INFO] [stdout]     |
[INFO] [stdout] 858 |                 .host_config
[INFO] [stdout]     |                  ^^^^^^^^^^^ unknown field
[INFO] [stdout]     |
[INFO] [stdout]     = note: available fields are: `env`, `image`, `exposed_ports`
[INFO] [stdout] 
[INFO] [stdout] 
[INFO] [stdout] For more information about this error, try `rustc --explain E0609`.
[INFO] [stdout] 
[INFO] [stderr] error: could not compile `docker-ops-agent` (bin "docker-ops-agent") due to 2 previous errors
[INFO] [stderr] warning: build failed, waiting for other jobs to finish...
[INFO] [stdout] For more information about this error, try `rustc --explain E0609`.
[INFO] [stdout] 
[INFO] [stderr] error: could not compile `docker-ops-agent` (bin "docker-ops-agent" test) due to 2 previous errors
[INFO] running `Command { std: "docker" "inspect" "0c8bcaa2989a9e60a2c54ddec980b7704696bca4ec480239cc85332333174c75", kill_on_drop: false }`
[INFO] running `Command { std: "docker" "rm" "-f" "0c8bcaa2989a9e60a2c54ddec980b7704696bca4ec480239cc85332333174c75", kill_on_drop: false }`
[INFO] [stdout] 0c8bcaa2989a9e60a2c54ddec980b7704696bca4ec480239cc85332333174c75
