[INFO] cloning repository https://github.com/AkihaTatsu/ComfyUI-TUI-Launcher
[INFO] running `Command { std: "git" "-c" "credential.helper=" "-c" "credential.helper=/workspace/cargo-home/bin/git-credential-null" "clone" "--bare" "https://github.com/AkihaTatsu/ComfyUI-TUI-Launcher" "/workspace/cache/git-repos/https%3A%2F%2Fgithub.com%2FAkihaTatsu%2FComfyUI-TUI-Launcher", kill_on_drop: false }`
[INFO] [stderr] Cloning into bare repository '/workspace/cache/git-repos/https%3A%2F%2Fgithub.com%2FAkihaTatsu%2FComfyUI-TUI-Launcher'...
[INFO] running `Command { std: "git" "rev-parse" "HEAD", kill_on_drop: false }`
[INFO] [stdout] 9c4dc9ab6aee429dc3c34e44e161b27763b6cdf7
[INFO] checking AkihaTatsu/ComfyUI-TUI-Launcher against 3154cc1a3e6424e44f438a95007d043ed5ceaaf6 for pr-133502-30
[INFO] running `Command { std: "git" "clone" "/workspace/cache/git-repos/https%3A%2F%2Fgithub.com%2FAkihaTatsu%2FComfyUI-TUI-Launcher" "/workspace/builds/worker-2-tc2/source", kill_on_drop: false }`
[INFO] [stderr] Cloning into '/workspace/builds/worker-2-tc2/source'...
[INFO] [stderr] done.
[INFO] removed /workspace/builds/worker-2-tc2/source/rust-toolchain.toml
[INFO] started tweaking git repo https://github.com/AkihaTatsu/ComfyUI-TUI-Launcher
[INFO] finished tweaking git repo https://github.com/AkihaTatsu/ComfyUI-TUI-Launcher
[INFO] tweaked toml for git repo https://github.com/AkihaTatsu/ComfyUI-TUI-Launcher written to /workspace/builds/worker-2-tc2/source/Cargo.toml
[INFO] validating manifest of git repo https://github.com/AkihaTatsu/ComfyUI-TUI-Launcher on toolchain 3154cc1a3e6424e44f438a95007d043ed5ceaaf6
[INFO] running `Command { std: CARGO_HOME="/workspace/cargo-home" RUSTUP_HOME="/workspace/rustup-home" "/workspace/cargo-home/bin/cargo" "+3154cc1a3e6424e44f438a95007d043ed5ceaaf6" "metadata" "--manifest-path" "Cargo.toml" "--no-deps", kill_on_drop: false }`
[INFO] crate git repo https://github.com/AkihaTatsu/ComfyUI-TUI-Launcher already has a lockfile, it will not be regenerated
[INFO] running `Command { std: CARGO_HOME="/workspace/cargo-home" RUSTUP_HOME="/workspace/rustup-home" "/workspace/cargo-home/bin/cargo" "+3154cc1a3e6424e44f438a95007d043ed5ceaaf6" "fetch" "--manifest-path" "Cargo.toml", kill_on_drop: false }`
[INFO] running `Command { std: "docker" "create" "-v" "/var/lib/crater-agent-workspace/builds/worker-2-tc2/source:/opt/rustwide/workdir:ro,Z" "-v" "/var/lib/crater-agent-workspace/builds/worker-2-tc2/target:/opt/rustwide/target:rw,Z" "-v" "/var/lib/crater-agent-workspace/cargo-home:/opt/rustwide/cargo-home:ro,Z" "-v" "/var/lib/crater-agent-workspace/rustup-home:/opt/rustwide/rustup-home:ro,Z" "-m" "1610612736" "--network" "none" "ghcr.io/rust-lang/crates-build-env/linux@sha256:77db811e55d90add9212f6832c23229e3de5f1c1f9905e8cb07319ea15df73ac" "sleep" "infinity", kill_on_drop: false }`
[INFO] [stdout] 8b04975249fb3eaeb656d8d55fbcc680adab6d8e6973fcec9ec275f3244d59e2
[INFO] running `Command { std: "docker" "start" "8b04975249fb3eaeb656d8d55fbcc680adab6d8e6973fcec9ec275f3244d59e2", kill_on_drop: false }`
[INFO] running `Command { std: "docker" "inspect" "8b04975249fb3eaeb656d8d55fbcc680adab6d8e6973fcec9ec275f3244d59e2", kill_on_drop: false }`
[INFO] running `Command { std: "docker" "exec" "-e" "SOURCE_DIR=/opt/rustwide/workdir" "-e" "CARGO_HOME=/opt/rustwide/cargo-home" "-e" "RUSTUP_HOME=/opt/rustwide/rustup-home" "-e" "CARGO_TARGET_DIR=/opt/rustwide/target" "-w" "/opt/rustwide/workdir" "--user" "0:0" "8b04975249fb3eaeb656d8d55fbcc680adab6d8e6973fcec9ec275f3244d59e2" "/opt/rustwide/cargo-home/bin/cargo" "+3154cc1a3e6424e44f438a95007d043ed5ceaaf6" "metadata" "--no-deps" "--format-version=1", kill_on_drop: false }`
[INFO] running `Command { std: "docker" "inspect" "8b04975249fb3eaeb656d8d55fbcc680adab6d8e6973fcec9ec275f3244d59e2", kill_on_drop: false }`
[INFO] running `Command { std: "docker" "exec" "-e" "SOURCE_DIR=/opt/rustwide/workdir" "-e" "CARGO_HOME=/opt/rustwide/cargo-home" "-e" "RUSTUP_HOME=/opt/rustwide/rustup-home" "-e" "CARGO_TARGET_DIR=/opt/rustwide/target" "-e" "CARGO_INCREMENTAL=0" "-e" "RUST_BACKTRACE=full" "-e" "RUSTFLAGS=--cap-lints=forbid" "-e" "RUSTDOCFLAGS=--cap-lints=forbid" "-w" "/opt/rustwide/workdir" "--user" "0:0" "8b04975249fb3eaeb656d8d55fbcc680adab6d8e6973fcec9ec275f3244d59e2" "/opt/rustwide/cargo-home/bin/cargo" "+3154cc1a3e6424e44f438a95007d043ed5ceaaf6" "check" "--frozen" "--all" "--all-targets" "--message-format=json", kill_on_drop: false }`
[INFO] [stderr]    Compiling proc-macro2 v1.0.106
[INFO] [stderr]    Compiling unicode-ident v1.0.24
[INFO] [stderr]    Compiling quote v1.0.45
[INFO] [stderr]    Compiling libc v0.2.186
[INFO] [stderr]    Compiling find-msvc-tools v0.1.9
[INFO] [stderr]    Compiling shlex v1.3.0
[INFO] [stderr]     Checking smallvec v1.15.1
[INFO] [stderr]     Checking stable_deref_trait v1.2.1
[INFO] [stderr]     Checking bitflags v2.11.1
[INFO] [stderr]    Compiling cc v1.2.62
[INFO] [stderr]     Checking cfg-if v1.0.4
[INFO] [stderr]    Compiling rustix v1.1.4
[INFO] [stderr]     Checking equivalent v1.0.2
[INFO] [stderr]     Checking linux-raw-sys v0.12.1
[INFO] [stderr]    Compiling pkg-config v0.3.33
[INFO] [stderr]    Compiling serde_core v1.0.228
[INFO] [stderr]     Checking log v0.4.29
[INFO] [stderr]     Checking litemap v0.8.2
[INFO] [stderr]     Checking writeable v0.6.3
[INFO] [stderr]    Compiling icu_normalizer_data v2.2.0
[INFO] [stderr]     Checking hashbrown v0.17.1
[INFO] [stderr]    Compiling icu_properties_data v2.2.0
[INFO] [stderr]     Checking foldhash v0.1.5
[INFO] [stderr]     Checking utf8_iter v1.0.4
[INFO] [stderr]    Compiling rustversion v1.0.22
[INFO] [stderr]    Compiling memchr v2.8.0
[INFO] [stderr]    Compiling wayland-sys v0.31.11
[INFO] [stderr]     Checking allocator-api2 v0.2.21
[INFO] [stderr]    Compiling syn v2.0.117
[INFO] [stderr]     Checking hashbrown v0.15.5
[INFO] [stderr]     Checking indexmap v2.14.0
[INFO] [stderr]    Compiling quick-xml v0.39.4
[INFO] [stderr]    Compiling wayland-client v0.31.14
[INFO] [stderr]    Compiling wayland-backend v0.3.15
[INFO] [stderr]    Compiling ring v0.17.14
[INFO] [stderr]    Compiling parking_lot_core v0.9.12
[INFO] [stderr]     Checking downcast-rs v1.2.1
[INFO] [stderr]    Compiling serde v1.0.228
[INFO] [stderr]     Checking zeroize v1.8.2
[INFO] [stderr]     Checking rustls-pki-types v1.14.1
[INFO] [stderr]     Checking errno v0.3.14
[INFO] [stderr]    Compiling strsim v0.11.1
[INFO] [stderr]    Compiling ident_case v1.0.1
[INFO] [stderr]    Compiling wayland-scanner v0.31.10
[INFO] [stderr]    Compiling signal-hook v0.3.18
[INFO] [stderr]     Checking scopeguard v1.2.0
[INFO] [stderr]     Checking lock_api v0.4.14
[INFO] [stderr]     Checking signal-hook-registry v1.4.8
[INFO] [stderr]     Checking getrandom v0.2.17
[INFO] [stderr]    Compiling autocfg v1.5.1
[INFO] [stderr]    Compiling rustix v0.38.44
[INFO] [stderr]     Checking untrusted v0.9.0
[INFO] [stderr]     Checking percent-encoding v2.3.2
[INFO] [stderr]     Checking fixedbitset v0.5.7
[INFO] [stderr]    Compiling thiserror v2.0.18
[INFO] [stderr]    Compiling num-traits v0.2.19
[INFO] [stderr]     Checking petgraph v0.8.3
[INFO] [stderr]     Checking parking_lot v0.12.5
[INFO] [stderr]     Checking nom v8.0.0
[INFO] [stderr]     Checking mio v1.2.0
[INFO] [stderr]    Compiling zmij v1.0.21
[INFO] [stderr]     Checking either v1.16.0
[INFO] [stderr]     Checking itoa v1.0.18
[INFO] [stderr]    Compiling paste v1.0.15
[INFO] [stderr]    Compiling instability v0.3.12
[INFO] [stderr]     Checking linux-raw-sys v0.4.15
[INFO] [stderr]    Compiling heck v0.5.0
[INFO] [stderr]    Compiling cfg_aliases v0.2.1
[INFO] [stderr]    Compiling rustls v0.23.40
[INFO] [stderr]    Compiling nix v0.29.0
[INFO] [stderr]     Checking itertools v0.13.0
[INFO] [stderr]     Checking signal-hook-mio v0.2.5
[INFO] [stderr]     Checking form_urlencoded v1.2.2
[INFO] [stderr]     Checking castaway v0.2.4
[INFO] [stderr]     Checking webpki-roots v1.0.7
[INFO] [stderr]     Checking os_pipe v1.2.3
[INFO] [stderr]    Compiling indoc v2.0.7
[INFO] [stderr]     Checking unicode-segmentation v1.13.2
[INFO] [stderr]     Checking once_cell v1.21.4
[INFO] [stderr]    Compiling synstructure v0.13.2
[INFO] [stderr]    Compiling darling_core v0.23.0
[INFO] [stderr]     Checking gethostname v1.1.0
[INFO] [stderr]     Checking static_assertions v1.1.0
[INFO] [stderr]     Checking subtle v2.6.1
[INFO] [stderr]    Compiling serde_json v1.0.150
[INFO] [stderr]     Checking x11rb-protocol v0.13.2
[INFO] [stderr]     Checking futures-core v0.3.32
[INFO] [stderr]     Checking toml_write v0.1.2
[INFO] [stderr]     Checking option-ext v0.2.0
[INFO] [stderr]     Checking winnow v0.7.15
[INFO] [stderr]     Checking rustls-webpki v0.103.13
[INFO] [stderr]     Checking unicode-width v0.1.14
[INFO] [stderr]     Checking ryu v1.0.23
[INFO] [stderr]    Compiling anyhow v1.0.102
[INFO] [stderr]     Checking compact_str v0.8.1
[INFO] [stderr]    Compiling zerofrom-derive v0.1.7
[INFO] [stderr]    Compiling yoke-derive v0.8.2
[INFO] [stderr]    Compiling zerovec-derive v0.11.3
[INFO] [stderr]    Compiling displaydoc v0.2.5
[INFO] [stderr]    Compiling serde_derive v1.0.228
[INFO] [stderr]     Checking zerofrom v0.1.8
[INFO] [stderr]     Checking yoke v0.8.2
[INFO] [stderr]     Checking wayland-protocols v0.32.12
[INFO] [stderr]    Compiling thiserror-impl v2.0.18
[INFO] [stderr]     Checking zerotrie v0.2.4
[INFO] [stderr]    Compiling darling_macro v0.23.0
[INFO] [stderr]     Checking zerovec v0.11.6
[INFO] [stderr]    Compiling darling v0.23.0
[INFO] [stderr]     Checking tree_magic_mini v3.2.2
[INFO] [stderr]    Compiling strum_macros v0.26.4
[INFO] [stderr]     Checking x11rb v0.13.2
[INFO] [stderr]     Checking tinystr v0.8.3
[INFO] [stderr]     Checking potential_utf v0.1.5
[INFO] [stderr]     Checking icu_collections v2.2.0
[INFO] [stderr]     Checking icu_locale_core v2.2.0
[INFO] [stderr]     Checking unicode-truncate v1.1.0
[INFO] [stderr]     Checking dirs-sys v0.4.1
[INFO] [stderr]     Checking crossterm v0.28.1
[INFO] [stderr]     Checking webpki-roots v0.26.11
[INFO] [stderr]     Checking lru v0.12.5
[INFO] [stderr]     Checking iana-time-zone v0.1.65
[INFO] [stderr]     Checking unicode-width v0.2.0
[INFO] [stderr]     Checking cassowary v0.3.0
[INFO] [stderr]    Compiling comfyui-tui-launcher v0.2.0 (/opt/rustwide/workdir)
[INFO] [stderr]     Checking base64 v0.22.1
[INFO] [stderr]     Checking icu_provider v2.2.0
[INFO] [stderr]     Checking chrono v0.4.44
[INFO] [stderr]     Checking dirs v5.0.1
[INFO] [stderr]     Checking icu_properties v2.2.0
[INFO] [stderr]     Checking icu_normalizer v2.2.0
[INFO] [stderr]     Checking strum v0.26.3
[INFO] [stderr]     Checking ratatui v0.29.0
[INFO] [stderr]     Checking serde_spanned v0.6.9
[INFO] [stderr]     Checking toml_datetime v0.6.11
[INFO] [stderr]     Checking wayland-protocols-wlr v0.3.12
[INFO] [stderr]     Checking toml_edit v0.22.27
[INFO] [stderr]     Checking idna_adapter v1.2.2
[INFO] [stderr]     Checking idna v1.1.0
[INFO] [stderr]     Checking url v2.5.8
[INFO] [stderr]     Checking ureq v2.12.1
[INFO] [stderr]     Checking wl-clipboard-rs v0.9.3
[INFO] [stderr]     Checking arboard v3.6.1
[INFO] [stderr]     Checking toml v0.8.23
[INFO] [stdout] error[E0583]: file not found for module `storage`
[INFO] [stdout]   --> src/core/mod.rs:37:1
[INFO] [stdout]    |
[INFO] [stdout] 37 | pub mod storage;
[INFO] [stdout]    | ^^^^^^^^^^^^^^^^
[INFO] [stdout]    |
[INFO] [stdout]    = help: to create the module `storage`, create file "src/core/storage.rs" or "src/core/storage/mod.rs"
[INFO] [stdout]    = note: if there is a `mod storage` elsewhere in the crate already, import it with `use crate::...` instead
[INFO] [stdout] 
[INFO] [stdout] 
[INFO] [stdout] error[E0583]: file not found for module `storage`
[INFO] [stdout]   --> src/core/mod.rs:37:1
[INFO] [stdout]    |
[INFO] [stdout] 37 | pub mod storage;
[INFO] [stdout]    | ^^^^^^^^^^^^^^^^
[INFO] [stdout]    |
[INFO] [stdout]    = help: to create the module `storage`, create file "src/core/storage.rs" or "src/core/storage/mod.rs"
[INFO] [stdout]    = note: if there is a `mod storage` elsewhere in the crate already, import it with `use crate::...` instead
[INFO] [stdout] 
[INFO] [stdout] 
[INFO] [stdout] error: couldn't read `src/core/../../assets/python/node_post_install.py`: No such file or directory (os error 2)
[INFO] [stdout]  --> src/core/pip.rs:9:40
[INFO] [stdout]   |
[INFO] [stdout] 9 | const NODE_POST_INSTALL_HELPER: &str = include_str!("../../assets/python/node_post_install.py");
[INFO] [stdout]   |                                        ^^^^^^^^^^^^^^^^^^^^^^^^^^^^^^^^^^^^^^^^^^^^^^^^^^^^^^^^
[INFO] [stdout] 
[INFO] [stdout] 
[INFO] [stdout] error: couldn't read `src/core/../../assets/python/node_post_install.py`: No such file or directory (os error 2)
[INFO] [stdout]  --> src/core/pip.rs:9:40
[INFO] [stdout]   |
[INFO] [stdout] 9 | const NODE_POST_INSTALL_HELPER: &str = include_str!("../../assets/python/node_post_install.py");
[INFO] [stdout]   |                                        ^^^^^^^^^^^^^^^^^^^^^^^^^^^^^^^^^^^^^^^^^^^^^^^^^^^^^^^^
[INFO] [stdout] 
[INFO] [stdout] 
[INFO] [stdout] warning: method call on a diverging inference variable
[INFO] [stdout]    --> src/screens/version_mgmt/mod.rs:233:29
[INFO] [stdout]     |
[INFO] [stdout] 233 |     let pressure = snapshot.pressure();
[INFO] [stdout]     |                             ^^^^^^^^
[INFO] [stdout]     |
[INFO] [stdout]     = help: consider providing a type annotation
[INFO] [stdout]     = warning: this was previously accepted by the compiler but is being phased out; it will become a hard error in a future release!
[INFO] [stdout]     = note: for more information, see issue #156047 <https://github.com/rust-lang/rust/issues/156047>
[INFO] [stdout]     = note: `#[warn(method_call_on_diverging_infer_var)]` (part of `#[warn(future_incompatible)]`) on by default
[INFO] [stdout] 
[INFO] [stdout] 
[INFO] [stdout] error[E0599]: no method named `pressure` found for type `!` in the current scope
[INFO] [stdout]    --> src/screens/version_mgmt/mod.rs:233:29
[INFO] [stdout]     |
[INFO] [stdout] 233 |     let pressure = snapshot.pressure();
[INFO] [stdout]     |                             ^^^^^^^^ method not found in `!`
[INFO] [stdout] 
[INFO] [stdout] 
[INFO] [stdout] error[E0609]: no field `available_bytes` on type `!`
[INFO] [stdout]    --> src/screens/version_mgmt/mod.rs:240:69
[INFO] [stdout]     |
[INFO] [stdout] 240 |         let available = crate::core::storage::format_bytes(snapshot.available_bytes);
[INFO] [stdout]     |                                                                     ^^^^^^^^^^^^^^^ unknown field
[INFO] [stdout] 
[INFO] [stdout] 
[INFO] [stdout] error[E0599]: no method named `available_bytes_percent` found for type `!` in the current scope
[INFO] [stdout]    --> src/screens/version_mgmt/mod.rs:241:49
[INFO] [stdout]     |
[INFO] [stdout] 241 |         let percent = format!("{:.2}", snapshot.available_bytes_percent());
[INFO] [stdout]     |                                                 ^^^^^^^^^^^^^^^^^^^^^^^ method not found in `!`
[INFO] [stdout] 
[INFO] [stdout] 
[INFO] [stdout] warning: unreachable call
[INFO] [stdout]    --> src/screens/version_mgmt/mod.rs:241:49
[INFO] [stdout]     |
[INFO] [stdout] 241 |         let percent = format!("{:.2}", snapshot.available_bytes_percent());
[INFO] [stdout]     |                                        -------- ^^^^^^^^^^^^^^^^^^^^^^^ unreachable call
[INFO] [stdout]     |                                        |
[INFO] [stdout]     |                                        any code following this expression is unreachable
[INFO] [stdout]     |
[INFO] [stdout]     = note: `#[warn(unreachable_code)]` (part of `#[warn(unused)]`) on by default
[INFO] [stdout] 
[INFO] [stdout] 
[INFO] [stdout] error[E0609]: no field `available_file_slots` on type `!`
[INFO] [stdout]    --> src/screens/version_mgmt/mod.rs:249:22
[INFO] [stdout]     |
[INFO] [stdout] 249 |             snapshot.available_file_slots,
[INFO] [stdout]     |                      ^^^^^^^^^^^^^^^^^^^^ unknown field
[INFO] [stdout] 
[INFO] [stdout] 
[INFO] [stdout] error[E0599]: no method named `available_file_slots_percent` found for type `!` in the current scope
[INFO] [stdout]    --> src/screens/version_mgmt/mod.rs:250:22
[INFO] [stdout]     |
[INFO] [stdout] 250 |             snapshot.available_file_slots_percent(),
[INFO] [stdout]     |                      ^^^^^^^^^^^^^^^^^^^^^^^^^^^^ method not found in `!`
[INFO] [stdout] 
[INFO] [stdout] 
[INFO] [stdout] warning: unreachable call
[INFO] [stdout]    --> src/screens/version_mgmt/mod.rs:250:22
[INFO] [stdout]     |
[INFO] [stdout] 250 |             snapshot.available_file_slots_percent(),
[INFO] [stdout]     |             -------- ^^^^^^^^^^^^^^^^^^^^^^^^^^^^ unreachable call
[INFO] [stdout]     |             |
[INFO] [stdout]     |             any code following this expression is unreachable
[INFO] [stdout] 
[INFO] [stdout] 
[INFO] [stdout] error[E0609]: no field `path` on type `!`
[INFO] [stdout]    --> src/screens/version_mgmt/mod.rs:260:25
[INFO] [stdout]     |
[INFO] [stdout] 260 |     let path = snapshot.path.display().to_string();
[INFO] [stdout]     |                         ^^^^ unknown field
[INFO] [stdout] 
[INFO] [stdout] 
[INFO] [stdout] warning: method call on a diverging inference variable
[INFO] [stdout]    --> src/screens/version_mgmt/mod.rs:233:29
[INFO] [stdout]     |
[INFO] [stdout] 233 |     let pressure = snapshot.pressure();
[INFO] [stdout]     |                             ^^^^^^^^
[INFO] [stdout]     |
[INFO] [stdout]     = help: consider providing a type annotation
[INFO] [stdout]     = warning: this was previously accepted by the compiler but is being phased out; it will become a hard error in a future release!
[INFO] [stdout]     = note: for more information, see issue #156047 <https://github.com/rust-lang/rust/issues/156047>
[INFO] [stdout]     = note: `#[warn(method_call_on_diverging_infer_var)]` (part of `#[warn(future_incompatible)]`) on by default
[INFO] [stdout] 
[INFO] [stdout] 
[INFO] [stdout] error[E0599]: no method named `pressure` found for type `!` in the current scope
[INFO] [stdout]    --> src/screens/version_mgmt/mod.rs:233:29
[INFO] [stdout]     |
[INFO] [stdout] 233 |     let pressure = snapshot.pressure();
[INFO] [stdout]     |                             ^^^^^^^^ method not found in `!`
[INFO] [stdout] 
[INFO] [stdout] 
[INFO] [stdout] error[E0609]: no field `available_bytes` on type `!`
[INFO] [stdout]    --> src/screens/version_mgmt/mod.rs:240:69
[INFO] [stdout]     |
[INFO] [stdout] 240 |         let available = crate::core::storage::format_bytes(snapshot.available_bytes);
[INFO] [stdout]     |                                                                     ^^^^^^^^^^^^^^^ unknown field
[INFO] [stdout] 
[INFO] [stdout] 
[INFO] [stdout] error[E0599]: no method named `available_bytes_percent` found for type `!` in the current scope
[INFO] [stdout]    --> src/screens/version_mgmt/mod.rs:241:49
[INFO] [stdout]     |
[INFO] [stdout] 241 |         let percent = format!("{:.2}", snapshot.available_bytes_percent());
[INFO] [stdout]     |                                                 ^^^^^^^^^^^^^^^^^^^^^^^ method not found in `!`
[INFO] [stdout] 
[INFO] [stdout] 
[INFO] [stdout] warning: unreachable call
[INFO] [stdout]    --> src/screens/version_mgmt/mod.rs:241:49
[INFO] [stdout]     |
[INFO] [stdout] 241 |         let percent = format!("{:.2}", snapshot.available_bytes_percent());
[INFO] [stdout]     |                                        -------- ^^^^^^^^^^^^^^^^^^^^^^^ unreachable call
[INFO] [stdout]     |                                        |
[INFO] [stdout]     |                                        any code following this expression is unreachable
[INFO] [stdout]     |
[INFO] [stdout]     = note: `#[warn(unreachable_code)]` (part of `#[warn(unused)]`) on by default
[INFO] [stdout] 
[INFO] [stdout] 
[INFO] [stdout] error[E0609]: no field `available_file_slots` on type `!`
[INFO] [stdout]    --> src/screens/version_mgmt/mod.rs:249:22
[INFO] [stdout]     |
[INFO] [stdout] 249 |             snapshot.available_file_slots,
[INFO] [stdout]     |                      ^^^^^^^^^^^^^^^^^^^^ unknown field
[INFO] [stdout] 
[INFO] [stdout] 
[INFO] [stdout] error[E0599]: no method named `available_file_slots_percent` found for type `!` in the current scope
[INFO] [stdout]    --> src/screens/version_mgmt/mod.rs:250:22
[INFO] [stdout]     |
[INFO] [stdout] 250 |             snapshot.available_file_slots_percent(),
[INFO] [stdout]     |                      ^^^^^^^^^^^^^^^^^^^^^^^^^^^^ method not found in `!`
[INFO] [stdout] 
[INFO] [stdout] 
[INFO] [stdout] warning: unreachable call
[INFO] [stdout]    --> src/screens/version_mgmt/mod.rs:250:22
[INFO] [stdout]     |
[INFO] [stdout] 250 |             snapshot.available_file_slots_percent(),
[INFO] [stdout]     |             -------- ^^^^^^^^^^^^^^^^^^^^^^^^^^^^ unreachable call
[INFO] [stdout]     |             |
[INFO] [stdout]     |             any code following this expression is unreachable
[INFO] [stdout] 
[INFO] [stdout] 
[INFO] [stdout] error[E0609]: no field `path` on type `!`
[INFO] [stdout]    --> src/screens/version_mgmt/mod.rs:260:25
[INFO] [stdout]     |
[INFO] [stdout] 260 |     let path = snapshot.path.display().to_string();
[INFO] [stdout]     |                         ^^^^ unknown field
[INFO] [stdout] 
[INFO] [stdout] 
[INFO] [stdout] Some errors have detailed explanations: E0583, E0599, E0609.
[INFO] [stdout] 
[INFO] [stdout] For more information about an error, try `rustc --explain E0583`.
[INFO] [stdout] 
[INFO] [stderr] error: could not compile `comfyui-tui-launcher` (bin "comfyui-tui-launcher") due to 8 previous errors; 4 warnings emitted
[INFO] [stderr] warning: build failed, waiting for other jobs to finish...
[INFO] [stdout] Some errors have detailed explanations: E0583, E0599, E0609.
[INFO] [stdout] 
[INFO] [stdout] For more information about an error, try `rustc --explain E0583`.
[INFO] [stdout] 
[INFO] [stderr] error: could not compile `comfyui-tui-launcher` (bin "comfyui-tui-launcher" test) due to 8 previous errors; 4 warnings emitted
[INFO] running `Command { std: "docker" "inspect" "8b04975249fb3eaeb656d8d55fbcc680adab6d8e6973fcec9ec275f3244d59e2", kill_on_drop: false }`
[INFO] running `Command { std: "docker" "rm" "-f" "8b04975249fb3eaeb656d8d55fbcc680adab6d8e6973fcec9ec275f3244d59e2", kill_on_drop: false }`
[INFO] [stdout] 8b04975249fb3eaeb656d8d55fbcc680adab6d8e6973fcec9ec275f3244d59e2
