[INFO] cloning repository https://github.com/AbheetChaudhary/onebrc
[INFO] running `Command { std: "git" "-c" "credential.helper=" "-c" "credential.helper=/workspace/cargo-home/bin/git-credential-null" "clone" "--bare" "https://github.com/AbheetChaudhary/onebrc" "/workspace/cache/git-repos/https%3A%2F%2Fgithub.com%2FAbheetChaudhary%2Fonebrc", kill_on_drop: false }`
[INFO] [stderr] Cloning into bare repository '/workspace/cache/git-repos/https%3A%2F%2Fgithub.com%2FAbheetChaudhary%2Fonebrc'...
[INFO] running `Command { std: "git" "rev-parse" "HEAD", kill_on_drop: false }`
[INFO] [stdout] ad8cf85d7018a59fe8c6ff37fc906682d10b9e3c
[INFO] checking AbheetChaudhary/onebrc against 3154cc1a3e6424e44f438a95007d043ed5ceaaf6+rustflags=-Znext-solver=coherence for pr-133502-30
[INFO] running `Command { std: "git" "clone" "/workspace/cache/git-repos/https%3A%2F%2Fgithub.com%2FAbheetChaudhary%2Fonebrc" "/workspace/builds/worker-3-tc1/source", kill_on_drop: false }`
[INFO] [stderr] Cloning into '/workspace/builds/worker-3-tc1/source'...
[INFO] [stderr] done.
[INFO] removed /workspace/builds/worker-3-tc1/source/.cargo/config.toml
[INFO] removed /workspace/builds/worker-3-tc1/source/rust-toolchain.toml
[INFO] started tweaking git repo https://github.com/AbheetChaudhary/onebrc
[INFO] finished tweaking git repo https://github.com/AbheetChaudhary/onebrc
[INFO] tweaked toml for git repo https://github.com/AbheetChaudhary/onebrc written to /workspace/builds/worker-3-tc1/source/Cargo.toml
[INFO] validating manifest of git repo https://github.com/AbheetChaudhary/onebrc on toolchain 3154cc1a3e6424e44f438a95007d043ed5ceaaf6
[INFO] running `Command { std: CARGO_HOME="/workspace/cargo-home" RUSTUP_HOME="/workspace/rustup-home" "/workspace/cargo-home/bin/cargo" "+3154cc1a3e6424e44f438a95007d043ed5ceaaf6" "metadata" "--manifest-path" "Cargo.toml" "--no-deps", kill_on_drop: false }`
[INFO] crate git repo https://github.com/AbheetChaudhary/onebrc already has a lockfile, it will not be regenerated
[INFO] running `Command { std: CARGO_HOME="/workspace/cargo-home" RUSTUP_HOME="/workspace/rustup-home" "/workspace/cargo-home/bin/cargo" "+3154cc1a3e6424e44f438a95007d043ed5ceaaf6" "fetch" "--manifest-path" "Cargo.toml", kill_on_drop: false }`
[INFO] running `Command { std: "docker" "create" "-v" "/var/lib/crater-agent-workspace/builds/worker-3-tc1/source:/opt/rustwide/workdir:ro,Z" "-v" "/var/lib/crater-agent-workspace/builds/worker-3-tc1/target:/opt/rustwide/target:rw,Z" "-v" "/var/lib/crater-agent-workspace/cargo-home:/opt/rustwide/cargo-home:ro,Z" "-v" "/var/lib/crater-agent-workspace/rustup-home:/opt/rustwide/rustup-home:ro,Z" "-m" "1610612736" "--network" "none" "ghcr.io/rust-lang/crates-build-env/linux@sha256:77db811e55d90add9212f6832c23229e3de5f1c1f9905e8cb07319ea15df73ac" "sleep" "infinity", kill_on_drop: false }`
[INFO] [stdout] a620cc6baf25394f3d99b3995eaee18bef04284e2222e40c28cf8abbfc88da41
[INFO] running `Command { std: "docker" "start" "a620cc6baf25394f3d99b3995eaee18bef04284e2222e40c28cf8abbfc88da41", kill_on_drop: false }`
[INFO] running `Command { std: "docker" "inspect" "a620cc6baf25394f3d99b3995eaee18bef04284e2222e40c28cf8abbfc88da41", kill_on_drop: false }`
[INFO] running `Command { std: "docker" "exec" "-e" "SOURCE_DIR=/opt/rustwide/workdir" "-e" "CARGO_HOME=/opt/rustwide/cargo-home" "-e" "RUSTUP_HOME=/opt/rustwide/rustup-home" "-e" "CARGO_TARGET_DIR=/opt/rustwide/target" "-w" "/opt/rustwide/workdir" "--user" "0:0" "a620cc6baf25394f3d99b3995eaee18bef04284e2222e40c28cf8abbfc88da41" "/opt/rustwide/cargo-home/bin/cargo" "+3154cc1a3e6424e44f438a95007d043ed5ceaaf6" "metadata" "--no-deps" "--format-version=1", kill_on_drop: false }`
[INFO] running `Command { std: "docker" "inspect" "a620cc6baf25394f3d99b3995eaee18bef04284e2222e40c28cf8abbfc88da41", kill_on_drop: false }`
[INFO] running `Command { std: "docker" "exec" "-e" "SOURCE_DIR=/opt/rustwide/workdir" "-e" "CARGO_HOME=/opt/rustwide/cargo-home" "-e" "RUSTUP_HOME=/opt/rustwide/rustup-home" "-e" "CARGO_TARGET_DIR=/opt/rustwide/target" "-e" "CARGO_INCREMENTAL=0" "-e" "RUST_BACKTRACE=full" "-e" "RUSTFLAGS=--cap-lints=forbid -Znext-solver=coherence" "-e" "RUSTDOCFLAGS=--cap-lints=forbid" "-w" "/opt/rustwide/workdir" "--user" "0:0" "a620cc6baf25394f3d99b3995eaee18bef04284e2222e40c28cf8abbfc88da41" "/opt/rustwide/cargo-home/bin/cargo" "+3154cc1a3e6424e44f438a95007d043ed5ceaaf6" "check" "--frozen" "--all" "--all-targets" "--message-format=json", kill_on_drop: false }`
[INFO] [stderr]    Compiling libc v0.2.178
[INFO] [stderr]     Checking onebrc v0.1.0 (/opt/rustwide/workdir)
[INFO] [stdout] warning: unused import: `core::arch::x86_64::*`
[INFO] [stdout]  --> src/parse.rs:8:5
[INFO] [stdout]   |
[INFO] [stdout] 8 | use core::arch::x86_64::*;
[INFO] [stdout]   |     ^^^^^^^^^^^^^^^^^^^^^
[INFO] [stdout]   |
[INFO] [stdout]   = note: `#[warn(unused_imports)]` (part of `#[warn(unused)]`) on by default
[INFO] [stdout] 
[INFO] [stdout] 
[INFO] [stdout] warning: the feature `allocator_api` has been partially stabilized since 1.100.0 and is succeeded by the feature `allocator_ext`
[INFO] [stdout]  --> src/lib.rs:1:12
[INFO] [stdout]   |
[INFO] [stdout] 1 | #![feature(allocator_api, hint_prefetch)]
[INFO] [stdout]   |            ^^^^^^^^^^^^^
[INFO] [stdout]   |
[INFO] [stdout]   = note: `#[warn(stable_features)]` on by default
[INFO] [stdout] help: if you are using features which are still unstable, change to using `allocator_ext`
[INFO] [stdout]   |
[INFO] [stdout] 1 - #![feature(allocator_api, hint_prefetch)]
[INFO] [stdout] 1 + #![feature(allocator_ext, hint_prefetch)]
[INFO] [stdout]   |
[INFO] [stdout] help: if you are using features which are now stable, remove this line
[INFO] [stdout]   |
[INFO] [stdout] 1 - #![feature(allocator_api, hint_prefetch)]
[INFO] [stdout]   |
[INFO] [stdout] 
[INFO] [stdout] 
[INFO] [stdout] error[E0425]: cannot find function `search_semicolon` in this scope
[INFO] [stdout]    --> src/parse.rs:272:20
[INFO] [stdout]     |
[INFO] [stdout] 272 |     let semi_ptr = search_semicolon(begin_ptr);
[INFO] [stdout]     |                    ^^^^^^^^^^^^^^^^ not found in this scope
[INFO] [stdout]     |
[INFO] [stdout] note: similarly named function `next_semicolon` defined here
[INFO] [stdout]    --> src/parse.rs:142:1
[INFO] [stdout]     |
[INFO] [stdout] 142 | fn next_semicolon(ptr: *const u8) -> *const u8 {
[INFO] [stdout]     | ^^^^^^^^^^^^^^^^^^^^^^^^^^^^^^^^^^^^^^^^^^^^^^
[INFO] [stdout] help: a function with a similar name exists
[INFO] [stdout]     |
[INFO] [stdout] 272 -     let semi_ptr = search_semicolon(begin_ptr);
[INFO] [stdout] 272 +     let semi_ptr = next_semicolon(begin_ptr);
[INFO] [stdout]     |
[INFO] [stdout] 
[INFO] [stdout] 
[INFO] [stdout] error[E0425]: cannot find function `search_semicolon` in this scope
[INFO] [stdout]    --> src/parse.rs:295:22
[INFO] [stdout]     |
[INFO] [stdout] 295 |     let semi_ptr_1 = search_semicolon(begin_ptr);
[INFO] [stdout]     |                      ^^^^^^^^^^^^^^^^ not found in this scope
[INFO] [stdout]     |
[INFO] [stdout] note: similarly named function `next_semicolon` defined here
[INFO] [stdout]    --> src/parse.rs:142:1
[INFO] [stdout]     |
[INFO] [stdout] 142 | fn next_semicolon(ptr: *const u8) -> *const u8 {
[INFO] [stdout]     | ^^^^^^^^^^^^^^^^^^^^^^^^^^^^^^^^^^^^^^^^^^^^^^
[INFO] [stdout] help: a function with a similar name exists
[INFO] [stdout]     |
[INFO] [stdout] 295 -     let semi_ptr_1 = search_semicolon(begin_ptr);
[INFO] [stdout] 295 +     let semi_ptr_1 = next_semicolon(begin_ptr);
[INFO] [stdout]     |
[INFO] [stdout] 
[INFO] [stdout] 
[INFO] [stdout] error[E0425]: cannot find function `search_semicolon` in this scope
[INFO] [stdout]    --> src/parse.rs:301:22
[INFO] [stdout]     |
[INFO] [stdout] 301 |     let semi_ptr_2 = search_semicolon(begin_ptr_2);
[INFO] [stdout]     |                      ^^^^^^^^^^^^^^^^ not found in this scope
[INFO] [stdout]     |
[INFO] [stdout] note: similarly named function `next_semicolon` defined here
[INFO] [stdout]    --> src/parse.rs:142:1
[INFO] [stdout]     |
[INFO] [stdout] 142 | fn next_semicolon(ptr: *const u8) -> *const u8 {
[INFO] [stdout]     | ^^^^^^^^^^^^^^^^^^^^^^^^^^^^^^^^^^^^^^^^^^^^^^
[INFO] [stdout] help: a function with a similar name exists
[INFO] [stdout]     |
[INFO] [stdout] 301 -     let semi_ptr_2 = search_semicolon(begin_ptr_2);
[INFO] [stdout] 301 +     let semi_ptr_2 = next_semicolon(begin_ptr_2);
[INFO] [stdout]     |
[INFO] [stdout] 
[INFO] [stdout] 
[INFO] [stdout] error[E0425]: cannot find function `search_semicolon` in this scope
[INFO] [stdout]    --> src/parse.rs:336:22
[INFO] [stdout]     |
[INFO] [stdout] 336 |     let semi_ptr_1 = search_semicolon(begin_ptr);
[INFO] [stdout]     |                      ^^^^^^^^^^^^^^^^ not found in this scope
[INFO] [stdout]     |
[INFO] [stdout] note: similarly named function `next_semicolon` defined here
[INFO] [stdout]    --> src/parse.rs:142:1
[INFO] [stdout]     |
[INFO] [stdout] 142 | fn next_semicolon(ptr: *const u8) -> *const u8 {
[INFO] [stdout]     | ^^^^^^^^^^^^^^^^^^^^^^^^^^^^^^^^^^^^^^^^^^^^^^
[INFO] [stdout] help: a function with a similar name exists
[INFO] [stdout]     |
[INFO] [stdout] 336 -     let semi_ptr_1 = search_semicolon(begin_ptr);
[INFO] [stdout] 336 +     let semi_ptr_1 = next_semicolon(begin_ptr);
[INFO] [stdout]     |
[INFO] [stdout] 
[INFO] [stdout] 
[INFO] [stdout] error[E0425]: cannot find function `search_semicolon` in this scope
[INFO] [stdout]    --> src/parse.rs:342:22
[INFO] [stdout]     |
[INFO] [stdout] 342 |     let semi_ptr_2 = search_semicolon(begin_ptr_2);
[INFO] [stdout]     |                      ^^^^^^^^^^^^^^^^ not found in this scope
[INFO] [stdout]     |
[INFO] [stdout] note: similarly named function `next_semicolon` defined here
[INFO] [stdout]    --> src/parse.rs:142:1
[INFO] [stdout]     |
[INFO] [stdout] 142 | fn next_semicolon(ptr: *const u8) -> *const u8 {
[INFO] [stdout]     | ^^^^^^^^^^^^^^^^^^^^^^^^^^^^^^^^^^^^^^^^^^^^^^
[INFO] [stdout] help: a function with a similar name exists
[INFO] [stdout]     |
[INFO] [stdout] 342 -     let semi_ptr_2 = search_semicolon(begin_ptr_2);
[INFO] [stdout] 342 +     let semi_ptr_2 = next_semicolon(begin_ptr_2);
[INFO] [stdout]     |
[INFO] [stdout] 
[INFO] [stdout] 
[INFO] [stdout] error[E0425]: cannot find function `search_semicolon` in this scope
[INFO] [stdout]    --> src/parse.rs:348:22
[INFO] [stdout]     |
[INFO] [stdout] 348 |     let semi_ptr_3 = search_semicolon(begin_ptr_3);
[INFO] [stdout]     |                      ^^^^^^^^^^^^^^^^ not found in this scope
[INFO] [stdout]     |
[INFO] [stdout] note: similarly named function `next_semicolon` defined here
[INFO] [stdout]    --> src/parse.rs:142:1
[INFO] [stdout]     |
[INFO] [stdout] 142 | fn next_semicolon(ptr: *const u8) -> *const u8 {
[INFO] [stdout]     | ^^^^^^^^^^^^^^^^^^^^^^^^^^^^^^^^^^^^^^^^^^^^^^
[INFO] [stdout] help: a function with a similar name exists
[INFO] [stdout]     |
[INFO] [stdout] 348 -     let semi_ptr_3 = search_semicolon(begin_ptr_3);
[INFO] [stdout] 348 +     let semi_ptr_3 = next_semicolon(begin_ptr_3);
[INFO] [stdout]     |
[INFO] [stdout] 
[INFO] [stdout] 
[INFO] [stderr] error: could not compile `onebrc` (lib) due to 6 previous errors; 2 warnings emitted
[INFO] [stdout] For more information about this error, try `rustc --explain E0425`.
[INFO] [stdout] 
[INFO] [stderr] warning: build failed, waiting for other jobs to finish...
[INFO] [stdout] warning: unused import: `core::arch::x86_64::*`
[INFO] [stdout]  --> src/parse.rs:8:5
[INFO] [stdout]   |
[INFO] [stdout] 8 | use core::arch::x86_64::*;
[INFO] [stdout]   |     ^^^^^^^^^^^^^^^^^^^^^
[INFO] [stdout]   |
[INFO] [stdout]   = note: `#[warn(unused_imports)]` (part of `#[warn(unused)]`) on by default
[INFO] [stdout] 
[INFO] [stdout] 
[INFO] [stdout] warning: the feature `allocator_api` has been partially stabilized since 1.100.0 and is succeeded by the feature `allocator_ext`
[INFO] [stdout]  --> src/lib.rs:1:12
[INFO] [stdout]   |
[INFO] [stdout] 1 | #![feature(allocator_api, hint_prefetch)]
[INFO] [stdout]   |            ^^^^^^^^^^^^^
[INFO] [stdout]   |
[INFO] [stdout]   = note: `#[warn(stable_features)]` on by default
[INFO] [stdout] help: if you are using features which are still unstable, change to using `allocator_ext`
[INFO] [stdout]   |
[INFO] [stdout] 1 - #![feature(allocator_api, hint_prefetch)]
[INFO] [stdout] 1 + #![feature(allocator_ext, hint_prefetch)]
[INFO] [stdout]   |
[INFO] [stdout] help: if you are using features which are now stable, remove this line
[INFO] [stdout]   |
[INFO] [stdout] 1 - #![feature(allocator_api, hint_prefetch)]
[INFO] [stdout]   |
[INFO] [stdout] 
[INFO] [stdout] 
[INFO] [stdout] error[E0425]: cannot find function `search_semicolon` in this scope
[INFO] [stdout]    --> src/parse.rs:272:20
[INFO] [stdout]     |
[INFO] [stdout] 272 |     let semi_ptr = search_semicolon(begin_ptr);
[INFO] [stdout]     |                    ^^^^^^^^^^^^^^^^ not found in this scope
[INFO] [stdout]     |
[INFO] [stdout] note: similarly named function `next_semicolon` defined here
[INFO] [stdout]    --> src/parse.rs:142:1
[INFO] [stdout]     |
[INFO] [stdout] 142 | fn next_semicolon(ptr: *const u8) -> *const u8 {
[INFO] [stdout]     | ^^^^^^^^^^^^^^^^^^^^^^^^^^^^^^^^^^^^^^^^^^^^^^
[INFO] [stdout] help: a function with a similar name exists
[INFO] [stdout]     |
[INFO] [stdout] 272 -     let semi_ptr = search_semicolon(begin_ptr);
[INFO] [stdout] 272 +     let semi_ptr = next_semicolon(begin_ptr);
[INFO] [stdout]     |
[INFO] [stdout] 
[INFO] [stdout] 
[INFO] [stdout] error[E0425]: cannot find function `search_semicolon` in this scope
[INFO] [stdout]    --> src/parse.rs:295:22
[INFO] [stdout]     |
[INFO] [stdout] 295 |     let semi_ptr_1 = search_semicolon(begin_ptr);
[INFO] [stdout]     |                      ^^^^^^^^^^^^^^^^ not found in this scope
[INFO] [stdout]     |
[INFO] [stdout] note: similarly named function `next_semicolon` defined here
[INFO] [stdout]    --> src/parse.rs:142:1
[INFO] [stdout]     |
[INFO] [stdout] 142 | fn next_semicolon(ptr: *const u8) -> *const u8 {
[INFO] [stdout]     | ^^^^^^^^^^^^^^^^^^^^^^^^^^^^^^^^^^^^^^^^^^^^^^
[INFO] [stdout] help: a function with a similar name exists
[INFO] [stdout]     |
[INFO] [stdout] 295 -     let semi_ptr_1 = search_semicolon(begin_ptr);
[INFO] [stdout] 295 +     let semi_ptr_1 = next_semicolon(begin_ptr);
[INFO] [stdout]     |
[INFO] [stdout] 
[INFO] [stdout] 
[INFO] [stdout] error[E0425]: cannot find function `search_semicolon` in this scope
[INFO] [stdout]    --> src/parse.rs:301:22
[INFO] [stdout]     |
[INFO] [stdout] 301 |     let semi_ptr_2 = search_semicolon(begin_ptr_2);
[INFO] [stdout]     |                      ^^^^^^^^^^^^^^^^ not found in this scope
[INFO] [stdout]     |
[INFO] [stdout] note: similarly named function `next_semicolon` defined here
[INFO] [stdout]    --> src/parse.rs:142:1
[INFO] [stdout]     |
[INFO] [stdout] 142 | fn next_semicolon(ptr: *const u8) -> *const u8 {
[INFO] [stdout]     | ^^^^^^^^^^^^^^^^^^^^^^^^^^^^^^^^^^^^^^^^^^^^^^
[INFO] [stdout] help: a function with a similar name exists
[INFO] [stdout]     |
[INFO] [stdout] 301 -     let semi_ptr_2 = search_semicolon(begin_ptr_2);
[INFO] [stdout] 301 +     let semi_ptr_2 = next_semicolon(begin_ptr_2);
[INFO] [stdout]     |
[INFO] [stdout] 
[INFO] [stdout] 
[INFO] [stdout] error[E0425]: cannot find function `search_semicolon` in this scope
[INFO] [stdout]    --> src/parse.rs:336:22
[INFO] [stdout]     |
[INFO] [stdout] 336 |     let semi_ptr_1 = search_semicolon(begin_ptr);
[INFO] [stdout]     |                      ^^^^^^^^^^^^^^^^ not found in this scope
[INFO] [stdout]     |
[INFO] [stdout] note: similarly named function `next_semicolon` defined here
[INFO] [stdout]    --> src/parse.rs:142:1
[INFO] [stdout]     |
[INFO] [stdout] 142 | fn next_semicolon(ptr: *const u8) -> *const u8 {
[INFO] [stdout]     | ^^^^^^^^^^^^^^^^^^^^^^^^^^^^^^^^^^^^^^^^^^^^^^
[INFO] [stdout] help: a function with a similar name exists
[INFO] [stdout]     |
[INFO] [stdout] 336 -     let semi_ptr_1 = search_semicolon(begin_ptr);
[INFO] [stdout] 336 +     let semi_ptr_1 = next_semicolon(begin_ptr);
[INFO] [stdout]     |
[INFO] [stdout] 
[INFO] [stdout] 
[INFO] [stdout] error[E0425]: cannot find function `search_semicolon` in this scope
[INFO] [stdout]    --> src/parse.rs:342:22
[INFO] [stdout]     |
[INFO] [stdout] 342 |     let semi_ptr_2 = search_semicolon(begin_ptr_2);
[INFO] [stdout]     |                      ^^^^^^^^^^^^^^^^ not found in this scope
[INFO] [stdout]     |
[INFO] [stdout] note: similarly named function `next_semicolon` defined here
[INFO] [stdout]    --> src/parse.rs:142:1
[INFO] [stdout]     |
[INFO] [stdout] 142 | fn next_semicolon(ptr: *const u8) -> *const u8 {
[INFO] [stdout]     | ^^^^^^^^^^^^^^^^^^^^^^^^^^^^^^^^^^^^^^^^^^^^^^
[INFO] [stdout] help: a function with a similar name exists
[INFO] [stdout]     |
[INFO] [stdout] 342 -     let semi_ptr_2 = search_semicolon(begin_ptr_2);
[INFO] [stdout] 342 +     let semi_ptr_2 = next_semicolon(begin_ptr_2);
[INFO] [stdout]     |
[INFO] [stdout] 
[INFO] [stdout] 
[INFO] [stdout] error[E0425]: cannot find function `search_semicolon` in this scope
[INFO] [stdout]    --> src/parse.rs:348:22
[INFO] [stdout]     |
[INFO] [stdout] 348 |     let semi_ptr_3 = search_semicolon(begin_ptr_3);
[INFO] [stdout]     |                      ^^^^^^^^^^^^^^^^ not found in this scope
[INFO] [stdout]     |
[INFO] [stdout] note: similarly named function `next_semicolon` defined here
[INFO] [stdout]    --> src/parse.rs:142:1
[INFO] [stdout]     |
[INFO] [stdout] 142 | fn next_semicolon(ptr: *const u8) -> *const u8 {
[INFO] [stdout]     | ^^^^^^^^^^^^^^^^^^^^^^^^^^^^^^^^^^^^^^^^^^^^^^
[INFO] [stdout] help: a function with a similar name exists
[INFO] [stdout]     |
[INFO] [stdout] 348 -     let semi_ptr_3 = search_semicolon(begin_ptr_3);
[INFO] [stdout] 348 +     let semi_ptr_3 = next_semicolon(begin_ptr_3);
[INFO] [stdout]     |
[INFO] [stdout] 
[INFO] [stdout] 
[INFO] [stdout] For more information about this error, try `rustc --explain E0425`.
[INFO] [stdout] 
[INFO] [stderr] error: could not compile `onebrc` (lib test) due to 6 previous errors; 2 warnings emitted
[INFO] running `Command { std: "docker" "inspect" "a620cc6baf25394f3d99b3995eaee18bef04284e2222e40c28cf8abbfc88da41", kill_on_drop: false }`
[INFO] running `Command { std: "docker" "rm" "-f" "a620cc6baf25394f3d99b3995eaee18bef04284e2222e40c28cf8abbfc88da41", kill_on_drop: false }`
[INFO] [stdout] a620cc6baf25394f3d99b3995eaee18bef04284e2222e40c28cf8abbfc88da41
