[INFO] cloning repository https://github.com/Abhayyadav007/twitter_clone
[INFO] running `Command { std: "git" "-c" "credential.helper=" "-c" "credential.helper=/workspace/cargo-home/bin/git-credential-null" "clone" "--bare" "https://github.com/Abhayyadav007/twitter_clone" "/workspace/cache/git-repos/https%3A%2F%2Fgithub.com%2FAbhayyadav007%2Ftwitter_clone", kill_on_drop: false }`
[INFO] [stderr] Cloning into bare repository '/workspace/cache/git-repos/https%3A%2F%2Fgithub.com%2FAbhayyadav007%2Ftwitter_clone'...
[INFO] running `Command { std: "git" "rev-parse" "HEAD", kill_on_drop: false }`
[INFO] [stdout] ea60ac38339244d35b796bf09e31ae0948d93986
[INFO] checking Abhayyadav007/twitter_clone against 3154cc1a3e6424e44f438a95007d043ed5ceaaf6 for pr-133502-30
[INFO] running `Command { std: "git" "clone" "/workspace/cache/git-repos/https%3A%2F%2Fgithub.com%2FAbhayyadav007%2Ftwitter_clone" "/workspace/builds/worker-2-tc2/source", kill_on_drop: false }`
[INFO] [stderr] Cloning into '/workspace/builds/worker-2-tc2/source'...
[INFO] [stderr] done.
[INFO] started tweaking git repo https://github.com/Abhayyadav007/twitter_clone
[INFO] finished tweaking git repo https://github.com/Abhayyadav007/twitter_clone
[INFO] tweaked toml for git repo https://github.com/Abhayyadav007/twitter_clone written to /workspace/builds/worker-2-tc2/source/Cargo.toml
[INFO] validating manifest of git repo https://github.com/Abhayyadav007/twitter_clone on toolchain 3154cc1a3e6424e44f438a95007d043ed5ceaaf6
[INFO] running `Command { std: CARGO_HOME="/workspace/cargo-home" RUSTUP_HOME="/workspace/rustup-home" "/workspace/cargo-home/bin/cargo" "+3154cc1a3e6424e44f438a95007d043ed5ceaaf6" "metadata" "--manifest-path" "Cargo.toml" "--no-deps", kill_on_drop: false }`
[INFO] crate git repo https://github.com/Abhayyadav007/twitter_clone already has a lockfile, it will not be regenerated
[INFO] running `Command { std: CARGO_HOME="/workspace/cargo-home" RUSTUP_HOME="/workspace/rustup-home" "/workspace/cargo-home/bin/cargo" "+3154cc1a3e6424e44f438a95007d043ed5ceaaf6" "fetch" "--manifest-path" "Cargo.toml", kill_on_drop: false }`
[INFO] running `Command { std: "docker" "create" "-v" "/var/lib/crater-agent-workspace/builds/worker-2-tc2/source:/opt/rustwide/workdir:ro,Z" "-v" "/var/lib/crater-agent-workspace/builds/worker-2-tc2/target:/opt/rustwide/target:rw,Z" "-v" "/var/lib/crater-agent-workspace/cargo-home:/opt/rustwide/cargo-home:ro,Z" "-v" "/var/lib/crater-agent-workspace/rustup-home:/opt/rustwide/rustup-home:ro,Z" "-m" "1610612736" "--network" "none" "ghcr.io/rust-lang/crates-build-env/linux@sha256:77db811e55d90add9212f6832c23229e3de5f1c1f9905e8cb07319ea15df73ac" "sleep" "infinity", kill_on_drop: false }`
[INFO] [stdout] 9ae0b550c421d4cc961e3dea084711f6006bba16f2b3a89d9c9e88eba8ed8cd9
[INFO] running `Command { std: "docker" "start" "9ae0b550c421d4cc961e3dea084711f6006bba16f2b3a89d9c9e88eba8ed8cd9", kill_on_drop: false }`
[INFO] running `Command { std: "docker" "inspect" "9ae0b550c421d4cc961e3dea084711f6006bba16f2b3a89d9c9e88eba8ed8cd9", kill_on_drop: false }`
[INFO] running `Command { std: "docker" "exec" "-e" "SOURCE_DIR=/opt/rustwide/workdir" "-e" "CARGO_HOME=/opt/rustwide/cargo-home" "-e" "RUSTUP_HOME=/opt/rustwide/rustup-home" "-e" "CARGO_TARGET_DIR=/opt/rustwide/target" "-w" "/opt/rustwide/workdir" "--user" "0:0" "9ae0b550c421d4cc961e3dea084711f6006bba16f2b3a89d9c9e88eba8ed8cd9" "/opt/rustwide/cargo-home/bin/cargo" "+3154cc1a3e6424e44f438a95007d043ed5ceaaf6" "metadata" "--no-deps" "--format-version=1", kill_on_drop: false }`
[INFO] running `Command { std: "docker" "inspect" "9ae0b550c421d4cc961e3dea084711f6006bba16f2b3a89d9c9e88eba8ed8cd9", kill_on_drop: false }`
[INFO] running `Command { std: "docker" "exec" "-e" "SOURCE_DIR=/opt/rustwide/workdir" "-e" "CARGO_HOME=/opt/rustwide/cargo-home" "-e" "RUSTUP_HOME=/opt/rustwide/rustup-home" "-e" "CARGO_TARGET_DIR=/opt/rustwide/target" "-e" "CARGO_INCREMENTAL=0" "-e" "RUST_BACKTRACE=full" "-e" "RUSTFLAGS=--cap-lints=forbid" "-e" "RUSTDOCFLAGS=--cap-lints=forbid" "-w" "/opt/rustwide/workdir" "--user" "0:0" "9ae0b550c421d4cc961e3dea084711f6006bba16f2b3a89d9c9e88eba8ed8cd9" "/opt/rustwide/cargo-home/bin/cargo" "+3154cc1a3e6424e44f438a95007d043ed5ceaaf6" "check" "--frozen" "--all" "--all-targets" "--message-format=json", kill_on_drop: false }`
[INFO] [stderr]    Compiling serde v1.0.229
[INFO] [stderr]    Compiling serde_core v1.0.229
[INFO] [stderr]    Compiling syn v2.0.119
[INFO] [stderr]    Compiling displaydoc v0.2.7
[INFO] [stderr]    Compiling typenum v1.20.1
[INFO] [stderr]    Compiling serde_json v1.0.151
[INFO] [stderr]    Compiling thiserror-impl v2.0.19
[INFO] [stderr]    Compiling num-traits v0.2.19
[INFO] [stderr]     Checking crypto-common v0.1.7
[INFO] [stderr]     Checking digest v0.10.7
[INFO] [stderr]    Compiling futures-core v0.3.33
[INFO] [stderr]     Checking futures-sink v0.3.33
[INFO] [stderr]    Compiling zerocopy v0.8.55
[INFO] [stderr]    Compiling getrandom v0.2.17
[INFO] [stderr]    Compiling socket2 v0.6.5
[INFO] [stderr]    Compiling mio v1.2.2
[INFO] [stderr]    Compiling generic-array v0.14.7
[INFO] [stderr]    Compiling bytes v1.12.1
[INFO] [stderr]    Compiling tinyvec v1.12.0
[INFO] [stderr]    Compiling rand_core v0.6.4
[INFO] [stderr]    Compiling block-buffer v0.10.4
[INFO] [stderr]    Compiling crossbeam-utils v0.8.22
[INFO] [stderr]    Compiling log v0.4.33
[INFO] [stderr]    Compiling tokio v1.53.1
[INFO] [stderr]     Checking futures-io v0.3.33
[INFO] [stderr]    Compiling iana-time-zone v0.1.65
[INFO] [stderr]    Compiling crc-catalog v2.5.0
[INFO] [stderr]    Compiling futures-task v0.3.33
[INFO] [stderr]     Checking futures-util v0.3.33
[INFO] [stderr]    Compiling crossbeam-queue v0.3.13
[INFO] [stderr]     Checking smallvec v1.15.2
[INFO] [stderr]     Checking parking_lot_core v0.9.12
[INFO] [stderr]     Checking parking_lot v0.12.5
[INFO] [stderr]    Compiling futures-intrusive v0.5.0
[INFO] [stderr]    Compiling synstructure v0.13.2
[INFO] [stderr]    Compiling either v1.17.0
[INFO] [stderr]    Compiling crc v3.4.0
[INFO] [stderr]    Compiling event-listener v5.4.2
[INFO] [stderr]    Compiling chrono v0.4.45
[INFO] [stderr]    Compiling hmac v0.12.1
[INFO] [stderr]    Compiling sha2 v0.10.9
[INFO] [stderr]    Compiling unicode-normalization v0.1.25
[INFO] [stderr]    Compiling ppv-lite86 v0.2.21
[INFO] [stderr]     Checking thiserror v2.0.19
[INFO] [stderr]     Checking futures-channel v0.3.33
[INFO] [stderr]    Compiling rand_chacha v0.3.1
[INFO] [stderr]    Compiling uuid v1.24.0
[INFO] [stderr]    Compiling cc v1.4.0
[INFO] [stderr]    Compiling stringprep v0.1.5
[INFO] [stderr]    Compiling rand v0.8.7
[INFO] [stderr]    Compiling zerofrom-derive v0.1.7
[INFO] [stderr]    Compiling yoke-derive v0.8.2
[INFO] [stderr]    Compiling zerovec-derive v0.11.3
[INFO] [stderr]    Compiling tracing-attributes v0.1.31
[INFO] [stderr]    Compiling hkdf v0.12.4
[INFO] [stderr]    Compiling md-5 v0.10.6
[INFO] [stderr]    Compiling tokio-stream v0.1.19
[INFO] [stderr]    Compiling zerofrom v0.1.8
[INFO] [stderr]    Compiling atoi v2.0.0
[INFO] [stderr]    Compiling time-core v0.1.9
[INFO] [stderr]    Compiling yoke v0.8.3
[INFO] [stderr]    Compiling bitflags v2.13.1
[INFO] [stderr]    Compiling num-conv v0.2.2
[INFO] [stderr]    Compiling zerovec v0.11.6
[INFO] [stderr]    Compiling zerotrie v0.2.4
[INFO] [stderr]    Compiling time-macros v0.2.32
[INFO] [stderr]     Checking tracing v0.1.44
[INFO] [stderr]    Compiling ring v0.17.14
[INFO] [stderr]     Checking tinystr v0.8.3
[INFO] [stderr]     Checking potential_utf v0.1.5
[INFO] [stderr]     Checking icu_locale_core v2.2.0
[INFO] [stderr]    Compiling icu_collections v2.2.0
[INFO] [stderr]     Checking num-integer v0.1.46
[INFO] [stderr]     Checking regex-syntax v0.8.11
[INFO] [stderr]     Checking deranged v0.5.8
[INFO] [stderr]     Checking icu_provider v2.2.0
[INFO] [stderr]     Checking num-bigint v0.4.8
[INFO] [stderr]     Checking hyper v1.11.0
[INFO] [stderr]     Checking icu_properties v2.2.0
[INFO] [stderr]    Compiling icu_normalizer v2.2.0
[INFO] [stderr]     Checking regex-automata v0.4.16
[INFO] [stderr]     Checking base64ct v1.8.3
[INFO] [stderr]     Checking axum-core v0.5.6
[INFO] [stderr]     Checking time v0.3.54
[INFO] [stderr]     Checking password-hash v0.5.0
[INFO] [stderr]     Checking serde_urlencoded v0.7.1
[INFO] [stderr]     Checking idna_adapter v1.2.2
[INFO] [stderr]     Checking idna v1.1.0
[INFO] [stderr]     Checking hyper-util v0.1.20
[INFO] [stderr]     Checking tower v0.5.3
[INFO] [stderr]     Checking url v2.5.8
[INFO] [stderr]    Compiling axum-macros v0.5.1
[INFO] [stderr]     Checking pem v3.0.6
[INFO] [stderr]     Checking serde_path_to_error v0.1.20
[INFO] [stderr]     Checking sqlx-core v0.8.6
[INFO] [stderr]     Checking blake2 v0.10.6
[INFO] [stderr]     Checking matchers v0.2.0
[INFO] [stderr]     Checking tracing-log v0.2.0
[INFO] [stderr]     Checking thread_local v1.1.10
[INFO] [stderr]     Checking argon2 v0.5.3
[INFO] [stderr]     Checking tracing-subscriber v0.3.23
[INFO] [stderr]     Checking tower-http v0.6.11
[INFO] [stderr]     Checking simple_asn1 v0.6.4
[INFO] [stderr]     Checking axum v0.8.9
[INFO] [stderr]     Checking jsonwebtoken v9.3.1
[INFO] [stderr]     Checking sqlx-postgres v0.8.6
[INFO] [stderr]    Compiling sqlx-macros-core v0.8.6
[INFO] [stderr]    Compiling sqlx-macros v0.8.6
[INFO] [stderr]     Checking sqlx v0.8.6
[INFO] [stderr]     Checking twitter-clone v0.1.0 (/opt/rustwide/workdir)
[INFO] [stdout] error: error communicating with database: Connection refused (os error 111)
[INFO] [stdout]   --> src/features/auth/handlers.rs:65:16
[INFO] [stdout]    |
[INFO] [stdout] 65 |       let rows = sqlx::query!(
[INFO] [stdout]    |  ________________^
[INFO] [stdout] 66 | |         r#"SELECT id, token_hash, expires_at FROM refresh_tokens
[INFO] [stdout] 67 | |            WHERE user_id = $1 AND expires_at > now()"#,
[INFO] [stdout] 68 | |         payload.user_id
[INFO] [stdout] 69 | |     )
[INFO] [stdout]    | |_____^
[INFO] [stdout]    |
[INFO] [stdout]    = note: this error originates in the macro `$crate::sqlx_macros::expand_query` which comes from the expansion of the macro `sqlx::query` (in Nightly builds, run with -Z macro-backtrace for more info)
[INFO] [stdout] 
[INFO] [stdout] 
[INFO] [stdout] error: error communicating with database: Connection refused (os error 111)
[INFO] [stdout]   --> src/features/auth/handlers.rs:85:5
[INFO] [stdout]    |
[INFO] [stdout] 85 |     sqlx::query!("DELETE FROM refresh_tokens WHERE id = $1", matched.id)
[INFO] [stdout]    |     ^^^^^^^^^^^^^^^^^^^^^^^^^^^^^^^^^^^^^^^^^^^^^^^^^^^^^^^^^^^^^^^^^^^^
[INFO] [stdout]    |
[INFO] [stdout]    = note: this error originates in the macro `$crate::sqlx_macros::expand_query` which comes from the expansion of the macro `sqlx::query` (in Nightly builds, run with -Z macro-backtrace for more info)
[INFO] [stdout] 
[INFO] [stdout] 
[INFO] [stdout] error: error communicating with database: Connection refused (os error 111)
[INFO] [stdout]    --> src/features/auth/handlers.rs:101:5
[INFO] [stdout]     |
[INFO] [stdout] 101 | /     sqlx::query!(
[INFO] [stdout] 102 | |         "DELETE FROM refresh_tokens WHERE user_id = $1",
[INFO] [stdout] 103 | |         current_user.id
[INFO] [stdout] 104 | |     )
[INFO] [stdout]     | |_____^
[INFO] [stdout]     |
[INFO] [stdout]     = note: this error originates in the macro `$crate::sqlx_macros::expand_query` which comes from the expansion of the macro `sqlx::query` (in Nightly builds, run with -Z macro-backtrace for more info)
[INFO] [stdout] 
[INFO] [stdout] 
[INFO] [stdout] error: error communicating with database: Connection refused (os error 111)
[INFO] [stdout]    --> src/features/auth/handlers.rs:120:5
[INFO] [stdout]     |
[INFO] [stdout] 120 | /     sqlx::query!(
[INFO] [stdout] 121 | |         r#"INSERT INTO refresh_tokens (id, user_id, token_hash, expires_at)
[INFO] [stdout] 122 | |            VALUES ($1, $2, $3, now() + interval '30 days')"#,
[INFO] [stdout] 123 | |         Uuid::new_v4(),
[INFO] [stdout] 124 | |         user.id,
[INFO] [stdout] 125 | |         refresh_hash,
[INFO] [stdout] 126 | |     )
[INFO] [stdout]     | |_____^
[INFO] [stdout]     |
[INFO] [stdout]     = note: this error originates in the macro `$crate::sqlx_macros::expand_query` which comes from the expansion of the macro `sqlx::query` (in Nightly builds, run with -Z macro-backtrace for more info)
[INFO] [stdout] 
[INFO] [stdout] 
[INFO] [stdout] error: error communicating with database: Connection refused (os error 111)
[INFO] [stdout]   --> src/features/follows/repository.rs:12:15
[INFO] [stdout]    |
[INFO] [stdout] 12 |       let row = sqlx::query!(
[INFO] [stdout]    |  _______________^
[INFO] [stdout] 13 | |         r#"SELECT EXISTS(
[INFO] [stdout] 14 | |              SELECT 1 FROM follows WHERE follower_id = $1 AND following_id = $2
[INFO] [stdout] 15 | |            ) AS "exists!""#,
[INFO] [stdout] 16 | |         follower_id,
[INFO] [stdout] 17 | |         following_id,
[INFO] [stdout] 18 | |     )
[INFO] [stdout]    | |_____^
[INFO] [stdout]    |
[INFO] [stdout]    = note: this error originates in the macro `$crate::sqlx_macros::expand_query` which comes from the expansion of the macro `sqlx::query` (in Nightly builds, run with -Z macro-backtrace for more info)
[INFO] [stdout] 
[INFO] [stdout] 
[INFO] [stdout] error: error communicating with database: Connection refused (os error 111)
[INFO] [stdout]   --> src/features/follows/repository.rs:26:5
[INFO] [stdout]    |
[INFO] [stdout] 26 | /     sqlx::query!(
[INFO] [stdout] 27 | |         r#"INSERT INTO follows (follower_id, following_id)
[INFO] [stdout] 28 | |            VALUES ($1, $2)
[INFO] [stdout] 29 | |            ON CONFLICT DO NOTHING"#,
[INFO] [stdout] 30 | |         follower_id,
[INFO] [stdout] 31 | |         following_id,
[INFO] [stdout] 32 | |     )
[INFO] [stdout]    | |_____^
[INFO] [stdout]    |
[INFO] [stdout]    = note: this error originates in the macro `$crate::sqlx_macros::expand_query` which comes from the expansion of the macro `sqlx::query` (in Nightly builds, run with -Z macro-backtrace for more info)
[INFO] [stdout] 
[INFO] [stdout] 
[INFO] [stdout] error: error communicating with database: Connection refused (os error 111)
[INFO] [stdout]   --> src/features/follows/repository.rs:40:5
[INFO] [stdout]    |
[INFO] [stdout] 40 | /     sqlx::query!(
[INFO] [stdout] 41 | |         "DELETE FROM follows WHERE follower_id = $1 AND following_id = $2",
[INFO] [stdout] 42 | |         follower_id,
[INFO] [stdout] 43 | |         following_id,
[INFO] [stdout] 44 | |     )
[INFO] [stdout]    | |_____^
[INFO] [stdout]    |
[INFO] [stdout]    = note: this error originates in the macro `$crate::sqlx_macros::expand_query` which comes from the expansion of the macro `sqlx::query` (in Nightly builds, run with -Z macro-backtrace for more info)
[INFO] [stdout] 
[INFO] [stdout] 
[INFO] [stdout] error: error communicating with database: Connection refused (os error 111)
[INFO] [stdout]   --> src/features/follows/repository.rs:52:15
[INFO] [stdout]    |
[INFO] [stdout] 52 |       let row = sqlx::query!(
[INFO] [stdout]    |  _______________^
[INFO] [stdout] 53 | |         r#"SELECT COUNT(*) AS "count!" FROM follows WHERE following_id = $1"#,
[INFO] [stdout] 54 | |         user_id
[INFO] [stdout] 55 | |     )
[INFO] [stdout]    | |_____^
[INFO] [stdout]    |
[INFO] [stdout]    = note: this error originates in the macro `$crate::sqlx_macros::expand_query` which comes from the expansion of the macro `sqlx::query` (in Nightly builds, run with -Z macro-backtrace for more info)
[INFO] [stdout] 
[INFO] [stdout] 
[INFO] [stdout] error: error communicating with database: Connection refused (os error 111)
[INFO] [stdout]   --> src/features/follows/repository.rs:62:15
[INFO] [stdout]    |
[INFO] [stdout] 62 |       let row = sqlx::query!(
[INFO] [stdout]    |  _______________^
[INFO] [stdout] 63 | |         r#"SELECT COUNT(*) AS "count!" FROM follows WHERE follower_id = $1"#,
[INFO] [stdout] 64 | |         user_id
[INFO] [stdout] 65 | |     )
[INFO] [stdout]    | |_____^
[INFO] [stdout]    |
[INFO] [stdout]    = note: this error originates in the macro `$crate::sqlx_macros::expand_query` which comes from the expansion of the macro `sqlx::query` (in Nightly builds, run with -Z macro-backtrace for more info)
[INFO] [stdout] 
[INFO] [stdout] 
[INFO] [stdout] error: error communicating with database: Connection refused (os error 111)
[INFO] [stdout]   --> src/features/likes/repository.rs:8:15
[INFO] [stdout]    |
[INFO] [stdout]  8 |       let row = sqlx::query!(
[INFO] [stdout]    |  _______________^
[INFO] [stdout]  9 | |         r#"SELECT EXISTS(
[INFO] [stdout] 10 | |              SELECT 1 FROM likes WHERE user_id = $1 AND tweet_id = $2
[INFO] [stdout] 11 | |            ) AS "exists!""#,
[INFO] [stdout] 12 | |         user_id,
[INFO] [stdout] 13 | |         tweet_id,
[INFO] [stdout] 14 | |     )
[INFO] [stdout]    | |_____^
[INFO] [stdout]    |
[INFO] [stdout]    = note: this error originates in the macro `$crate::sqlx_macros::expand_query` which comes from the expansion of the macro `sqlx::query` (in Nightly builds, run with -Z macro-backtrace for more info)
[INFO] [stdout] 
[INFO] [stdout] 
[INFO] [stdout] error: error communicating with database: Connection refused (os error 111)
[INFO] [stdout]   --> src/features/likes/repository.rs:24:18
[INFO] [stdout]    |
[INFO] [stdout] 24 |       let result = sqlx::query!(
[INFO] [stdout]    |  __________________^
[INFO] [stdout] 25 | |         r#"INSERT INTO likes (user_id, tweet_id) VALUES ($1, $2)
[INFO] [stdout] 26 | |            ON CONFLICT DO NOTHING"#,
[INFO] [stdout] 27 | |         user_id,
[INFO] [stdout] 28 | |         tweet_id,
[INFO] [stdout] 29 | |     )
[INFO] [stdout]    | |_____^
[INFO] [stdout]    |
[INFO] [stdout]    = note: this error originates in the macro `$crate::sqlx_macros::expand_query` which comes from the expansion of the macro `sqlx::query` (in Nightly builds, run with -Z macro-backtrace for more info)
[INFO] [stdout] 
[INFO] [stdout] 
[INFO] [stdout] error: error communicating with database: Connection refused (os error 111)
[INFO] [stdout]   --> src/features/likes/repository.rs:35:9
[INFO] [stdout]    |
[INFO] [stdout] 35 | /         sqlx::query!(
[INFO] [stdout] 36 | |             "UPDATE tweets SET like_count = like_count + 1 WHERE id = $1",
[INFO] [stdout] 37 | |             tweet_id
[INFO] [stdout] 38 | |         )
[INFO] [stdout]    | |_________^
[INFO] [stdout]    |
[INFO] [stdout]    = note: this error originates in the macro `$crate::sqlx_macros::expand_query` which comes from the expansion of the macro `sqlx::query` (in Nightly builds, run with -Z macro-backtrace for more info)
[INFO] [stdout] 
[INFO] [stdout] 
[INFO] [stdout] error: error communicating with database: Connection refused (os error 111)
[INFO] [stdout]   --> src/features/likes/repository.rs:50:18
[INFO] [stdout]    |
[INFO] [stdout] 50 |       let result = sqlx::query!(
[INFO] [stdout]    |  __________________^
[INFO] [stdout] 51 | |         "DELETE FROM likes WHERE user_id = $1 AND tweet_id = $2",
[INFO] [stdout] 52 | |         user_id,
[INFO] [stdout] 53 | |         tweet_id,
[INFO] [stdout] 54 | |     )
[INFO] [stdout]    | |_____^
[INFO] [stdout]    |
[INFO] [stdout]    = note: this error originates in the macro `$crate::sqlx_macros::expand_query` which comes from the expansion of the macro `sqlx::query` (in Nightly builds, run with -Z macro-backtrace for more info)
[INFO] [stdout] 
[INFO] [stdout] 
[INFO] [stdout] error: error communicating with database: Connection refused (os error 111)
[INFO] [stdout]   --> src/features/likes/repository.rs:59:9
[INFO] [stdout]    |
[INFO] [stdout] 59 | /         sqlx::query!(
[INFO] [stdout] 60 | |             "UPDATE tweets SET like_count = GREATEST(like_count - 1, 0) WHERE id = $1",
[INFO] [stdout] 61 | |             tweet_id
[INFO] [stdout] 62 | |         )
[INFO] [stdout]    | |_________^
[INFO] [stdout]    |
[INFO] [stdout]    = note: this error originates in the macro `$crate::sqlx_macros::expand_query` which comes from the expansion of the macro `sqlx::query` (in Nightly builds, run with -Z macro-backtrace for more info)
[INFO] [stdout] 
[INFO] [stdout] 
[INFO] [stdout] error: error communicating with database: Connection refused (os error 111)
[INFO] [stdout]   --> src/features/tweets/repository.rs:12:17
[INFO] [stdout]    |
[INFO] [stdout] 12 |       let tweet = sqlx::query_as!(
[INFO] [stdout]    |  _________________^
[INFO] [stdout] 13 | |         Tweet,
[INFO] [stdout] 14 | |         r#"INSERT INTO tweets (id, user_id, content, reply_to_id, quote_tweet_id)
[INFO] [stdout] 15 | |            VALUES ($1, $2, $3, $4, $5)
[INFO] [stdout] ...  |
[INFO] [stdout] 21 | |         payload.quote_tweet_id,
[INFO] [stdout] 22 | |     )
[INFO] [stdout]    | |_____^
[INFO] [stdout]    |
[INFO] [stdout]    = note: this error originates in the macro `$crate::sqlx_macros::expand_query` which comes from the expansion of the macro `sqlx::query_as` (in Nightly builds, run with -Z macro-backtrace for more info)
[INFO] [stdout] 
[INFO] [stdout] 
[INFO] [stdout] error: error communicating with database: Connection refused (os error 111)
[INFO] [stdout]   --> src/features/tweets/repository.rs:28:9
[INFO] [stdout]    |
[INFO] [stdout] 28 | /         sqlx::query!(
[INFO] [stdout] 29 | |             "UPDATE tweets SET reply_count = reply_count + 1 WHERE id = $1",
[INFO] [stdout] 30 | |             parent_id
[INFO] [stdout] 31 | |         )
[INFO] [stdout]    | |_________^
[INFO] [stdout]    |
[INFO] [stdout]    = note: this error originates in the macro `$crate::sqlx_macros::expand_query` which comes from the expansion of the macro `sqlx::query` (in Nightly builds, run with -Z macro-backtrace for more info)
[INFO] [stdout] 
[INFO] [stdout] 
[INFO] [stdout] error: error communicating with database: Connection refused (os error 111)
[INFO] [stdout]   --> src/features/tweets/repository.rs:41:17
[INFO] [stdout]    |
[INFO] [stdout] 41 |     let tweet = sqlx::query_as!(Tweet, "SELECT * FROM tweets WHERE id = $1", id)
[INFO] [stdout]    |                 ^^^^^^^^^^^^^^^^^^^^^^^^^^^^^^^^^^^^^^^^^^^^^^^^^^^^^^^^^^^^^^^^
[INFO] [stdout]    |
[INFO] [stdout]    = note: this error originates in the macro `$crate::sqlx_macros::expand_query` which comes from the expansion of the macro `sqlx::query_as` (in Nightly builds, run with -Z macro-backtrace for more info)
[INFO] [stdout] 
[INFO] [stdout] 
[INFO] [stdout] error: error communicating with database: Connection refused (os error 111)
[INFO] [stdout]   --> src/features/tweets/repository.rs:48:5
[INFO] [stdout]    |
[INFO] [stdout] 48 |     sqlx::query!("DELETE FROM tweets WHERE id = $1", id)
[INFO] [stdout]    |     ^^^^^^^^^^^^^^^^^^^^^^^^^^^^^^^^^^^^^^^^^^^^^^^^^^^^
[INFO] [stdout]    |
[INFO] [stdout]    = note: this error originates in the macro `$crate::sqlx_macros::expand_query` which comes from the expansion of the macro `sqlx::query` (in Nightly builds, run with -Z macro-backtrace for more info)
[INFO] [stdout] 
[INFO] [stdout] 
[INFO] [stdout] error: error communicating with database: Connection refused (os error 111)
[INFO] [stdout]   --> src/features/tweets/repository.rs:60:18
[INFO] [stdout]    |
[INFO] [stdout] 60 |       let tweets = sqlx::query_as!(
[INFO] [stdout]    |  __________________^
[INFO] [stdout] 61 | |         Tweet,
[INFO] [stdout] 62 | |         r#"SELECT * FROM tweets
[INFO] [stdout] 63 | |            WHERE user_id = $1 AND ($2::timestamptz IS NULL OR created_at < $2)
[INFO] [stdout] ...  |
[INFO] [stdout] 68 | |         limit,
[INFO] [stdout] 69 | |     )
[INFO] [stdout]    | |_____^
[INFO] [stdout]    |
[INFO] [stdout]    = note: this error originates in the macro `$crate::sqlx_macros::expand_query` which comes from the expansion of the macro `sqlx::query_as` (in Nightly builds, run with -Z macro-backtrace for more info)
[INFO] [stdout] 
[INFO] [stdout] 
[INFO] [stdout] error: error communicating with database: Connection refused (os error 111)
[INFO] [stdout]    --> src/features/tweets/repository.rs:88:18
[INFO] [stdout]     |
[INFO] [stdout]  88 |       let tweets = sqlx::query_as!(
[INFO] [stdout]     |  __________________^
[INFO] [stdout]  89 | |         TweetWithAuthor,
[INFO] [stdout]  90 | |         r#"
[INFO] [stdout]  91 | |         SELECT
[INFO] [stdout] ...   |
[INFO] [stdout] 118 | |         limit,
[INFO] [stdout] 119 | |     )
[INFO] [stdout]     | |_____^
[INFO] [stdout]     |
[INFO] [stdout]     = note: this error originates in the macro `$crate::sqlx_macros::expand_query` which comes from the expansion of the macro `sqlx::query_as` (in Nightly builds, run with -Z macro-backtrace for more info)
[INFO] [stdout] 
[INFO] [stdout] 
[INFO] [stdout] error: error communicating with database: Connection refused (os error 111)
[INFO] [stdout]   --> src/features/users/repository.rs:12:16
[INFO] [stdout]    |
[INFO] [stdout] 12 |       let user = sqlx::query_as!(
[INFO] [stdout]    |  ________________^
[INFO] [stdout] 13 | |         User,
[INFO] [stdout] 14 | |         r#"INSERT INTO users (id, username, email, password_hash)
[INFO] [stdout] 15 | |            VALUES ($1, $2, $3, $4)
[INFO] [stdout] ...  |
[INFO] [stdout] 20 | |         password_hash,
[INFO] [stdout] 21 | |     )
[INFO] [stdout]    | |_____^
[INFO] [stdout]    |
[INFO] [stdout]    = note: this error originates in the macro `$crate::sqlx_macros::expand_query` which comes from the expansion of the macro `sqlx::query_as` (in Nightly builds, run with -Z macro-backtrace for more info)
[INFO] [stdout] 
[INFO] [stdout] 
[INFO] [stdout] error: error communicating with database: Connection refused (os error 111)
[INFO] [stdout]   --> src/features/users/repository.rs:29:16
[INFO] [stdout]    |
[INFO] [stdout] 29 |     let user = sqlx::query_as!(User, "SELECT * FROM users WHERE id = $1", id)
[INFO] [stdout]    |                ^^^^^^^^^^^^^^^^^^^^^^^^^^^^^^^^^^^^^^^^^^^^^^^^^^^^^^^^^^^^^^
[INFO] [stdout]    |
[INFO] [stdout]    = note: this error originates in the macro `$crate::sqlx_macros::expand_query` which comes from the expansion of the macro `sqlx::query_as` (in Nightly builds, run with -Z macro-backtrace for more info)
[INFO] [stdout] 
[INFO] [stdout] 
[INFO] [stdout] error: error communicating with database: Connection refused (os error 111)
[INFO] [stdout]   --> src/features/users/repository.rs:36:16
[INFO] [stdout]    |
[INFO] [stdout] 36 |     let user = sqlx::query_as!(User, "SELECT * FROM users WHERE email = $1", email)
[INFO] [stdout]    |                ^^^^^^^^^^^^^^^^^^^^^^^^^^^^^^^^^^^^^^^^^^^^^^^^^^^^^^^^^^^^^^^^^^^^
[INFO] [stdout]    |
[INFO] [stdout]    = note: this error originates in the macro `$crate::sqlx_macros::expand_query` which comes from the expansion of the macro `sqlx::query_as` (in Nightly builds, run with -Z macro-backtrace for more info)
[INFO] [stdout] 
[INFO] [stdout] 
[INFO] [stdout] error: error communicating with database: Connection refused (os error 111)
[INFO] [stdout]   --> src/features/users/repository.rs:43:16
[INFO] [stdout]    |
[INFO] [stdout] 43 |     let user = sqlx::query_as!(User, "SELECT * FROM users WHERE username = $1", username)
[INFO] [stdout]    |                ^^^^^^^^^^^^^^^^^^^^^^^^^^^^^^^^^^^^^^^^^^^^^^^^^^^^^^^^^^^^^^^^^^^^^^^^^^
[INFO] [stdout]    |
[INFO] [stdout]    = note: this error originates in the macro `$crate::sqlx_macros::expand_query` which comes from the expansion of the macro `sqlx::query_as` (in Nightly builds, run with -Z macro-backtrace for more info)
[INFO] [stdout] 
[INFO] [stdout] 
[INFO] [stdout] error: error communicating with database: Connection refused (os error 111)
[INFO] [stdout]   --> src/features/users/repository.rs:50:16
[INFO] [stdout]    |
[INFO] [stdout] 50 |       let user = sqlx::query_as!(
[INFO] [stdout]    |  ________________^
[INFO] [stdout] 51 | |         User,
[INFO] [stdout] 52 | |         r#"UPDATE users SET
[INFO] [stdout] 53 | |              display_name = COALESCE($2, display_name),
[INFO] [stdout] ...  |
[INFO] [stdout] 64 | |         payload.banner_url,
[INFO] [stdout] 65 | |     )
[INFO] [stdout]    | |_____^
[INFO] [stdout]    |
[INFO] [stdout]    = note: this error originates in the macro `$crate::sqlx_macros::expand_query` which comes from the expansion of the macro `sqlx::query_as` (in Nightly builds, run with -Z macro-backtrace for more info)
[INFO] [stdout] 
[INFO] [stdout] 
[INFO] [stdout] warning: unused import: `uuid::Uuid`
[INFO] [stdout]  --> src/features/auth/handlers.rs:2:5
[INFO] [stdout]   |
[INFO] [stdout] 2 | use uuid::Uuid;
[INFO] [stdout]   |     ^^^^^^^^^^
[INFO] [stdout]   |
[INFO] [stdout]   = note: `#[warn(unused_imports)]` (part of `#[warn(unused)]`) on by default
[INFO] [stdout] 
[INFO] [stdout] 
[INFO] [stdout] error: error communicating with database: Connection refused (os error 111)
[INFO] [stdout]   --> src/features/auth/handlers.rs:65:16
[INFO] [stdout]    |
[INFO] [stdout] 65 |       let rows = sqlx::query!(
[INFO] [stdout]    |  ________________^
[INFO] [stdout] 66 | |         r#"SELECT id, token_hash, expires_at FROM refresh_tokens
[INFO] [stdout] 67 | |            WHERE user_id = $1 AND expires_at > now()"#,
[INFO] [stdout] 68 | |         payload.user_id
[INFO] [stdout] 69 | |     )
[INFO] [stdout]    | |_____^
[INFO] [stdout]    |
[INFO] [stdout]    = note: this error originates in the macro `$crate::sqlx_macros::expand_query` which comes from the expansion of the macro `sqlx::query` (in Nightly builds, run with -Z macro-backtrace for more info)
[INFO] [stdout] 
[INFO] [stdout] 
[INFO] [stdout] error: error communicating with database: Connection refused (os error 111)
[INFO] [stdout]   --> src/features/auth/handlers.rs:85:5
[INFO] [stdout]    |
[INFO] [stdout] 85 |     sqlx::query!("DELETE FROM refresh_tokens WHERE id = $1", matched.id)
[INFO] [stdout]    |     ^^^^^^^^^^^^^^^^^^^^^^^^^^^^^^^^^^^^^^^^^^^^^^^^^^^^^^^^^^^^^^^^^^^^
[INFO] [stdout]    |
[INFO] [stdout]    = note: this error originates in the macro `$crate::sqlx_macros::expand_query` which comes from the expansion of the macro `sqlx::query` (in Nightly builds, run with -Z macro-backtrace for more info)
[INFO] [stdout] 
[INFO] [stdout] 
[INFO] [stdout] error: error communicating with database: Connection refused (os error 111)
[INFO] [stdout]    --> src/features/auth/handlers.rs:101:5
[INFO] [stdout]     |
[INFO] [stdout] 101 | /     sqlx::query!(
[INFO] [stdout] 102 | |         "DELETE FROM refresh_tokens WHERE user_id = $1",
[INFO] [stdout] 103 | |         current_user.id
[INFO] [stdout] 104 | |     )
[INFO] [stdout]     | |_____^
[INFO] [stdout]     |
[INFO] [stdout]     = note: this error originates in the macro `$crate::sqlx_macros::expand_query` which comes from the expansion of the macro `sqlx::query` (in Nightly builds, run with -Z macro-backtrace for more info)
[INFO] [stdout] 
[INFO] [stdout] 
[INFO] [stdout] error: error communicating with database: Connection refused (os error 111)
[INFO] [stdout]    --> src/features/auth/handlers.rs:120:5
[INFO] [stdout]     |
[INFO] [stdout] 120 | /     sqlx::query!(
[INFO] [stdout] 121 | |         r#"INSERT INTO refresh_tokens (id, user_id, token_hash, expires_at)
[INFO] [stdout] 122 | |            VALUES ($1, $2, $3, now() + interval '30 days')"#,
[INFO] [stdout] 123 | |         Uuid::new_v4(),
[INFO] [stdout] 124 | |         user.id,
[INFO] [stdout] 125 | |         refresh_hash,
[INFO] [stdout] 126 | |     )
[INFO] [stdout]     | |_____^
[INFO] [stdout]     |
[INFO] [stdout]     = note: this error originates in the macro `$crate::sqlx_macros::expand_query` which comes from the expansion of the macro `sqlx::query` (in Nightly builds, run with -Z macro-backtrace for more info)
[INFO] [stdout] 
[INFO] [stdout] 
[INFO] [stdout] error: error communicating with database: Connection refused (os error 111)
[INFO] [stdout]   --> src/features/follows/repository.rs:12:15
[INFO] [stdout]    |
[INFO] [stdout] 12 |       let row = sqlx::query!(
[INFO] [stdout]    |  _______________^
[INFO] [stdout] 13 | |         r#"SELECT EXISTS(
[INFO] [stdout] 14 | |              SELECT 1 FROM follows WHERE follower_id = $1 AND following_id = $2
[INFO] [stdout] 15 | |            ) AS "exists!""#,
[INFO] [stdout] 16 | |         follower_id,
[INFO] [stdout] 17 | |         following_id,
[INFO] [stdout] 18 | |     )
[INFO] [stdout]    | |_____^
[INFO] [stdout]    |
[INFO] [stdout]    = note: this error originates in the macro `$crate::sqlx_macros::expand_query` which comes from the expansion of the macro `sqlx::query` (in Nightly builds, run with -Z macro-backtrace for more info)
[INFO] [stdout] 
[INFO] [stdout] 
[INFO] [stdout] error: error communicating with database: Connection refused (os error 111)
[INFO] [stdout]   --> src/features/follows/repository.rs:26:5
[INFO] [stdout]    |
[INFO] [stdout] 26 | /     sqlx::query!(
[INFO] [stdout] 27 | |         r#"INSERT INTO follows (follower_id, following_id)
[INFO] [stdout] 28 | |            VALUES ($1, $2)
[INFO] [stdout] 29 | |            ON CONFLICT DO NOTHING"#,
[INFO] [stdout] 30 | |         follower_id,
[INFO] [stdout] 31 | |         following_id,
[INFO] [stdout] 32 | |     )
[INFO] [stdout]    | |_____^
[INFO] [stdout]    |
[INFO] [stdout]    = note: this error originates in the macro `$crate::sqlx_macros::expand_query` which comes from the expansion of the macro `sqlx::query` (in Nightly builds, run with -Z macro-backtrace for more info)
[INFO] [stdout] 
[INFO] [stdout] 
[INFO] [stdout] error: error communicating with database: Connection refused (os error 111)
[INFO] [stdout]   --> src/features/follows/repository.rs:40:5
[INFO] [stdout]    |
[INFO] [stdout] 40 | /     sqlx::query!(
[INFO] [stdout] 41 | |         "DELETE FROM follows WHERE follower_id = $1 AND following_id = $2",
[INFO] [stdout] 42 | |         follower_id,
[INFO] [stdout] 43 | |         following_id,
[INFO] [stdout] 44 | |     )
[INFO] [stdout]    | |_____^
[INFO] [stdout]    |
[INFO] [stdout]    = note: this error originates in the macro `$crate::sqlx_macros::expand_query` which comes from the expansion of the macro `sqlx::query` (in Nightly builds, run with -Z macro-backtrace for more info)
[INFO] [stdout] 
[INFO] [stdout] 
[INFO] [stdout] error: error communicating with database: Connection refused (os error 111)
[INFO] [stdout]   --> src/features/follows/repository.rs:52:15
[INFO] [stdout]    |
[INFO] [stdout] 52 |       let row = sqlx::query!(
[INFO] [stdout]    |  _______________^
[INFO] [stdout] 53 | |         r#"SELECT COUNT(*) AS "count!" FROM follows WHERE following_id = $1"#,
[INFO] [stdout] 54 | |         user_id
[INFO] [stdout] 55 | |     )
[INFO] [stdout]    | |_____^
[INFO] [stdout]    |
[INFO] [stdout]    = note: this error originates in the macro `$crate::sqlx_macros::expand_query` which comes from the expansion of the macro `sqlx::query` (in Nightly builds, run with -Z macro-backtrace for more info)
[INFO] [stdout] 
[INFO] [stdout] 
[INFO] [stdout] error: error communicating with database: Connection refused (os error 111)
[INFO] [stdout]   --> src/features/follows/repository.rs:62:15
[INFO] [stdout]    |
[INFO] [stdout] 62 |       let row = sqlx::query!(
[INFO] [stdout]    |  _______________^
[INFO] [stdout] 63 | |         r#"SELECT COUNT(*) AS "count!" FROM follows WHERE follower_id = $1"#,
[INFO] [stdout] 64 | |         user_id
[INFO] [stdout] 65 | |     )
[INFO] [stdout]    | |_____^
[INFO] [stdout]    |
[INFO] [stdout]    = note: this error originates in the macro `$crate::sqlx_macros::expand_query` which comes from the expansion of the macro `sqlx::query` (in Nightly builds, run with -Z macro-backtrace for more info)
[INFO] [stdout] 
[INFO] [stdout] 
[INFO] [stdout] error: error communicating with database: Connection refused (os error 111)
[INFO] [stdout]   --> src/features/likes/repository.rs:8:15
[INFO] [stdout]    |
[INFO] [stdout]  8 |       let row = sqlx::query!(
[INFO] [stdout]    |  _______________^
[INFO] [stdout]  9 | |         r#"SELECT EXISTS(
[INFO] [stdout] 10 | |              SELECT 1 FROM likes WHERE user_id = $1 AND tweet_id = $2
[INFO] [stdout] 11 | |            ) AS "exists!""#,
[INFO] [stdout] 12 | |         user_id,
[INFO] [stdout] 13 | |         tweet_id,
[INFO] [stdout] 14 | |     )
[INFO] [stdout]    | |_____^
[INFO] [stdout]    |
[INFO] [stdout]    = note: this error originates in the macro `$crate::sqlx_macros::expand_query` which comes from the expansion of the macro `sqlx::query` (in Nightly builds, run with -Z macro-backtrace for more info)
[INFO] [stdout] 
[INFO] [stdout] 
[INFO] [stdout] error: error communicating with database: Connection refused (os error 111)
[INFO] [stdout]   --> src/features/likes/repository.rs:24:18
[INFO] [stdout]    |
[INFO] [stdout] 24 |       let result = sqlx::query!(
[INFO] [stdout]    |  __________________^
[INFO] [stdout] 25 | |         r#"INSERT INTO likes (user_id, tweet_id) VALUES ($1, $2)
[INFO] [stdout] 26 | |            ON CONFLICT DO NOTHING"#,
[INFO] [stdout] 27 | |         user_id,
[INFO] [stdout] 28 | |         tweet_id,
[INFO] [stdout] 29 | |     )
[INFO] [stdout]    | |_____^
[INFO] [stdout]    |
[INFO] [stdout]    = note: this error originates in the macro `$crate::sqlx_macros::expand_query` which comes from the expansion of the macro `sqlx::query` (in Nightly builds, run with -Z macro-backtrace for more info)
[INFO] [stdout] 
[INFO] [stdout] 
[INFO] [stdout] error: error communicating with database: Connection refused (os error 111)
[INFO] [stdout]   --> src/features/likes/repository.rs:35:9
[INFO] [stdout]    |
[INFO] [stdout] 35 | /         sqlx::query!(
[INFO] [stdout] 36 | |             "UPDATE tweets SET like_count = like_count + 1 WHERE id = $1",
[INFO] [stdout] 37 | |             tweet_id
[INFO] [stdout] 38 | |         )
[INFO] [stdout]    | |_________^
[INFO] [stdout]    |
[INFO] [stdout]    = note: this error originates in the macro `$crate::sqlx_macros::expand_query` which comes from the expansion of the macro `sqlx::query` (in Nightly builds, run with -Z macro-backtrace for more info)
[INFO] [stdout] 
[INFO] [stdout] 
[INFO] [stdout] error: error communicating with database: Connection refused (os error 111)
[INFO] [stdout]   --> src/features/likes/repository.rs:50:18
[INFO] [stdout]    |
[INFO] [stdout] 50 |       let result = sqlx::query!(
[INFO] [stdout]    |  __________________^
[INFO] [stdout] 51 | |         "DELETE FROM likes WHERE user_id = $1 AND tweet_id = $2",
[INFO] [stdout] 52 | |         user_id,
[INFO] [stdout] 53 | |         tweet_id,
[INFO] [stdout] 54 | |     )
[INFO] [stdout]    | |_____^
[INFO] [stdout]    |
[INFO] [stdout]    = note: this error originates in the macro `$crate::sqlx_macros::expand_query` which comes from the expansion of the macro `sqlx::query` (in Nightly builds, run with -Z macro-backtrace for more info)
[INFO] [stdout] 
[INFO] [stdout] 
[INFO] [stdout] error: error communicating with database: Connection refused (os error 111)
[INFO] [stdout]   --> src/features/likes/repository.rs:59:9
[INFO] [stdout]    |
[INFO] [stdout] 59 | /         sqlx::query!(
[INFO] [stdout] 60 | |             "UPDATE tweets SET like_count = GREATEST(like_count - 1, 0) WHERE id = $1",
[INFO] [stdout] 61 | |             tweet_id
[INFO] [stdout] 62 | |         )
[INFO] [stdout]    | |_________^
[INFO] [stdout]    |
[INFO] [stdout]    = note: this error originates in the macro `$crate::sqlx_macros::expand_query` which comes from the expansion of the macro `sqlx::query` (in Nightly builds, run with -Z macro-backtrace for more info)
[INFO] [stdout] 
[INFO] [stdout] 
[INFO] [stdout] error: error communicating with database: Connection refused (os error 111)
[INFO] [stdout]   --> src/features/tweets/repository.rs:12:17
[INFO] [stdout]    |
[INFO] [stdout] 12 |       let tweet = sqlx::query_as!(
[INFO] [stdout]    |  _________________^
[INFO] [stdout] 13 | |         Tweet,
[INFO] [stdout] 14 | |         r#"INSERT INTO tweets (id, user_id, content, reply_to_id, quote_tweet_id)
[INFO] [stdout] 15 | |            VALUES ($1, $2, $3, $4, $5)
[INFO] [stdout] ...  |
[INFO] [stdout] 21 | |         payload.quote_tweet_id,
[INFO] [stdout] 22 | |     )
[INFO] [stdout]    | |_____^
[INFO] [stdout]    |
[INFO] [stdout]    = note: this error originates in the macro `$crate::sqlx_macros::expand_query` which comes from the expansion of the macro `sqlx::query_as` (in Nightly builds, run with -Z macro-backtrace for more info)
[INFO] [stdout] 
[INFO] [stdout] 
[INFO] [stdout] error: error communicating with database: Connection refused (os error 111)
[INFO] [stdout]   --> src/features/tweets/repository.rs:28:9
[INFO] [stdout]    |
[INFO] [stdout] 28 | /         sqlx::query!(
[INFO] [stdout] 29 | |             "UPDATE tweets SET reply_count = reply_count + 1 WHERE id = $1",
[INFO] [stdout] 30 | |             parent_id
[INFO] [stdout] 31 | |         )
[INFO] [stdout]    | |_________^
[INFO] [stdout]    |
[INFO] [stdout]    = note: this error originates in the macro `$crate::sqlx_macros::expand_query` which comes from the expansion of the macro `sqlx::query` (in Nightly builds, run with -Z macro-backtrace for more info)
[INFO] [stdout] 
[INFO] [stdout] 
[INFO] [stdout] error: error communicating with database: Connection refused (os error 111)
[INFO] [stdout]   --> src/features/tweets/repository.rs:41:17
[INFO] [stdout]    |
[INFO] [stdout] 41 |     let tweet = sqlx::query_as!(Tweet, "SELECT * FROM tweets WHERE id = $1", id)
[INFO] [stdout]    |                 ^^^^^^^^^^^^^^^^^^^^^^^^^^^^^^^^^^^^^^^^^^^^^^^^^^^^^^^^^^^^^^^^
[INFO] [stdout]    |
[INFO] [stdout]    = note: this error originates in the macro `$crate::sqlx_macros::expand_query` which comes from the expansion of the macro `sqlx::query_as` (in Nightly builds, run with -Z macro-backtrace for more info)
[INFO] [stdout] 
[INFO] [stdout] 
[INFO] [stdout] error: error communicating with database: Connection refused (os error 111)
[INFO] [stdout]   --> src/features/tweets/repository.rs:48:5
[INFO] [stdout]    |
[INFO] [stdout] 48 |     sqlx::query!("DELETE FROM tweets WHERE id = $1", id)
[INFO] [stdout]    |     ^^^^^^^^^^^^^^^^^^^^^^^^^^^^^^^^^^^^^^^^^^^^^^^^^^^^
[INFO] [stdout]    |
[INFO] [stdout]    = note: this error originates in the macro `$crate::sqlx_macros::expand_query` which comes from the expansion of the macro `sqlx::query` (in Nightly builds, run with -Z macro-backtrace for more info)
[INFO] [stdout] 
[INFO] [stdout] 
[INFO] [stdout] error: error communicating with database: Connection refused (os error 111)
[INFO] [stdout]   --> src/features/tweets/repository.rs:60:18
[INFO] [stdout]    |
[INFO] [stdout] 60 |       let tweets = sqlx::query_as!(
[INFO] [stdout]    |  __________________^
[INFO] [stdout] 61 | |         Tweet,
[INFO] [stdout] 62 | |         r#"SELECT * FROM tweets
[INFO] [stdout] 63 | |            WHERE user_id = $1 AND ($2::timestamptz IS NULL OR created_at < $2)
[INFO] [stdout] ...  |
[INFO] [stdout] 68 | |         limit,
[INFO] [stdout] 69 | |     )
[INFO] [stdout]    | |_____^
[INFO] [stdout]    |
[INFO] [stdout]    = note: this error originates in the macro `$crate::sqlx_macros::expand_query` which comes from the expansion of the macro `sqlx::query_as` (in Nightly builds, run with -Z macro-backtrace for more info)
[INFO] [stdout] 
[INFO] [stdout] 
[INFO] [stdout] error: error communicating with database: Connection refused (os error 111)
[INFO] [stdout]    --> src/features/tweets/repository.rs:88:18
[INFO] [stdout]     |
[INFO] [stdout]  88 |       let tweets = sqlx::query_as!(
[INFO] [stdout]     |  __________________^
[INFO] [stdout]  89 | |         TweetWithAuthor,
[INFO] [stdout]  90 | |         r#"
[INFO] [stdout]  91 | |         SELECT
[INFO] [stdout] ...   |
[INFO] [stdout] 118 | |         limit,
[INFO] [stdout] 119 | |     )
[INFO] [stdout]     | |_____^
[INFO] [stdout]     |
[INFO] [stdout]     = note: this error originates in the macro `$crate::sqlx_macros::expand_query` which comes from the expansion of the macro `sqlx::query_as` (in Nightly builds, run with -Z macro-backtrace for more info)
[INFO] [stdout] 
[INFO] [stdout] 
[INFO] [stdout] error: error communicating with database: Connection refused (os error 111)
[INFO] [stdout]   --> src/features/users/repository.rs:12:16
[INFO] [stdout]    |
[INFO] [stdout] 12 |       let user = sqlx::query_as!(
[INFO] [stdout]    |  ________________^
[INFO] [stdout] 13 | |         User,
[INFO] [stdout] 14 | |         r#"INSERT INTO users (id, username, email, password_hash)
[INFO] [stdout] 15 | |            VALUES ($1, $2, $3, $4)
[INFO] [stdout] ...  |
[INFO] [stdout] 20 | |         password_hash,
[INFO] [stdout] 21 | |     )
[INFO] [stdout]    | |_____^
[INFO] [stdout]    |
[INFO] [stdout]    = note: this error originates in the macro `$crate::sqlx_macros::expand_query` which comes from the expansion of the macro `sqlx::query_as` (in Nightly builds, run with -Z macro-backtrace for more info)
[INFO] [stdout] 
[INFO] [stdout] 
[INFO] [stdout] error: error communicating with database: Connection refused (os error 111)
[INFO] [stdout]   --> src/features/users/repository.rs:29:16
[INFO] [stdout]    |
[INFO] [stdout] 29 |     let user = sqlx::query_as!(User, "SELECT * FROM users WHERE id = $1", id)
[INFO] [stdout]    |                ^^^^^^^^^^^^^^^^^^^^^^^^^^^^^^^^^^^^^^^^^^^^^^^^^^^^^^^^^^^^^^
[INFO] [stdout]    |
[INFO] [stdout]    = note: this error originates in the macro `$crate::sqlx_macros::expand_query` which comes from the expansion of the macro `sqlx::query_as` (in Nightly builds, run with -Z macro-backtrace for more info)
[INFO] [stdout] 
[INFO] [stdout] 
[INFO] [stdout] error: error communicating with database: Connection refused (os error 111)
[INFO] [stdout]   --> src/features/users/repository.rs:36:16
[INFO] [stdout]    |
[INFO] [stdout] 36 |     let user = sqlx::query_as!(User, "SELECT * FROM users WHERE email = $1", email)
[INFO] [stdout]    |                ^^^^^^^^^^^^^^^^^^^^^^^^^^^^^^^^^^^^^^^^^^^^^^^^^^^^^^^^^^^^^^^^^^^^
[INFO] [stdout]    |
[INFO] [stdout]    = note: this error originates in the macro `$crate::sqlx_macros::expand_query` which comes from the expansion of the macro `sqlx::query_as` (in Nightly builds, run with -Z macro-backtrace for more info)
[INFO] [stdout] 
[INFO] [stdout] 
[INFO] [stdout] error: error communicating with database: Connection refused (os error 111)
[INFO] [stdout]   --> src/features/users/repository.rs:43:16
[INFO] [stdout]    |
[INFO] [stdout] 43 |     let user = sqlx::query_as!(User, "SELECT * FROM users WHERE username = $1", username)
[INFO] [stdout]    |                ^^^^^^^^^^^^^^^^^^^^^^^^^^^^^^^^^^^^^^^^^^^^^^^^^^^^^^^^^^^^^^^^^^^^^^^^^^
[INFO] [stdout]    |
[INFO] [stdout]    = note: this error originates in the macro `$crate::sqlx_macros::expand_query` which comes from the expansion of the macro `sqlx::query_as` (in Nightly builds, run with -Z macro-backtrace for more info)
[INFO] [stdout] 
[INFO] [stdout] 
[INFO] [stdout] error: error communicating with database: Connection refused (os error 111)
[INFO] [stdout]   --> src/features/users/repository.rs:50:16
[INFO] [stdout]    |
[INFO] [stdout] 50 |       let user = sqlx::query_as!(
[INFO] [stdout]    |  ________________^
[INFO] [stdout] 51 | |         User,
[INFO] [stdout] 52 | |         r#"UPDATE users SET
[INFO] [stdout] 53 | |              display_name = COALESCE($2, display_name),
[INFO] [stdout] ...  |
[INFO] [stdout] 64 | |         payload.banner_url,
[INFO] [stdout] 65 | |     )
[INFO] [stdout]    | |_____^
[INFO] [stdout]    |
[INFO] [stdout]    = note: this error originates in the macro `$crate::sqlx_macros::expand_query` which comes from the expansion of the macro `sqlx::query_as` (in Nightly builds, run with -Z macro-backtrace for more info)
[INFO] [stdout] 
[INFO] [stdout] 
[INFO] [stdout] warning: unused import: `uuid::Uuid`
[INFO] [stdout]  --> src/features/auth/handlers.rs:2:5
[INFO] [stdout]   |
[INFO] [stdout] 2 | use uuid::Uuid;
[INFO] [stdout]   |     ^^^^^^^^^^
[INFO] [stdout]   |
[INFO] [stdout]   = note: `#[warn(unused_imports)]` (part of `#[warn(unused)]`) on by default
[INFO] [stdout] 
[INFO] [stdout] 
[INFO] [stdout] warning: method call on a diverging inference variable
[INFO] [stdout]   --> src/features/auth/handlers.rs:75:10
[INFO] [stdout]    |
[INFO] [stdout] 75 |         .iter()
[INFO] [stdout]    |          ^^^^
[INFO] [stdout]    |
[INFO] [stdout]    = help: consider providing a type annotation
[INFO] [stdout]    = warning: this was previously accepted by the compiler but is being phased out; it will become a hard error in a future release!
[INFO] [stdout]    = note: for more information, see issue #156047 <https://github.com/rust-lang/rust/issues/156047>
[INFO] [stdout]    = note: `#[warn(method_call_on_diverging_infer_var)]` (part of `#[warn(future_incompatible)]`) on by default
[INFO] [stdout] 
[INFO] [stdout] 
[INFO] [stdout] warning: method call on a diverging inference variable
[INFO] [stdout]   --> src/features/auth/handlers.rs:75:10
[INFO] [stdout]    |
[INFO] [stdout] 75 |         .iter()
[INFO] [stdout]    |          ^^^^
[INFO] [stdout]    |
[INFO] [stdout]    = help: consider providing a type annotation
[INFO] [stdout]    = warning: this was previously accepted by the compiler but is being phased out; it will become a hard error in a future release!
[INFO] [stdout]    = note: for more information, see issue #156047 <https://github.com/rust-lang/rust/issues/156047>
[INFO] [stdout]    = note: `#[warn(method_call_on_diverging_infer_var)]` (part of `#[warn(future_incompatible)]`) on by default
[INFO] [stdout] 
[INFO] [stdout] 
[INFO] [stdout] error[E0599]: no method named `iter` found for type `!` in the current scope
[INFO] [stdout]   --> src/features/auth/handlers.rs:75:10
[INFO] [stdout]    |
[INFO] [stdout] 74 |     let matched = rows
[INFO] [stdout] 75 |         .iter()
[INFO] [stdout]    |          ^^^^ method not found in `!`
[INFO] [stdout] 
[INFO] [stdout] 
[INFO] [stdout] error[E0599]: no method named `iter` found for type `!` in the current scope
[INFO] [stdout]   --> src/features/auth/handlers.rs:75:10
[INFO] [stdout]    |
[INFO] [stdout] 74 |     let matched = rows
[INFO] [stdout] 75 |         .iter()
[INFO] [stdout]    |          ^^^^ method not found in `!`
[INFO] [stdout] 
[INFO] [stdout] 
[INFO] [stdout] warning: method call on a diverging inference variable
[INFO] [stdout]   --> src/features/likes/repository.rs:34:15
[INFO] [stdout]    |
[INFO] [stdout] 34 |     if result.rows_affected() > 0 {
[INFO] [stdout]    |               ^^^^^^^^^^^^^
[INFO] [stdout]    |
[INFO] [stdout]    = help: consider providing a type annotation
[INFO] [stdout]    = warning: this was previously accepted by the compiler but is being phased out; it will become a hard error in a future release!
[INFO] [stdout]    = note: for more information, see issue #156047 <https://github.com/rust-lang/rust/issues/156047>
[INFO] [stdout] 
[INFO] [stdout] 
[INFO] [stdout] error[E0599]: no method named `rows_affected` found for type `!` in the current scope
[INFO] [stdout]   --> src/features/likes/repository.rs:34:15
[INFO] [stdout]    |
[INFO] [stdout] 34 |     if result.rows_affected() > 0 {
[INFO] [stdout]    |               ^^^^^^^^^^^^^ method not found in `!`
[INFO] [stdout] 
[INFO] [stdout] 
[INFO] [stdout] warning: method call on a diverging inference variable
[INFO] [stdout]   --> src/features/likes/repository.rs:58:15
[INFO] [stdout]    |
[INFO] [stdout] 58 |     if result.rows_affected() > 0 {
[INFO] [stdout]    |               ^^^^^^^^^^^^^
[INFO] [stdout]    |
[INFO] [stdout]    = help: consider providing a type annotation
[INFO] [stdout]    = warning: this was previously accepted by the compiler but is being phased out; it will become a hard error in a future release!
[INFO] [stdout]    = note: for more information, see issue #156047 <https://github.com/rust-lang/rust/issues/156047>
[INFO] [stdout] 
[INFO] [stdout] 
[INFO] [stdout] error[E0599]: no method named `rows_affected` found for type `!` in the current scope
[INFO] [stdout]   --> src/features/likes/repository.rs:58:15
[INFO] [stdout]    |
[INFO] [stdout] 58 |     if result.rows_affected() > 0 {
[INFO] [stdout]    |               ^^^^^^^^^^^^^ method not found in `!`
[INFO] [stdout] 
[INFO] [stdout] 
[INFO] [stdout] warning: method call on a diverging inference variable
[INFO] [stdout]   --> src/features/likes/repository.rs:34:15
[INFO] [stdout]    |
[INFO] [stdout] 34 |     if result.rows_affected() > 0 {
[INFO] [stdout]    |               ^^^^^^^^^^^^^
[INFO] [stdout]    |
[INFO] [stdout]    = help: consider providing a type annotation
[INFO] [stdout]    = warning: this was previously accepted by the compiler but is being phased out; it will become a hard error in a future release!
[INFO] [stdout]    = note: for more information, see issue #156047 <https://github.com/rust-lang/rust/issues/156047>
[INFO] [stdout] 
[INFO] [stdout] 
[INFO] [stdout] error[E0599]: no method named `rows_affected` found for type `!` in the current scope
[INFO] [stdout]   --> src/features/likes/repository.rs:34:15
[INFO] [stdout]    |
[INFO] [stdout] 34 |     if result.rows_affected() > 0 {
[INFO] [stdout]    |               ^^^^^^^^^^^^^ method not found in `!`
[INFO] [stdout] 
[INFO] [stdout] 
[INFO] [stdout] warning: method call on a diverging inference variable
[INFO] [stdout]   --> src/features/likes/repository.rs:58:15
[INFO] [stdout]    |
[INFO] [stdout] 58 |     if result.rows_affected() > 0 {
[INFO] [stdout]    |               ^^^^^^^^^^^^^
[INFO] [stdout]    |
[INFO] [stdout]    = help: consider providing a type annotation
[INFO] [stdout]    = warning: this was previously accepted by the compiler but is being phased out; it will become a hard error in a future release!
[INFO] [stdout]    = note: for more information, see issue #156047 <https://github.com/rust-lang/rust/issues/156047>
[INFO] [stdout] 
[INFO] [stdout] 
[INFO] [stdout] error[E0599]: no method named `rows_affected` found for type `!` in the current scope
[INFO] [stdout]   --> src/features/likes/repository.rs:58:15
[INFO] [stdout]    |
[INFO] [stdout] 58 |     if result.rows_affected() > 0 {
[INFO] [stdout]    |               ^^^^^^^^^^^^^ method not found in `!`
[INFO] [stdout] 
[INFO] [stdout] 
[INFO] [stdout] For more information about this error, try `rustc --explain E0599`.
[INFO] [stdout] 
[INFO] [stderr] error: could not compile `twitter-clone` (bin "twitter-clone" test) due to 28 previous errors; 7 warnings emitted
[INFO] [stderr] warning: build failed, waiting for other jobs to finish...
[INFO] [stdout] For more information about this error, try `rustc --explain E0599`.
[INFO] [stdout] 
[INFO] [stderr] error: could not compile `twitter-clone` (bin "twitter-clone") due to 28 previous errors; 7 warnings emitted
[INFO] running `Command { std: "docker" "inspect" "9ae0b550c421d4cc961e3dea084711f6006bba16f2b3a89d9c9e88eba8ed8cd9", kill_on_drop: false }`
[INFO] running `Command { std: "docker" "rm" "-f" "9ae0b550c421d4cc961e3dea084711f6006bba16f2b3a89d9c9e88eba8ed8cd9", kill_on_drop: false }`
[INFO] [stdout] 9ae0b550c421d4cc961e3dea084711f6006bba16f2b3a89d9c9e88eba8ed8cd9
