[INFO] cloning repository https://github.com/A7medr2694/discord_cli
[INFO] running `Command { std: "git" "-c" "credential.helper=" "-c" "credential.helper=/workspace/cargo-home/bin/git-credential-null" "clone" "--bare" "https://github.com/A7medr2694/discord_cli" "/workspace/cache/git-repos/https%3A%2F%2Fgithub.com%2FA7medr2694%2Fdiscord_cli", kill_on_drop: false }`
[INFO] [stderr] Cloning into bare repository '/workspace/cache/git-repos/https%3A%2F%2Fgithub.com%2FA7medr2694%2Fdiscord_cli'...
[INFO] running `Command { std: "git" "rev-parse" "HEAD", kill_on_drop: false }`
[INFO] [stdout] 974f9029bb2a69edcd5c81e39a0f8f0e34edeb19
[INFO] checking A7medr2694/discord_cli against 3154cc1a3e6424e44f438a95007d043ed5ceaaf6+rustflags=-Znext-solver=coherence for pr-133502-30
[INFO] running `Command { std: "git" "clone" "/workspace/cache/git-repos/https%3A%2F%2Fgithub.com%2FA7medr2694%2Fdiscord_cli" "/workspace/builds/worker-6-tc1/source", kill_on_drop: false }`
[INFO] [stderr] Cloning into '/workspace/builds/worker-6-tc1/source'...
[INFO] [stderr] done.
[INFO] removed /workspace/builds/worker-6-tc1/source/.cargo/config.toml
[INFO] started tweaking git repo https://github.com/A7medr2694/discord_cli
[INFO] finished tweaking git repo https://github.com/A7medr2694/discord_cli
[INFO] tweaked toml for git repo https://github.com/A7medr2694/discord_cli written to /workspace/builds/worker-6-tc1/source/Cargo.toml
[INFO] validating manifest of git repo https://github.com/A7medr2694/discord_cli on toolchain 3154cc1a3e6424e44f438a95007d043ed5ceaaf6
[INFO] running `Command { std: CARGO_HOME="/workspace/cargo-home" RUSTUP_HOME="/workspace/rustup-home" "/workspace/cargo-home/bin/cargo" "+3154cc1a3e6424e44f438a95007d043ed5ceaaf6" "metadata" "--manifest-path" "Cargo.toml" "--no-deps", kill_on_drop: false }`
[INFO] crate git repo https://github.com/A7medr2694/discord_cli already has a lockfile, it will not be regenerated
[INFO] running `Command { std: CARGO_HOME="/workspace/cargo-home" RUSTUP_HOME="/workspace/rustup-home" "/workspace/cargo-home/bin/cargo" "+3154cc1a3e6424e44f438a95007d043ed5ceaaf6" "fetch" "--manifest-path" "Cargo.toml", kill_on_drop: false }`
[INFO] [stderr] warning: unused workspace dependency `tracing-subscriber`
[INFO] [stderr]   --> Cargo.toml:20:1
[INFO] [stderr]    |
[INFO] [stderr] 20 | tracing-subscriber = "0.3"
[INFO] [stderr]    | ^^^^^^^^^^^^^^^^^^
[INFO] [stderr]    |
[INFO] [stderr]    = note: `cargo::unused_workspace_dependencies` is set to `warn` by default
[INFO] [stderr] help: consider removing the workspace dependency `tracing-subscriber`
[INFO] [stderr] warning: workspace (manifest) generated 1 warning
[INFO] [stderr]     Blocking waiting for file lock on package cache
[INFO] [stderr]     Updating crates.io index
[INFO] [stderr]     Blocking waiting for file lock on package cache
[INFO] [stderr]  Downloading crates ...
[INFO] [stderr]   Downloaded serde_derive_internals v0.30.0
[INFO] [stderr]   Downloaded darling v0.24.0
[INFO] [stderr]   Downloaded schemars_derive v1.2.2
[INFO] [stderr]   Downloaded rmcp-macros v3.1.1
[INFO] [stderr]   Downloaded urlencoding v2.1.3
[INFO] [stderr]   Downloaded utf-8 v0.7.6
[INFO] [stderr]   Downloaded compression-core v0.4.32
[INFO] [stderr]   Downloaded darling_macro v0.24.0
[INFO] [stderr]   Downloaded tokio-tungstenite v0.26.2
[INFO] [stderr]   Downloaded data-encoding v2.11.1
[INFO] [stderr]   Downloaded compression-codecs v0.4.38
[INFO] [stderr]   Downloaded windows-interface v0.58.0
[INFO] [stderr]   Downloaded mime_guess v2.0.5
[INFO] [stderr]   Downloaded async-stream-impl v0.3.6
[INFO] [stderr]   Downloaded fallible-streaming-iterator v0.1.9
[INFO] [stderr]   Downloaded windows-implement v0.58.0
[INFO] [stderr]   Downloaded async-stream v0.3.6
[INFO] [stderr]   Downloaded windows-strings v0.1.0
[INFO] [stderr]   Downloaded windows-result v0.2.0
[INFO] [stderr]   Downloaded dashmap v6.2.1
[INFO] [stderr]   Downloaded unicase v2.9.0
[INFO] [stderr]   Downloaded md-5 v0.10.6
[INFO] [stderr]   Downloaded hashlink v0.9.1
[INFO] [stderr]   Downloaded fallible-iterator v0.3.0
[INFO] [stderr]   Downloaded shellexpand v3.1.2
[INFO] [stderr]   Downloaded futures v0.3.33
[INFO] [stderr]   Downloaded tokio-tungstenite v0.24.0
[INFO] [stderr]   Downloaded windows-core v0.58.0
[INFO] [stderr]   Downloaded tungstenite v0.26.2
[INFO] [stderr]   Downloaded num-integer v0.1.46
[INFO] [stderr]   Downloaded serde_yaml v0.9.34+deprecated
[INFO] [stderr]   Downloaded pem-rfc7468 v0.7.0
[INFO] [stderr]   Downloaded dotenvy v0.15.7
[INFO] [stderr]   Downloaded darling_core v0.24.0
[INFO] [stderr]   Downloaded keyring v3.6.3
[INFO] [stderr]   Downloaded clap v4.6.5
[INFO] [stderr]   Downloaded pkcs1 v0.7.5
[INFO] [stderr]   Downloaded unsafe-libyaml v0.2.11
[INFO] [stderr]   Downloaded tungstenite v0.24.0
[INFO] [stderr]   Downloaded async-compression v0.4.43
[INFO] [stderr]   Downloaded qrcode v0.14.1
[INFO] [stderr]   Downloaded zerocopy-derive v0.8.55
[INFO] [stderr]   Downloaded rsa v0.9.10
[INFO] [stderr]   Downloaded hashbrown v0.14.5
[INFO] [stderr]   Downloaded num-bigint-dig v0.8.6
[INFO] [stderr]   Downloaded rusqlite v0.32.1
[INFO] [stderr]   Downloaded clap_builder v4.6.5
[INFO] [stderr]   Downloaded vcpkg v0.2.15
[INFO] [stderr]   Downloaded discord-user-rs v0.6.1
[INFO] [stderr]   Downloaded zerocopy v0.8.55
[INFO] [stderr]   Downloaded rmcp v3.1.1
[INFO] [stderr]   Downloaded libsqlite3-sys v0.30.1
[INFO] [stderr]   Downloaded windows v0.58.0
[INFO] running `Command { std: "docker" "create" "-v" "/var/lib/crater-agent-workspace/builds/worker-6-tc1/source:/opt/rustwide/workdir:ro,Z" "-v" "/var/lib/crater-agent-workspace/builds/worker-6-tc1/target:/opt/rustwide/target:rw,Z" "-v" "/var/lib/crater-agent-workspace/cargo-home:/opt/rustwide/cargo-home:ro,Z" "-v" "/var/lib/crater-agent-workspace/rustup-home:/opt/rustwide/rustup-home:ro,Z" "-m" "1610612736" "--network" "none" "ghcr.io/rust-lang/crates-build-env/linux@sha256:77db811e55d90add9212f6832c23229e3de5f1c1f9905e8cb07319ea15df73ac" "sleep" "infinity", kill_on_drop: false }`
[INFO] [stdout] 106c99db357f08845332b7f74aec62f9582344de1ef7cb613f7c02f42ec141ee
[INFO] running `Command { std: "docker" "start" "106c99db357f08845332b7f74aec62f9582344de1ef7cb613f7c02f42ec141ee", kill_on_drop: false }`
[INFO] running `Command { std: "docker" "inspect" "106c99db357f08845332b7f74aec62f9582344de1ef7cb613f7c02f42ec141ee", kill_on_drop: false }`
[INFO] running `Command { std: "docker" "exec" "-e" "SOURCE_DIR=/opt/rustwide/workdir" "-e" "CARGO_HOME=/opt/rustwide/cargo-home" "-e" "RUSTUP_HOME=/opt/rustwide/rustup-home" "-e" "CARGO_TARGET_DIR=/opt/rustwide/target" "-w" "/opt/rustwide/workdir" "--user" "0:0" "106c99db357f08845332b7f74aec62f9582344de1ef7cb613f7c02f42ec141ee" "/opt/rustwide/cargo-home/bin/cargo" "+3154cc1a3e6424e44f438a95007d043ed5ceaaf6" "metadata" "--no-deps" "--format-version=1", kill_on_drop: false }`
[INFO] running `Command { std: "docker" "inspect" "106c99db357f08845332b7f74aec62f9582344de1ef7cb613f7c02f42ec141ee", kill_on_drop: false }`
[INFO] running `Command { std: "docker" "exec" "-e" "SOURCE_DIR=/opt/rustwide/workdir" "-e" "CARGO_HOME=/opt/rustwide/cargo-home" "-e" "RUSTUP_HOME=/opt/rustwide/rustup-home" "-e" "CARGO_TARGET_DIR=/opt/rustwide/target" "-e" "CARGO_INCREMENTAL=0" "-e" "RUST_BACKTRACE=full" "-e" "RUSTFLAGS=--cap-lints=forbid -Znext-solver=coherence" "-e" "RUSTDOCFLAGS=--cap-lints=forbid" "-w" "/opt/rustwide/workdir" "--user" "0:0" "106c99db357f08845332b7f74aec62f9582344de1ef7cb613f7c02f42ec141ee" "/opt/rustwide/cargo-home/bin/cargo" "+3154cc1a3e6424e44f438a95007d043ed5ceaaf6" "check" "--frozen" "--all" "--all-targets" "--message-format=json", kill_on_drop: false }`
[INFO] [stderr] warning: unused workspace dependency `tracing-subscriber`
[INFO] [stderr]   --> Cargo.toml:20:1
[INFO] [stderr]    |
[INFO] [stderr] 20 | tracing-subscriber = "0.3"
[INFO] [stderr]    | ^^^^^^^^^^^^^^^^^^
[INFO] [stderr]    |
[INFO] [stderr]    = note: `cargo::unused_workspace_dependencies` is set to `warn` by default
[INFO] [stderr] help: consider removing the workspace dependency `tracing-subscriber`
[INFO] [stderr] warning: workspace (manifest) generated 1 warning
[INFO] [stderr]    Compiling proc-macro2 v1.0.107
[INFO] [stderr]    Compiling unicode-ident v1.0.24
[INFO] [stderr]    Compiling quote v1.0.47
[INFO] [stderr]     Checking cfg-if v1.0.4
[INFO] [stderr]    Compiling libc v0.2.189
[INFO] [stderr]     Checking smallvec v1.15.2
[INFO] [stderr]    Compiling version_check v0.9.5
[INFO] [stderr]     Checking zeroize v1.9.0
[INFO] [stderr]     Checking pin-project-lite v0.2.17
[INFO] [stderr]     Checking bytes v1.12.1
[INFO] [stderr]     Checking memchr v2.8.3
[INFO] [stderr]    Compiling find-msvc-tools v0.1.9
[INFO] [stderr]    Compiling zerocopy v0.8.55
[INFO] [stderr]    Compiling shlex v2.0.1
[INFO] [stderr]    Compiling parking_lot_core v0.9.12
[INFO] [stderr]     Checking futures-core v0.3.33
[INFO] [stderr]     Checking itoa v1.0.18
[INFO] [stderr]     Checking once_cell v1.21.4
[INFO] [stderr]     Checking scopeguard v1.2.0
[INFO] [stderr]     Checking stable_deref_trait v1.2.1
[INFO] [stderr]    Compiling cc v1.4.0
[INFO] [stderr]     Checking futures-sink v0.3.33
[INFO] [stderr]     Checking const-oid v0.9.6
[INFO] [stderr]    Compiling libm v0.2.16
[INFO] [stderr]     Checking typenum v1.20.1
[INFO] [stderr]     Checking lock_api v0.4.14
[INFO] [stderr]    Compiling autocfg v1.5.1
[INFO] [stderr]    Compiling serde_core v1.0.229
[INFO] [stderr]     Checking futures-channel v0.3.33
[INFO] [stderr]     Checking rustls-pki-types v1.15.1
[INFO] [stderr]     Checking futures-task v0.3.33
[INFO] [stderr]     Checking futures-io v0.3.33
[INFO] [stderr]     Checking slab v0.4.12
[INFO] [stderr]    Compiling generic-array v0.14.7
[INFO] [stderr]    Compiling httparse v1.10.1
[INFO] [stderr]     Checking http v1.5.0
[INFO] [stderr]     Checking untrusted v0.9.0
[INFO] [stderr]    Compiling zmij v1.0.23
[INFO] [stderr]     Checking writeable v0.6.3
[INFO] [stderr]     Checking subtle v2.6.1
[INFO] [stderr]    Compiling num-traits v0.2.19
[INFO] [stderr]    Compiling rustls v0.23.43
[INFO] [stderr]     Checking litemap v0.8.2
[INFO] [stderr]    Compiling icu_normalizer_data v2.2.0
[INFO] [stderr]    Compiling icu_properties_data v2.2.0
[INFO] [stderr]     Checking utf8_iter v1.0.4
[INFO] [stderr]    Compiling serde v1.0.229
[INFO] [stderr]     Checking percent-encoding v2.3.2
[INFO] [stderr]    Compiling getrandom v0.3.4
[INFO] [stderr]    Compiling syn v3.0.3
[INFO] [stderr]    Compiling syn v2.0.119
[INFO] [stderr]    Compiling crc32fast v1.5.0
[INFO] [stderr]    Compiling ahash v0.8.12
[INFO] [stderr]     Checking simd-adler32 v0.3.10
[INFO] [stderr]     Checking cpufeatures v0.2.17
[INFO] [stderr]     Checking adler2 v2.0.1
[INFO] [stderr]     Checking log v0.4.33
[INFO] [stderr]     Checking tracing-core v0.1.36
[INFO] [stderr]    Compiling thiserror v2.0.19
[INFO] [stderr]     Checking tower-service v0.3.3
[INFO] [stderr]    Compiling serde_json v1.0.151
[INFO] [stderr]     Checking try-lock v0.2.5
[INFO] [stderr]     Checking miniz_oxide v0.8.9
[INFO] [stderr]     Checking form_urlencoded v1.2.2
[INFO] [stderr]     Checking want v0.3.1
[INFO] [stderr]     Checking webpki-roots v1.0.9
[INFO] [stderr]     Checking data-encoding v2.11.1
[INFO] [stderr]     Checking utf-8 v0.7.6
[INFO] [stderr]    Compiling thiserror v1.0.69
[INFO] [stderr]     Checking atomic-waker v1.1.2
[INFO] [stderr]     Checking compression-core v0.4.32
[INFO] [stderr]    Compiling unicase v2.9.0
[INFO] [stderr]    Compiling getrandom v0.4.3
[INFO] [stderr]     Checking sync_wrapper v1.0.2
[INFO] [stderr]     Checking ipnet v2.12.1
[INFO] [stderr]     Checking tower-layer v0.3.3
[INFO] [stderr]    Compiling mime_guess v2.0.5
[INFO] [stderr]     Checking openssl-probe v0.2.1
[INFO] [stderr]     Checking http-body v1.1.0
[INFO] [stderr]     Checking flate2 v1.1.9
[INFO] [stderr]     Checking ryu v1.0.23
[INFO] [stderr]    Compiling crossbeam-utils v0.8.22
[INFO] [stderr]     Checking base64 v0.22.1
[INFO] [stderr]     Checking iana-time-zone v0.1.65
[INFO] [stderr]     Checking rustls-native-certs v0.8.4
[INFO] [stderr]     Checking http-body-util v0.1.4
[INFO] [stderr]     Checking mime v0.3.17
[INFO] [stderr]     Checking getrandom v0.2.17
[INFO] [stderr]     Checking errno v0.3.14
[INFO] [stderr]     Checking socket2 v0.6.5
[INFO] [stderr]     Checking mio v1.2.2
[INFO] [stderr]     Checking parking_lot v0.12.5
[INFO] [stderr]     Checking signal-hook-registry v1.4.8
[INFO] [stderr]     Checking option-ext v0.2.0
[INFO] [stderr]     Checking rand_core v0.9.5
[INFO] [stderr]     Checking dirs-sys v0.4.1
[INFO] [stderr]     Checking uuid v1.24.0
[INFO] [stderr]    Compiling anyhow v1.0.104
[INFO] [stderr]     Checking compression-codecs v0.4.38
[INFO] [stderr]     Checking equivalent v1.0.2
[INFO] [stderr]     Checking hashbrown v0.17.1
[INFO] [stderr]     Checking dirs v5.0.1
[INFO] [stderr]     Checking urlencoding v2.1.3
[INFO] [stderr]     Checking unsafe-libyaml v0.2.11
[INFO] [stderr]     Checking shellexpand v3.1.2
[INFO] [stderr]     Checking rand_core v0.6.4
[INFO] [stderr]     Checking keyring v3.6.3
[INFO] [stderr]    Compiling ring v0.17.14
[INFO] [stderr]     Checking dotenvy v0.15.7
[INFO] [stderr]    Compiling vcpkg v0.2.15
[INFO] [stderr]     Checking base64ct v1.8.3
[INFO] [stderr]    Compiling pkg-config v0.3.33
[INFO] [stderr]     Checking crypto-common v0.1.7
[INFO] [stderr]     Checking block-buffer v0.10.4
[INFO] [stderr]    Compiling strsim v0.11.1
[INFO] [stderr]    Compiling ident_case v1.0.1
[INFO] [stderr]     Checking pem-rfc7468 v0.7.0
[INFO] [stderr]     Checking digest v0.10.7
[INFO] [stderr]     Checking utf8parse v0.2.2
[INFO] [stderr]    Compiling ref-cast v1.0.26
[INFO] [stderr]     Checking anstyle-parse v1.0.0
[INFO] [stderr]     Checking num-integer v0.1.46
[INFO] [stderr]     Checking der v0.7.10
[INFO] [stderr]     Checking spin v0.9.9
[INFO] [stderr]     Checking sha1 v0.10.7
[INFO] [stderr]     Checking indexmap v2.14.0
[INFO] [stderr]     Checking fallible-iterator v0.3.0
[INFO] [stderr]     Checking is_terminal_polyfill v1.70.2
[INFO] [stderr]     Checking fallible-streaming-iterator v0.1.9
[INFO] [stderr]     Checking pxfm v0.1.30
[INFO] [stderr]     Checking anstyle v1.0.14
[INFO] [stderr]     Checking anstyle-query v1.1.5
[INFO] [stderr]    Compiling num-bigint-dig v0.8.6
[INFO] [stderr]     Checking colorchoice v1.0.5
[INFO] [stderr]     Checking num-iter v0.1.46
[INFO] [stderr]     Checking lazy_static v1.5.0
[INFO] [stderr]    Compiling libsqlite3-sys v0.30.1
[INFO] [stderr]     Checking anstream v1.0.0
[INFO] [stderr]     Checking aho-corasick v1.1.5
[INFO] [stderr]     Checking regex-syntax v0.8.11
[INFO] [stderr]    Compiling heck v0.5.0
[INFO] [stderr]     Checking byteorder-lite v0.1.0
[INFO] [stderr]     Checking dyn-clone v1.0.20
[INFO] [stderr]     Checking bitflags v2.13.1
[INFO] [stderr]    Compiling rmcp v3.1.1
[INFO] [stderr]     Checking bytemuck v1.25.2
[INFO] [stderr]     Checking byteorder v1.5.0
[INFO] [stderr]     Checking clap_lex v1.1.0
[INFO] [stderr]     Checking signature v2.2.0
[INFO] [stderr]     Checking webpki-roots v0.26.11
[INFO] [stderr]    Compiling pastey v0.2.3
[INFO] [stderr]     Checking base64 v0.23.1
[INFO] [stderr]     Checking clap_builder v4.6.5
[INFO] [stderr]     Checking sha2 v0.10.9
[INFO] [stderr]     Checking md-5 v0.10.6
[INFO] [stderr]     Checking spki v0.7.3
[INFO] [stderr]     Checking pkcs8 v0.10.2
[INFO] [stderr]     Checking pkcs1 v0.7.5
[INFO] [stderr]     Checking regex-automata v0.4.18
[INFO] [stderr]     Checking ppv-lite86 v0.2.21
[INFO] [stderr]    Compiling darling_core v0.24.0
[INFO] [stderr]    Compiling serde_derive_internals v0.30.0
[INFO] [stderr]     Checking hashbrown v0.14.5
[INFO] [stderr]     Checking rand_chacha v0.9.0
[INFO] [stderr]     Checking rand_chacha v0.3.1
[INFO] [stderr]     Checking rand v0.9.5
[INFO] [stderr]     Checking rand v0.8.7
[INFO] [stderr]    Compiling tokio-macros v2.7.2
[INFO] [stderr]    Compiling displaydoc v0.2.7
[INFO] [stderr]    Compiling serde_derive v1.0.229
[INFO] [stderr]    Compiling thiserror-impl v2.0.19
[INFO] [stderr]    Compiling serde_repr v0.1.21
[INFO] [stderr]     Checking dashmap v6.2.1
[INFO] [stderr]     Checking hashlink v0.9.1
[INFO] [stderr]    Compiling ref-cast-impl v1.0.26
[INFO] [stderr]     Checking moxcms v0.8.1
[INFO] [stderr]    Compiling clap_derive v4.6.4
[INFO] [stderr]    Compiling synstructure v0.13.2
[INFO] [stderr]     Checking tokio v1.53.1
[INFO] [stderr]    Compiling schemars_derive v1.2.2
[INFO] [stderr]     Checking rustls-webpki v0.103.13
[INFO] [stderr]    Compiling zerofrom-derive v0.1.7
[INFO] [stderr]    Compiling yoke-derive v0.8.2
[INFO] [stderr]    Compiling zerovec-derive v0.11.3
[INFO] [stderr]    Compiling futures-macro v0.3.33
[INFO] [stderr]    Compiling tracing-attributes v0.1.31
[INFO] [stderr]    Compiling thiserror-impl v1.0.69
[INFO] [stderr]    Compiling async-stream-impl v0.3.6
[INFO] [stderr]     Checking async-stream v0.3.6
[INFO] [stderr]     Checking regex v1.13.1
[INFO] [stderr]     Checking futures-util v0.3.33
[INFO] [stderr]     Checking rsa v0.9.10
[INFO] [stderr]     Checking clap v4.6.5
[INFO] [stderr]     Checking zerofrom v0.1.8
[INFO] [stderr]     Checking yoke v0.8.3
[INFO] [stderr]     Checking zerovec v0.11.6
[INFO] [stderr]     Checking zerotrie v0.2.4
[INFO] [stderr]     Checking tracing v0.1.44
[INFO] [stderr]    Compiling darling_macro v0.24.0
[INFO] [stderr]    Compiling darling v0.24.0
[INFO] [stderr]    Compiling rmcp-macros v3.1.1
[INFO] [stderr]     Checking tinystr v0.8.3
[INFO] [stderr]     Checking potential_utf v0.1.5
[INFO] [stderr]     Checking icu_collections v2.2.0
[INFO] [stderr]     Checking icu_locale_core v2.2.0
[INFO] [stderr]     Checking chrono v0.4.45
[INFO] [stderr]     Checking serde_urlencoded v0.7.1
[INFO] [stderr]     Checking serde_yaml v0.9.34+deprecated
[INFO] [stderr]     Checking image v0.25.10
[INFO] [stderr]     Checking icu_provider v2.2.0
[INFO] [stderr]     Checking icu_normalizer v2.2.0
[INFO] [stderr]     Checking icu_properties v2.2.0
[INFO] [stderr]     Checking schemars v1.2.2
[INFO] [stderr]     Checking qrcode v0.14.1
[INFO] [stderr]     Checking futures-executor v0.3.33
[INFO] [stderr]     Checking futures v0.3.33
[INFO] [stderr]     Checking tungstenite v0.26.2
[INFO] [stderr]     Checking tungstenite v0.24.0
[INFO] [stderr]     Checking idna_adapter v1.2.2
[INFO] [stderr]     Checking idna v1.1.0
[INFO] [stderr]     Checking url v2.5.8
[INFO] [stderr]     Checking tokio-rustls v0.26.4
[INFO] [stderr]     Checking tokio-util v0.7.19
[INFO] [stderr]     Checking hyper v1.11.0
[INFO] [stderr]     Checking async-compression v0.4.43
[INFO] [stderr]     Checking tower v0.5.3
[INFO] [stderr]     Checking tokio-tungstenite v0.26.2
[INFO] [stderr]     Checking tokio-tungstenite v0.24.0
[INFO] [stderr]     Checking tower-http v0.6.11
[INFO] [stderr]     Checking hyper-util v0.1.20
[INFO] [stderr]     Checking hyper-rustls v0.27.9
[INFO] [stderr]     Checking reqwest v0.12.28
[INFO] [stderr]     Checking rusqlite v0.32.1
[INFO] [stderr]     Checking discord-user-rs v0.6.1
[INFO] [stdout] error[E0433]: cannot find `Builder` in `task`
[INFO] [stdout]    --> /opt/rustwide/cargo-home/registry/src/index.crates.io-1949cf8c6b5b557f/discord-user-rs-0.6.1/src/events.rs:272:38
[INFO] [stdout]     |
[INFO] [stdout] 272 |                 let _ = tokio::task::Builder::new().name(&task_name).spawn(async move {
[INFO] [stdout]     |                                      ^^^^^^^ could not find `Builder` in `task`
[INFO] [stdout]     |
[INFO] [stdout] note: found an item that was configured out
[INFO] [stdout]    --> /opt/rustwide/cargo-home/registry/src/index.crates.io-1949cf8c6b5b557f/tokio-1.53.1/src/task/mod.rs:324:26
[INFO] [stdout]     |
[INFO] [stdout] 324 |         pub use builder::Builder;
[INFO] [stdout]     |                          ^^^^^^^
[INFO] [stdout]     |
[INFO] [stdout]    ::: /opt/rustwide/cargo-home/registry/src/index.crates.io-1949cf8c6b5b557f/tokio-1.53.1/src/macros/cfg.rs:599:23
[INFO] [stdout]     |
[INFO] [stdout] 599 |             #[cfg(all(tokio_unstable, feature = "tracing"))]
[INFO] [stdout]     |                       -------------- the item is gated here
[INFO] [stdout] help: consider importing one of these structs
[INFO] [stdout]     |
[INFO] [stdout]   3 + use std::thread::Builder;
[INFO] [stdout]     |
[INFO] [stdout]   3 + use reqwest::retry::Builder;
[INFO] [stdout]     |
[INFO] [stdout]   3 + use tokio::runtime::Builder;
[INFO] [stdout]     |
[INFO] [stdout]   3 + use uuid::Builder;
[INFO] [stdout]     |
[INFO] [stdout] help: if you import `Builder`, refer to it directly
[INFO] [stdout]     |
[INFO] [stdout] 272 -                 let _ = tokio::task::Builder::new().name(&task_name).spawn(async move {
[INFO] [stdout] 272 +                 let _ = Builder::new().name(&task_name).spawn(async move {
[INFO] [stdout]     |
[INFO] [stdout] 
[INFO] [stdout] 
[INFO] [stdout] error[E0433]: cannot find `Builder` in `task`
[INFO] [stdout]    --> /opt/rustwide/cargo-home/registry/src/index.crates.io-1949cf8c6b5b557f/discord-user-rs-0.6.1/src/events.rs:282:34
[INFO] [stdout]     |
[INFO] [stdout] 282 |             let _ = tokio::task::Builder::new().name("dispatch::event_handler::any").spawn(async move {
[INFO] [stdout]     |                                  ^^^^^^^ could not find `Builder` in `task`
[INFO] [stdout]     |
[INFO] [stdout] note: found an item that was configured out
[INFO] [stdout]    --> /opt/rustwide/cargo-home/registry/src/index.crates.io-1949cf8c6b5b557f/tokio-1.53.1/src/task/mod.rs:324:26
[INFO] [stdout]     |
[INFO] [stdout] 324 |         pub use builder::Builder;
[INFO] [stdout]     |                          ^^^^^^^
[INFO] [stdout]     |
[INFO] [stdout]    ::: /opt/rustwide/cargo-home/registry/src/index.crates.io-1949cf8c6b5b557f/tokio-1.53.1/src/macros/cfg.rs:599:23
[INFO] [stdout]     |
[INFO] [stdout] 599 |             #[cfg(all(tokio_unstable, feature = "tracing"))]
[INFO] [stdout]     |                       -------------- the item is gated here
[INFO] [stdout] help: consider importing one of these structs
[INFO] [stdout]     |
[INFO] [stdout]   3 + use std::thread::Builder;
[INFO] [stdout]     |
[INFO] [stdout]   3 + use reqwest::retry::Builder;
[INFO] [stdout]     |
[INFO] [stdout]   3 + use tokio::runtime::Builder;
[INFO] [stdout]     |
[INFO] [stdout]   3 + use uuid::Builder;
[INFO] [stdout]     |
[INFO] [stdout] help: if you import `Builder`, refer to it directly
[INFO] [stdout]     |
[INFO] [stdout] 282 -             let _ = tokio::task::Builder::new().name("dispatch::event_handler::any").spawn(async move {
[INFO] [stdout] 282 +             let _ = Builder::new().name("dispatch::event_handler::any").spawn(async move {
[INFO] [stdout]     |
[INFO] [stdout] 
[INFO] [stdout] 
[INFO] [stdout] error[E0433]: cannot find `Builder` in `task`
[INFO] [stdout]    --> /opt/rustwide/cargo-home/registry/src/index.crates.io-1949cf8c6b5b557f/discord-user-rs-0.6.1/src/events.rs:292:38
[INFO] [stdout]     |
[INFO] [stdout] 292 |                 let _ = tokio::task::Builder::new().name("dispatch::event_handler::unhandled").spawn(async move {
[INFO] [stdout]     |                                      ^^^^^^^ could not find `Builder` in `task`
[INFO] [stdout]     |
[INFO] [stdout] note: found an item that was configured out
[INFO] [stdout]    --> /opt/rustwide/cargo-home/registry/src/index.crates.io-1949cf8c6b5b557f/tokio-1.53.1/src/task/mod.rs:324:26
[INFO] [stdout]     |
[INFO] [stdout] 324 |         pub use builder::Builder;
[INFO] [stdout]     |                          ^^^^^^^
[INFO] [stdout]     |
[INFO] [stdout]    ::: /opt/rustwide/cargo-home/registry/src/index.crates.io-1949cf8c6b5b557f/tokio-1.53.1/src/macros/cfg.rs:599:23
[INFO] [stdout]     |
[INFO] [stdout] 599 |             #[cfg(all(tokio_unstable, feature = "tracing"))]
[INFO] [stdout]     |                       -------------- the item is gated here
[INFO] [stdout] help: consider importing one of these structs
[INFO] [stdout]     |
[INFO] [stdout]   3 + use std::thread::Builder;
[INFO] [stdout]     |
[INFO] [stdout]   3 + use reqwest::retry::Builder;
[INFO] [stdout]     |
[INFO] [stdout]   3 + use tokio::runtime::Builder;
[INFO] [stdout]     |
[INFO] [stdout]   3 + use uuid::Builder;
[INFO] [stdout]     |
[INFO] [stdout] help: if you import `Builder`, refer to it directly
[INFO] [stdout]     |
[INFO] [stdout] 292 -                 let _ = tokio::task::Builder::new().name("dispatch::event_handler::unhandled").spawn(async move {
[INFO] [stdout] 292 +                 let _ = Builder::new().name("dispatch::event_handler::unhandled").spawn(async move {
[INFO] [stdout]     |
[INFO] [stdout] 
[INFO] [stdout] 
[INFO] [stdout] For more information about this error, try `rustc --explain E0433`.
[INFO] [stdout] 
[INFO] [stderr] error: could not compile `discord-user-rs` (lib) due to 3 previous errors
[INFO] running `Command { std: "docker" "inspect" "106c99db357f08845332b7f74aec62f9582344de1ef7cb613f7c02f42ec141ee", kill_on_drop: false }`
[INFO] running `Command { std: "docker" "rm" "-f" "106c99db357f08845332b7f74aec62f9582344de1ef7cb613f7c02f42ec141ee", kill_on_drop: false }`
[INFO] [stdout] 106c99db357f08845332b7f74aec62f9582344de1ef7cb613f7c02f42ec141ee
