[INFO] cloning repository https://github.com/9x9wnc65mx-code/carbon
[INFO] running `Command { std: "git" "-c" "credential.helper=" "-c" "credential.helper=/workspace/cargo-home/bin/git-credential-null" "clone" "--bare" "https://github.com/9x9wnc65mx-code/carbon" "/workspace/cache/git-repos/https%3A%2F%2Fgithub.com%2F9x9wnc65mx-code%2Fcarbon", kill_on_drop: false }`
[INFO] [stderr] Cloning into bare repository '/workspace/cache/git-repos/https%3A%2F%2Fgithub.com%2F9x9wnc65mx-code%2Fcarbon'...
[INFO] running `Command { std: "git" "rev-parse" "HEAD", kill_on_drop: false }`
[INFO] [stdout] 93e7c40f34fb399b6e4daa862e570ec8d2f70051
[INFO] checking 9x9wnc65mx-code/carbon against 3154cc1a3e6424e44f438a95007d043ed5ceaaf6+rustflags=-Znext-solver=coherence for pr-133502-30
[INFO] running `Command { std: "git" "clone" "/workspace/cache/git-repos/https%3A%2F%2Fgithub.com%2F9x9wnc65mx-code%2Fcarbon" "/workspace/builds/worker-2-tc1/source", kill_on_drop: false }`
[INFO] [stderr] Cloning into '/workspace/builds/worker-2-tc1/source'...
[INFO] [stderr] done.
[INFO] [stderr] Updating files:  78% (5903/7508)
Updating files:  79% (5932/7508)
Updating files:  80% (6007/7508)
Updating files:  81% (6082/7508)
Updating files:  82% (6157/7508)
Updating files:  83% (6232/7508)
Updating files:  84% (6307/7508)
Updating files:  85% (6382/7508)
Updating files:  86% (6457/7508)
Updating files:  87% (6532/7508)
Updating files:  88% (6608/7508)
Updating files:  89% (6683/7508)
Updating files:  90% (6758/7508)
Updating files:  91% (6833/7508)
Updating files:  92% (6908/7508)
Updating files:  93% (6983/7508)
Updating files:  94% (7058/7508)
Updating files:  95% (7133/7508)
Updating files:  96% (7208/7508)
Updating files:  97% (7283/7508)
Updating files:  98% (7358/7508)
Updating files:  99% (7433/7508)
Updating files: 100% (7508/7508)
Updating files: 100% (7508/7508), done.
[INFO] started tweaking git repo https://github.com/9x9wnc65mx-code/carbon
[INFO] finished tweaking git repo https://github.com/9x9wnc65mx-code/carbon
[INFO] tweaked toml for git repo https://github.com/9x9wnc65mx-code/carbon written to /workspace/builds/worker-2-tc1/source/Cargo.toml
[INFO] validating manifest of git repo https://github.com/9x9wnc65mx-code/carbon on toolchain 3154cc1a3e6424e44f438a95007d043ed5ceaaf6
[INFO] running `Command { std: CARGO_HOME="/workspace/cargo-home" RUSTUP_HOME="/workspace/rustup-home" "/workspace/cargo-home/bin/cargo" "+3154cc1a3e6424e44f438a95007d043ed5ceaaf6" "metadata" "--manifest-path" "Cargo.toml" "--no-deps", kill_on_drop: false }`
[INFO] crate git repo https://github.com/9x9wnc65mx-code/carbon already has a lockfile, it will not be regenerated
[INFO] running `Command { std: CARGO_HOME="/workspace/cargo-home" RUSTUP_HOME="/workspace/rustup-home" "/workspace/cargo-home/bin/cargo" "+3154cc1a3e6424e44f438a95007d043ed5ceaaf6" "fetch" "--manifest-path" "Cargo.toml", kill_on_drop: false }`
[INFO] [stderr]     Updating crates.io index
[INFO] [stderr]  Downloading crates ...
[INFO] [stderr]   Downloaded rustls-pki-types v1.15.0
[INFO] [stderr]   Downloaded cblas-sys v0.1.4
[INFO] [stderr]   Downloaded openblas-build v0.10.8
[INFO] [stderr]   Downloaded openblas-src v0.10.8
[INFO] [stderr]   Downloaded dirs v3.0.2
[INFO] [stderr]   Downloaded katexit v0.1.5
[INFO] [stderr]   Downloaded cauchy v0.4.0
[INFO] [stderr]   Downloaded cxxbridge-flags v1.0.197
[INFO] [stderr]   Downloaded webpki-roots v1.0.8
[INFO] [stderr]   Downloaded lax v0.17.0
[INFO] [stderr]   Downloaded ndarray-linalg v0.17.0
[INFO] [stderr]   Downloaded duplicate v2.0.1
[INFO] [stderr]   Downloaded cxxbridge-macro v1.0.197
[INFO] [stderr]   Downloaded file-format v0.26.0
[INFO] [stderr]   Downloaded cxxbridge-cmd v1.0.197
[INFO] [stderr]   Downloaded cxx-build v1.0.197
[INFO] [stderr]   Downloaded regex v1.13.0
[INFO] [stderr]   Downloaded struson v0.6.0
[INFO] [stderr]   Downloaded quinn-proto v0.11.16
[INFO] [stderr]   Downloaded zlib-rs v0.6.6
[INFO] [stderr]   Downloaded cxx v1.0.197
[INFO] [stderr]   Downloaded rustls v0.23.41
[INFO] [stderr]   Downloaded nalgebra v0.33.3
[INFO] [stderr]   Downloaded regex-automata v0.4.15
[INFO] [stderr]   Downloaded lapack-sys v0.14.0
[INFO] running `Command { std: "docker" "create" "-v" "/var/lib/crater-agent-workspace/builds/worker-2-tc1/source:/opt/rustwide/workdir:ro,Z" "-v" "/var/lib/crater-agent-workspace/builds/worker-2-tc1/target:/opt/rustwide/target:rw,Z" "-v" "/var/lib/crater-agent-workspace/cargo-home:/opt/rustwide/cargo-home:ro,Z" "-v" "/var/lib/crater-agent-workspace/rustup-home:/opt/rustwide/rustup-home:ro,Z" "-m" "1610612736" "--network" "none" "ghcr.io/rust-lang/crates-build-env/linux@sha256:77db811e55d90add9212f6832c23229e3de5f1c1f9905e8cb07319ea15df73ac" "sleep" "infinity", kill_on_drop: false }`
[INFO] [stdout] 2b920a4d8d5b5ac80d0d8a9902f6cf10765951f2dfd04715e56bb6dead42a563
[INFO] running `Command { std: "docker" "start" "2b920a4d8d5b5ac80d0d8a9902f6cf10765951f2dfd04715e56bb6dead42a563", kill_on_drop: false }`
[INFO] running `Command { std: "docker" "inspect" "2b920a4d8d5b5ac80d0d8a9902f6cf10765951f2dfd04715e56bb6dead42a563", kill_on_drop: false }`
[INFO] running `Command { std: "docker" "exec" "-e" "SOURCE_DIR=/opt/rustwide/workdir" "-e" "CARGO_HOME=/opt/rustwide/cargo-home" "-e" "RUSTUP_HOME=/opt/rustwide/rustup-home" "-e" "CARGO_TARGET_DIR=/opt/rustwide/target" "-w" "/opt/rustwide/workdir" "--user" "0:0" "2b920a4d8d5b5ac80d0d8a9902f6cf10765951f2dfd04715e56bb6dead42a563" "/opt/rustwide/cargo-home/bin/cargo" "+3154cc1a3e6424e44f438a95007d043ed5ceaaf6" "metadata" "--no-deps" "--format-version=1", kill_on_drop: false }`
[INFO] running `Command { std: "docker" "inspect" "2b920a4d8d5b5ac80d0d8a9902f6cf10765951f2dfd04715e56bb6dead42a563", kill_on_drop: false }`
[INFO] running `Command { std: "docker" "exec" "-e" "SOURCE_DIR=/opt/rustwide/workdir" "-e" "CARGO_HOME=/opt/rustwide/cargo-home" "-e" "RUSTUP_HOME=/opt/rustwide/rustup-home" "-e" "CARGO_TARGET_DIR=/opt/rustwide/target" "-e" "CARGO_INCREMENTAL=0" "-e" "RUST_BACKTRACE=full" "-e" "RUSTFLAGS=--cap-lints=forbid -Znext-solver=coherence" "-e" "RUSTDOCFLAGS=--cap-lints=forbid" "-w" "/opt/rustwide/workdir" "--user" "0:0" "2b920a4d8d5b5ac80d0d8a9902f6cf10765951f2dfd04715e56bb6dead42a563" "/opt/rustwide/cargo-home/bin/cargo" "+3154cc1a3e6424e44f438a95007d043ed5ceaaf6" "check" "--frozen" "--all" "--all-targets" "--message-format=json", kill_on_drop: false }`
[INFO] [stderr]    Compiling proc-macro2 v1.0.106
[INFO] [stderr]    Compiling quote v1.0.46
[INFO] [stderr]     Checking memchr v2.8.3
[INFO] [stderr]    Compiling serde_core v1.0.228
[INFO] [stderr]    Compiling scratch v1.0.9
[INFO] [stderr]    Compiling termcolor v1.4.1
[INFO] [stderr]    Compiling unicode-width v0.2.2
[INFO] [stderr]    Compiling cxxbridge-flags v1.0.197
[INFO] [stderr]    Compiling num-traits v0.2.19
[INFO] [stderr]    Compiling zerocopy v0.8.54
[INFO] [stderr]     Checking foldhash v0.2.0
[INFO] [stderr]    Compiling libc v0.2.186
[INFO] [stderr]    Compiling zmij v1.0.21
[INFO] [stderr]     Checking getrandom v0.2.17
[INFO] [stderr]    Compiling serde_json v1.0.150
[INFO] [stderr]    Compiling stable_deref_trait v1.2.1
[INFO] [stderr]    Compiling inflections v1.1.1
[INFO] [stderr]    Compiling matrixmultiply v0.3.10
[INFO] [stderr]     Checking rand_core v0.6.4
[INFO] [stderr]     Checking digest v0.10.7
[INFO] [stderr]    Compiling litemap v0.8.2
[INFO] [stderr]    Compiling writeable v0.6.3
[INFO] [stderr]    Compiling codespan-reporting v0.13.1
[INFO] [stderr]    Compiling utf8_iter v1.0.4
[INFO] [stderr]     Checking smallvec v1.15.2
[INFO] [stderr]    Compiling bitflags v2.13.0
[INFO] [stderr]    Compiling icu_properties_data v2.2.0
[INFO] [stderr]    Compiling icu_normalizer_data v2.2.0
[INFO] [stderr]     Checking sha1 v0.10.6
[INFO] [stderr]    Compiling zeroize v1.9.0
[INFO] [stderr]    Compiling openssl v0.10.81
[INFO] [stderr]    Compiling rustix v1.1.4
[INFO] [stderr]    Compiling foreign-types-shared v0.1.1
[INFO] [stderr]    Compiling native-tls v0.2.18
[INFO] [stderr]    Compiling simd-adler32 v0.3.9
[INFO] [stderr]     Checking futures-core v0.3.32
[INFO] [stderr]    Compiling percent-encoding v2.3.2
[INFO] [stderr]    Compiling foreign-types v0.3.2
[INFO] [stderr]    Compiling rustls-pki-types v1.15.0
[INFO] [stderr]    Compiling adler2 v2.0.1
[INFO] [stderr]    Compiling crc32fast v1.5.0
[INFO] [stderr]    Compiling anyhow v1.0.103
[INFO] [stderr]     Checking aho-corasick v1.1.4
[INFO] [stderr]    Compiling form_urlencoded v1.2.2
[INFO] [stderr]    Compiling openssl-probe v0.2.1
[INFO] [stderr]    Compiling openssl-probe v0.1.6
[INFO] [stderr]    Compiling thiserror v2.0.18
[INFO] [stderr]    Compiling log v0.4.33
[INFO] [stderr]    Compiling miniz_oxide v0.8.9
[INFO] [stderr]    Compiling base64 v0.22.1
[INFO] [stderr]     Checking futures-sink v0.3.32
[INFO] [stderr]     Checking futures-channel v0.3.32
[INFO] [stderr]    Compiling crossbeam-utils v0.8.22
[INFO] [stderr]    Compiling rustls-pemfile v2.2.0
[INFO] [stderr]    Compiling syn v2.0.118
[INFO] [stderr]    Compiling rustls-native-certs v0.7.3
[INFO] [stderr]     Checking mio v1.2.1
[INFO] [stderr]     Checking socket2 v0.6.4
[INFO] [stderr]    Compiling crossbeam-epoch v0.9.20
[INFO] [stderr]     Checking futures-task v0.3.32
[INFO] [stderr]     Checking slab v0.4.12
[INFO] [stderr]     Checking futures-io v0.3.32
[INFO] [stderr]     Checking num-integer v0.1.46
[INFO] [stderr]     Checking approx v0.5.1
[INFO] [stderr]    Compiling rustversion v1.0.23
[INFO] [stderr]    Compiling crossbeam-deque v0.8.7
[INFO] [stderr]     Checking either v1.16.0
[INFO] [stderr]     Checking regex-automata v0.4.15
[INFO] [stderr]    Compiling rayon-core v1.13.0
[INFO] [stderr]     Checking cblas-sys v0.1.4
[INFO] [stderr]     Checking lapack-sys v0.14.0
[INFO] [stderr]     Checking http v1.4.2
[INFO] [stderr]     Checking zlib-rs v0.6.6
[INFO] [stderr]     Checking num-rational v0.4.2
[INFO] [stderr]    Compiling flate2 v1.1.9
[INFO] [stderr]    Compiling jobserver v0.1.34
[INFO] [stderr]    Compiling filetime v0.2.29
[INFO] [stderr]    Compiling dirs-sys v0.3.7
[INFO] [stderr]     Checking tracing v0.1.44
[INFO] [stderr]    Compiling proc-macro2-diagnostics v0.10.1
[INFO] [stderr]    Compiling dirs v3.0.2
[INFO] [stderr]    Compiling cc v1.2.66
[INFO] [stderr]    Compiling zstd-safe v7.2.4
[INFO] [stderr]    Compiling rustls v0.23.41
[INFO] [stderr]     Checking sync_wrapper v1.0.2
[INFO] [stderr]     Checking bumpalo v3.20.3
[INFO] [stderr]     Checking tower-layer v0.3.3
[INFO] [stderr]     Checking indexmap v2.14.0
[INFO] [stderr]     Checking float-cmp v0.10.0
[INFO] [stderr]     Checking ryu v1.0.23
[INFO] [stderr]     Checking ipnet v2.12.0
[INFO] [stderr]     Checking typed-path v0.12.3
[INFO] [stderr]     Checking rayon v1.12.0
[INFO] [stderr]     Checking compression-core v0.4.32
[INFO] [stderr]     Checking quick-xml v0.41.0
[INFO] [stderr]     Checking fastrand v2.4.1
[INFO] [stderr]     Checking webpki-roots v1.0.8
[INFO] [stderr]     Checking zopfli v0.8.3
[INFO] [stderr]     Checking hashbrown v0.15.5
[INFO] [stderr]     Checking backon v1.6.0
[INFO] [stderr]     Checking http-body v1.0.1
[INFO] [stderr]     Checking parking_lot_core v0.9.12
[INFO] [stderr]     Checking getrandom v0.4.3
[INFO] [stderr]     Checking arc-swap v1.9.2
[INFO] [stderr]     Checking http-body-util v0.1.3
[INFO] [stderr]    Compiling xattr v1.6.1
[INFO] [stderr]     Checking num-bigint v0.4.8
[INFO] [stderr]     Checking itertools v0.13.0
[INFO] [stderr]     Checking hashbrown v0.14.5
[INFO] [stderr]    Compiling tar v0.4.46
[INFO] [stderr]     Checking matchit v0.7.3
[INFO] [stderr]     Checking serde_path_to_error v0.1.20
[INFO] [stderr]    Compiling assembler v0.1.0 (/opt/rustwide/workdir/apps/assembler)
[INFO] [stderr]     Checking regex v1.13.0
[INFO] [stderr]     Checking lru v0.12.5
[INFO] [stderr]     Checking hmac v0.12.1
[INFO] [stderr]     Checking sha2 v0.10.9
[INFO] [stderr]     Checking xxhash-rust v0.8.16
[INFO] [stderr]     Checking file-format v0.26.0
[INFO] [stderr]     Checking dashmap v6.2.1
[INFO] [stderr]    Compiling link-cplusplus v1.0.12
[INFO] [stderr]    Compiling cxx v1.0.197
[INFO] [stderr]    Compiling openssl-sys v0.9.117
[INFO] [stderr]    Compiling tikv-jemalloc-sys v0.6.1+5.3.0-1-ge13ca993e8ccb9ba9847cc330696e02839f328f7
[INFO] [stderr]    Compiling ring v0.17.14
[INFO] [stderr]    Compiling zstd-sys v2.0.16+zstd.1.5.7
[INFO] [stderr]    Compiling meshopt v0.6.2
[INFO] [stderr]     Checking zip v8.6.0
[INFO] [stderr]     Checking tempfile v3.27.0
[INFO] [stderr]     Checking ppv-lite86 v0.2.21
[INFO] [stderr]     Checking rand_chacha v0.3.1
[INFO] [stderr]     Checking rand v0.8.6
[INFO] [stderr]    Compiling synstructure v0.13.2
[INFO] [stderr]    Compiling cxx-build v1.0.197
[INFO] [stderr]    Compiling zerofrom-derive v0.1.7
[INFO] [stderr]    Compiling yoke-derive v0.8.2
[INFO] [stderr]    Compiling zerovec-derive v0.11.3
[INFO] [stderr]    Compiling displaydoc v0.2.6
[INFO] [stderr]    Compiling serde_derive v1.0.228
[INFO] [stderr]    Compiling cxxbridge-macro v1.0.197
[INFO] [stderr]    Compiling bytemuck_derive v1.11.0
[INFO] [stderr]    Compiling gltf-derive v1.4.1
[INFO] [stderr]    Compiling nalgebra-macros v0.2.2
[INFO] [stderr]    Compiling thiserror-impl v1.0.69
[INFO] [stderr]    Compiling openssl-macros v0.1.1
[INFO] [stderr]    Compiling thiserror-impl v2.0.18
[INFO] [stderr]    Compiling tokio-macros v2.7.0
[INFO] [stderr]    Compiling futures-macro v0.3.32
[INFO] [stderr]    Compiling katexit v0.1.5
[INFO] [stderr]     Checking rustls-webpki v0.103.13
[INFO] [stderr]    Compiling strum_macros v0.26.4
[INFO] [stderr]    Compiling duplicate v2.0.1
[INFO] [stderr]     Checking tokio v1.52.3
[INFO] [stderr]    Compiling async-trait v0.1.89
[INFO] [stderr]    Compiling zerofrom v0.1.8
[INFO] [stderr]    Compiling yoke v0.8.3
[INFO] [stderr]     Checking bytemuck v1.25.0
[INFO] [stderr]    Compiling thiserror v1.0.69
[INFO] [stderr]     Checking zstd v0.13.3
[INFO] [stderr]    Compiling zerovec v0.11.6
[INFO] [stderr]     Checking safe_arch v0.7.4
[INFO] [stderr]    Compiling zerotrie v0.2.4
[INFO] [stderr]     Checking futures-util v0.3.32
[INFO] [stderr]     Checking wide v0.7.33
[INFO] [stderr]     Checking compression-codecs v0.4.38
[INFO] [stderr]    Compiling tinystr v0.8.3
[INFO] [stderr]    Compiling potential_utf v0.1.5
[INFO] [stderr]    Compiling icu_locale_core v2.2.0
[INFO] [stderr]    Compiling icu_collections v2.2.0
[INFO] [stderr]     Checking strum v0.26.3
[INFO] [stderr]     Checking struson v0.6.0
[INFO] [stderr]    Compiling occt-bridge v0.1.0 (/opt/rustwide/workdir/crates/occt-bridge)
[INFO] [stderr]    Compiling collision v0.1.0 (/opt/rustwide/workdir/crates/collision)
[INFO] [stderr]    Compiling draco-bridge v0.1.0 (/opt/rustwide/workdir/crates/draco-bridge)
[INFO] [stderr]     Checking serde v1.0.228
[INFO] [stderr]     Checking icu_provider v2.2.0
[INFO] [stderr]     Checking num-complex v0.4.6
[INFO] [stderr]     Checking gltf-json v1.4.1
[INFO] [stderr] warning: draco-bridge@0.1.0: src/shim.cc:5:10: fatal error: draco/attributes/geometry_attribute.h: No such file or directory
[INFO] [stderr] warning: draco-bridge@0.1.0:     5 | #include "draco/attributes/geometry_attribute.h"
[INFO] [stderr] warning: draco-bridge@0.1.0:       |          ^~~~~~~~~~~~~~~~~~~~~~~~~~~~~~~~~~~~~~~
[INFO] [stderr] warning: draco-bridge@0.1.0: compilation terminated.
[INFO] [stderr] warning: draco-bridge@0.1.0: ToolExecError: command did not execute successfully (status code exit status: 1): LC_ALL="C" "c++" "-O0" "-ffunction-sections" "-fdata-sections" "-fPIC" "-g" "-gdwarf-4" "-fno-omit-frame-pointer" "-m64" "-std=c++17" "-I" "/opt/rustwide/target/debug/build/draco-bridge/887910a6c70df75c/out/cxxbridge/include" "-I" "/opt/rustwide/target/debug/build/draco-bridge/887910a6c70df75c/out/cxxbridge/crate" "-I" "/usr/include" "-w" "-o" "/opt/rustwide/target/debug/build/draco-bridge/887910a6c70df75c/out/48d3f1b29a630f4c-shim.o" "-c" "src/shim.cc"
[INFO] [stderr] error: failed to run custom build command for `draco-bridge v0.1.0 (/opt/rustwide/workdir/crates/draco-bridge)`
[INFO] [stderr] note: To improve backtraces for build dependencies, set the CARGO_PROFILE_DEV_BUILD_OVERRIDE_DEBUG=true environment variable to enable debug information generation.
[INFO] [stderr] 
[INFO] [stderr] Caused by:
[INFO] [stderr]   process didn't exit successfully: `/opt/rustwide/target/debug/build/draco-bridge/67df020b4f9882fa/out/build_script_build` (exit status: 1)
[INFO] [stderr]   --- stdout
[INFO] [stderr]   cargo:rerun-if-changed=src/lib.rs
[INFO] [stderr]   cargo:CXXBRIDGE_PREFIX=draco-bridge
[INFO] [stderr]   cargo:CXXBRIDGE_DIR0=/opt/rustwide/target/debug/build/draco-bridge/887910a6c70df75c/out/cxxbridge/include
[INFO] [stderr]   cargo:CXXBRIDGE_DIR1=/opt/rustwide/target/debug/build/draco-bridge/887910a6c70df75c/out/cxxbridge/crate
[INFO] [stderr]   cargo:rerun-if-env-changed=CC_FORCE_DISABLE
[INFO] [stderr]   CC_FORCE_DISABLE = None
[INFO] [stderr]   cargo:rerun-if-env-changed=CXX_x86_64-unknown-linux-gnu
[INFO] [stderr]   CXX_x86_64-unknown-linux-gnu = None
[INFO] [stderr]   cargo:rerun-if-env-changed=CXX_x86_64_unknown_linux_gnu
[INFO] [stderr]   CXX_x86_64_unknown_linux_gnu = None
[INFO] [stderr]   cargo:rerun-if-env-changed=HOST_CXX
[INFO] [stderr]   HOST_CXX = None
[INFO] [stderr]   cargo:rerun-if-env-changed=CXX
[INFO] [stderr]   CXX = None
[INFO] [stderr]   cargo:rerun-if-env-changed=CC_ENABLE_DEBUG_OUTPUT
[INFO] [stderr]   cargo:rerun-if-env-changed=CRATE_CC_NO_DEFAULTS
[INFO] [stderr]   CRATE_CC_NO_DEFAULTS = None
[INFO] [stderr]   cargo:rerun-if-env-changed=CXXFLAGS
[INFO] [stderr]   CXXFLAGS = None
[INFO] [stderr]   cargo:rerun-if-env-changed=HOST_CXXFLAGS
[INFO] [stderr]   HOST_CXXFLAGS = None
[INFO] [stderr]   cargo:rerun-if-env-changed=CXXFLAGS_x86_64_unknown_linux_gnu
[INFO] [stderr]   CXXFLAGS_x86_64_unknown_linux_gnu = None
[INFO] [stderr]   cargo:rerun-if-env-changed=CXXFLAGS_x86_64-unknown-linux-gnu
[INFO] [stderr]   CXXFLAGS_x86_64-unknown-linux-gnu = None
[INFO] [stderr]   cargo:rerun-if-env-changed=CXX_x86_64-unknown-linux-gnu
[INFO] [stderr]   CXX_x86_64-unknown-linux-gnu = None
[INFO] [stderr]   cargo:rerun-if-env-changed=CXX_x86_64_unknown_linux_gnu
[INFO] [stderr]   CXX_x86_64_unknown_linux_gnu = None
[INFO] [stderr]   cargo:rerun-if-env-changed=HOST_CXX
[INFO] [stderr]   HOST_CXX = None
[INFO] [stderr]   cargo:rerun-if-env-changed=CXX
[INFO] [stderr]   CXX = None
[INFO] [stderr]   cargo:rerun-if-env-changed=CRATE_CC_NO_DEFAULTS
[INFO] [stderr]   CRATE_CC_NO_DEFAULTS = None
[INFO] [stderr]   cargo:rerun-if-env-changed=CXXFLAGS
[INFO] [stderr]   CXXFLAGS = None
[INFO] [stderr]   cargo:rerun-if-env-changed=HOST_CXXFLAGS
[INFO] [stderr]   HOST_CXXFLAGS = None
[INFO] [stderr]   cargo:rerun-if-env-changed=CXXFLAGS_x86_64_unknown_linux_gnu
[INFO] [stderr]   CXXFLAGS_x86_64_unknown_linux_gnu = None
[INFO] [stderr]   cargo:rerun-if-env-changed=CXXFLAGS_x86_64-unknown-linux-gnu
[INFO] [stderr]   CXXFLAGS_x86_64-unknown-linux-gnu = None
[INFO] [stderr]   cargo:warning=src/shim.cc:5:10: fatal error: draco/attributes/geometry_attribute.h: No such file or directory
[INFO] [stderr]   cargo:warning=    5 | #include "draco/attributes/geometry_attribute.h"
[INFO] [stderr]   cargo:warning=      |          ^~~~~~~~~~~~~~~~~~~~~~~~~~~~~~~~~~~~~~~
[INFO] [stderr]   cargo:warning=compilation terminated.
[INFO] [stderr]   exit status: 0
[INFO] [stderr]   exit status: 1
[INFO] [stderr]   cargo:warning=ToolExecError: command did not execute successfully (status code exit status: 1): LC_ALL="C" "c++" "-O0" "-ffunction-sections" "-fdata-sections" "-fPIC" "-g" "-gdwarf-4" "-fno-omit-frame-pointer" "-m64" "-std=c++17" "-I" "/opt/rustwide/target/debug/build/draco-bridge/887910a6c70df75c/out/cxxbridge/include" "-I" "/opt/rustwide/target/debug/build/draco-bridge/887910a6c70df75c/out/cxxbridge/crate" "-I" "/usr/include" "-w" "-o" "/opt/rustwide/target/debug/build/draco-bridge/887910a6c70df75c/out/48d3f1b29a630f4c-shim.o" "-c" "src/shim.cc"
[INFO] [stderr] 
[INFO] [stderr]   --- stderr
[INFO] [stderr] 
[INFO] [stderr]   CXX include path:
[INFO] [stderr]     /opt/rustwide/target/debug/build/draco-bridge/887910a6c70df75c/out/cxxbridge/include
[INFO] [stderr]     /opt/rustwide/target/debug/build/draco-bridge/887910a6c70df75c/out/cxxbridge/crate
[INFO] [stderr] 
[INFO] [stderr] 
[INFO] [stderr]   error occurred in cc-rs: command did not execute successfully (status code exit status: 1): LC_ALL="C" "c++" "-O0" "-ffunction-sections" "-fdata-sections" "-fPIC" "-g" "-gdwarf-4" "-fno-omit-frame-pointer" "-m64" "-std=c++17" "-I" "/opt/rustwide/target/debug/build/draco-bridge/887910a6c70df75c/out/cxxbridge/include" "-I" "/opt/rustwide/target/debug/build/draco-bridge/887910a6c70df75c/out/cxxbridge/crate" "-I" "/usr/include" "-w" "-o" "/opt/rustwide/target/debug/build/draco-bridge/887910a6c70df75c/out/48d3f1b29a630f4c-shim.o" "-c" "src/shim.cc"
[INFO] [stderr] 
[INFO] [stderr] 
[INFO] [stderr] warning: build failed, waiting for other jobs to finish...
[INFO] [stderr] warning: occt-bridge@0.1.0: src/occt.cc:7:10: fatal error: BRepBndLib.hxx: No such file or directory
[INFO] [stderr] warning: occt-bridge@0.1.0:     7 | #include <BRepBndLib.hxx>
[INFO] [stderr] warning: occt-bridge@0.1.0:       |          ^~~~~~~~~~~~~~~~
[INFO] [stderr] warning: occt-bridge@0.1.0: compilation terminated.
[INFO] [stderr] warning: occt-bridge@0.1.0: ToolExecError: command did not execute successfully (status code exit status: 1): LC_ALL="C" "c++" "-O0" "-ffunction-sections" "-fdata-sections" "-fPIC" "-g" "-gdwarf-4" "-fno-omit-frame-pointer" "-m64" "-std=c++17" "-I" "/opt/rustwide/target/debug/build/occt-bridge/8d2f6e2f2e878e52/out/cxxbridge/include" "-I" "/opt/rustwide/target/debug/build/occt-bridge/8d2f6e2f2e878e52/out/cxxbridge/crate" "-I" "/usr/include/opencascade" "-w" "-o" "/opt/rustwide/target/debug/build/occt-bridge/8d2f6e2f2e878e52/out/48d3f1b29a630f4c-occt.o" "-c" "src/occt.cc"
[INFO] [stderr] error: failed to run custom build command for `occt-bridge v0.1.0 (/opt/rustwide/workdir/crates/occt-bridge)`
[INFO] [stderr] note: To improve backtraces for build dependencies, set the CARGO_PROFILE_DEV_BUILD_OVERRIDE_DEBUG=true environment variable to enable debug information generation.
[INFO] [stderr] 
[INFO] [stderr] Caused by:
[INFO] [stderr]   process didn't exit successfully: `/opt/rustwide/target/debug/build/occt-bridge/69684db51020f349/out/build_script_build` (exit status: 1)
[INFO] [stderr]   --- stdout
[INFO] [stderr]   cargo:rerun-if-changed=src/lib.rs
[INFO] [stderr]   cargo:CXXBRIDGE_PREFIX=occt-bridge
[INFO] [stderr]   cargo:CXXBRIDGE_DIR0=/opt/rustwide/target/debug/build/occt-bridge/8d2f6e2f2e878e52/out/cxxbridge/include
[INFO] [stderr]   cargo:CXXBRIDGE_DIR1=/opt/rustwide/target/debug/build/occt-bridge/8d2f6e2f2e878e52/out/cxxbridge/crate
[INFO] [stderr]   cargo:rerun-if-env-changed=CC_FORCE_DISABLE
[INFO] [stderr]   CC_FORCE_DISABLE = None
[INFO] [stderr]   cargo:rerun-if-env-changed=CXX_x86_64-unknown-linux-gnu
[INFO] [stderr]   CXX_x86_64-unknown-linux-gnu = None
[INFO] [stderr]   cargo:rerun-if-env-changed=CXX_x86_64_unknown_linux_gnu
[INFO] [stderr]   CXX_x86_64_unknown_linux_gnu = None
[INFO] [stderr]   cargo:rerun-if-env-changed=HOST_CXX
[INFO] [stderr]   HOST_CXX = None
[INFO] [stderr]   cargo:rerun-if-env-changed=CXX
[INFO] [stderr]   CXX = None
[INFO] [stderr]   cargo:rerun-if-env-changed=CC_ENABLE_DEBUG_OUTPUT
[INFO] [stderr]   cargo:rerun-if-env-changed=CRATE_CC_NO_DEFAULTS
[INFO] [stderr]   CRATE_CC_NO_DEFAULTS = None
[INFO] [stderr]   cargo:rerun-if-env-changed=CXXFLAGS
[INFO] [stderr]   CXXFLAGS = None
[INFO] [stderr]   cargo:rerun-if-env-changed=HOST_CXXFLAGS
[INFO] [stderr]   HOST_CXXFLAGS = None
[INFO] [stderr]   cargo:rerun-if-env-changed=CXXFLAGS_x86_64_unknown_linux_gnu
[INFO] [stderr]   CXXFLAGS_x86_64_unknown_linux_gnu = None
[INFO] [stderr]   cargo:rerun-if-env-changed=CXXFLAGS_x86_64-unknown-linux-gnu
[INFO] [stderr]   CXXFLAGS_x86_64-unknown-linux-gnu = None
[INFO] [stderr]   cargo:rerun-if-env-changed=CXX_x86_64-unknown-linux-gnu
[INFO] [stderr]   CXX_x86_64-unknown-linux-gnu = None
[INFO] [stderr]   cargo:rerun-if-env-changed=CXX_x86_64_unknown_linux_gnu
[INFO] [stderr]   CXX_x86_64_unknown_linux_gnu = None
[INFO] [stderr]   cargo:rerun-if-env-changed=HOST_CXX
[INFO] [stderr]   HOST_CXX = None
[INFO] [stderr]   cargo:rerun-if-env-changed=CXX
[INFO] [stderr]   CXX = None
[INFO] [stderr]   cargo:rerun-if-env-changed=CRATE_CC_NO_DEFAULTS
[INFO] [stderr]   CRATE_CC_NO_DEFAULTS = None
[INFO] [stderr]   cargo:rerun-if-env-changed=CXXFLAGS
[INFO] [stderr]   CXXFLAGS = None
[INFO] [stderr]   cargo:rerun-if-env-changed=HOST_CXXFLAGS
[INFO] [stderr]   HOST_CXXFLAGS = None
[INFO] [stderr]   cargo:rerun-if-env-changed=CXXFLAGS_x86_64_unknown_linux_gnu
[INFO] [stderr]   CXXFLAGS_x86_64_unknown_linux_gnu = None
[INFO] [stderr]   cargo:rerun-if-env-changed=CXXFLAGS_x86_64-unknown-linux-gnu
[INFO] [stderr]   CXXFLAGS_x86_64-unknown-linux-gnu = None
[INFO] [stderr]   cargo:warning=src/occt.cc:7:10: fatal error: BRepBndLib.hxx: No such file or directory
[INFO] [stderr]   cargo:warning=    7 | #include <BRepBndLib.hxx>
[INFO] [stderr]   cargo:warning=      |          ^~~~~~~~~~~~~~~~
[INFO] [stderr]   cargo:warning=compilation terminated.
[INFO] [stderr]   exit status: 1
[INFO] [stderr]   cargo:warning=ToolExecError: command did not execute successfully (status code exit status: 1): LC_ALL="C" "c++" "-O0" "-ffunction-sections" "-fdata-sections" "-fPIC" "-g" "-gdwarf-4" "-fno-omit-frame-pointer" "-m64" "-std=c++17" "-I" "/opt/rustwide/target/debug/build/occt-bridge/8d2f6e2f2e878e52/out/cxxbridge/include" "-I" "/opt/rustwide/target/debug/build/occt-bridge/8d2f6e2f2e878e52/out/cxxbridge/crate" "-I" "/usr/include/opencascade" "-w" "-o" "/opt/rustwide/target/debug/build/occt-bridge/8d2f6e2f2e878e52/out/48d3f1b29a630f4c-occt.o" "-c" "src/occt.cc"
[INFO] [stderr]   exit status: 0
[INFO] [stderr] 
[INFO] [stderr]   --- stderr
[INFO] [stderr] 
[INFO] [stderr]   CXX include path:
[INFO] [stderr]     /opt/rustwide/target/debug/build/occt-bridge/8d2f6e2f2e878e52/out/cxxbridge/include
[INFO] [stderr]     /opt/rustwide/target/debug/build/occt-bridge/8d2f6e2f2e878e52/out/cxxbridge/crate
[INFO] [stderr] 
[INFO] [stderr] 
[INFO] [stderr]   error occurred in cc-rs: command did not execute successfully (status code exit status: 1): LC_ALL="C" "c++" "-O0" "-ffunction-sections" "-fdata-sections" "-fPIC" "-g" "-gdwarf-4" "-fno-omit-frame-pointer" "-m64" "-std=c++17" "-I" "/opt/rustwide/target/debug/build/occt-bridge/8d2f6e2f2e878e52/out/cxxbridge/include" "-I" "/opt/rustwide/target/debug/build/occt-bridge/8d2f6e2f2e878e52/out/cxxbridge/crate" "-I" "/usr/include/opencascade" "-w" "-o" "/opt/rustwide/target/debug/build/occt-bridge/8d2f6e2f2e878e52/out/48d3f1b29a630f4c-occt.o" "-c" "src/occt.cc"
[INFO] [stderr] 
[INFO] [stderr] 
[INFO] [stderr] warning: collision@0.1.0: src/shim.cc:5:10: fatal error: fcl/broadphase/broadphase_dynamic_AABB_tree.h: No such file or directory
[INFO] [stderr] warning: collision@0.1.0:     5 | #include <fcl/broadphase/broadphase_dynamic_AABB_tree.h>
[INFO] [stderr] warning: collision@0.1.0:       |          ^~~~~~~~~~~~~~~~~~~~~~~~~~~~~~~~~~~~~~~~~~~~~~~
[INFO] [stderr] warning: collision@0.1.0: compilation terminated.
[INFO] [stderr] warning: collision@0.1.0: ToolExecError: command did not execute successfully (status code exit status: 1): LC_ALL="C" "c++" "-O0" "-ffunction-sections" "-fdata-sections" "-fPIC" "-g" "-gdwarf-4" "-fno-omit-frame-pointer" "-m64" "-std=c++17" "-I" "/opt/rustwide/target/debug/build/collision/f3bc2dac522063e2/out/cxxbridge/include" "-I" "/opt/rustwide/target/debug/build/collision/f3bc2dac522063e2/out/cxxbridge/crate" "-I" "/usr/include" "-I" "/usr/include" "-I" "/usr/include/eigen3" "-I" "/usr/include" "-w" "-march=x86-64-v3" "-o" "/opt/rustwide/target/debug/build/collision/f3bc2dac522063e2/out/48d3f1b29a630f4c-shim.o" "-c" "src/shim.cc"
[INFO] [stderr] error: failed to run custom build command for `collision v0.1.0 (/opt/rustwide/workdir/crates/collision)`
[INFO] [stderr] note: To improve backtraces for build dependencies, set the CARGO_PROFILE_DEV_BUILD_OVERRIDE_DEBUG=true environment variable to enable debug information generation.
[INFO] [stderr] 
[INFO] [stderr] Caused by:
[INFO] [stderr]   process didn't exit successfully: `/opt/rustwide/target/debug/build/collision/b2b85786442650ff/out/build_script_build` (exit status: 1)
[INFO] [stderr]   --- stdout
[INFO] [stderr]   cargo:rerun-if-changed=src/lib.rs
[INFO] [stderr]   cargo:CXXBRIDGE_PREFIX=collision
[INFO] [stderr]   cargo:CXXBRIDGE_DIR0=/opt/rustwide/target/debug/build/collision/f3bc2dac522063e2/out/cxxbridge/include
[INFO] [stderr]   cargo:CXXBRIDGE_DIR1=/opt/rustwide/target/debug/build/collision/f3bc2dac522063e2/out/cxxbridge/crate
[INFO] [stderr]   cargo:rerun-if-env-changed=CC_FORCE_DISABLE
[INFO] [stderr]   CC_FORCE_DISABLE = None
[INFO] [stderr]   cargo:rerun-if-env-changed=CXX_x86_64-unknown-linux-gnu
[INFO] [stderr]   CXX_x86_64-unknown-linux-gnu = None
[INFO] [stderr]   cargo:rerun-if-env-changed=CXX_x86_64_unknown_linux_gnu
[INFO] [stderr]   CXX_x86_64_unknown_linux_gnu = None
[INFO] [stderr]   cargo:rerun-if-env-changed=HOST_CXX
[INFO] [stderr]   HOST_CXX = None
[INFO] [stderr]   cargo:rerun-if-env-changed=CXX
[INFO] [stderr]   CXX = None
[INFO] [stderr]   cargo:rerun-if-env-changed=CC_ENABLE_DEBUG_OUTPUT
[INFO] [stderr]   cargo:rerun-if-env-changed=CRATE_CC_NO_DEFAULTS
[INFO] [stderr]   CRATE_CC_NO_DEFAULTS = None
[INFO] [stderr]   cargo:rerun-if-env-changed=CXXFLAGS
[INFO] [stderr]   CXXFLAGS = None
[INFO] [stderr]   cargo:rerun-if-env-changed=HOST_CXXFLAGS
[INFO] [stderr]   HOST_CXXFLAGS = None
[INFO] [stderr]   cargo:rerun-if-env-changed=CXXFLAGS_x86_64_unknown_linux_gnu
[INFO] [stderr]   CXXFLAGS_x86_64_unknown_linux_gnu = None
[INFO] [stderr]   cargo:rerun-if-env-changed=CXXFLAGS_x86_64-unknown-linux-gnu
[INFO] [stderr]   CXXFLAGS_x86_64-unknown-linux-gnu = None
[INFO] [stderr]   cargo:rerun-if-env-changed=CC_ENABLE_DEBUG_OUTPUT
[INFO] [stderr]   cargo:rerun-if-env-changed=CRATE_CC_NO_DEFAULTS
[INFO] [stderr]   CRATE_CC_NO_DEFAULTS = None
[INFO] [stderr]   cargo:rerun-if-env-changed=CXXFLAGS
[INFO] [stderr]   CXXFLAGS = None
[INFO] [stderr]   cargo:rerun-if-env-changed=HOST_CXXFLAGS
[INFO] [stderr]   HOST_CXXFLAGS = None
[INFO] [stderr]   cargo:rerun-if-env-changed=CXXFLAGS_x86_64_unknown_linux_gnu
[INFO] [stderr]   CXXFLAGS_x86_64_unknown_linux_gnu = None
[INFO] [stderr]   cargo:rerun-if-env-changed=CXXFLAGS_x86_64-unknown-linux-gnu
[INFO] [stderr]   CXXFLAGS_x86_64-unknown-linux-gnu = None
[INFO] [stderr]   cargo:rerun-if-env-changed=CXX_x86_64-unknown-linux-gnu
[INFO] [stderr]   CXX_x86_64-unknown-linux-gnu = None
[INFO] [stderr]   cargo:rerun-if-env-changed=CXX_x86_64_unknown_linux_gnu
[INFO] [stderr]   CXX_x86_64_unknown_linux_gnu = None
[INFO] [stderr]   cargo:rerun-if-env-changed=HOST_CXX
[INFO] [stderr]   HOST_CXX = None
[INFO] [stderr]   cargo:rerun-if-env-changed=CXX
[INFO] [stderr]   CXX = None
[INFO] [stderr]   cargo:rerun-if-env-changed=CRATE_CC_NO_DEFAULTS
[INFO] [stderr]   CRATE_CC_NO_DEFAULTS = None
[INFO] [stderr]   cargo:rerun-if-env-changed=CXXFLAGS
[INFO] [stderr]   CXXFLAGS = None
[INFO] [stderr]   cargo:rerun-if-env-changed=HOST_CXXFLAGS
[INFO] [stderr]   HOST_CXXFLAGS = None
[INFO] [stderr]   cargo:rerun-if-env-changed=CXXFLAGS_x86_64_unknown_linux_gnu
[INFO] [stderr]   CXXFLAGS_x86_64_unknown_linux_gnu = None
[INFO] [stderr]   cargo:rerun-if-env-changed=CXXFLAGS_x86_64-unknown-linux-gnu
[INFO] [stderr]   CXXFLAGS_x86_64-unknown-linux-gnu = None
[INFO] [stderr]   cargo:warning=src/shim.cc:5:10: fatal error: fcl/broadphase/broadphase_dynamic_AABB_tree.h: No such file or directory
[INFO] [stderr]   cargo:warning=    5 | #include <fcl/broadphase/broadphase_dynamic_AABB_tree.h>
[INFO] [stderr]   cargo:warning=      |          ^~~~~~~~~~~~~~~~~~~~~~~~~~~~~~~~~~~~~~~~~~~~~~~
[INFO] [stderr]   cargo:warning=compilation terminated.
[INFO] [stderr]   exit status: 1
[INFO] [stderr]   cargo:warning=ToolExecError: command did not execute successfully (status code exit status: 1): LC_ALL="C" "c++" "-O0" "-ffunction-sections" "-fdata-sections" "-fPIC" "-g" "-gdwarf-4" "-fno-omit-frame-pointer" "-m64" "-std=c++17" "-I" "/opt/rustwide/target/debug/build/collision/f3bc2dac522063e2/out/cxxbridge/include" "-I" "/opt/rustwide/target/debug/build/collision/f3bc2dac522063e2/out/cxxbridge/crate" "-I" "/usr/include" "-I" "/usr/include" "-I" "/usr/include/eigen3" "-I" "/usr/include" "-w" "-march=x86-64-v3" "-o" "/opt/rustwide/target/debug/build/collision/f3bc2dac522063e2/out/48d3f1b29a630f4c-shim.o" "-c" "src/shim.cc"
[INFO] [stderr]   exit status: 0
[INFO] [stderr] 
[INFO] [stderr]   --- stderr
[INFO] [stderr] 
[INFO] [stderr]   CXX include path:
[INFO] [stderr]     /opt/rustwide/target/debug/build/collision/f3bc2dac522063e2/out/cxxbridge/include
[INFO] [stderr]     /opt/rustwide/target/debug/build/collision/f3bc2dac522063e2/out/cxxbridge/crate
[INFO] [stderr] 
[INFO] [stderr] 
[INFO] [stderr]   error occurred in cc-rs: command did not execute successfully (status code exit status: 1): LC_ALL="C" "c++" "-O0" "-ffunction-sections" "-fdata-sections" "-fPIC" "-g" "-gdwarf-4" "-fno-omit-frame-pointer" "-m64" "-std=c++17" "-I" "/opt/rustwide/target/debug/build/collision/f3bc2dac522063e2/out/cxxbridge/include" "-I" "/opt/rustwide/target/debug/build/collision/f3bc2dac522063e2/out/cxxbridge/crate" "-I" "/usr/include" "-I" "/usr/include" "-I" "/usr/include/eigen3" "-I" "/usr/include" "-w" "-march=x86-64-v3" "-o" "/opt/rustwide/target/debug/build/collision/f3bc2dac522063e2/out/48d3f1b29a630f4c-shim.o" "-c" "src/shim.cc"
[INFO] [stderr] 
[INFO] [stderr] 
[INFO] running `Command { std: "docker" "inspect" "2b920a4d8d5b5ac80d0d8a9902f6cf10765951f2dfd04715e56bb6dead42a563", kill_on_drop: false }`
[INFO] running `Command { std: "docker" "rm" "-f" "2b920a4d8d5b5ac80d0d8a9902f6cf10765951f2dfd04715e56bb6dead42a563", kill_on_drop: false }`
[INFO] [stdout] 2b920a4d8d5b5ac80d0d8a9902f6cf10765951f2dfd04715e56bb6dead42a563
