[INFO] cloning repository https://github.com/8b-is/honest-irc
[INFO] running `Command { std: "git" "-c" "credential.helper=" "-c" "credential.helper=/workspace/cargo-home/bin/git-credential-null" "clone" "--bare" "https://github.com/8b-is/honest-irc" "/workspace/cache/git-repos/https%3A%2F%2Fgithub.com%2F8b-is%2Fhonest-irc", kill_on_drop: false }`
[INFO] [stderr] Cloning into bare repository '/workspace/cache/git-repos/https%3A%2F%2Fgithub.com%2F8b-is%2Fhonest-irc'...
[INFO] running `Command { std: "git" "rev-parse" "HEAD", kill_on_drop: false }`
[INFO] [stdout] b1740378fbe6db14e07d8cc33ca9825e142efe0d
[INFO] checking 8b-is/honest-irc against 3154cc1a3e6424e44f438a95007d043ed5ceaaf6+rustflags=-Znext-solver=coherence for pr-133502-30
[INFO] running `Command { std: "git" "clone" "/workspace/cache/git-repos/https%3A%2F%2Fgithub.com%2F8b-is%2Fhonest-irc" "/workspace/builds/worker-4-tc1/source", kill_on_drop: false }`
[INFO] [stderr] Cloning into '/workspace/builds/worker-4-tc1/source'...
[INFO] [stderr] done.
[INFO] started tweaking git repo https://github.com/8b-is/honest-irc
[INFO] finished tweaking git repo https://github.com/8b-is/honest-irc
[INFO] tweaked toml for git repo https://github.com/8b-is/honest-irc written to /workspace/builds/worker-4-tc1/source/Cargo.toml
[INFO] validating manifest of git repo https://github.com/8b-is/honest-irc on toolchain 3154cc1a3e6424e44f438a95007d043ed5ceaaf6
[INFO] running `Command { std: CARGO_HOME="/workspace/cargo-home" RUSTUP_HOME="/workspace/rustup-home" "/workspace/cargo-home/bin/cargo" "+3154cc1a3e6424e44f438a95007d043ed5ceaaf6" "metadata" "--manifest-path" "Cargo.toml" "--no-deps", kill_on_drop: false }`
[INFO] crate git repo https://github.com/8b-is/honest-irc already has a lockfile, it will not be regenerated
[INFO] running `Command { std: CARGO_HOME="/workspace/cargo-home" RUSTUP_HOME="/workspace/rustup-home" "/workspace/cargo-home/bin/cargo" "+3154cc1a3e6424e44f438a95007d043ed5ceaaf6" "fetch" "--manifest-path" "Cargo.toml", kill_on_drop: false }`
[INFO] [stderr]     Blocking waiting for file lock on package cache
[INFO] [stderr]     Blocking waiting for file lock on package cache
[INFO] [stderr]  Downloading crates ...
[INFO] [stderr]   Downloaded tokio-tungstenite v0.24.0
[INFO] [stderr]   Downloaded tungstenite v0.24.0
[INFO] running `Command { std: "docker" "create" "-v" "/var/lib/crater-agent-workspace/builds/worker-4-tc1/source:/opt/rustwide/workdir:ro,Z" "-v" "/var/lib/crater-agent-workspace/builds/worker-4-tc1/target:/opt/rustwide/target:rw,Z" "-v" "/var/lib/crater-agent-workspace/cargo-home:/opt/rustwide/cargo-home:ro,Z" "-v" "/var/lib/crater-agent-workspace/rustup-home:/opt/rustwide/rustup-home:ro,Z" "-m" "1610612736" "--network" "none" "ghcr.io/rust-lang/crates-build-env/linux@sha256:77db811e55d90add9212f6832c23229e3de5f1c1f9905e8cb07319ea15df73ac" "sleep" "infinity", kill_on_drop: false }`
[INFO] [stdout] 932a52ad69c7dd4cb376db042e84ef90fcabe3c9ab4c13beb1c90e90baa1a181
[INFO] running `Command { std: "docker" "start" "932a52ad69c7dd4cb376db042e84ef90fcabe3c9ab4c13beb1c90e90baa1a181", kill_on_drop: false }`
[INFO] running `Command { std: "docker" "inspect" "932a52ad69c7dd4cb376db042e84ef90fcabe3c9ab4c13beb1c90e90baa1a181", kill_on_drop: false }`
[INFO] running `Command { std: "docker" "exec" "-e" "SOURCE_DIR=/opt/rustwide/workdir" "-e" "CARGO_HOME=/opt/rustwide/cargo-home" "-e" "RUSTUP_HOME=/opt/rustwide/rustup-home" "-e" "CARGO_TARGET_DIR=/opt/rustwide/target" "-w" "/opt/rustwide/workdir" "--user" "0:0" "932a52ad69c7dd4cb376db042e84ef90fcabe3c9ab4c13beb1c90e90baa1a181" "/opt/rustwide/cargo-home/bin/cargo" "+3154cc1a3e6424e44f438a95007d043ed5ceaaf6" "metadata" "--no-deps" "--format-version=1", kill_on_drop: false }`
[INFO] running `Command { std: "docker" "inspect" "932a52ad69c7dd4cb376db042e84ef90fcabe3c9ab4c13beb1c90e90baa1a181", kill_on_drop: false }`
[INFO] running `Command { std: "docker" "exec" "-e" "SOURCE_DIR=/opt/rustwide/workdir" "-e" "CARGO_HOME=/opt/rustwide/cargo-home" "-e" "RUSTUP_HOME=/opt/rustwide/rustup-home" "-e" "CARGO_TARGET_DIR=/opt/rustwide/target" "-e" "CARGO_INCREMENTAL=0" "-e" "RUST_BACKTRACE=full" "-e" "RUSTFLAGS=--cap-lints=forbid -Znext-solver=coherence" "-e" "RUSTDOCFLAGS=--cap-lints=forbid" "-w" "/opt/rustwide/workdir" "--user" "0:0" "932a52ad69c7dd4cb376db042e84ef90fcabe3c9ab4c13beb1c90e90baa1a181" "/opt/rustwide/cargo-home/bin/cargo" "+3154cc1a3e6424e44f438a95007d043ed5ceaaf6" "check" "--frozen" "--all" "--all-targets" "--message-format=json", kill_on_drop: false }`
[INFO] [stderr]    Compiling thiserror v1.0.69
[INFO] [stderr]    Compiling serde_core v1.0.229
[INFO] [stderr]     Checking http v1.4.2
[INFO] [stderr]     Checking log v0.4.33
[INFO] [stderr]    Compiling curve25519-dalek v4.1.3
[INFO] [stderr]     Checking parking_lot_core v0.9.12
[INFO] [stderr]     Checking ppv-lite86 v0.2.21
[INFO] [stderr]     Checking data-encoding v2.11.0
[INFO] [stderr]     Checking futures-core v0.3.33
[INFO] [stderr]    Compiling serde_json v1.0.151
[INFO] [stderr]    Compiling syn v2.0.119
[INFO] [stderr]     Checking crypto-common v0.1.7
[INFO] [stderr]     Checking inout v0.1.4
[INFO] [stderr]    Compiling syn v3.0.3
[INFO] [stderr]    Compiling serde v1.0.229
[INFO] [stderr]     Checking futures-sink v0.3.33
[INFO] [stderr]     Checking digest v0.10.7
[INFO] [stderr]     Checking universal-hash v0.5.1
[INFO] [stderr]     Checking poly1305 v0.8.0
[INFO] [stderr]     Checking aead v0.5.2
[INFO] [stderr]     Checking memchr v2.8.3
[INFO] [stderr]     Checking sha1 v0.10.7
[INFO] [stderr]     Checking parking_lot v0.12.5
[INFO] [stderr]     Checking hmac v0.12.1
[INFO] [stderr]     Checking sha2 v0.10.9
[INFO] [stderr]     Checking regex-lite v0.1.9
[INFO] [stderr]     Checking hkdf v0.12.4
[INFO] [stderr]     Checking rand_chacha v0.3.1
[INFO] [stderr]     Checking rand v0.8.7
[INFO] [stderr]    Compiling serde_derive v1.0.229
[INFO] [stderr]    Compiling zeroize_derive v1.5.0
[INFO] [stderr]    Compiling thiserror-impl v1.0.69
[INFO] [stderr]    Compiling curve25519-dalek-derive v0.1.1
[INFO] [stderr]    Compiling futures-macro v0.3.33
[INFO] [stderr]    Compiling tokio-macros v2.7.1
[INFO] [stderr]     Checking zeroize v1.9.0
[INFO] [stderr]     Checking tokio v1.53.1
[INFO] [stderr]     Checking cipher v0.4.4
[INFO] [stderr]     Checking futures-util v0.3.33
[INFO] [stderr]     Checking chacha20 v0.9.1
[INFO] [stderr]     Checking tungstenite v0.24.0
[INFO] [stderr]     Checking chacha20poly1305 v0.10.1
[INFO] [stderr]     Checking x25519-dalek v2.0.1
[INFO] [stderr]     Checking tokio-tungstenite v0.24.0
[INFO] [stderr]     Checking honest-irc v2.1.0 (/opt/rustwide/workdir)
[INFO] [stdout] error[E0425]: cannot find value `name_c` in this scope
[INFO] [stdout]   --> src/memory.rs:23:21
[INFO] [stdout]    |
[INFO] [stdout] 23 |                     name_c.as_ptr(),
[INFO] [stdout]    |                     ^^^^^^ not found in this scope
[INFO] [stdout]    |
[INFO] [stdout] note: `_name_c` defined here
[INFO] [stdout]   --> src/memory.rs:17:13
[INFO] [stdout]    |
[INFO] [stdout] 17 |         let _name_c = std::ffi::CString::new(name).map_err(|e| e.to_string())?;
[INFO] [stdout]    |             ^^^^^^^
[INFO] [stdout] help: the leading underscore in `_name_c` marks it as unused, consider renaming it to `name_c`
[INFO] [stdout]    |
[INFO] [stdout] 17 -         let _name_c = std::ffi::CString::new(name).map_err(|e| e.to_string())?;
[INFO] [stdout] 17 +         let name_c = std::ffi::CString::new(name).map_err(|e| e.to_string())?;
[INFO] [stdout]    |
[INFO] [stdout] 
[INFO] [stdout] 
[INFO] [stdout] error[E0433]: cannot find type `File` in this scope
[INFO] [stdout]   --> src/memory.rs:71:35
[INFO] [stdout]    |
[INFO] [stdout] 71 |                 fd: Some(unsafe { File::from_raw_fd(fd) }),
[INFO] [stdout]    |                                   ^^^^ use of undeclared type `File`
[INFO] [stdout]    |
[INFO] [stdout] help: consider importing one of these structs
[INFO] [stdout]    |
[INFO] [stdout]  2 + use std::fs::File;
[INFO] [stdout]    |
[INFO] [stdout]  2 + use tokio::fs::File;
[INFO] [stdout]    |
[INFO] [stdout] 
[INFO] [stdout] 
[INFO] [stdout] error[E0425]: cannot find value `name_c` in this scope
[INFO] [stdout]   --> src/memory.rs:23:21
[INFO] [stdout]    |
[INFO] [stdout] 23 |                     name_c.as_ptr(),
[INFO] [stdout]    |                     ^^^^^^ not found in this scope
[INFO] [stdout]    |
[INFO] [stdout] note: `_name_c` defined here
[INFO] [stdout]   --> src/memory.rs:17:13
[INFO] [stdout]    |
[INFO] [stdout] 17 |         let _name_c = std::ffi::CString::new(name).map_err(|e| e.to_string())?;
[INFO] [stdout]    |             ^^^^^^^
[INFO] [stdout] help: the leading underscore in `_name_c` marks it as unused, consider renaming it to `name_c`
[INFO] [stdout]    |
[INFO] [stdout] 17 -         let _name_c = std::ffi::CString::new(name).map_err(|e| e.to_string())?;
[INFO] [stdout] 17 +         let name_c = std::ffi::CString::new(name).map_err(|e| e.to_string())?;
[INFO] [stdout]    |
[INFO] [stdout] 
[INFO] [stdout] 
[INFO] [stdout] error[E0433]: cannot find type `File` in this scope
[INFO] [stdout]   --> src/memory.rs:71:35
[INFO] [stdout]    |
[INFO] [stdout] 71 |                 fd: Some(unsafe { File::from_raw_fd(fd) }),
[INFO] [stdout]    |                                   ^^^^ use of undeclared type `File`
[INFO] [stdout]    |
[INFO] [stdout] help: consider importing one of these structs
[INFO] [stdout]    |
[INFO] [stdout]  2 + use std::fs::File;
[INFO] [stdout]    |
[INFO] [stdout]  2 + use tokio::fs::File;
[INFO] [stdout]    |
[INFO] [stdout] 
[INFO] [stdout] 
[INFO] [stdout] Some errors have detailed explanations: E0425, E0433.
[INFO] [stdout] 
[INFO] [stdout] For more information about an error, try `rustc --explain E0425`.
[INFO] [stdout] 
[INFO] [stderr] error: could not compile `honest-irc` (lib) due to 2 previous errors
[INFO] [stderr] warning: build failed, waiting for other jobs to finish...
[INFO] [stdout] Some errors have detailed explanations: E0425, E0433.
[INFO] [stdout] 
[INFO] [stdout] For more information about an error, try `rustc --explain E0425`.
[INFO] [stdout] 
[INFO] [stderr] error: could not compile `honest-irc` (lib test) due to 2 previous errors
[INFO] running `Command { std: "docker" "inspect" "932a52ad69c7dd4cb376db042e84ef90fcabe3c9ab4c13beb1c90e90baa1a181", kill_on_drop: false }`
[INFO] running `Command { std: "docker" "rm" "-f" "932a52ad69c7dd4cb376db042e84ef90fcabe3c9ab4c13beb1c90e90baa1a181", kill_on_drop: false }`
[INFO] [stdout] 932a52ad69c7dd4cb376db042e84ef90fcabe3c9ab4c13beb1c90e90baa1a181
