[INFO] cloning repository https://github.com/772005himanshu/StreamChat
[INFO] running `Command { std: "git" "-c" "credential.helper=" "-c" "credential.helper=/workspace/cargo-home/bin/git-credential-null" "clone" "--bare" "https://github.com/772005himanshu/StreamChat" "/workspace/cache/git-repos/https%3A%2F%2Fgithub.com%2F772005himanshu%2FStreamChat", kill_on_drop: false }`
[INFO] [stderr] Cloning into bare repository '/workspace/cache/git-repos/https%3A%2F%2Fgithub.com%2F772005himanshu%2FStreamChat'...
[INFO] running `Command { std: "git" "rev-parse" "HEAD", kill_on_drop: false }`
[INFO] [stdout] 761f9d36a141b5203a879c83ec4ef2768f46b568
[INFO] checking 772005himanshu/StreamChat against 3154cc1a3e6424e44f438a95007d043ed5ceaaf6+rustflags=-Znext-solver=coherence for pr-133502-30
[INFO] running `Command { std: "git" "clone" "/workspace/cache/git-repos/https%3A%2F%2Fgithub.com%2F772005himanshu%2FStreamChat" "/workspace/builds/worker-4-tc1/source", kill_on_drop: false }`
[INFO] [stderr] Cloning into '/workspace/builds/worker-4-tc1/source'...
[INFO] [stderr] done.
[INFO] started tweaking git repo https://github.com/772005himanshu/StreamChat
[INFO] finished tweaking git repo https://github.com/772005himanshu/StreamChat
[INFO] tweaked toml for git repo https://github.com/772005himanshu/StreamChat written to /workspace/builds/worker-4-tc1/source/Cargo.toml
[INFO] validating manifest of git repo https://github.com/772005himanshu/StreamChat on toolchain 3154cc1a3e6424e44f438a95007d043ed5ceaaf6
[INFO] running `Command { std: CARGO_HOME="/workspace/cargo-home" RUSTUP_HOME="/workspace/rustup-home" "/workspace/cargo-home/bin/cargo" "+3154cc1a3e6424e44f438a95007d043ed5ceaaf6" "metadata" "--manifest-path" "Cargo.toml" "--no-deps", kill_on_drop: false }`
[INFO] crate git repo https://github.com/772005himanshu/StreamChat already has a lockfile, it will not be regenerated
[INFO] running `Command { std: CARGO_HOME="/workspace/cargo-home" RUSTUP_HOME="/workspace/rustup-home" "/workspace/cargo-home/bin/cargo" "+3154cc1a3e6424e44f438a95007d043ed5ceaaf6" "fetch" "--manifest-path" "Cargo.toml", kill_on_drop: false }`
[INFO] [stderr]     Updating crates.io index
[INFO] [stderr]     Updating git repository `https://github.com/linebender/druid.git`
[INFO] [stderr]  Downloading crates ...
[INFO] [stderr]   Downloaded zeroize v1.4.3
[INFO] [stderr]   Downloaded spki v0.4.1
[INFO] [stderr]   Downloaded xdg v2.5.2
[INFO] [stderr]   Downloaded rsa v0.5.0
[INFO] [stderr]   Downloaded pkcs8 v0.7.6
[INFO] [stderr]   Downloaded pangocairo v0.18.0
[INFO] [stderr]   Downloaded crypto-bigint v0.2.11
[INFO] [stderr]   Downloaded base64ct v1.1.1
[INFO] [stderr]   Downloaded roxmltree v0.15.1
[INFO] [stderr]   Downloaded pangocairo-sys v0.18.0
[INFO] [stderr]   Downloaded const-oid v0.6.2
[INFO] [stderr]   Downloaded self_cell v0.10.3
[INFO] [stderr]   Downloaded piet-web v0.7.0-cairo18
[INFO] [stderr]   Downloaded unic-ucd-bidi v0.9.0
[INFO] [stderr]   Downloaded utf16_lit v2.0.2
[INFO] [stderr]   Downloaded associative-cache v2.0.0
[INFO] [stderr]   Downloaded rctree v0.5.0
[INFO] [stderr]   Downloaded xi-unicode v0.3.0
[INFO] [stderr]   Downloaded fontdb v0.9.3
[INFO] [stderr]   Downloaded fluent-syntax v0.11.1
[INFO] [stderr]   Downloaded piet-cairo v0.7.0-cairo18
[INFO] [stderr]   Downloaded pem-rfc7468 v0.2.4
[INFO] [stderr]   Downloaded svgtypes v0.8.2
[INFO] [stderr]   Downloaded svgfilters v0.4.0
[INFO] [stderr]   Downloaded unic-bidi v0.9.0
[INFO] [stderr]   Downloaded piet-coregraphics v0.7.0-cairo18
[INFO] [stderr]   Downloaded chacha20 v0.8.2
[INFO] [stderr]   Downloaded data-url v0.2.0
[INFO] [stderr]   Downloaded piet-common v0.7.0-cairo18
[INFO] [stderr]   Downloaded fluent-bundle v0.15.3
[INFO] [stderr]   Downloaded piet-direct2d v0.7.0-cairo18
[INFO] [stderr]   Downloaded keyboard-types v0.6.2
[INFO] [stderr]   Downloaded poly1305 v0.7.2
[INFO] [stderr]   Downloaded pkcs1 v0.2.4
[INFO] [stderr]   Downloaded unicode-general-category v0.6.0
[INFO] [stderr]   Downloaded chacha20poly1305 v0.9.1
[INFO] [stderr]   Downloaded crossterm v0.23.2
[INFO] [stderr]   Downloaded usvg v0.25.0
[INFO] [stderr]   Downloaded resvg v0.25.0
[INFO] [stderr]   Downloaded num-bigint-dig v0.7.1
[INFO] [stderr]   Downloaded tui v0.18.0
[INFO] [stderr]   Downloaded flexi_logger v0.22.5
[INFO] [stderr]   Downloaded rustybuzz v0.6.0
[INFO] [stderr]   Downloaded piet v0.7.0-cairo18
[INFO] [stderr]   Downloaded gif v0.11.4
[INFO] running `Command { std: "docker" "create" "-v" "/var/lib/crater-agent-workspace/builds/worker-4-tc1/source:/opt/rustwide/workdir:ro,Z" "-v" "/var/lib/crater-agent-workspace/builds/worker-4-tc1/target:/opt/rustwide/target:rw,Z" "-v" "/var/lib/crater-agent-workspace/cargo-home:/opt/rustwide/cargo-home:ro,Z" "-v" "/var/lib/crater-agent-workspace/rustup-home:/opt/rustwide/rustup-home:ro,Z" "-m" "1610612736" "--network" "none" "ghcr.io/rust-lang/crates-build-env/linux@sha256:77db811e55d90add9212f6832c23229e3de5f1c1f9905e8cb07319ea15df73ac" "sleep" "infinity", kill_on_drop: false }`
[INFO] [stdout] a1f5f60ccc16b7a0c6f090373e306cf012351f9e3171085b117b2cf2e0bf6226
[INFO] running `Command { std: "docker" "start" "a1f5f60ccc16b7a0c6f090373e306cf012351f9e3171085b117b2cf2e0bf6226", kill_on_drop: false }`
[INFO] running `Command { std: "docker" "inspect" "a1f5f60ccc16b7a0c6f090373e306cf012351f9e3171085b117b2cf2e0bf6226", kill_on_drop: false }`
[INFO] running `Command { std: "docker" "exec" "-e" "SOURCE_DIR=/opt/rustwide/workdir" "-e" "CARGO_HOME=/opt/rustwide/cargo-home" "-e" "RUSTUP_HOME=/opt/rustwide/rustup-home" "-e" "CARGO_TARGET_DIR=/opt/rustwide/target" "-w" "/opt/rustwide/workdir" "--user" "0:0" "a1f5f60ccc16b7a0c6f090373e306cf012351f9e3171085b117b2cf2e0bf6226" "/opt/rustwide/cargo-home/bin/cargo" "+3154cc1a3e6424e44f438a95007d043ed5ceaaf6" "metadata" "--no-deps" "--format-version=1", kill_on_drop: false }`
[INFO] running `Command { std: "docker" "inspect" "a1f5f60ccc16b7a0c6f090373e306cf012351f9e3171085b117b2cf2e0bf6226", kill_on_drop: false }`
[INFO] running `Command { std: "docker" "exec" "-e" "SOURCE_DIR=/opt/rustwide/workdir" "-e" "CARGO_HOME=/opt/rustwide/cargo-home" "-e" "RUSTUP_HOME=/opt/rustwide/rustup-home" "-e" "CARGO_TARGET_DIR=/opt/rustwide/target" "-e" "CARGO_INCREMENTAL=0" "-e" "RUST_BACKTRACE=full" "-e" "RUSTFLAGS=--cap-lints=forbid -Znext-solver=coherence" "-e" "RUSTDOCFLAGS=--cap-lints=forbid" "-w" "/opt/rustwide/workdir" "--user" "0:0" "a1f5f60ccc16b7a0c6f090373e306cf012351f9e3171085b117b2cf2e0bf6226" "/opt/rustwide/cargo-home/bin/cargo" "+3154cc1a3e6424e44f438a95007d043ed5ceaaf6" "check" "--frozen" "--all" "--all-targets" "--message-format=json", kill_on_drop: false }`
[INFO] [stderr]    Compiling serde v1.0.229
[INFO] [stderr]    Compiling serde_core v1.0.229
[INFO] [stderr]    Compiling syn v3.0.3
[INFO] [stderr]    Compiling cfg-expr v0.15.8
[INFO] [stderr]     Checking futures-core v0.3.33
[INFO] [stderr]     Checking futures-sink v0.3.33
[INFO] [stderr]    Compiling futures-macro v0.3.33
[INFO] [stderr]    Compiling syn v1.0.109
[INFO] [stderr]     Checking futures-task v0.3.33
[INFO] [stderr]     Checking futures-channel v0.3.33
[INFO] [stderr]     Checking futures-io v0.3.33
[INFO] [stderr]    Compiling num-traits v0.2.19
[INFO] [stderr]    Compiling zerocopy v0.8.55
[INFO] [stderr]    Compiling proc-macro-error-attr v1.0.4
[INFO] [stderr]    Compiling zerocopy-derive v0.8.55
[INFO] [stderr]    Compiling thiserror-impl v1.0.69
[INFO] [stderr]     Checking getrandom v0.2.17
[INFO] [stderr]     Checking rand_core v0.6.4
[INFO] [stderr]     Checking futures-util v0.3.33
[INFO] [stderr]     Checking parking_lot_core v0.9.12
[INFO] [stderr]     Checking zerovec v0.11.6
[INFO] [stderr]     Checking parking_lot v0.12.5
[INFO] [stderr]     Checking subtle v2.4.1
[INFO] [stderr]     Checking mio v1.2.2
[INFO] [stderr]    Compiling zeroize_derive v1.5.0
[INFO] [stderr]     Checking thiserror v1.0.69
[INFO] [stderr]     Checking spin v0.9.9
[INFO] [stderr]     Checking bytemuck v1.25.2
[INFO] [stderr]     Checking lazy_static v1.5.0
[INFO] [stderr]     Checking flate2 v1.1.9
[INFO] [stderr]     Checking zeroize v1.4.3
[INFO] [stderr]     Checking crypto-bigint v0.2.11
[INFO] [stderr]    Compiling gio v0.18.4
[INFO] [stderr]     Checking const-oid v0.6.2
[INFO] [stderr]     Checking universal-hash v0.4.1
[INFO] [stderr]     Checking cipher v0.3.0
[INFO] [stderr]     Checking cmov v0.5.4
[INFO] [stderr]     Checking base64ct v1.1.1
[INFO] [stderr]     Checking poly1305 v0.7.2
[INFO] [stderr]     Checking pem-rfc7468 v0.2.4
[INFO] [stderr]     Checking ctutils v0.4.2
[INFO] [stderr]    Compiling openssl-sys v0.9.117
[INFO] [stderr]     Checking der v0.4.5
[INFO] [stderr]     Checking chacha20 v0.8.2
[INFO] [stderr]     Checking rmp v0.8.15
[INFO] [stderr]     Checking num-integer v0.1.46
[INFO] [stderr]     Checking aead v0.4.3
[INFO] [stderr]    Compiling num-bigint-dig v0.7.1
[INFO] [stderr]     Checking digest v0.11.3
[INFO] [stderr]     Checking num-iter v0.1.46
[INFO] [stderr]     Checking chacha20poly1305 v0.9.1
[INFO] [stderr]     Checking spki v0.4.1
[INFO] [stderr]    Compiling toml_datetime v0.6.3
[INFO] [stderr]    Compiling serde_spanned v0.6.9
[INFO] [stderr]     Checking pkcs1 v0.2.4
[INFO] [stderr]     Checking num_threads v0.1.7
[INFO] [stderr]     Checking zune-core v0.5.1
[INFO] [stderr]    Compiling toml_edit v0.20.2
[INFO] [stderr]    Compiling proc-macro-error v1.0.4
[INFO] [stderr]     Checking pkcs8 v0.7.6
[INFO] [stderr]     Checking zune-jpeg v0.5.15
[INFO] [stderr]     Checking time v0.3.54
[INFO] [stderr]     Checking potential_utf v0.1.5
[INFO] [stderr]     Checking digest v0.9.0
[INFO] [stderr]     Checking aho-corasick v1.1.4
[INFO] [stderr]     Checking futures-executor v0.3.33
[INFO] [stderr]    Compiling tracing-attributes v0.1.31
[INFO] [stderr]     Checking float-cmp v0.9.0
[INFO] [stderr]     Checking moxcms v0.8.1
[INFO] [stderr]    Compiling displaydoc v0.2.7
[INFO] [stderr]    Compiling tokio-macros v2.7.2
[INFO] [stderr]    Compiling serde_derive v1.0.229
[INFO] [stderr]     Checking tracing v0.1.44
[INFO] [stderr]     Checking tinystr v0.8.3
[INFO] [stderr]     Checking tokio v1.53.1
[INFO] [stderr]     Checking icu_locale_core v2.2.0
[INFO] [stderr]     Checking zerotrie v0.2.4
[INFO] [stderr]     Checking unic-langid-impl v0.9.6
[INFO] [stderr]    Compiling toml v0.8.2
[INFO] [stderr]    Compiling proc-macro-crate v2.0.2
[INFO] [stderr]    Compiling system-deps v6.2.2
[INFO] [stderr]     Checking icu_provider v2.2.0
[INFO] [stderr]     Checking icu_collections v2.2.0
[INFO] [stderr]     Checking regex-automata v0.4.16
[INFO] [stderr]     Checking ppv-lite86 v0.2.21
[INFO] [stderr]     Checking half v2.7.1
[INFO] [stderr]    Compiling glib-macros v0.18.5
[INFO] [stderr]     Checking rand_chacha v0.3.1
[INFO] [stderr]     Checking tiff v0.11.3
[INFO] [stderr]    Compiling glib-sys v0.18.1
[INFO] [stderr]    Compiling gobject-sys v0.18.0
[INFO] [stderr]    Compiling gio-sys v0.18.1
[INFO] [stderr]    Compiling cairo-sys-rs v0.18.2
[INFO] [stderr]    Compiling pango-sys v0.18.0
[INFO] [stderr]     Checking rand v0.8.7
[INFO] [stderr]    Compiling gdk-pixbuf-sys v0.18.0
[INFO] [stderr]    Compiling gdk-sys v0.18.2
[INFO] [stderr]    Compiling atk-sys v0.18.2
[INFO] [stderr]    Compiling pangocairo-sys v0.18.0
[INFO] [stderr]    Compiling gtk-sys v0.18.2
[INFO] [stderr]     Checking unic-ucd-bidi v0.9.0
[INFO] [stderr]     Checking png v0.18.1
[INFO] [stderr]     Checking crypto-common v0.1.7
[INFO] [stderr]     Checking atty v0.2.14
[INFO] [stderr]     Checking matches v0.1.10
[INFO] [stderr]     Checking unicode-properties v0.1.4
[INFO] [stderr]    Compiling unicode-general-category v0.6.0
[INFO] [stderr]    Compiling openssl v0.10.81
[INFO] [stderr]     Checking digest v0.10.7
[INFO] [stderr]     Checking unic-bidi v0.9.0
[INFO] [stderr]     Checking stringprep v0.1.5
[INFO] [stderr]     Checking regex v1.13.1
[INFO] [stderr]     Checking unic-langid v0.9.6
[INFO] [stderr]     Checking strict-num v0.1.1
[INFO] [stderr]     Checking http v0.2.12
[INFO] [stderr]    Compiling toml_edit v0.19.15
[INFO] [stderr]     Checking image v0.25.10
[INFO] [stderr]     Checking sha2 v0.11.0
[INFO] [stderr]     Checking rmp-serde v1.3.1
[INFO] [stderr]     Checking tokio-util v0.7.19
[INFO] [stderr]     Checking rsa v0.5.0
[INFO] [stderr]     Checking StreamChat v0.1.0 (/opt/rustwide/workdir)
[INFO] [stderr]     Checking md-5 v0.11.0
[INFO] [stderr]     Checking hmac v0.13.0
[INFO] [stdout] warning: crate `StreamChat` should have a snake case name
[INFO] [stdout]   |
[INFO] [stdout]   = help: convert the identifier to snake case: `stream_chat`
[INFO] [stdout]   = note: `#[warn(non_snake_case)]` (part of `#[warn(nonstandard_style)]`) on by default
[INFO] [stdout] 
[INFO] [stdout] 
[INFO] [stderr]     Checking kurbo v0.11.3
[INFO] [stderr]     Checking mio v0.8.11
[INFO] [stderr]    Compiling indexmap v1.9.3
[INFO] [stderr]    Compiling openssl-macros v0.1.1
[INFO] [stderr]     Checking fallible-iterator v0.2.0
[INFO] [stderr]     Checking glib v0.18.5
[INFO] [stderr]     Checking ttf-parser v0.17.1
[INFO] [stderr]     Checking glob v0.3.4
[INFO] [stderr]     Checking ansi_term v0.12.1
[INFO] [stderr]     Checking postgres-protocol v0.6.12
[INFO] [stderr]     Checking flexi_logger v0.22.5
[INFO] [stderr]    Compiling native-tls v0.2.18
[INFO] [stderr]     Checking signal-hook-mio v0.2.5
[INFO] [stderr]     Checking toml v0.5.11
[INFO] [stderr]    Compiling proc-macro-crate v1.3.1
[INFO] [stderr]     Checking icu_normalizer v2.2.0
[INFO] [stderr]     Checking icu_properties v2.2.0
[INFO] [stderr]     Checking sha2 v0.10.9
[INFO] [stderr]     Checking memmap2 v0.5.10
[INFO] [stderr]    Compiling gtk v0.18.2
[INFO] [stderr]     Checking os_str_bytes v6.6.1
[INFO] [stderr]     Checking xdg v2.5.2
[INFO] [stderr]     Checking xi-unicode v0.3.0
[INFO] [stderr]     Checking unicode-bidi-mirroring v0.1.0
[INFO] [stderr]     Checking unicode-ccc v0.1.2
[INFO] [stderr]     Checking xmlparser v0.13.6
[INFO] [stderr]     Checking hashbrown v0.12.3
[INFO] [stderr]     Checking piet v0.7.0-cairo18
[INFO] [stderr]     Checking rustybuzz v0.6.0
[INFO] [stderr]    Compiling gtk3-macros v0.18.2
[INFO] [stderr]     Checking roxmltree v0.15.1
[INFO] [stderr]     Checking clap_lex v0.2.4
[INFO] [stderr]     Checking type-map v0.5.1
[INFO] [stderr]     Checking tiny-skia-path v0.8.4
[INFO] [stderr]     Checking idna_adapter v1.2.2
[INFO] [stderr]     Checking svgtypes v0.8.2
[INFO] [stderr]     Checking fontdb v0.9.3
[INFO] [stderr]     Checking postgres-types v0.2.14
[INFO] [stderr]     Checking phf v0.13.1
[INFO] [stderr]     Checking crossterm v0.23.2
[INFO] [stderr]     Checking h2 v0.3.27
[INFO] [stderr]     Checking http-body v0.4.6
[INFO] [stderr]    Compiling clap_derive v3.2.25
[INFO] [stderr]    Compiling async-trait v0.1.91
[INFO] [stderr]     Checking kurbo v0.8.3
[INFO] [stderr]     Checking png v0.17.16
[INFO] [stderr]     Checking rgb v0.8.53
[INFO] [stderr]     Checking simplecss v0.2.2
[INFO] [stderr]     Checking bitmaps v2.1.0
[INFO] [stderr]     Checking socket2 v0.5.10
[INFO] [stderr]     Checking whoami v2.1.2
[INFO] [stderr]    Compiling im v15.1.0
[INFO] [stderr]     Checking rctree v0.5.0
[INFO] [stderr]     Checking unicode-vo v0.1.0
[INFO] [stderr]     Checking xmlwriter v0.1.0
[INFO] [stderr]     Checking data-url v0.2.0
[INFO] [stderr]     Checking pico-args v0.5.0
[INFO] [stderr]    Compiling druid-shell v0.8.3 (https://github.com/linebender/druid.git#0f8b1195)
[INFO] [stderr]     Checking textwrap v0.16.2
[INFO] [stderr]     Checking tiny-skia v0.8.4
[INFO] [stderr]     Checking tui v0.18.0
[INFO] [stderr]     Checking chrono v0.4.45
[INFO] [stderr]     Checking sized-chunks v0.6.5
[INFO] [stderr]     Checking usvg v0.25.0
[INFO] [stderr]     Checking clap v3.2.25
[INFO] [stderr]     Checking self_cell v0.10.3
[INFO] [stderr]     Checking tokio-postgres v0.7.18
[INFO] [stderr]     Checking svgfilters v0.4.0
[INFO] [stderr]     Checking hyper v0.14.32
[INFO] [stderr]     Checking tokio-native-tls v0.3.1
[INFO] [stderr]     Checking idna v1.1.0
[INFO] [stderr]     Checking intl-memoizer v0.5.3
[INFO] [stderr]     Checking fluent-langneg v0.13.1
[INFO] [stderr]     Checking intl_pluralrules v7.0.2
[INFO] [stderr]     Checking futures v0.3.33
[INFO] [stderr]     Checking gif v0.11.4
[INFO] [stderr]     Checking sharded-slab v0.1.7
[INFO] [stderr]     Checking keyboard-types v0.6.2
[INFO] [stderr]     Checking fluent-syntax v0.11.1
[INFO] [stderr]     Checking rand_xoshiro v0.6.0
[INFO] [stderr]     Checking instant v0.1.13
[INFO] [stderr]     Checking jpeg-decoder v0.3.2
[INFO] [stderr]     Checking cairo-rs v0.18.5
[INFO] [stderr]     Checking atk v0.18.2
[INFO] [stderr]     Checking resvg v0.25.0
[INFO] [stderr]     Checking tracing-subscriber v0.3.23
[INFO] [stderr]     Checking fluent-bundle v0.15.3
[INFO] [stderr]     Checking serde_urlencoded v0.7.1
[INFO] [stderr]     Checking url v2.5.8
[INFO] [stderr]    Compiling druid-derive v0.5.1 (https://github.com/linebender/druid.git#0f8b1195)
[INFO] [stderr]     Checking server v0.1.0 (/opt/rustwide/workdir/server)
[INFO] [stderr]     Checking client v0.1.0 (/opt/rustwide/workdir/client)
[INFO] [stdout] warning: use of deprecated method `chrono::TimeZone::timestamp`: use `timestamp_opt()` instead
[INFO] [stdout]    --> client/src/main.rs:251:42
[INFO] [stdout]     |
[INFO] [stdout] 251 |                 let time = chrono::Local.timestamp(time as i64, 0);
[INFO] [stdout]     |                                          ^^^^^^^^^
[INFO] [stdout]     |
[INFO] [stdout]     = note: `#[warn(deprecated)]` on by default
[INFO] [stdout] 
[INFO] [stdout] 
[INFO] [stdout] warning: use of deprecated method `chrono::TimeZone::timestamp`: use `timestamp_opt()` instead
[INFO] [stdout]    --> client/src/main.rs:269:42
[INFO] [stdout]     |
[INFO] [stdout] 269 |                 let time = chrono::Local.timestamp(im.time as i64, 0);
[INFO] [stdout]     |                                          ^^^^^^^^^
[INFO] [stdout] 
[INFO] [stdout] 
[INFO] [stdout] warning: use of deprecated method `chrono::TimeZone::timestamp`: use `timestamp_opt()` instead
[INFO] [stdout]    --> client/src/main.rs:251:42
[INFO] [stdout]     |
[INFO] [stdout] 251 |                 let time = chrono::Local.timestamp(time as i64, 0);
[INFO] [stdout]     |                                          ^^^^^^^^^
[INFO] [stdout]     |
[INFO] [stdout]     = note: `#[warn(deprecated)]` on by default
[INFO] [stdout] 
[INFO] [stdout] 
[INFO] [stdout] warning: use of deprecated method `chrono::TimeZone::timestamp`: use `timestamp_opt()` instead
[INFO] [stdout]    --> client/src/main.rs:269:42
[INFO] [stdout]     |
[INFO] [stdout] 269 |                 let time = chrono::Local.timestamp(im.time as i64, 0);
[INFO] [stdout]     |                                          ^^^^^^^^^
[INFO] [stdout] 
[INFO] [stdout] 
[INFO] [stdout] error[E0433]: cannot find type `StreamChat_server` in this scope
[INFO] [stdout]  --> server/src/main.rs:5:5
[INFO] [stdout]   |
[INFO] [stdout] 5 | use StreamChat_server::channel::StreamChatChannel;
[INFO] [stdout]   |     ^^^^^^^^^^^^^^^^^ use of undeclared type `StreamChat_server`
[INFO] [stdout] 
[INFO] [stdout] 
[INFO] [stdout] error[E0433]: cannot find type `StreamChat_server` in this scope
[INFO] [stdout]  --> server/src/main.rs:6:5
[INFO] [stdout]   |
[INFO] [stdout] 6 | use StreamChat_server::connection::ConnectionWrapper;
[INFO] [stdout]   |     ^^^^^^^^^^^^^^^^^ use of undeclared type `StreamChat_server`
[INFO] [stdout] 
[INFO] [stdout] 
[INFO] [stdout] error[E0433]: cannot find type `StreamChat_server` in this scope
[INFO] [stdout]  --> server/src/tui.rs:1:5
[INFO] [stdout]   |
[INFO] [stdout] 1 | use StreamChat_server::commands::ChannelCommand;
[INFO] [stdout]   |     ^^^^^^^^^^^^^^^^^ use of undeclared type `StreamChat_server`
[INFO] [stdout] 
[INFO] [stdout] 
[INFO] [stdout] error[E0433]: cannot find type `StreamChat_server` in this scope
[INFO] [stdout]  --> server/src/main.rs:5:5
[INFO] [stdout]   |
[INFO] [stdout] 5 | use StreamChat_server::channel::StreamChatChannel;
[INFO] [stdout]   |     ^^^^^^^^^^^^^^^^^ use of undeclared type `StreamChat_server`
[INFO] [stdout] 
[INFO] [stdout] 
[INFO] [stdout] error[E0433]: cannot find type `StreamChat_server` in this scope
[INFO] [stdout]  --> server/src/main.rs:6:5
[INFO] [stdout]   |
[INFO] [stdout] 6 | use StreamChat_server::connection::ConnectionWrapper;
[INFO] [stdout]   |     ^^^^^^^^^^^^^^^^^ use of undeclared type `StreamChat_server`
[INFO] [stdout] 
[INFO] [stdout] 
[INFO] [stdout] error[E0433]: cannot find type `StreamChat_server` in this scope
[INFO] [stdout]  --> server/src/tui.rs:1:5
[INFO] [stdout]   |
[INFO] [stdout] 1 | use StreamChat_server::commands::ChannelCommand;
[INFO] [stdout]   |     ^^^^^^^^^^^^^^^^^ use of undeclared type `StreamChat_server`
[INFO] [stdout] 
[INFO] [stdout] 
[INFO] [stdout] error[E0433]: cannot find type `StreamChat_server` in this scope
[INFO] [stdout]   --> server/src/main.rs:72:18
[INFO] [stdout]    |
[INFO] [stdout] 72 |     let config = StreamChat_server::config::load_config();
[INFO] [stdout]    |                  ^^^^^^^^^^^^^^^^^ use of undeclared type `StreamChat_server`
[INFO] [stdout]    |
[INFO] [stdout] help: consider importing this module
[INFO] [stdout]    |
[INFO] [stdout]  1 + use server::config;
[INFO] [stdout]    |
[INFO] [stdout] help: if you import `config`, refer to it directly
[INFO] [stdout]    |
[INFO] [stdout] 72 -     let config = StreamChat_server::config::load_config();
[INFO] [stdout] 72 +     let config = config::load_config();
[INFO] [stdout]    |
[INFO] [stdout] 
[INFO] [stdout] 
[INFO] [stderr]     Checking hyper-tls v0.5.0
[INFO] [stdout] error[E0433]: cannot find type `StreamChat_server` in this scope
[INFO] [stdout]   --> server/src/main.rs:72:18
[INFO] [stdout]    |
[INFO] [stdout] 72 |     let config = StreamChat_server::config::load_config();
[INFO] [stdout]    |                  ^^^^^^^^^^^^^^^^^ use of undeclared type `StreamChat_server`
[INFO] [stdout]    |
[INFO] [stdout] help: consider importing this module
[INFO] [stdout]    |
[INFO] [stdout]  1 + use server::config;
[INFO] [stdout]    |
[INFO] [stdout] help: if you import `config`, refer to it directly
[INFO] [stdout]    |
[INFO] [stdout] 72 -     let config = StreamChat_server::config::load_config();
[INFO] [stdout] 72 +     let config = config::load_config();
[INFO] [stdout]    |
[INFO] [stdout] 
[INFO] [stdout] 
[INFO] [stderr]     Checking reqwest v0.11.27
[INFO] [stdout] warning: method call on a diverging inference variable
[INFO] [stdout]    --> server/src/main.rs:108:40
[INFO] [stdout]     |
[INFO] [stdout] 108 |                         res = listener.accept() => {
[INFO] [stdout]     |                                        ^^^^^^
[INFO] [stdout]     |
[INFO] [stdout]     = help: consider providing a type annotation
[INFO] [stdout]     = warning: this was previously accepted by the compiler but is being phased out; it will become a hard error in a future release!
[INFO] [stdout]     = note: for more information, see issue #156047 <https://github.com/rust-lang/rust/issues/156047>
[INFO] [stdout]     = note: `#[warn(method_call_on_diverging_infer_var)]` (part of `#[warn(future_incompatible)]`) on by default
[INFO] [stdout] 
[INFO] [stdout] 
[INFO] [stdout] warning: method call on a diverging inference variable
[INFO] [stdout]    --> server/src/main.rs:108:40
[INFO] [stdout]     |
[INFO] [stdout] 108 |                         res = listener.accept() => {
[INFO] [stdout]     |                                        ^^^^^^
[INFO] [stdout]     |
[INFO] [stdout]     = help: consider providing a type annotation
[INFO] [stdout]     = warning: this was previously accepted by the compiler but is being phased out; it will become a hard error in a future release!
[INFO] [stdout]     = note: for more information, see issue #156047 <https://github.com/rust-lang/rust/issues/156047>
[INFO] [stdout]     = note: `#[warn(method_call_on_diverging_infer_var)]` (part of `#[warn(future_incompatible)]`) on by default
[INFO] [stdout] 
[INFO] [stdout] 
[INFO] [stdout] error[E0599]: no method named `accept` found for type `!` in the current scope
[INFO] [stdout]    --> server/src/main.rs:108:40
[INFO] [stdout]     |
[INFO] [stdout] 108 |                         res = listener.accept() => {
[INFO] [stdout]     |                                        ^^^^^^ method not found in `!`
[INFO] [stdout] 
[INFO] [stdout] 
[INFO] [stdout] warning: method call on a diverging inference variable
[INFO] [stdout]    --> server/src/main.rs:109:54
[INFO] [stdout]     |
[INFO] [stdout] 109 | ...                   let (socket, addr) = res.unwrap();
[INFO] [stdout]     |                                                ^^^^^^
[INFO] [stdout]     |
[INFO] [stdout]     = help: consider providing a type annotation
[INFO] [stdout]     = warning: this was previously accepted by the compiler but is being phased out; it will become a hard error in a future release!
[INFO] [stdout]     = note: for more information, see issue #156047 <https://github.com/rust-lang/rust/issues/156047>
[INFO] [stdout] 
[INFO] [stdout] 
[INFO] [stdout] error[E0599]: no method named `accept` found for type `!` in the current scope
[INFO] [stdout]    --> server/src/main.rs:108:40
[INFO] [stdout]     |
[INFO] [stdout] 108 |                         res = listener.accept() => {
[INFO] [stdout]     |                                        ^^^^^^ method not found in `!`
[INFO] [stdout] 
[INFO] [stdout] 
[INFO] [stdout] warning: method call on a diverging inference variable
[INFO] [stdout]    --> server/src/main.rs:109:54
[INFO] [stdout]     |
[INFO] [stdout] 109 | ...                   let (socket, addr) = res.unwrap();
[INFO] [stdout]     |                                                ^^^^^^
[INFO] [stdout]     |
[INFO] [stdout]     = help: consider providing a type annotation
[INFO] [stdout]     = warning: this was previously accepted by the compiler but is being phased out; it will become a hard error in a future release!
[INFO] [stdout]     = note: for more information, see issue #156047 <https://github.com/rust-lang/rust/issues/156047>
[INFO] [stdout] 
[INFO] [stdout] 
[INFO] [stdout] error[E0599]: no method named `unwrap` found for type `!` in the current scope
[INFO] [stdout]    --> server/src/main.rs:109:54
[INFO] [stdout]     |
[INFO] [stdout] 109 | ...                   let (socket, addr) = res.unwrap();
[INFO] [stdout]     |                                                ^^^^^^ method not found in `!`
[INFO] [stdout] 
[INFO] [stdout] 
[INFO] [stdout] error[E0599]: no method named `unwrap` found for type `!` in the current scope
[INFO] [stdout]    --> server/src/main.rs:109:54
[INFO] [stdout]     |
[INFO] [stdout] 109 | ...                   let (socket, addr) = res.unwrap();
[INFO] [stdout]     |                                                ^^^^^^ method not found in `!`
[INFO] [stdout] 
[INFO] [stdout] 
[INFO] [stdout] error[E0599]: no method named `accept` found for type `!` in the current scope
[INFO] [stdout]    --> server/src/main.rs:128:51
[INFO] [stdout]     |
[INFO] [stdout] 128 |                     let (socket, addr) = listener.accept().await.unwrap();
[INFO] [stdout]     |                                                   ^^^^^^ method not found in `!`
[INFO] [stdout] 
[INFO] [stdout] 
[INFO] [stdout] warning: unreachable call
[INFO] [stdout]    --> server/src/main.rs:128:51
[INFO] [stdout]     |
[INFO] [stdout] 128 |                     let (socket, addr) = listener.accept().await.unwrap();
[INFO] [stdout]     |                                          -------- ^^^^^^ unreachable call
[INFO] [stdout]     |                                          |
[INFO] [stdout]     |                                          any code following this expression is unreachable
[INFO] [stdout]     |
[INFO] [stdout]     = note: `#[warn(unreachable_code)]` (part of `#[warn(unused)]`) on by default
[INFO] [stdout] 
[INFO] [stdout] 
[INFO] [stdout] error[E0599]: no method named `accept` found for type `!` in the current scope
[INFO] [stdout]    --> server/src/main.rs:128:51
[INFO] [stdout]     |
[INFO] [stdout] 128 |                     let (socket, addr) = listener.accept().await.unwrap();
[INFO] [stdout]     |                                                   ^^^^^^ method not found in `!`
[INFO] [stdout] 
[INFO] [stdout] 
[INFO] [stdout] warning: unreachable call
[INFO] [stdout]    --> server/src/main.rs:128:51
[INFO] [stdout]     |
[INFO] [stdout] 128 |                     let (socket, addr) = listener.accept().await.unwrap();
[INFO] [stdout]     |                                          -------- ^^^^^^ unreachable call
[INFO] [stdout]     |                                          |
[INFO] [stdout]     |                                          any code following this expression is unreachable
[INFO] [stdout]     |
[INFO] [stdout]     = note: `#[warn(unreachable_code)]` (part of `#[warn(unused)]`) on by default
[INFO] [stdout] 
[INFO] [stdout] 
[INFO] [stdout] Some errors have detailed explanations: E0433, E0599.
[INFO] [stdout] 
[INFO] [stdout] For more information about an error, try `rustc --explain E0433`.
[INFO] [stdout] 
[INFO] [stderr] error: could not compile `server` (bin "server" test) due to 7 previous errors; 5 warnings emitted
[INFO] [stderr] warning: build failed, waiting for other jobs to finish...
[INFO] [stdout] Some errors have detailed explanations: E0433, E0599.
[INFO] [stdout] 
[INFO] [stdout] For more information about an error, try `rustc --explain E0433`.
[INFO] [stdout] 
[INFO] [stderr] error: could not compile `server` (bin "server") due to 7 previous errors; 5 warnings emitted
[INFO] running `Command { std: "docker" "inspect" "a1f5f60ccc16b7a0c6f090373e306cf012351f9e3171085b117b2cf2e0bf6226", kill_on_drop: false }`
[INFO] running `Command { std: "docker" "rm" "-f" "a1f5f60ccc16b7a0c6f090373e306cf012351f9e3171085b117b2cf2e0bf6226", kill_on_drop: false }`
[INFO] [stdout] a1f5f60ccc16b7a0c6f090373e306cf012351f9e3171085b117b2cf2e0bf6226
