[INFO] cloning repository https://github.com/4beru/formicarium
[INFO] running `Command { std: "git" "-c" "credential.helper=" "-c" "credential.helper=/workspace/cargo-home/bin/git-credential-null" "clone" "--bare" "https://github.com/4beru/formicarium" "/workspace/cache/git-repos/https%3A%2F%2Fgithub.com%2F4beru%2Fformicarium", kill_on_drop: false }`
[INFO] [stderr] Cloning into bare repository '/workspace/cache/git-repos/https%3A%2F%2Fgithub.com%2F4beru%2Fformicarium'...
[INFO] running `Command { std: "git" "rev-parse" "HEAD", kill_on_drop: false }`
[INFO] [stdout] 90318b05d3845c2356aff1c66ce56d16509b0b2d
[INFO] checking 4beru/formicarium against 3154cc1a3e6424e44f438a95007d043ed5ceaaf6+rustflags=-Znext-solver=coherence for pr-133502-30
[INFO] running `Command { std: "git" "clone" "/workspace/cache/git-repos/https%3A%2F%2Fgithub.com%2F4beru%2Fformicarium" "/workspace/builds/worker-2-tc1/source", kill_on_drop: false }`
[INFO] [stderr] Cloning into '/workspace/builds/worker-2-tc1/source'...
[INFO] [stderr] done.
[INFO] started tweaking git repo https://github.com/4beru/formicarium
[INFO] finished tweaking git repo https://github.com/4beru/formicarium
[INFO] tweaked toml for git repo https://github.com/4beru/formicarium written to /workspace/builds/worker-2-tc1/source/Cargo.toml
[INFO] validating manifest of git repo https://github.com/4beru/formicarium on toolchain 3154cc1a3e6424e44f438a95007d043ed5ceaaf6
[INFO] running `Command { std: CARGO_HOME="/workspace/cargo-home" RUSTUP_HOME="/workspace/rustup-home" "/workspace/cargo-home/bin/cargo" "+3154cc1a3e6424e44f438a95007d043ed5ceaaf6" "metadata" "--manifest-path" "Cargo.toml" "--no-deps", kill_on_drop: false }`
[INFO] crate git repo https://github.com/4beru/formicarium already has a lockfile, it will not be regenerated
[INFO] running `Command { std: CARGO_HOME="/workspace/cargo-home" RUSTUP_HOME="/workspace/rustup-home" "/workspace/cargo-home/bin/cargo" "+3154cc1a3e6424e44f438a95007d043ed5ceaaf6" "fetch" "--manifest-path" "Cargo.toml", kill_on_drop: false }`
[INFO] [stderr]     Updating crates.io index
[INFO] [stderr]  Downloading crates ...
[INFO] [stderr]   Downloaded serde_derive v1.0.133
[INFO] [stderr]   Downloaded serde v1.0.133
[INFO] [stderr]   Downloaded xdg v2.4.0
[INFO] [stderr]   Downloaded dirs-sys v0.3.6
[INFO] [stderr]   Downloaded redox_users v0.4.0
[INFO] [stderr]   Downloaded raw-window-handle v0.4.2
[INFO] [stderr]   Downloaded dirs v3.0.2
[INFO] [stderr]   Downloaded semeion v0.9.1
[INFO] [stderr]   Downloaded ndk-glue v0.3.0
[INFO] [stderr]   Downloaded once_cell v1.9.0
[INFO] [stderr]   Downloaded num_enum v0.5.6
[INFO] [stderr]   Downloaded num_enum_derive v0.5.6
[INFO] [stderr]   Downloaded proc-macro-crate v1.1.0
[INFO] [stderr]   Downloaded crossbeam-queue v0.3.3
[INFO] [stderr]   Downloaded crossbeam v0.8.1
[INFO] [stderr]   Downloaded libloading v0.7.2
[INFO] [stderr]   Downloaded mio-misc v1.2.2
[INFO] [stderr]   Downloaded bzip2 v0.4.3
[INFO] [stderr]   Downloaded pkg-config v0.3.24
[INFO] [stderr]   Downloaded fastrand v1.6.0
[INFO] [stderr]   Downloaded crossbeam-utils v0.8.6
[INFO] [stderr]   Downloaded crossbeam-epoch v0.9.6
[INFO] [stderr]   Downloaded zip v0.5.13
[INFO] [stderr]   Downloaded skeptic v0.13.6
[INFO] [stderr]   Downloaded ndk v0.3.0
[INFO] [stderr]   Downloaded core-foundation v0.9.2
[INFO] [stderr]   Downloaded serde_json v1.0.74
[INFO] [stderr]   Downloaded crossbeam-channel v0.5.2
[INFO] [stderr]   Downloaded nom v7.1.0
[INFO] [stderr]   Downloaded cargo_metadata v0.12.3
[INFO] [stderr]   Downloaded semver-parser v0.10.2
[INFO] [stderr]   Downloaded bytecount v0.6.2
[INFO] [stderr]   Downloaded minimp3 v0.5.1
[INFO] [stderr]   Downloaded syn v1.0.85
[INFO] [stderr]   Downloaded slice-deque v0.3.0
[INFO] [stderr]   Downloaded minimp3-sys v0.3.2
[INFO] [stderr]   Downloaded tinyvec v1.5.1
[INFO] [stderr]   Downloaded hound v3.4.0
[INFO] [stderr]   Downloaded wasm-bindgen-macro v0.2.78
[INFO] [stderr]   Downloaded wasm-bindgen-macro-support v0.2.78
[INFO] [stderr]   Downloaded wasm-bindgen-shared v0.2.78
[INFO] [stderr]   Downloaded wasm-bindgen-backend v0.2.78
[INFO] [stderr]   Downloaded ndk-glue v0.6.0
[INFO] [stderr]   Downloaded js-sys v0.3.55
[INFO] [stderr]   Downloaded ggez v0.7.0
[INFO] [stderr]   Downloaded oboe v0.4.5
[INFO] [stderr]   Downloaded cpal v0.13.4
[INFO] [stderr]   Downloaded wasm-bindgen v0.2.78
[INFO] [stderr]   Downloaded darling_macro v0.13.1
[INFO] [stderr]   Downloaded darling v0.13.1
[INFO] [stderr]   Downloaded winit v0.25.0
[INFO] [stderr]   Downloaded darling_core v0.13.1
[INFO] [stderr]   Downloaded combine v4.6.2
[INFO] [stderr]   Downloaded web-sys v0.3.55
[INFO] [stderr]   Downloaded claxon v0.4.3
[INFO] [stderr]   Downloaded old_school_gfx_glutin_ext v0.27.0
[INFO] [stderr]   Downloaded glutin v0.27.0
[INFO] [stderr]   Downloaded coreaudio-sys v0.2.8
[INFO] [stderr]   Downloaded shlex v0.1.1
[INFO] [stderr]   Downloaded clang-sys v1.3.0
[INFO] [stderr]   Downloaded cexpr v0.4.0
[INFO] [stderr]   Downloaded alsa v0.5.0
[INFO] [stderr]   Downloaded bindgen v0.56.0
[INFO] [stderr]   Downloaded lyon v0.17.10
[INFO] [stderr]   Downloaded sid v0.6.1
[INFO] [stderr]   Downloaded mint v0.5.8
[INFO] [stderr]   Downloaded lyon_path v0.17.7
[INFO] [stderr]   Downloaded float_next_after v0.1.5
[INFO] [stderr]   Downloaded lyon_geom v0.17.6
[INFO] [stderr]   Downloaded lyon_algorithms v0.17.7
[INFO] [stderr]   Downloaded lyon_tessellation v0.17.10
[INFO] [stderr]   Downloaded euclid v0.22.6
[INFO] [stderr]   Downloaded weezl v0.1.5
[INFO] [stderr]   Downloaded rodio v0.14.0
[INFO] [stderr]   Downloaded gif v0.11.3
[INFO] [stderr]   Downloaded ordered-float v2.10.0
[INFO] [stderr]   Downloaded approx v0.5.0
[INFO] [stderr]   Downloaded ab_glyph v0.2.13
[INFO] [stderr]   Downloaded owned_ttf_parser v0.14.0
[INFO] [stderr]   Downloaded linked-hash-map v0.5.4
[INFO] [stderr]   Downloaded glyph_brush v0.7.3
[INFO] [stderr]   Downloaded twox-hash v1.6.2
[INFO] [stderr]   Downloaded ttf-parser v0.14.0
[INFO] [stderr]   Downloaded glyph_brush_draw_cache v0.1.5
[INFO] [stderr]   Downloaded bytemuck v1.7.3
[INFO] [stderr]   Downloaded glam v0.20.2
[INFO] [stderr]   Downloaded sha1 v0.6.0
[INFO] [stderr]   Downloaded base-x v0.2.8
[INFO] [stderr]   Downloaded directories v3.0.2
[INFO] running `Command { std: "docker" "create" "-v" "/var/lib/crater-agent-workspace/builds/worker-2-tc1/source:/opt/rustwide/workdir:ro,Z" "-v" "/var/lib/crater-agent-workspace/builds/worker-2-tc1/target:/opt/rustwide/target:rw,Z" "-v" "/var/lib/crater-agent-workspace/cargo-home:/opt/rustwide/cargo-home:ro,Z" "-v" "/var/lib/crater-agent-workspace/rustup-home:/opt/rustwide/rustup-home:ro,Z" "-m" "1610612736" "--network" "none" "ghcr.io/rust-lang/crates-build-env/linux@sha256:77db811e55d90add9212f6832c23229e3de5f1c1f9905e8cb07319ea15df73ac" "sleep" "infinity", kill_on_drop: false }`
[INFO] [stdout] 525cb15aa1d2bce670c4aa20458cc083dd6d0dff5ed060ec3f409bee6b4da516
[INFO] running `Command { std: "docker" "start" "525cb15aa1d2bce670c4aa20458cc083dd6d0dff5ed060ec3f409bee6b4da516", kill_on_drop: false }`
[INFO] running `Command { std: "docker" "inspect" "525cb15aa1d2bce670c4aa20458cc083dd6d0dff5ed060ec3f409bee6b4da516", kill_on_drop: false }`
[INFO] running `Command { std: "docker" "exec" "-e" "SOURCE_DIR=/opt/rustwide/workdir" "-e" "CARGO_HOME=/opt/rustwide/cargo-home" "-e" "RUSTUP_HOME=/opt/rustwide/rustup-home" "-e" "CARGO_TARGET_DIR=/opt/rustwide/target" "-w" "/opt/rustwide/workdir" "--user" "0:0" "525cb15aa1d2bce670c4aa20458cc083dd6d0dff5ed060ec3f409bee6b4da516" "/opt/rustwide/cargo-home/bin/cargo" "+3154cc1a3e6424e44f438a95007d043ed5ceaaf6" "metadata" "--no-deps" "--format-version=1", kill_on_drop: false }`
[INFO] running `Command { std: "docker" "inspect" "525cb15aa1d2bce670c4aa20458cc083dd6d0dff5ed060ec3f409bee6b4da516", kill_on_drop: false }`
[INFO] running `Command { std: "docker" "exec" "-e" "SOURCE_DIR=/opt/rustwide/workdir" "-e" "CARGO_HOME=/opt/rustwide/cargo-home" "-e" "RUSTUP_HOME=/opt/rustwide/rustup-home" "-e" "CARGO_TARGET_DIR=/opt/rustwide/target" "-e" "CARGO_INCREMENTAL=0" "-e" "RUST_BACKTRACE=full" "-e" "RUSTFLAGS=--cap-lints=forbid -Znext-solver=coherence" "-e" "RUSTDOCFLAGS=--cap-lints=forbid" "-w" "/opt/rustwide/workdir" "--user" "0:0" "525cb15aa1d2bce670c4aa20458cc083dd6d0dff5ed060ec3f409bee6b4da516" "/opt/rustwide/cargo-home/bin/cargo" "+3154cc1a3e6424e44f438a95007d043ed5ceaaf6" "check" "--frozen" "--all" "--all-targets" "--message-format=json", kill_on_drop: false }`
[INFO] [stderr]    Compiling libc v0.2.112
[INFO] [stderr]    Compiling proc-macro2 v1.0.36
[INFO] [stderr]    Compiling pkg-config v0.3.24
[INFO] [stderr]    Compiling xml-rs v0.8.4
[INFO] [stderr]    Compiling syn v1.0.85
[INFO] [stderr]    Compiling num-traits v0.2.14
[INFO] [stderr]    Compiling memoffset v0.6.5
[INFO] [stderr]    Compiling crossbeam-utils v0.8.6
[INFO] [stderr]    Compiling log v0.4.14
[INFO] [stderr]    Compiling serde_derive v1.0.133
[INFO] [stderr]    Compiling crossbeam-epoch v0.9.6
[INFO] [stderr]    Compiling serde v1.0.133
[INFO] [stderr]    Compiling wayland-sys v0.28.6
[INFO] [stderr]     Checking libloading v0.7.2
[INFO] [stderr]    Compiling gl_generator v0.14.0
[INFO] [stderr]     Checking crossbeam-channel v0.5.2
[INFO] [stderr]     Checking crossbeam-deque v0.8.1
[INFO] [stderr]     Checking dlib v0.5.0
[INFO] [stderr]    Compiling cc v1.0.72
[INFO] [stderr]     Checking ab_glyph_rasterizer v0.1.5
[INFO] [stderr]    Compiling quote v1.0.14
[INFO] [stderr]     Checking once_cell v1.9.0
[INFO] [stderr]    Compiling nom v7.1.0
[INFO] [stderr]    Compiling wayland-scanner v0.28.6
[INFO] [stderr]     Checking downcast-rs v1.2.0
[INFO] [stderr]     Checking scoped-tls v1.0.0
[INFO] [stderr]     Checking nix v0.20.0
[INFO] [stderr]     Checking dirs-sys v0.3.6
[INFO] [stderr]    Compiling rayon-core v1.9.1
[INFO] [stderr]    Compiling crossbeam-queue v0.3.3
[INFO] [stderr]    Compiling nix v0.18.0
[INFO] [stderr]     Checking byteorder v1.4.3
[INFO] [stderr]     Checking ttf-parser v0.6.2
[INFO] [stderr]     Checking dirs v3.0.2
[INFO] [stderr]     Checking parking_lot_core v0.8.5
[INFO] [stderr]    Compiling x11-dl v2.19.1
[INFO] [stderr]    Compiling serde_json v1.0.74
[INFO] [stderr]     Checking walkdir v2.3.2
[INFO] [stderr]    Compiling unicase v2.6.0
[INFO] [stderr]     Checking parking_lot v0.11.2
[INFO] [stderr]     Checking xdg v2.4.0
[INFO] [stderr]    Compiling semver-parser v0.10.2
[INFO] [stderr]     Checking getrandom v0.2.3
[INFO] [stderr]     Checking num_cpus v1.13.1
[INFO] [stderr]     Checking euclid v0.22.6
[INFO] [stderr]     Checking owned_ttf_parser v0.6.0
[INFO] [stderr]     Checking rusttype v0.9.2
[INFO] [stderr]    Compiling wayland-client v0.28.6
[INFO] [stderr]    Compiling wayland-protocols v0.28.6
[INFO] [stderr]    Compiling alsa-sys v0.3.1
[INFO] [stderr]    Compiling error-chain v0.12.4
[INFO] [stderr]    Compiling rayon v1.5.1
[INFO] [stderr]    Compiling num-integer v0.1.44
[INFO] [stderr]     Checking libloading v0.6.7
[INFO] [stderr]     Checking xcursor v0.3.4
[INFO] [stderr]    Compiling itoa v1.0.1
[INFO] [stderr]    Compiling pulldown-cmark v0.8.0
[INFO] [stderr]     Checking ttf-parser v0.14.0
[INFO] [stderr]    Compiling ryu v1.0.9
[INFO] [stderr]     Checking arrayvec v0.5.2
[INFO] [stderr]    Compiling crc32fast v1.3.0
[INFO] [stderr]     Checking cty v0.2.2
[INFO] [stderr]     Checking lyon_geom v0.17.6
[INFO] [stderr]     Checking raw-window-handle v0.4.2
[INFO] [stderr]     Checking andrew v0.3.1
[INFO] [stderr]     Checking dlib v0.4.2
[INFO] [stderr]     Checking rand_core v0.6.3
[INFO] [stderr]     Checking crossbeam v0.8.1
[INFO] [stderr]     Checking wayland-commons v0.28.6
[INFO] [stderr]    Compiling minimp3-sys v0.3.2
[INFO] [stderr]    Compiling bzip2-sys v0.1.11+1.0.8
[INFO] [stderr]    Compiling glutin_egl_sys v0.1.5
[INFO] [stderr]     Checking owned_ttf_parser v0.14.0
[INFO] [stderr]     Checking calloop v0.6.5
[INFO] [stderr]    Compiling glutin_glx_sys v0.1.7
[INFO] [stderr]    Compiling gfx_gl v0.6.1
[INFO] [stderr]     Checking mio v0.7.14
[INFO] [stderr]     Checking memmap2 v0.1.0
[INFO] [stderr]    Compiling libudev-sys v0.1.4
[INFO] [stderr]    Compiling miniz_oxide v0.4.4
[INFO] [stderr]     Checking draw_state v0.8.0
[INFO] [stderr]     Checking either v1.6.1
[INFO] [stderr]    Compiling winit v0.25.0
[INFO] [stderr]     Checking adler32 v1.2.0
[INFO] [stderr]    Compiling fastrand v1.6.0
[INFO] [stderr]     Checking gfx_core v0.9.2
[INFO] [stderr]    Compiling tempfile v3.3.0
[INFO] [stderr]     Checking wayland-cursor v0.28.6
[INFO] [stderr]     Checking rand_chacha v0.3.1
[INFO] [stderr]    Compiling thiserror-impl v1.0.30
[INFO] [stderr]     Checking mio-misc v1.2.2
[INFO] [stderr]     Checking ab_glyph v0.2.13
[INFO] [stderr]     Checking lyon_path v0.17.7
[INFO] [stderr]     Checking thiserror v1.0.30
[INFO] [stderr]     Checking raw-window-handle v0.3.4
[INFO] [stderr]     Checking shared_library v0.1.9
[INFO] [stderr]    Compiling num-iter v0.1.42
[INFO] [stderr]    Compiling num-rational v0.3.2
[INFO] [stderr]    Compiling cpal v0.13.4
[INFO] [stderr]     Checking tinyvec_macros v0.1.0
[INFO] [stderr]     Checking adler v1.0.2
[INFO] [stderr]    Compiling bytecount v0.6.2
[INFO] [stderr]     Checking weezl v0.1.5
[INFO] [stderr]     Checking tinyvec v1.5.1
[INFO] [stderr]     Checking osmesa-sys v0.1.2
[INFO] [stderr]     Checking alsa v0.5.0
[INFO] [stderr]     Checking rand v0.8.4
[INFO] [stderr]     Checking wayland-egl v0.28.6
[INFO] [stderr]     Checking miniz_oxide v0.3.7
[INFO] [stderr]     Checking deflate v0.8.6
[INFO] [stderr]     Checking ogg v0.8.0
[INFO] [stderr]     Checking nix v0.23.1
[INFO] [stderr]     Checking slice-deque v0.3.0
[INFO] [stderr]     Checking sid v0.6.1
[INFO] [stderr]     Checking approx v0.5.0
[INFO] [stderr]     Checking float_next_after v0.1.5
[INFO] [stderr]     Checking xi-unicode v0.3.0
[INFO] [stderr]     Checking uuid v0.8.2
[INFO] [stderr]     Checking linked-hash-map v0.5.4
[INFO] [stderr]     Checking jpeg-decoder v0.1.22
[INFO] [stderr]     Checking glyph_brush_layout v0.2.3
[INFO] [stderr]     Checking minimp3 v0.5.1
[INFO] [stderr]     Checking lyon_algorithms v0.17.7
[INFO] [stderr]     Checking twox-hash v1.6.2
[INFO] [stderr]     Checking glyph_brush_draw_cache v0.1.5
[INFO] [stderr]     Checking gif v0.11.3
[INFO] [stderr]     Checking lyon_tessellation v0.17.10
[INFO] [stderr]     Checking lewton v0.10.2
[INFO] [stderr]     Checking tiff v0.6.1
[INFO] [stderr]     Checking gfx_device_gl v0.16.2
[INFO] [stderr]     Checking png v0.16.8
[INFO] [stderr]     Checking bzip2 v0.4.3
[INFO] [stderr]     Checking ordered-float v2.10.0
[INFO] [stderr]     Checking aho-corasick v0.7.18
[INFO] [stderr]     Checking mint v0.5.8
[INFO] [stderr]     Checking hound v3.4.0
[INFO] [stderr]    Compiling anyhow v1.0.52
[INFO] [stderr]     Checking regex-syntax v0.6.25
[INFO] [stderr]     Checking claxon v0.4.3
[INFO] [stderr]     Checking bytemuck v1.7.3
[INFO] [stderr]     Checking image v0.23.14
[INFO] [stderr]     Checking rodio v0.14.0
[INFO] [stderr]     Checking glam v0.20.2
[INFO] [stderr]     Checking glyph_brush v0.7.3
[INFO] [stderr]     Checking regex v1.5.4
[INFO] [stderr]     Checking zip v0.5.13
[INFO] [stderr]     Checking lyon v0.17.10
[INFO] [stderr]     Checking gfx v0.18.2
[INFO] [stderr]     Checking gilrs-core v0.3.2
[INFO] [stderr]     Checking gilrs v0.8.2
[INFO] [stderr]    Compiling smart-default v0.6.0
[INFO] [stderr]     Checking directories v3.0.2
[INFO] [stderr]     Checking atty v0.2.14
[INFO] [stderr]     Checking termcolor v1.1.2
[INFO] [stderr]     Checking semeion v0.9.1
[INFO] [stderr]     Checking env_logger v0.9.0
[INFO] [stderr]     Checking toml v0.5.8
[INFO] [stderr]    Compiling semver v0.11.0
[INFO] [stderr]    Compiling cargo-platform v0.1.2
[INFO] [stderr]    Compiling cargo_metadata v0.12.3
[INFO] [stderr]    Compiling skeptic v0.13.6
[INFO] [stderr]    Compiling ggez v0.7.0
[INFO] [stderr]     Checking smithay-client-toolkit v0.12.3
[INFO] [stderr]     Checking glutin v0.27.0
[INFO] [stderr]     Checking old_school_gfx_glutin_ext v0.27.0
[INFO] [stderr]     Checking formicarium v0.2.1 (/opt/rustwide/workdir)
[INFO] [stdout] error[E0659]: `State` is ambiguous
[INFO] [stdout]   --> src/entity/ant/mod.rs:30:14
[INFO] [stdout]    |
[INFO] [stdout] 30 | impl entity::State for State {
[INFO] [stdout]    |              ^^^^^ ambiguous name
[INFO] [stdout]    |
[INFO] [stdout]    = note: ambiguous because of multiple glob imports of a name in the same module
[INFO] [stdout] note: `State` could refer to the trait imported here
[INFO] [stdout]   --> src/entity/mod.rs:1:5
[INFO] [stdout]    |
[INFO] [stdout]  1 | use semeion::*;
[INFO] [stdout]    |     ^^^^^^^^^^
[INFO] [stdout]    = help: consider adding an explicit import of `State` to disambiguate
[INFO] [stdout] note: `State` could also refer to the struct imported here
[INFO] [stdout]   --> src/entity/mod.rs:7:9
[INFO] [stdout]    |
[INFO] [stdout]  7 | pub use nest::*;
[INFO] [stdout]    |         ^^^^^^^
[INFO] [stdout]    = help: consider adding an explicit import of `State` to disambiguate
[INFO] [stdout] 
[INFO] [stdout] 
[INFO] [stdout] error[E0659]: `State` is ambiguous
[INFO] [stdout]    --> src/entity/ant/mod.rs:435:44
[INFO] [stdout]     |
[INFO] [stdout] 435 |     fn state(&self) -> Option<&dyn entity::State> {
[INFO] [stdout]     |                                            ^^^^^ ambiguous name
[INFO] [stdout]     |
[INFO] [stdout]     = note: ambiguous because of multiple glob imports of a name in the same module
[INFO] [stdout] note: `State` could refer to the trait imported here
[INFO] [stdout]    --> src/entity/mod.rs:1:5
[INFO] [stdout]     |
[INFO] [stdout]   1 | use semeion::*;
[INFO] [stdout]     |     ^^^^^^^^^^
[INFO] [stdout]     = help: consider adding an explicit import of `State` to disambiguate
[INFO] [stdout] note: `State` could also refer to the struct imported here
[INFO] [stdout]    --> src/entity/mod.rs:7:9
[INFO] [stdout]     |
[INFO] [stdout]   7 | pub use nest::*;
[INFO] [stdout]     |         ^^^^^^^
[INFO] [stdout]     = help: consider adding an explicit import of `State` to disambiguate
[INFO] [stdout] 
[INFO] [stdout] 
[INFO] [stdout] error[E0659]: `State` is ambiguous
[INFO] [stdout]   --> src/entity/nest.rs:15:14
[INFO] [stdout]    |
[INFO] [stdout] 15 | impl entity::State for State {
[INFO] [stdout]    |              ^^^^^ ambiguous name
[INFO] [stdout]    |
[INFO] [stdout]    = note: ambiguous because of multiple glob imports of a name in the same module
[INFO] [stdout] note: `State` could refer to the trait imported here
[INFO] [stdout]   --> src/entity/mod.rs:1:5
[INFO] [stdout]    |
[INFO] [stdout]  1 | use semeion::*;
[INFO] [stdout]    |     ^^^^^^^^^^
[INFO] [stdout]    = help: consider adding an explicit import of `State` to disambiguate
[INFO] [stdout] note: `State` could also refer to the struct imported here
[INFO] [stdout]   --> src/entity/mod.rs:7:9
[INFO] [stdout]    |
[INFO] [stdout]  7 | pub use nest::*;
[INFO] [stdout]    |         ^^^^^^^
[INFO] [stdout]    = help: consider adding an explicit import of `State` to disambiguate
[INFO] [stdout] 
[INFO] [stdout] 
[INFO] [stdout] error[E0659]: `State` is ambiguous
[INFO] [stdout]   --> src/entity/nest.rs:67:44
[INFO] [stdout]    |
[INFO] [stdout] 67 |     fn state(&self) -> Option<&dyn entity::State> {
[INFO] [stdout]    |                                            ^^^^^ ambiguous name
[INFO] [stdout]    |
[INFO] [stdout]    = note: ambiguous because of multiple glob imports of a name in the same module
[INFO] [stdout] note: `State` could refer to the trait imported here
[INFO] [stdout]   --> src/entity/mod.rs:1:5
[INFO] [stdout]    |
[INFO] [stdout]  1 | use semeion::*;
[INFO] [stdout]    |     ^^^^^^^^^^
[INFO] [stdout]    = help: consider adding an explicit import of `State` to disambiguate
[INFO] [stdout] note: `State` could also refer to the struct imported here
[INFO] [stdout]   --> src/entity/mod.rs:7:9
[INFO] [stdout]    |
[INFO] [stdout]  7 | pub use nest::*;
[INFO] [stdout]    |         ^^^^^^^
[INFO] [stdout]    = help: consider adding an explicit import of `State` to disambiguate
[INFO] [stdout] 
[INFO] [stdout] 
[INFO] [stdout] error[E0659]: `State` is ambiguous
[INFO] [stdout]   --> src/entity/nest.rs:71:56
[INFO] [stdout]    |
[INFO] [stdout] 71 |     fn state_mut(&mut self) -> Option<&mut dyn entity::State> {
[INFO] [stdout]    |                                                        ^^^^^ ambiguous name
[INFO] [stdout]    |
[INFO] [stdout]    = note: ambiguous because of multiple glob imports of a name in the same module
[INFO] [stdout] note: `State` could refer to the trait imported here
[INFO] [stdout]   --> src/entity/mod.rs:1:5
[INFO] [stdout]    |
[INFO] [stdout]  1 | use semeion::*;
[INFO] [stdout]    |     ^^^^^^^^^^
[INFO] [stdout]    = help: consider adding an explicit import of `State` to disambiguate
[INFO] [stdout] note: `State` could also refer to the struct imported here
[INFO] [stdout]   --> src/entity/mod.rs:7:9
[INFO] [stdout]    |
[INFO] [stdout]  7 | pub use nest::*;
[INFO] [stdout]    |         ^^^^^^^
[INFO] [stdout]    = help: consider adding an explicit import of `State` to disambiguate
[INFO] [stdout] 
[INFO] [stdout] 
[INFO] [stdout] error[E0659]: `State` is ambiguous
[INFO] [stdout]   --> src/entity/ant/mod.rs:30:14
[INFO] [stdout]    |
[INFO] [stdout] 30 | impl entity::State for State {
[INFO] [stdout]    |              ^^^^^ ambiguous name
[INFO] [stdout]    |
[INFO] [stdout]    = note: ambiguous because of multiple glob imports of a name in the same module
[INFO] [stdout] note: `State` could refer to the trait imported here
[INFO] [stdout]   --> src/entity/mod.rs:1:5
[INFO] [stdout]    |
[INFO] [stdout]  1 | use semeion::*;
[INFO] [stdout]    |     ^^^^^^^^^^
[INFO] [stdout]    = help: consider adding an explicit import of `State` to disambiguate
[INFO] [stdout] note: `State` could also refer to the struct imported here
[INFO] [stdout]   --> src/entity/mod.rs:7:9
[INFO] [stdout]    |
[INFO] [stdout]  7 | pub use nest::*;
[INFO] [stdout]    |         ^^^^^^^
[INFO] [stdout]    = help: consider adding an explicit import of `State` to disambiguate
[INFO] [stdout] 
[INFO] [stdout] 
[INFO] [stdout] error[E0659]: `State` is ambiguous
[INFO] [stdout]    --> src/entity/ant/mod.rs:435:44
[INFO] [stdout]     |
[INFO] [stdout] 435 |     fn state(&self) -> Option<&dyn entity::State> {
[INFO] [stdout]     |                                            ^^^^^ ambiguous name
[INFO] [stdout]     |
[INFO] [stdout]     = note: ambiguous because of multiple glob imports of a name in the same module
[INFO] [stdout] note: `State` could refer to the trait imported here
[INFO] [stdout]    --> src/entity/mod.rs:1:5
[INFO] [stdout]     |
[INFO] [stdout]   1 | use semeion::*;
[INFO] [stdout]     |     ^^^^^^^^^^
[INFO] [stdout]     = help: consider adding an explicit import of `State` to disambiguate
[INFO] [stdout] note: `State` could also refer to the struct imported here
[INFO] [stdout]    --> src/entity/mod.rs:7:9
[INFO] [stdout]     |
[INFO] [stdout]   7 | pub use nest::*;
[INFO] [stdout]     |         ^^^^^^^
[INFO] [stdout]     = help: consider adding an explicit import of `State` to disambiguate
[INFO] [stdout] 
[INFO] [stdout] 
[INFO] [stdout] error[E0659]: `State` is ambiguous
[INFO] [stdout]   --> src/entity/nest.rs:15:14
[INFO] [stdout]    |
[INFO] [stdout] 15 | impl entity::State for State {
[INFO] [stdout]    |              ^^^^^ ambiguous name
[INFO] [stdout]    |
[INFO] [stdout]    = note: ambiguous because of multiple glob imports of a name in the same module
[INFO] [stdout] note: `State` could refer to the trait imported here
[INFO] [stdout]   --> src/entity/mod.rs:1:5
[INFO] [stdout]    |
[INFO] [stdout]  1 | use semeion::*;
[INFO] [stdout]    |     ^^^^^^^^^^
[INFO] [stdout]    = help: consider adding an explicit import of `State` to disambiguate
[INFO] [stdout] note: `State` could also refer to the struct imported here
[INFO] [stdout]   --> src/entity/mod.rs:7:9
[INFO] [stdout]    |
[INFO] [stdout]  7 | pub use nest::*;
[INFO] [stdout]    |         ^^^^^^^
[INFO] [stdout]    = help: consider adding an explicit import of `State` to disambiguate
[INFO] [stdout] 
[INFO] [stdout] 
[INFO] [stdout] error[E0659]: `State` is ambiguous
[INFO] [stdout]   --> src/entity/nest.rs:67:44
[INFO] [stdout]    |
[INFO] [stdout] 67 |     fn state(&self) -> Option<&dyn entity::State> {
[INFO] [stdout]    |                                            ^^^^^ ambiguous name
[INFO] [stdout]    |
[INFO] [stdout]    = note: ambiguous because of multiple glob imports of a name in the same module
[INFO] [stdout] note: `State` could refer to the trait imported here
[INFO] [stdout]   --> src/entity/mod.rs:1:5
[INFO] [stdout]    |
[INFO] [stdout]  1 | use semeion::*;
[INFO] [stdout]    |     ^^^^^^^^^^
[INFO] [stdout]    = help: consider adding an explicit import of `State` to disambiguate
[INFO] [stdout] note: `State` could also refer to the struct imported here
[INFO] [stdout]   --> src/entity/mod.rs:7:9
[INFO] [stdout]    |
[INFO] [stdout]  7 | pub use nest::*;
[INFO] [stdout]    |         ^^^^^^^
[INFO] [stdout]    = help: consider adding an explicit import of `State` to disambiguate
[INFO] [stdout] 
[INFO] [stdout] 
[INFO] [stdout] error[E0659]: `State` is ambiguous
[INFO] [stdout]   --> src/entity/nest.rs:71:56
[INFO] [stdout]    |
[INFO] [stdout] 71 |     fn state_mut(&mut self) -> Option<&mut dyn entity::State> {
[INFO] [stdout]    |                                                        ^^^^^ ambiguous name
[INFO] [stdout]    |
[INFO] [stdout]    = note: ambiguous because of multiple glob imports of a name in the same module
[INFO] [stdout] note: `State` could refer to the trait imported here
[INFO] [stdout]   --> src/entity/mod.rs:1:5
[INFO] [stdout]    |
[INFO] [stdout]  1 | use semeion::*;
[INFO] [stdout]    |     ^^^^^^^^^^
[INFO] [stdout]    = help: consider adding an explicit import of `State` to disambiguate
[INFO] [stdout] note: `State` could also refer to the struct imported here
[INFO] [stdout]   --> src/entity/mod.rs:7:9
[INFO] [stdout]    |
[INFO] [stdout]  7 | pub use nest::*;
[INFO] [stdout]    |         ^^^^^^^
[INFO] [stdout]    = help: consider adding an explicit import of `State` to disambiguate
[INFO] [stdout] 
[INFO] [stdout] 
[INFO] [stdout] For more information about this error, try `rustc --explain E0659`.
[INFO] [stdout] 
[INFO] [stderr] error: could not compile `formicarium` (lib test) due to 5 previous errors
[INFO] [stderr] warning: build failed, waiting for other jobs to finish...
[INFO] [stdout] For more information about this error, try `rustc --explain E0659`.
[INFO] [stdout] 
[INFO] [stderr] error: could not compile `formicarium` (lib) due to 5 previous errors
[INFO] running `Command { std: "docker" "inspect" "525cb15aa1d2bce670c4aa20458cc083dd6d0dff5ed060ec3f409bee6b4da516", kill_on_drop: false }`
[INFO] running `Command { std: "docker" "rm" "-f" "525cb15aa1d2bce670c4aa20458cc083dd6d0dff5ed060ec3f409bee6b4da516", kill_on_drop: false }`
[INFO] [stdout] 525cb15aa1d2bce670c4aa20458cc083dd6d0dff5ed060ec3f409bee6b4da516
