[INFO] cloning repository https://github.com/42WASD/AstralRinth
[INFO] running `Command { std: "git" "-c" "credential.helper=" "-c" "credential.helper=/workspace/cargo-home/bin/git-credential-null" "clone" "--bare" "https://github.com/42WASD/AstralRinth" "/workspace/cache/git-repos/https%3A%2F%2Fgithub.com%2F42WASD%2FAstralRinth", kill_on_drop: false }`
[INFO] [stderr] Cloning into bare repository '/workspace/cache/git-repos/https%3A%2F%2Fgithub.com%2F42WASD%2FAstralRinth'...
[INFO] running `Command { std: "git" "rev-parse" "HEAD", kill_on_drop: false }`
[INFO] [stdout] 69e9ef400c5c77b0360d87bffabb952fa5aa6e76
[INFO] checking 42WASD/AstralRinth against 3154cc1a3e6424e44f438a95007d043ed5ceaaf6+rustflags=-Znext-solver=coherence for pr-133502-30
[INFO] running `Command { std: "git" "clone" "/workspace/cache/git-repos/https%3A%2F%2Fgithub.com%2F42WASD%2FAstralRinth" "/workspace/builds/worker-2-tc1/source", kill_on_drop: false }`
[INFO] [stderr] Cloning into '/workspace/builds/worker-2-tc1/source'...
[INFO] [stderr] done.
[INFO] [stderr] Updating files:  74% (3806/5078)
Updating files:  75% (3809/5078)
Updating files:  76% (3860/5078)
Updating files:  77% (3911/5078)
Updating files:  78% (3961/5078)
Updating files:  79% (4012/5078)
Updating files:  80% (4063/5078)
Updating files:  81% (4114/5078)
Updating files:  82% (4164/5078)
Updating files:  83% (4215/5078)
Updating files:  84% (4266/5078)
Updating files:  85% (4317/5078)
Updating files:  86% (4368/5078)
Updating files:  87% (4418/5078)
Updating files:  88% (4469/5078)
Updating files:  89% (4520/5078)
Updating files:  90% (4571/5078)
Updating files:  91% (4621/5078)
Updating files:  92% (4672/5078)
Updating files:  93% (4723/5078)
Updating files:  94% (4774/5078)
Updating files:  95% (4825/5078)
Updating files:  96% (4875/5078)
Updating files:  97% (4926/5078)
Updating files:  98% (4977/5078)
Updating files:  99% (5028/5078)
Updating files: 100% (5078/5078)
Updating files: 100% (5078/5078), done.
[INFO] removed /workspace/builds/worker-2-tc1/source/.cargo/config.toml
[INFO] removed /workspace/builds/worker-2-tc1/source/rust-toolchain.toml
[INFO] started tweaking git repo https://github.com/42WASD/AstralRinth
[INFO] finished tweaking git repo https://github.com/42WASD/AstralRinth
[INFO] tweaked toml for git repo https://github.com/42WASD/AstralRinth written to /workspace/builds/worker-2-tc1/source/Cargo.toml
[INFO] validating manifest of git repo https://github.com/42WASD/AstralRinth on toolchain 3154cc1a3e6424e44f438a95007d043ed5ceaaf6
[INFO] running `Command { std: CARGO_HOME="/workspace/cargo-home" RUSTUP_HOME="/workspace/rustup-home" "/workspace/cargo-home/bin/cargo" "+3154cc1a3e6424e44f438a95007d043ed5ceaaf6" "metadata" "--manifest-path" "Cargo.toml" "--no-deps", kill_on_drop: false }`
[INFO] crate git repo https://github.com/42WASD/AstralRinth already has a lockfile, it will not be regenerated
[INFO] running `Command { std: CARGO_HOME="/workspace/cargo-home" RUSTUP_HOME="/workspace/rustup-home" "/workspace/cargo-home/bin/cargo" "+3154cc1a3e6424e44f438a95007d043ed5ceaaf6" "fetch" "--manifest-path" "Cargo.toml", kill_on_drop: false }`
[INFO] [stderr] warning: missing `[lints]` to inherit `[workspace.lints]`
[INFO] [stderr]   --> packages/async-minecraft-ping/Cargo.toml
[INFO] [stderr]    = note: `cargo::missing_lints_inheritance` is set to `warn` by default
[INFO] [stderr] help: to inherit `workspace.lints, add:
[INFO] [stderr]    |
[INFO] [stderr] 34 ~ srv = ["hickory-resolver"]
[INFO] [stderr] 35 + [lints]
[INFO] [stderr] 36 + workspace = true
[INFO] [stderr]    |
[INFO] [stderr] help: to clarify your intent to not inherit, add:
[INFO] [stderr]    |
[INFO] [stderr] 34 ~ srv = ["hickory-resolver"]
[INFO] [stderr] 35 + [lints]
[INFO] [stderr]    |
[INFO] [stderr] warning: `async-minecraft-ping` (manifest) generated 1 warning
[INFO] [stderr] warning: missing `[lints]` to inherit `[workspace.lints]`
[INFO] [stderr]   --> packages/sqlx-tracing/Cargo.toml
[INFO] [stderr]    = note: `cargo::missing_lints_inheritance` is set to `warn` by default
[INFO] [stderr] help: to inherit `workspace.lints, add:
[INFO] [stderr]    |
[INFO] [stderr] 35 ~ sqlite = ["sqlx/sqlite"]
[INFO] [stderr] 36 + [lints]
[INFO] [stderr] 37 + workspace = true
[INFO] [stderr]    |
[INFO] [stderr] help: to clarify your intent to not inherit, add:
[INFO] [stderr]    |
[INFO] [stderr] 35 ~ sqlite = ["sqlx/sqlite"]
[INFO] [stderr] 36 + [lints]
[INFO] [stderr]    |
[INFO] [stderr] warning: `package.homepage` is redundant with `package.repository`
[INFO] [stderr]  --> packages/sqlx-tracing/Cargo.toml:8:12
[INFO] [stderr]   |
[INFO] [stderr] 8 | homepage = "https://github.com/jdrouet/sqlx-tracing"
[INFO] [stderr]   |            ^^^^^^^^^^^^^^^^^^^^^^^^^^^^^^^^^^^^^^^^^
[INFO] [stderr] 9 | repository = "https://github.com/jdrouet/sqlx-tracing"
[INFO] [stderr]   |              -----------------------------------------
[INFO] [stderr]   |
[INFO] [stderr]   = note: `cargo::redundant_homepage` is set to `warn` by default
[INFO] [stderr] help: consider removing `package.homepage`
[INFO] [stderr] warning: `sqlx-tracing` (manifest) generated 2 warnings
[INFO] [stderr]     Updating crates.io index
[INFO] [stderr]     Updating git repository `https://github.com/modrinth/plugins-workspace`
[INFO] [stderr]     Updating git repository `https://github.com/modrinth/deadpool`
[INFO] [stderr]  Downloading crates ...
[INFO] [stderr]   Downloaded libredox v0.1.10
[INFO] [stderr]   Downloaded unicode-ident v1.0.19
[INFO] [stderr]   Downloaded windows-registry v0.5.3
[INFO] [stderr]   Downloaded hashbrown v0.16.0
[INFO] [stderr]   Downloaded system-configuration v0.6.1
[INFO] [stderr]   Downloaded psl-types v2.0.11
[INFO] [stderr]   Downloaded document-features v0.2.11
[INFO] [stderr]   Downloaded deflate64 v0.1.10
[INFO] [stderr]   Downloaded rust_decimal_macros v1.39.0
[INFO] [stderr]   Downloaded deranged v0.5.4
[INFO] [stderr]   Downloaded libz-rs-sys v0.5.2
[INFO] [stderr]   Downloaded rkyv_derive v0.7.45
[INFO] [stderr]   Downloaded cookie_store v0.21.1
[INFO] [stderr]   Downloaded litrs v0.4.2
[INFO] [stderr]   Downloaded bzip2 v0.6.0
[INFO] [stderr]   Downloaded rustls-webpki v0.103.7
[INFO] [stderr]   Downloaded flate2 v1.1.4
[INFO] [stderr]   Downloaded publicsuffix v2.3.0
[INFO] [stderr]   Downloaded indexmap v2.11.4
[INFO] [stderr]   Downloaded aws-lc-rs v1.14.1
[INFO] [stderr]   Downloaded time v0.3.44
[INFO] [stderr]   Downloaded zlib-rs v0.5.2
[INFO] [stderr]   Downloaded rust_decimal v1.39.0
[INFO] [stderr]   Downloaded rkyv v0.7.45
[INFO] [stderr]   Downloaded sentry-panic v0.45.0
[INFO] [stderr]   Downloaded webpki-roots v1.0.3
[INFO] [stderr]   Downloaded rustls v0.23.32
[INFO] [stderr]   Downloaded sentry-backtrace v0.45.0
[INFO] [stderr]   Downloaded sentry-tracing v0.45.0
[INFO] [stderr]   Downloaded tracing-ecs v0.5.0
[INFO] [stderr]   Downloaded ureq-proto v0.5.2
[INFO] [stderr]   Downloaded plist v1.8.0
[INFO] [stderr]   Downloaded toml_edit v0.23.7
[INFO] [stderr]   Downloaded toml_datetime v0.7.3
[INFO] [stderr]   Downloaded sentry-types v0.45.0
[INFO] [stderr]   Downloaded os_info v3.12.0
[INFO] [stderr]   Downloaded hostname v0.4.1
[INFO] [stderr]   Downloaded ipnetwork v0.21.1
[INFO] [stderr]   Downloaded toml_parser v1.0.4
[INFO] [stderr]   Downloaded sentry v0.45.0
[INFO] [stderr]   Downloaded ureq v3.1.2
[INFO] [stderr]   Downloaded sentry-core v0.45.0
[INFO] [stderr]   Downloaded sentry-debug-images v0.45.0
[INFO] [stderr]   Downloaded sentry-contexts v0.45.0
[INFO] [stderr]   Downloaded impl-more v0.3.1
[INFO] [stderr]   Downloaded bytestring v1.5.0
[INFO] [stderr]   Downloaded procfs v0.17.0
[INFO] [stderr]   Downloaded brotli v8.0.2
[INFO] [stderr]   Downloaded quick-xml v0.38.3
[INFO] [stderr]   Downloaded regex-lite v0.1.8
[INFO] [stderr]   Downloaded hybrid-array v0.4.13
[INFO] [stderr]   Downloaded maxminddb v0.26.0
[INFO] [stderr]   Downloaded actix-web v4.14.0
[INFO] [stderr]   Downloaded actix-http v3.13.1
[INFO] [stderr]   Downloaded clap_builder v4.5.48
[INFO] [stderr]   Downloaded sha1_smol v1.0.1
[INFO] [stderr]   Downloaded arcstr v1.2.0
[INFO] [stderr]   Downloaded procfs-core v0.17.0
[INFO] [stderr]   Downloaded serde_cbor v0.11.2
[INFO] [stderr]   Downloaded testcontainers v0.25.2
[INFO] [stderr]   Downloaded ulid v1.2.1
[INFO] [stderr]   Downloaded docker_credential v1.3.2
[INFO] [stderr]   Downloaded clap v4.5.48
[INFO] [stderr]   Downloaded redis v1.4.1
[INFO] [stderr]   Downloaded xxhash-rust v0.8.17
[INFO] [stderr]   Downloaded crc16 v0.4.0
[INFO] [stderr]   Downloaded async-lock v3.4.1
[INFO] [stderr]   Downloaded lz4_flex v0.11.5
[INFO] [stderr]   Downloaded half v1.8.3
[INFO] [stderr]   Downloaded serde_with v3.15.0
[INFO] [stderr]   Downloaded etcetera v0.10.0
[INFO] [stderr]   Downloaded bollard v0.19.4
[INFO] [stderr]   Downloaded bollard-stubs v1.49.1-rc.28.4.0
[INFO] [stderr]   Downloaded tonic-prost v0.14.2
[INFO] [stderr]   Downloaded serde_with_macros v3.15.0
[INFO] [stderr]   Downloaded tonic v0.14.2
[INFO] [stderr]   Downloaded astral-tokio-tar v0.5.6
[INFO] [stderr]   Downloaded aws-lc-sys v0.32.2
[INFO] [stderr]   Downloaded opentelemetry-testing v0.1.0
[INFO] [stderr]   Downloaded serial_test v3.3.1
[INFO] [stderr]   Downloaded serial_test_derive v3.3.1
[INFO] [stderr]   Downloaded opentelemetry-http v0.30.0
[INFO] [stderr]   Downloaded opentelemetry-appender-tracing v0.30.1
[INFO] [stderr]   Downloaded rust_iso3166 v0.1.14
[INFO] [stderr]   Downloaded prettytable-rs v0.10.0
[INFO] [stderr]   Downloaded csv-core v0.1.12
[INFO] [stderr]   Downloaded zxcvbn v3.1.0
[INFO] [stderr]   Downloaded fancy-regex v0.13.0
[INFO] [stderr]   Downloaded zip v6.0.0
[INFO] [stderr]   Downloaded serde_tokenstream v0.2.2
[INFO] [stderr]   Downloaded webauthn-rs-proto v0.5.5
[INFO] [stderr]   Downloaded webauthn-attestation-ca v0.5.5
[INFO] [stderr]   Downloaded csv v1.3.1
[INFO] [stderr]   Downloaded yaserde v0.12.0
[INFO] [stderr]   Downloaded yaserde_derive v0.12.0
[INFO] [stderr]   Downloaded xml-rs v0.8.27
[INFO] [stderr]   Downloaded woothee v0.13.0
[INFO] [stderr]   Downloaded base64urlsafedata v0.5.5
[INFO] [stderr]   Downloaded webauthn-rs v0.5.5
[INFO] [stderr]   Downloaded webauthn-rs-core v0.5.5
[INFO] [stderr]   Downloaded serde_cbor_2 v0.13.0
[INFO] [stderr]   Downloaded half v2.7.0
[INFO] [stderr]   Downloaded validator_derive v0.20.0
[INFO] [stderr]   Downloaded tracing-actix-web v0.7.19
[INFO] [stderr]   Downloaded mutually_exclusive_features v0.1.0
[INFO] [stderr]   Downloaded totp-rs v5.7.0
[INFO] [stderr]   Downloaded typed-path v0.12.0
[INFO] [stderr]   Downloaded email-encoding v0.4.1
[INFO] [stderr]   Downloaded jemalloc_pprof v0.8.1
[INFO] [stderr]   Downloaded tikv-jemalloc-ctl v0.6.0
[INFO] [stderr]   Downloaded rusty-money v0.4.1
[INFO] [stderr]   Downloaded rdkafka v0.36.2
[INFO] [stderr]   Downloaded stacker v0.1.22
[INFO] [stderr]   Downloaded psm v0.1.27
[INFO] [stderr]   Downloaded pprof_util v0.8.0
[INFO] [stderr]   Downloaded webp v0.3.1
[INFO] [stderr]   Downloaded tikv-jemalloc-sys v0.6.0+5.3.0-1-ge13ca993e8ccb9ba9847cc330696e02839f328f7
[INFO] [stderr]   Downloaded chumsky v0.9.3
[INFO] [stderr]   Downloaded inferno v0.12.3
[INFO] [stderr]   Downloaded mappings v0.7.1
[INFO] [stderr]   Downloaded ravif v0.11.20
[INFO] [stderr]   Downloaded murmur2 v0.1.0
[INFO] [stderr]   Downloaded quoted_printable v0.5.1
[INFO] [stderr]   Downloaded image v0.25.8
[INFO] [stderr]   Downloaded weezl v0.1.10
[INFO] [stderr]   Downloaded built v0.7.7
[INFO] [stderr]   Downloaded bitstream-io v2.6.0
[INFO] [stderr]   Downloaded av1-grain v0.2.4
[INFO] [stderr]   Downloaded actix-web-prom v0.10.0
[INFO] [stderr]   Downloaded unic-ucd-ident v0.9.0
[INFO] [stderr]   Downloaded lettre v0.11.19
[INFO] [stderr]   Downloaded gif v0.13.3
[INFO] [stderr]   Downloaded libz-sys v1.1.29
[INFO] [stderr]   Downloaded moxcms v0.7.7
[INFO] [stderr]   Downloaded exr v1.73.0
[INFO] [stderr]   Downloaded dotenv-build v0.1.1
[INFO] [stderr]   Downloaded aws-credential-types v1.2.11
[INFO] [stderr]   Downloaded owo-colors v4.2.3
[INFO] [stderr]   Downloaded outref v0.5.2
[INFO] [stderr]   Downloaded spdx v0.12.0
[INFO] [stderr]   Downloaded clickhouse v0.14.0
[INFO] [stderr]   Downloaded sealed v0.6.0
[INFO] [stderr]   Downloaded replace_with v0.1.8
[INFO] [stderr]   Downloaded clickhouse-types v0.1.0
[INFO] [stderr]   Downloaded clickhouse-macros v0.3.0
[INFO] [stderr]   Downloaded censor v0.3.0
[INFO] [stderr]   Downloaded aws-types v1.3.11
[INFO] [stderr]   Downloaded base64-simd v0.8.0
[INFO] [stderr]   Downloaded vsimd v0.8.0
[INFO] [stderr]   Downloaded aws-smithy-async v1.2.11
[INFO] [stderr]   Downloaded aws-smithy-xml v0.60.13
[INFO] [stderr]   Downloaded aws-smithy-observability v0.2.4
[INFO] [stderr]   Downloaded aws-smithy-http-client v1.1.9
[INFO] [stderr]   Downloaded pxfm v0.1.25
[INFO] [stderr]   Downloaded cityhash-rs v1.0.1
[INFO] [stderr]   Downloaded aws-smithy-types v1.4.3
[INFO] [stderr]   Downloaded bytes-utils v0.1.4
[INFO] [stderr]   Downloaded aws-smithy-runtime-api v1.11.3
[INFO] [stderr]   Downloaded smol_str v0.1.24
[INFO] [stderr]   Downloaded smart-default v0.6.0
[INFO] [stderr]   Downloaded ipconfig v0.3.2
[INFO] [stderr]   Downloaded aws-smithy-runtime v1.10.0
[INFO] [stderr]   Downloaded aws-smithy-http v0.63.3
[INFO] [stderr]   Downloaded aws-smithy-eventstream v0.60.18
[INFO] [stderr]   Downloaded aws-smithy-json v0.62.3
[INFO] [stderr]   Downloaded aws-smithy-checksums v0.64.3
[INFO] [stderr]   Downloaded crc-fast v1.9.0
[INFO] [stderr]   Downloaded aws-sigv4 v1.3.8
[INFO] [stderr]   Downloaded aws-runtime v1.6.0
[INFO] [stderr]   Downloaded serde_qs v0.10.1
[INFO] [stderr]   Downloaded resolv-conf v0.7.5
[INFO] [stderr]   Downloaded png v0.17.16
[INFO] [stderr]   Downloaded scalar_api_reference v0.2.2
[INFO] [stderr]   Downloaded color-thief v0.2.2
[INFO] [stderr]   Downloaded actix-ws v0.3.0
[INFO] [stderr]   Downloaded rav1e v0.7.1
[INFO] [stderr]   Downloaded match_token v0.1.0
[INFO] [stderr]   Downloaded urlpattern v0.3.0
[INFO] [stderr]   Downloaded servo_arc v0.2.0
[INFO] [stderr]   Downloaded postcard-bindgen v0.8.0
[INFO] [stderr]   Downloaded genco-macros v0.19.0
[INFO] [stderr]   Downloaded async-stripe v0.41.0
[INFO] [stderr]   Downloaded serialize-to-javascript-impl v0.1.2
[INFO] [stderr]   Downloaded regex-macro v0.3.0
[INFO] [stderr]   Downloaded phf_macros v0.10.0
[INFO] [stderr]   Downloaded dlopen2 v0.8.0
[INFO] [stderr]   Downloaded dlopen2_derive v0.4.1
[INFO] [stderr]   Downloaded vswhom v0.1.0
[INFO] [stderr]   Downloaded serialize-to-javascript v0.1.2
[INFO] [stderr]   Downloaded embed_plist v1.2.2
[INFO] [stderr]   Downloaded serde_ini v0.2.0
[INFO] [stderr]   Downloaded result v1.0.0
[INFO] [stderr]   Downloaded quartz_nbt_macros v0.1.1
[INFO] [stderr]   Downloaded postcard-bindgen-derive v0.8.0
[INFO] [stderr]   Downloaded sequential_gen v0.1.2
[INFO] [stderr]   Downloaded objc2-osa-kit v0.3.2
[INFO] [stderr]   Downloaded sys-locale v0.3.2
[INFO] [stderr]   Downloaded gethostname v1.0.2
[INFO] [stderr]   Downloaded env_home v0.1.0
[INFO] [stderr]   Downloaded wfd v0.1.8
[INFO] [stderr]   Downloaded formatx v0.2.4
[INFO] [stderr]   Downloaded aws-sdk-s3 v1.122.0
[INFO] [stderr]   Downloaded ctor v0.2.9
[INFO] [stderr]   Downloaded tauri-winres v0.3.3
[INFO] [stderr]   Downloaded vswhom-sys v0.1.3
[INFO] [stderr]   Downloaded libwebp-sys v0.9.6
[INFO] [stderr]   Downloaded kuchikiki v0.8.8-speedreader
[INFO] [stderr]   Downloaded embed-resource v3.0.6
[INFO] [stderr]   Downloaded async-walkdir v2.1.0
[INFO] [stderr]   Downloaded osakit v0.3.1
[INFO] [stderr]   Downloaded minisign-verify v0.2.4
[INFO] [stderr]   Downloaded swift-rs v1.0.7
[INFO] [stderr]   Downloaded erased-serde v0.4.8
[INFO] [stderr]   Downloaded json-patch v3.0.1
[INFO] [stderr]   Downloaded cargo_toml v0.22.3
[INFO] [stderr]   Downloaded convert_case v0.11.0
[INFO] [stderr]   Downloaded tauri-plugin v2.5.3
[INFO] [stderr]   Downloaded open v5.3.2
[INFO] [stderr]   Downloaded native-dialog v0.9.2
[INFO] [stderr]   Downloaded which v7.0.3
[INFO] [stderr]   Downloaded selectors v0.24.0
[INFO] [stderr]   Downloaded camino v1.2.1
[INFO] [stderr]   Downloaded rdkafka-sys v4.10.0+2.12.1
[INFO] [stderr]   Downloaded strfmt v0.2.5
[INFO] [stderr]   Downloaded actix-multipart v0.7.2
[INFO] [stderr]   Downloaded actix-multipart-derive v0.7.0
[INFO] [stderr]   Downloaded parse-size v1.1.0
[INFO] [stderr]   Downloaded zbus v5.11.0
[INFO] [stderr]   Downloaded zvariant v5.7.0
[INFO] [stderr]   Downloaded zvariant_utils v3.2.1
[INFO] [stderr]   Downloaded zvariant_derive v5.7.0
[INFO] [stderr]   Downloaded zbus_names v4.2.0
[INFO] [stderr]   Downloaded zbus_macros v5.11.0
[INFO] [stderr]   Downloaded async-executor v1.13.3
[INFO] [stderr]   Downloaded ts-rs v12.0.1
[INFO] [stderr]   Downloaded ts-rs-macros v12.0.1
[INFO] [stderr]   Downloaded toml v0.9.8
[INFO] [stderr]   Downloaded toml_writer v1.0.4
[INFO] [stderr]   Downloaded tray-icon v0.21.1
[INFO] [stderr]   Downloaded markup5ever v0.14.1
[INFO] [stderr]   Downloaded genco v0.19.0
[INFO] [stderr]   Downloaded async-tungstenite v0.31.0
[INFO] [stderr]   Downloaded actix-files v0.6.8
[INFO] [stderr]   Downloaded v_htmlescape v0.15.8
[INFO] [stderr]   Downloaded http-range v0.1.5
[INFO] [stderr]   Downloaded objc2-javascript-core v0.3.2
[INFO] [stderr]   Downloaded tauri-runtime v2.10.0
[INFO] [stderr]   Downloaded tauri-macros v2.5.4
[INFO] [stderr]   Downloaded tauri-codegen v2.5.4
[INFO] [stderr]   Downloaded tauri-build v2.5.5
[INFO] [stderr]   Downloaded postcard-bindgen-core v0.8.0
[INFO] [stderr]   Downloaded indicatif v0.18.0
[INFO] [stderr]   Downloaded spinning_top v0.3.0
[INFO] [stderr]   Downloaded versions v7.0.0
[INFO] [stderr]   Downloaded objc2-exception-helper v0.1.1
[INFO] [stderr]   Downloaded aws-region v0.28.0
[INFO] [stderr]   Downloaded aws-creds v0.39.0
[INFO] [stderr]   Downloaded serde_spanned v1.0.3
[INFO] [stderr]   Downloaded webkit2gtk v2.0.2
[INFO] [stderr]   Downloaded tauri-utils v2.8.2
[INFO] [stderr]   Downloaded cssparser v0.29.6
[INFO] [stderr]   Downloaded jsonptr v0.6.3
[INFO] [stderr]   Downloaded softbuffer v0.4.6
[INFO] [stderr]   Downloaded ico v0.5.0
[INFO] [stderr]   Downloaded tree-ds v0.2.0
[INFO] [stderr]   Downloaded objc2-core-video v0.3.2
[INFO] [stderr]   Downloaded webview2-com v0.38.0
[INFO] [stderr]   Downloaded webkit2gtk-sys v2.0.2
[INFO] [stderr]   Downloaded html5ever v0.29.1
[INFO] [stderr]   Downloaded notify-debouncer-mini v0.7.0
[INFO] [stderr]   Downloaded console v0.16.1
[INFO] [stderr]   Downloaded tauri-plugin-opener v2.5.0
[INFO] [stderr]   Downloaded async_zip v0.0.18
[INFO] [stderr]   Downloaded tauri-runtime-wry v2.10.0
[INFO] [stderr]   Downloaded quartz_nbt v0.2.9
[INFO] [stderr]   Downloaded hickory-resolver v0.25.2
[INFO] [stderr]   Downloaded bon v3.9.3
[INFO] [stderr]   Downloaded tungstenite v0.27.0
[INFO] [stderr]   Downloaded rust-s3 v0.37.0
[INFO] [stderr]   Downloaded bon-macros v3.9.3
[INFO] [stderr]   Downloaded tauri-plugin-window-state v2.4.0
[INFO] [stderr]   Downloaded tauri-plugin-single-instance v2.3.4
[INFO] [stderr]   Downloaded tauri-plugin-os v2.3.1
[INFO] [stderr]   Downloaded tauri-plugin-http v2.5.7
[INFO] [stderr]   Downloaded tauri-plugin-dialog v2.4.0
[INFO] [stderr]   Downloaded tauri-plugin-deep-link v2.4.3
[INFO] [stderr]   Downloaded governor v0.10.4
[INFO] [stderr]   Downloaded zip v4.6.1
[INFO] [stderr]   Downloaded ashpd v0.11.0
[INFO] [stderr]   Downloaded moka v0.12.11
[INFO] [stderr]   Downloaded tauri-plugin-fs v2.4.5
[INFO] [stderr]   Downloaded objc2-web-kit v0.3.2
[INFO] [stderr]   Downloaded tauri v2.10.2
[INFO] [stderr]   Downloaded wry v0.54.2
[INFO] [stderr]   Downloaded hickory-proto v0.25.2
[INFO] [stderr]   Downloaded nonzero_ext v0.3.0
[INFO] [stderr]   Downloaded discord-rich-presence v1.0.0
[INFO] [stderr]   Downloaded cidre-macros v0.5.0
[INFO] [stderr]   Downloaded objc2-security v0.3.2
[INFO] [stderr]   Downloaded data-url v0.3.2
[INFO] [stderr]   Downloaded chardetng v0.1.17
[INFO] [stderr]   Downloaded tao v0.34.5
[INFO] [stderr]   Downloaded winsafe v0.0.19
[INFO] [stderr]   Downloaded window-vibrancy v0.6.0
[INFO] [stderr]   Downloaded cidre v0.15.0
[INFO] [stderr]   Downloaded webview2-com-sys v0.38.0
[INFO] running `Command { std: "docker" "create" "-v" "/var/lib/crater-agent-workspace/builds/worker-2-tc1/source:/opt/rustwide/workdir:ro,Z" "-v" "/var/lib/crater-agent-workspace/builds/worker-2-tc1/target:/opt/rustwide/target:rw,Z" "-v" "/var/lib/crater-agent-workspace/cargo-home:/opt/rustwide/cargo-home:ro,Z" "-v" "/var/lib/crater-agent-workspace/rustup-home:/opt/rustwide/rustup-home:ro,Z" "-m" "1610612736" "--network" "none" "ghcr.io/rust-lang/crates-build-env/linux@sha256:77db811e55d90add9212f6832c23229e3de5f1c1f9905e8cb07319ea15df73ac" "sleep" "infinity", kill_on_drop: false }`
[INFO] [stdout] 38dad2182087b341265e67546d18ff6c3c7b8019a973dd85fa0e565da6fee172
[INFO] running `Command { std: "docker" "start" "38dad2182087b341265e67546d18ff6c3c7b8019a973dd85fa0e565da6fee172", kill_on_drop: false }`
[INFO] running `Command { std: "docker" "inspect" "38dad2182087b341265e67546d18ff6c3c7b8019a973dd85fa0e565da6fee172", kill_on_drop: false }`
[INFO] running `Command { std: "docker" "exec" "-e" "SOURCE_DIR=/opt/rustwide/workdir" "-e" "CARGO_HOME=/opt/rustwide/cargo-home" "-e" "RUSTUP_HOME=/opt/rustwide/rustup-home" "-e" "CARGO_TARGET_DIR=/opt/rustwide/target" "-w" "/opt/rustwide/workdir" "--user" "0:0" "38dad2182087b341265e67546d18ff6c3c7b8019a973dd85fa0e565da6fee172" "/opt/rustwide/cargo-home/bin/cargo" "+3154cc1a3e6424e44f438a95007d043ed5ceaaf6" "metadata" "--no-deps" "--format-version=1", kill_on_drop: false }`
[INFO] running `Command { std: "docker" "inspect" "38dad2182087b341265e67546d18ff6c3c7b8019a973dd85fa0e565da6fee172", kill_on_drop: false }`
[INFO] running `Command { std: "docker" "exec" "-e" "SOURCE_DIR=/opt/rustwide/workdir" "-e" "CARGO_HOME=/opt/rustwide/cargo-home" "-e" "RUSTUP_HOME=/opt/rustwide/rustup-home" "-e" "CARGO_TARGET_DIR=/opt/rustwide/target" "-e" "CARGO_INCREMENTAL=0" "-e" "RUST_BACKTRACE=full" "-e" "RUSTFLAGS=--cap-lints=forbid -Znext-solver=coherence" "-e" "RUSTDOCFLAGS=--cap-lints=forbid" "-w" "/opt/rustwide/workdir" "--user" "0:0" "38dad2182087b341265e67546d18ff6c3c7b8019a973dd85fa0e565da6fee172" "/opt/rustwide/cargo-home/bin/cargo" "+3154cc1a3e6424e44f438a95007d043ed5ceaaf6" "check" "--frozen" "--all" "--all-targets" "--message-format=json", kill_on_drop: false }`
[INFO] [stderr] warning: missing `[lints]` to inherit `[workspace.lints]`
[INFO] [stderr]   --> packages/async-minecraft-ping/Cargo.toml
[INFO] [stderr]    = note: `cargo::missing_lints_inheritance` is set to `warn` by default
[INFO] [stderr] help: to inherit `workspace.lints, add:
[INFO] [stderr]    |
[INFO] [stderr] 34 ~ srv = ["hickory-resolver"]
[INFO] [stderr] 35 + [lints]
[INFO] [stderr] 36 + workspace = true
[INFO] [stderr]    |
[INFO] [stderr] help: to clarify your intent to not inherit, add:
[INFO] [stderr]    |
[INFO] [stderr] 34 ~ srv = ["hickory-resolver"]
[INFO] [stderr] 35 + [lints]
[INFO] [stderr]    |
[INFO] [stderr] warning: `async-minecraft-ping` (manifest) generated 1 warning
[INFO] [stderr] warning: missing `[lints]` to inherit `[workspace.lints]`
[INFO] [stderr]   --> packages/sqlx-tracing/Cargo.toml
[INFO] [stderr]    = note: `cargo::missing_lints_inheritance` is set to `warn` by default
[INFO] [stderr] help: to inherit `workspace.lints, add:
[INFO] [stderr]    |
[INFO] [stderr] 35 ~ sqlite = ["sqlx/sqlite"]
[INFO] [stderr] 36 + [lints]
[INFO] [stderr] 37 + workspace = true
[INFO] [stderr]    |
[INFO] [stderr] help: to clarify your intent to not inherit, add:
[INFO] [stderr]    |
[INFO] [stderr] 35 ~ sqlite = ["sqlx/sqlite"]
[INFO] [stderr] 36 + [lints]
[INFO] [stderr]    |
[INFO] [stderr] warning: `package.homepage` is redundant with `package.repository`
[INFO] [stderr]  --> packages/sqlx-tracing/Cargo.toml:8:12
[INFO] [stderr]   |
[INFO] [stderr] 8 | homepage = "https://github.com/jdrouet/sqlx-tracing"
[INFO] [stderr]   |            ^^^^^^^^^^^^^^^^^^^^^^^^^^^^^^^^^^^^^^^^^
[INFO] [stderr] 9 | repository = "https://github.com/jdrouet/sqlx-tracing"
[INFO] [stderr]   |              -----------------------------------------
[INFO] [stderr]   |
[INFO] [stderr]   = note: `cargo::redundant_homepage` is set to `warn` by default
[INFO] [stderr] help: consider removing `package.homepage`
[INFO] [stderr] warning: `sqlx-tracing` (manifest) generated 2 warnings
[INFO] [stderr]    Compiling quote v1.0.41
[INFO] [stderr]    Compiling proc-macro2 v1.0.101
[INFO] [stderr]    Compiling unicode-ident v1.0.19
[INFO] [stderr]    Compiling serde_core v1.0.228
[INFO] [stderr]    Compiling serde v1.0.228
[INFO] [stderr]    Compiling libc v0.2.186
[INFO] [stderr]     Checking cfg-if v1.0.3
[INFO] [stderr]     Checking memchr v2.7.6
[INFO] [stderr]    Compiling portable-atomic v1.11.1
[INFO] [stderr]     Checking log v0.4.28
[INFO] [stderr]     Checking critical-section v1.2.0
[INFO] [stderr]    Compiling find-msvc-tools v0.1.4
[INFO] [stderr]     Checking futures-io v0.3.31
[INFO] [stderr]     Checking slab v0.4.11
[INFO] [stderr]    Compiling icu_normalizer_data v2.0.0
[INFO] [stderr]    Compiling icu_properties_data v2.0.1
[INFO] [stderr]    Compiling equivalent v1.0.2
[INFO] [stderr]    Compiling hashbrown v0.16.0
[INFO] [stderr]     Checking once_cell v1.21.3
[INFO] [stderr]    Compiling syn v2.0.106
[INFO] [stderr]     Checking futures-channel v0.3.31
[INFO] [stderr]     Checking futures-task v0.3.31
[INFO] [stderr]    Compiling thiserror v2.0.17
[INFO] [stderr]     Checking tracing-core v0.1.36
[INFO] [stderr]    Compiling jobserver v0.1.34
[INFO] [stderr]     Checking stable_deref_trait v1.2.1
[INFO] [stderr]    Compiling cc v1.2.41
[INFO] [stderr]    Compiling indexmap v2.11.4
[INFO] [stderr]    Compiling serde_json v1.0.150
[INFO] [stderr]     Checking writeable v0.6.1
[INFO] [stderr]     Checking litemap v0.8.0
[INFO] [stderr]     Checking signal-hook-registry v1.4.6
[INFO] [stderr]     Checking mio v1.2.2
[INFO] [stderr]     Checking socket2 v0.6.5
[INFO] [stderr]    Compiling zerocopy v0.8.27
[INFO] [stderr]    Compiling crc32fast v1.5.0
[INFO] [stderr]     Checking getrandom v0.2.16
[INFO] [stderr]     Checking foldhash v0.2.0
[INFO] [stderr]    Compiling time-core v0.1.6
[INFO] [stderr]     Checking deranged v0.5.4
[INFO] [stderr]    Compiling time-macros v0.2.24
[INFO] [stderr]     Checking subtle v2.6.1
[INFO] [stderr]    Compiling anyhow v1.0.100
[INFO] [stderr]    Compiling syn v1.0.109
[INFO] [stderr]    Compiling getrandom v0.3.3
[INFO] [stderr]    Compiling fnv v1.0.7
[INFO] [stderr]    Compiling cmake v0.1.54
[INFO] [stderr]    Compiling rand_core v0.6.4
[INFO] [stderr]     Checking rand_core v0.10.1
[INFO] [stderr]    Compiling getrandom v0.4.2
[INFO] [stderr]     Checking cpufeatures v0.3.0
[INFO] [stderr]     Checking chacha20 v0.10.0
[INFO] [stderr]    Compiling libloading v0.8.8
[INFO] [stderr]    Compiling bytes v1.10.1
[INFO] [stderr]    Compiling semver v1.0.27
[INFO] [stderr]    Compiling aws-lc-sys v0.32.2
[INFO] [stderr]     Checking rand v0.10.1
[INFO] [stderr]    Compiling percent-encoding v2.3.2
[INFO] [stderr]    Compiling form_urlencoded v1.2.2
[INFO] [stderr]    Compiling utf8_iter v1.0.4
[INFO] [stderr]    Compiling uuid v1.23.3
[INFO] [stderr]    Compiling aws-lc-rs v1.14.1
[INFO] [stderr]     Checking typenum v1.20.1
[INFO] [stderr]    Compiling aho-corasick v1.1.3
[INFO] [stderr]    Compiling ring v0.17.14
[INFO] [stderr]    Compiling ppv-lite86 v0.2.21
[INFO] [stderr]    Compiling regex-syntax v0.8.8
[INFO] [stderr]    Compiling synstructure v0.13.2
[INFO] [stderr]    Compiling rand_chacha v0.3.1
[INFO] [stderr]    Compiling rand v0.8.5
[INFO] [stderr]    Compiling siphasher v1.0.1
[INFO] [stderr]    Compiling itoa v1.0.15
[INFO] [stderr]    Compiling darling_core v0.21.3
[INFO] [stderr]    Compiling serde_derive v1.0.228
[INFO] [stderr]    Compiling zerofrom-derive v0.1.6
[INFO] [stderr]    Compiling yoke-derive v0.8.0
[INFO] [stderr]    Compiling displaydoc v0.2.5
[INFO] [stderr]    Compiling zerovec-derive v0.11.1
[INFO] [stderr]    Compiling tokio-macros v2.7.1
[INFO] [stderr]    Compiling futures-macro v0.3.31
[INFO] [stderr]    Compiling tracing-attributes v0.1.31
[INFO] [stderr]    Compiling thiserror-impl v2.0.17
[INFO] [stderr]     Checking zerofrom v0.1.6
[INFO] [stderr]     Checking yoke v0.8.0
[INFO] [stderr]     Checking futures-util v0.3.31
[INFO] [stderr]     Checking zerotrie v0.2.2
[INFO] [stderr]     Checking zerovec v0.11.4
[INFO] [stderr]    Compiling thiserror-impl v1.0.69
[INFO] [stderr]     Checking tracing v0.1.44
[INFO] [stderr]    Compiling zerocopy-derive v0.8.27
[INFO] [stderr]    Compiling regex-automata v0.4.13
[INFO] [stderr]     Checking tinystr v0.8.1
[INFO] [stderr]     Checking icu_locale_core v2.0.0
[INFO] [stderr]     Checking potential_utf v0.1.3
[INFO] [stderr]     Checking smallvec v1.15.1
[INFO] [stderr]     Checking bitflags v2.9.4
[INFO] [stderr]     Checking parking_lot_core v0.9.12
[INFO] [stderr]     Checking icu_provider v2.0.0
[INFO] [stderr]     Checking icu_collections v2.0.0
[INFO] [stderr]     Checking parking_lot v0.12.5
[INFO] [stderr]     Checking time v0.3.44
[INFO] [stderr]     Checking tokio v1.53.0
[INFO] [stderr]     Checking icu_normalizer v2.0.0
[INFO] [stderr]     Checking icu_properties v2.0.1
[INFO] [stderr]     Checking http v1.3.1
[INFO] [stderr]     Checking http-body v1.0.1
[INFO] [stderr]    Compiling regex v1.12.2
[INFO] [stderr]     Checking idna_adapter v1.2.1
[INFO] [stderr]     Checking idna v1.1.0
[INFO] [stderr]     Checking url v2.5.7
[INFO] [stderr]     Checking simd-adler32 v0.3.7
[INFO] [stderr]    Compiling scopeguard v1.2.0
[INFO] [stderr]    Compiling lock_api v0.4.14
[INFO] [stderr]    Compiling darling_macro v0.21.3
[INFO] [stderr]    Compiling darling v0.21.3
[INFO] [stderr]     Checking thiserror v1.0.69
[INFO] [stderr]     Checking rustls-pki-types v1.12.0
[INFO] [stderr]    Compiling winnow v0.7.13
[INFO] [stderr]     Checking http-body-util v0.1.3
[INFO] [stderr]    Compiling phf_shared v0.11.3
[INFO] [stderr]    Compiling getrandom v0.1.16
[INFO] [stderr]     Checking miniz_oxide v0.8.9
[INFO] [stderr]    Compiling toml_datetime v0.6.3
[INFO] [stderr]    Compiling toml_datetime v0.7.3
[INFO] [stderr]    Compiling zmij v1.0.21
[INFO] [stderr]    Compiling winnow v0.5.40
[INFO] [stderr]     Checking ipnet v2.11.0
[INFO] [stderr]    Compiling phf_generator v0.11.3
[INFO] [stderr]    Compiling serde_with_macros v3.15.0
[INFO] [stderr]     Checking tokio-util v0.7.16
[INFO] [stderr]    Compiling rustc_version v0.4.1
[INFO] [stderr]    Compiling toml_parser v1.0.4
[INFO] [stderr]    Compiling byteorder v1.5.0
[INFO] [stderr]    Compiling generic-array v0.14.9
[INFO] [stderr]    Compiling rustls v0.23.32
[INFO] [stderr]     Checking brotli-decompressor v5.0.0
[INFO] [stderr]    Compiling serde_spanned v0.6.9
[INFO] [stderr]    Compiling target-lexicon v0.12.16
[INFO] [stderr]     Checking futures-executor v0.3.31
[INFO] [stderr]     Checking zlib-rs v0.5.2
[INFO] [stderr]    Compiling phf_macros v0.11.3
[INFO] [stderr]     Checking either v1.15.0
[INFO] [stderr]     Checking h2 v0.4.12
[INFO] [stderr]    Compiling toml_edit v0.20.2
[INFO] [stderr]     Checking webpki-roots v1.0.3
[INFO] [stderr]    Compiling cfg-expr v0.15.8
[INFO] [stderr]     Checking iana-time-zone v0.1.64
[INFO] [stderr]     Checking brotli v8.0.2
[INFO] [stderr]     Checking hex v0.4.3
[INFO] [stderr]    Compiling version-compare v0.2.0
[INFO] [stderr]     Checking chrono v0.4.42
[INFO] [stderr]     Checking libz-rs-sys v0.5.2
[INFO] [stderr]     Checking flate2 v1.1.4
[INFO] [stderr]    Compiling block-buffer v0.10.4
[INFO] [stderr]    Compiling crypto-common v0.1.6
[INFO] [stderr]    Compiling digest v0.10.7
[INFO] [stderr]    Compiling zstd-sys v2.0.16+zstd.1.5.7
[INFO] [stderr]     Checking sync_wrapper v1.0.2
[INFO] [stderr]     Checking openssl-probe v0.1.6
[INFO] [stderr]     Checking const-oid v0.9.6
[INFO] [stderr]    Compiling cpufeatures v0.2.17
[INFO] [stderr]    Compiling sha2 v0.10.9
[INFO] [stderr]     Checking tower v0.5.2
[INFO] [stderr]    Compiling zstd-safe v7.2.4
[INFO] [stderr]    Compiling same-file v1.0.6
[INFO] [stderr]    Compiling walkdir v2.5.0
[INFO] [stderr]     Checking serde_urlencoded v0.7.1
[INFO] [stderr]    Compiling serde_derive_internals v0.29.1
[INFO] [stderr]    Compiling cookie v0.18.1
[INFO] [stderr]    Compiling glob v0.3.3
[INFO] [stderr]    Compiling toml v0.8.2
[INFO] [stderr]    Compiling derive_more v0.99.20
[INFO] [stderr]    Compiling system-deps v6.2.2
[INFO] [stderr]     Checking rand_core v0.9.3
[INFO] [stderr]     Checking rand_chacha v0.9.0
[INFO] [stderr]    Compiling openssl-sys v0.9.116
[INFO] [stderr]    Compiling base64 v0.22.1
[INFO] [stderr]     Checking rustls-native-certs v0.8.1
[INFO] [stderr]     Checking rand v0.9.2
[INFO] [stderr]     Checking encoding_rs v0.8.35
[INFO] [stderr]     Checking hyper v1.7.0
[INFO] [stderr]    Compiling async-trait v0.1.89
[INFO] [stderr]    Compiling unicode-segmentation v1.12.0
[INFO] [stderr]    Compiling openssl v0.10.80
[INFO] [stderr]    Compiling openssl-macros v0.1.1
[INFO] [stderr]    Compiling rustix v1.1.2
[INFO] [stderr]     Checking linux-raw-sys v0.11.0
[INFO] [stderr]     Checking libbz2-rs-sys v0.2.2
[INFO] [stderr]     Checking http v0.2.12
[INFO] [stderr]     Checking hyper-util v0.1.17
[INFO] [stderr]     Checking bzip2 v0.6.0
[INFO] [stderr]    Compiling native-tls v0.2.14
[INFO] [stderr]    Compiling unicase v2.8.1
[INFO] [stderr]     Checking deflate64 v0.1.10
[INFO] [stderr]    Compiling mime_guess v2.0.5
[INFO] [stderr]    Compiling unicode-xid v0.2.6
[INFO] [stderr]     Checking iri-string v0.7.8
[INFO] [stderr]     Checking compression-core v0.4.29
[INFO] [stderr]     Checking tokio-stream v0.1.17
[INFO] [stderr]    Compiling litrs v0.4.2
[INFO] [stderr]     Checking psl-types v2.0.11
[INFO] [stderr]     Checking publicsuffix v2.3.0
[INFO] [stderr]    Compiling document-features v0.2.11
[INFO] [stderr]    Compiling convert_case v0.10.0
[INFO] [stderr]    Compiling derive_more-impl v2.1.1
[INFO] [stderr]     Checking event-listener v5.4.1
[INFO] [stderr]     Checking cookie_store v0.21.1
[INFO] [stderr]     Checking tower-http v0.6.8
[INFO] [stderr]     Checking num-bigint v0.4.6
[INFO] [stderr]     Checking serde_with v3.15.0
[INFO] [stderr]     Checking matchers v0.2.0
[INFO] [stderr]     Checking tracing-log v0.2.0
[INFO] [stderr]     Checking thread_local v1.1.9
[INFO] [stderr]     Checking nu-ansi-term v0.50.3
[INFO] [stderr]     Checking tokio-native-tls v0.3.1
[INFO] [stderr]     Checking hyper-tls v0.6.0
[INFO] [stderr]     Checking tracing-subscriber v0.3.20
[INFO] [stderr]    Compiling siphasher v0.3.11
[INFO] [stderr]    Compiling ahash v0.8.12
[INFO] [stderr]     Checking hmac v0.12.1
[INFO] [stderr]    Compiling pin-project-internal v1.1.10
[INFO] [stderr]    Compiling typeid v1.0.3
[INFO] [stderr]    Compiling rust_decimal v1.39.0
[INFO] [stderr]    Compiling rand_core v0.5.1
[INFO] [stderr]    Compiling rust_decimal_macros v1.39.0
[INFO] [stderr]     Checking crossbeam-channel v0.5.15
[INFO] [stderr]    Compiling num-traits v0.2.19
[INFO] [stderr]     Checking tinyvec v1.10.0
[INFO] [stderr]     Checking pin-project v1.1.10
[INFO] [stderr]    Compiling zeroize v1.8.2
[INFO] [stderr]    Compiling erased-serde v0.4.8
[INFO] [stderr]    Compiling futures-core v0.3.31
[INFO] [stderr]     Checking derive_more v2.1.1
[INFO] [stderr]    Compiling rand_pcg v0.2.1
[INFO] [stderr]    Compiling rand_chacha v0.2.2
[INFO] [stderr]     Checking hashbrown v0.14.5
[INFO] [stderr]    Compiling phf_shared v0.8.0
[INFO] [stderr]    Compiling glib-sys v0.18.1
[INFO] [stderr]    Compiling crossbeam-utils v0.8.21
[INFO] [stderr]     Checking dotenvy v0.15.7
[INFO] [stderr]    Compiling proc-macro-hack v0.5.20+deprecated
[INFO] [stderr]    Compiling rand v0.7.3
[INFO] [stderr]     Checking phf v0.11.3
[INFO] [stderr]    Compiling phf_shared v0.10.0
[INFO] [stderr]     Checking num-rational v0.4.2
[INFO] [stderr]    Compiling itertools v0.14.0
[INFO] [stderr]    Compiling futures-sink v0.3.31
[INFO] [stderr]    Compiling new_debug_unreachable v1.0.6
[INFO] [stderr]     Checking home v0.5.11
[INFO] [stderr]    Compiling phf_generator v0.10.0
[INFO] [stderr]     Checking h2 v0.3.27
[INFO] [stderr]    Compiling gobject-sys v0.18.0
[INFO] [stderr]    Compiling phf_codegen v0.11.3
[INFO] [stderr]    Compiling phf_generator v0.8.0
[INFO] [stderr]    Compiling string_cache_codegen v0.5.4
[INFO] [stderr]     Checking socket2 v0.5.10
[INFO] [stderr]    Compiling mac v0.1.1
[INFO] [stderr]    Compiling precomputed-hash v0.1.1
[INFO] [stderr]    Compiling phf_macros v0.10.0
[INFO] [stderr]    Compiling futf v0.1.5
[INFO] [stderr]    Compiling phf_codegen v0.8.0
[INFO] [stderr]    Compiling markup5ever v0.14.1
[INFO] [stderr]     Checking event-listener-strategy v0.5.4
[INFO] [stderr]    Compiling toml_edit v0.23.7
[INFO] [stderr]    Compiling libsqlite3-sys v0.30.1
[INFO] [stderr]    Compiling cssparser v0.29.6
[INFO] [stderr]    Compiling serde_spanned v1.0.3
[INFO] [stderr]    Compiling foldhash v0.1.5
[INFO] [stderr]    Compiling utf-8 v0.7.6
[INFO] [stderr]    Compiling pin-utils v0.1.0
[INFO] [stderr]    Compiling untrusted v0.9.0
[INFO] [stderr]    Compiling dtoa v1.0.10
[INFO] [stderr]    Compiling toml_writer v1.0.4
[INFO] [stderr]    Compiling allocator-api2 v0.2.21
[INFO] [stderr]     Checking crc-catalog v2.4.0
[INFO] [stderr]    Compiling toml v0.9.8
[INFO] [stderr]     Checking crc v3.3.0
[INFO] [stderr]    Compiling dtoa-short v0.3.5
[INFO] [stderr]    Compiling tendril v0.4.3
[INFO] [stderr]    Compiling hashbrown v0.15.5
[INFO] [stderr]    Compiling proc-macro-crate v3.4.0
[INFO] [stderr]    Compiling phf v0.10.1
[INFO] [stderr]     Checking zstd v0.13.3
[INFO] [stderr]    Compiling selectors v0.24.0
[INFO] [stderr]    Compiling string_cache v0.8.9
[INFO] [stderr]     Checking compression-codecs v0.4.31
[INFO] [stderr]    Compiling concurrent-queue v2.5.0
[INFO] [stderr]    Compiling ctor v0.2.9
[INFO] [stderr]     Checking async-compression v0.4.32
[INFO] [stderr]    Compiling cssparser-macros v0.6.1
[INFO] [stderr]    Compiling indexmap v1.9.3
[INFO] [stderr]     Checking data-encoding v2.9.0
[INFO] [stderr]    Compiling parking v2.2.1
[INFO] [stderr]    Compiling arrayvec v0.7.6
[INFO] [stderr]    Compiling alloc-no-stdlib v2.0.4
[INFO] [stderr]    Compiling nodrop v0.1.14
[INFO] [stderr]    Compiling tinyvec_macros v0.1.1
[INFO] [stderr]    Compiling unic-char-range v0.9.0
[INFO] [stderr]    Compiling unic-common v0.9.0
[INFO] [stderr]    Compiling matches v0.1.10
[INFO] [stderr]    Compiling camino v1.2.1
[INFO] [stderr]    Compiling unic-ucd-version v0.9.0
[INFO] [stderr]    Compiling unic-char-property v0.9.0
[INFO] [stderr]    Compiling servo_arc v0.2.0
[INFO] [stderr]    Compiling alloc-stdlib v0.2.2
[INFO] [stderr]    Compiling webpki-roots v0.26.11
[INFO] [stderr]    Compiling hashlink v0.10.0
[INFO] [stderr]    Compiling crossbeam-queue v0.3.12
[INFO] [stderr]    Compiling phf v0.8.0
[INFO] [stderr]    Compiling futures-intrusive v0.5.0
[INFO] [stderr]     Checking futures v0.3.31
[INFO] [stderr]    Compiling fxhash v0.2.1
[INFO] [stderr]    Compiling utoipa-gen v5.4.0
[INFO] [stderr]    Compiling match_token v0.1.0
[INFO] [stderr]     Checking hybrid-array v0.4.13
[INFO] [stderr]    Compiling schemars v0.8.22
[INFO] [stderr]    Compiling hashbrown v0.12.3
[INFO] [stderr]     Checking minimal-lexical v0.2.1
[INFO] [stderr]    Compiling html5ever v0.29.1
[INFO] [stderr]     Checking nom v7.1.3
[INFO] [stderr]    Compiling unicode-normalization v0.1.24
[INFO] [stderr]    Compiling unic-ucd-ident v0.9.0
[INFO] [stderr]    Compiling atoi v2.0.0
[INFO] [stderr]     Checking http-body v0.4.6
[INFO] [stderr]    Compiling gio-sys v0.18.1
[INFO] [stderr]    Compiling schemars_derive v0.8.22
[INFO] [stderr]    Compiling cfb v0.7.3
[INFO] [stderr]    Compiling jsonptr v0.6.3
[INFO] [stderr]    Compiling spin v0.9.8
[INFO] [stderr]    Compiling cargo-platform v0.1.9
[INFO] [stderr]    Compiling darling_core v0.23.0
[INFO] [stderr]    Compiling proc-macro-error-attr v1.0.4
[INFO] [stderr]    Compiling ryu v1.0.20
[INFO] [stderr]     Checking base64ct v1.8.0
[INFO] [stderr]    Compiling unicode-properties v0.1.3
[INFO] [stderr]    Compiling dyn-clone v1.0.20
[INFO] [stderr]     Checking http-range v0.1.5
[INFO] [stderr]    Compiling unicode-bidi v0.3.18
[INFO] [stderr]     Checking eyre v0.6.12
[INFO] [stderr]    Compiling infer v0.19.0
[INFO] [stderr]    Compiling json-patch v3.0.1
[INFO] [stderr]    Compiling stringprep v0.1.5
[INFO] [stderr]    Compiling cargo_metadata v0.19.2
[INFO] [stderr]    Compiling flume v0.11.1
[INFO] [stderr]    Compiling hkdf v0.12.4
[INFO] [stderr]    Compiling urlpattern v0.3.0
[INFO] [stderr]    Compiling serde-untagged v0.1.9
[INFO] [stderr]    Compiling kuchikiki v0.8.8-speedreader
[INFO] [stderr]     Checking object v0.37.3
[INFO] [stderr]    Compiling darling_macro v0.23.0
[INFO] [stderr]     Checking crypto-common v0.2.2
[INFO] [stderr]     Checking block-buffer v0.12.1
[INFO] [stderr]     Checking async-lock v3.4.1
[INFO] [stderr]     Checking utoipa v5.4.0
[INFO] [stderr]     Checking tempfile v3.23.0
[INFO] [stderr]     Checking md-5 v0.10.6
[INFO] [stderr]    Compiling actix-macros v0.2.4
[INFO] [stderr]     Checking crossbeam-epoch v0.9.18
[INFO] [stderr]    Compiling proc-macro-error v1.0.4
[INFO] [stderr]    Compiling whoami v1.6.1
[INFO] [stderr]     Checking heck v0.5.0
[INFO] [stderr]     Checking const-oid v0.10.2
[INFO] [stderr]     Checking rustc-demangle v0.1.26
[INFO] [stderr]     Checking digest v0.11.3
[INFO] [stderr]     Checking actix-rt v2.11.0
[INFO] [stderr]     Checking dashmap v6.1.0
[INFO] [stderr]     Checking debugid v0.8.0
[INFO] [stderr]     Checking bytestring v1.5.0
[INFO] [stderr]     Checking actix-service v2.0.3
[INFO] [stderr]     Checking vsimd v0.8.0
[INFO] [stderr]     Checking regex-lite v0.1.8
[INFO] [stderr]     Checking outref v0.5.2
[INFO] [stderr]     Checking bytemuck v1.24.0
[INFO] [stderr]     Checking base64-simd v0.8.0
[INFO] [stderr]    Compiling tauri-utils v2.8.2
[INFO] [stderr]     Checking sentry-types v0.45.0
[INFO] [stderr]     Checking sha1 v0.11.0
[INFO] [stderr]    Compiling actix-router v0.5.4
[INFO] [stderr]     Checking backtrace v0.3.76
[INFO] [stderr]     Checking bytes-utils v0.1.4
[INFO] [stderr]     Checking actix-codec v0.5.2
[INFO] [stderr]    Compiling enum-as-inner v0.6.1
[INFO] [stderr]    Compiling rayon-core v1.13.0
[INFO] [stderr]     Checking actix-http v3.13.1
[INFO] [stderr]     Checking aws-smithy-types v1.4.3
[INFO] [stderr]     Checking cookie v0.16.2
[INFO] [stderr]    Compiling actix-web-codegen v4.3.0
[INFO] [stderr]     Checking rgb v0.8.52
[INFO] [stderr]     Checking actix-server v2.6.0
[INFO] [stderr]     Checking crossbeam-deque v0.8.6
[INFO] [stderr]    Compiling prost-derive v0.13.5
[INFO] [stderr]    Compiling equator-macro v0.4.2
[INFO] [stderr]     Checking impl-more v0.3.1
[INFO] [stderr]    Compiling gdk-sys v0.18.2
[INFO] [stderr]     Checking equator v0.4.2
[INFO] [stderr]     Checking half v2.7.0
[INFO] [stderr]     Checking num-complex v0.4.6
[INFO] [stderr]     Checking resolv-conf v0.7.5
[INFO] [stderr]     Checking sha1_smol v1.0.1
[INFO] [stderr]     Checking aligned-vec v0.6.4
[INFO] [stderr]     Checking num v0.4.3
[INFO] [stderr]     Checking hickory-proto v0.24.4
[INFO] [stderr]     Checking sentry-core v0.45.0
[INFO] [stderr]     Checking sha1 v0.10.6
[INFO] [stderr]     Checking prost v0.13.5
[INFO] [stderr]     Checking aws-smithy-async v1.2.11
[INFO] [stderr]    Compiling findshlibs v0.10.2
[INFO] [stderr]    Compiling built v0.7.7
[INFO] [stderr]     Checking actix-web v4.14.0
[INFO] [stderr]     Checking half v1.8.3
[INFO] [stderr]     Checking aws-smithy-runtime-api v1.11.3
[INFO] [stderr]     Checking serde_cbor v0.11.2
[INFO] [stderr]    Compiling rav1e v0.7.1
[INFO] [stderr]     Checking sentry-backtrace v0.45.0
[INFO] [stderr]     Checking v_frame v0.3.9
[INFO] [stderr]     Checking rayon v1.11.0
[INFO] [stderr]    Compiling darling v0.23.0
[INFO] [stderr]     Checking tracing-error v0.2.1
[INFO] [stderr]    Compiling sentry-contexts v0.45.0
[INFO] [stderr]     Checking quick-xml v0.38.3
[INFO] [stderr]    Compiling profiling-procmacros v1.0.17
[INFO] [stderr]    Compiling darling_core v0.20.11
[INFO] [stderr]     Checking serde_bytes v0.11.19
[INFO] [stderr]     Checking hostname v0.4.1
[INFO] [stderr]    Compiling adler2 v2.0.1
[INFO] [stderr]     Checking quick-error v2.0.1
[INFO] [stderr]     Checking hickory-resolver v0.24.4
[INFO] [stderr]     Checking anstyle-parse v0.2.7
[INFO] [stderr]     Checking profiling v1.0.17
[INFO] [stderr]     Checking av1-grain v0.2.4
[INFO] [stderr]     Checking itertools v0.12.1
[INFO] [stderr]     Checking maybe-rayon v0.1.1
[INFO] [stderr]     Checking cobs v0.3.0
[INFO] [stderr]    Compiling arg_enum_proc_macro v0.3.4
[INFO] [stderr]    Compiling num-derive v0.4.2
[INFO] [stderr]    Compiling fax_derive v0.2.0
[INFO] [stderr]     Checking uname v0.1.1
[INFO] [stderr]    Compiling simd_helpers v0.1.0
[INFO] [stderr]     Checking zune-core v0.4.12
[INFO] [stderr]     Checking anstyle-query v1.1.4
[INFO] [stderr]     Checking colorchoice v1.0.4
[INFO] [stderr]    Compiling noop_proc_macro v0.3.0
[INFO] [stderr]     Checking is_terminal_polyfill v1.70.1
[INFO] [stderr]     Checking anstyle v1.0.13
[INFO] [stderr]     Checking weezl v0.1.10
[INFO] [stderr]     Checking imgref v1.12.0
[INFO] [stderr]     Checking bitstream-io v2.6.0
[INFO] [stderr]    Compiling rustls v0.21.12
[INFO] [stderr]     Checking loop9 v0.1.5
[INFO] [stderr]     Checking anstream v0.6.21
[INFO] [stderr]     Checking zune-jpeg v0.4.21
[INFO] [stderr]     Checking fax v0.2.6
[INFO] [stderr]     Checking async-minecraft-ping v0.8.0 (/opt/rustwide/workdir/packages/async-minecraft-ping)
[INFO] [stderr]     Checking postcard v1.1.3
[INFO] [stderr]    Compiling darling_macro v0.20.11
[INFO] [stderr]    Compiling darling v0.20.11
[INFO] [stderr]     Checking sentry-debug-images v0.45.0
[INFO] [stderr]     Checking ariadne v0.1.0 (/opt/rustwide/workdir/packages/ariadne)
[INFO] [stderr]     Checking sentry-tracing v0.45.0
[INFO] [stderr]     Checking sentry-panic v0.45.0
[INFO] [stderr]    Compiling fdeflate v0.3.7
[INFO] [stderr]     Checking avif-serialize v0.8.6
[INFO] [stderr]    Compiling cairo-sys-rs v0.18.2
[INFO] [stderr]    Compiling pango-sys v0.18.0
[INFO] [stderr]    Compiling atk-sys v0.18.2
[INFO] [stderr]    Compiling gdk-pixbuf-sys v0.18.0
[INFO] [stderr]    Compiling proc-macro-crate v2.0.2
[INFO] [stderr]     Checking rustls-webpki v0.101.7
[INFO] [stderr]     Checking sct v0.7.1
[INFO] [stderr]     Checking zune-inflate v0.2.54
[INFO] [stderr]     Checking pxfm v0.1.25
[INFO] [stderr]     Checking bumpalo v3.19.0
[INFO] [stderr]     Checking bit_field v0.10.3
[INFO] [stderr]     Checking typed-path v0.12.0
[INFO] [stderr]     Checking byteorder-lite v0.1.0
[INFO] [stderr]     Checking color_quant v1.1.0
[INFO] [stderr]     Checking clap_lex v0.7.5
[INFO] [stderr]    Compiling heck v0.4.1
[INFO] [stderr]     Checking lebe v0.5.3
[INFO] [stderr]     Checking image-webp v0.2.4
[INFO] [stderr]    Compiling glib-macros v0.18.5
[INFO] [stderr]     Checking exr v1.73.0
[INFO] [stderr]     Checking clap_builder v4.5.48
[INFO] [stderr]     Checking gif v0.13.3
[INFO] [stderr]     Checking zopfli v0.8.2
[INFO] [stderr]     Checking moxcms v0.7.7
[INFO] [stderr]     Checking png v0.18.0
[INFO] [stderr]    Compiling png v0.17.16
[INFO] [stderr]     Checking ravif v0.11.20
[INFO] [stderr]     Checking tiff v0.10.3
[INFO] [stderr]     Checking qoi v0.4.1
[INFO] [stderr]     Checking tracing-ecs v0.5.0
[INFO] [stderr]     Checking modrinth-content-management v0.0.0 (/opt/rustwide/workdir/packages/modrinth-content-management)
[INFO] [stderr]    Compiling clap_derive v4.5.47
[INFO] [stderr]    Compiling rustix v0.38.44
[INFO] [stderr]    Compiling ico v0.5.0
[INFO] [stderr]     Checking rustls-native-certs v0.6.3
[INFO] [stderr]     Checking tokio-rustls v0.24.1
[INFO] [stderr]     Checking glib v0.18.5
[INFO] [stderr]     Checking zip v6.0.0
[INFO] [stderr]     Checking path-util v0.0.0 (/opt/rustwide/workdir/packages/path-util)
[INFO] [stderr]    Compiling serde-binhum v0.1.0 (/opt/rustwide/workdir/packages/serde-binhum)
[INFO] [stderr]     Checking rustls-webpki v0.103.7
[INFO] [stderr]     Checking aws-smithy-eventstream v0.60.18
[INFO] [stderr]     Checking image v0.25.8
[INFO] [stderr]     Checking hyper v0.14.32
[INFO] [stderr]     Checking rusticata-macros v4.1.0
[INFO] [stderr]    Compiling asn1-rs-impl v0.2.0
[INFO] [stderr]     Checking clap v4.5.48
[INFO] [stderr]    Compiling asn1-rs-derive v0.5.1
[INFO] [stderr]     Checking dirs-sys-next v0.1.2
[INFO] [stderr]     Checking urlencoding v2.1.3
[INFO] [stderr]    Compiling protobuf v3.7.2
[INFO] [stderr]    Compiling procfs v0.17.0
[INFO] [stderr]    Compiling crc16 v0.4.0
[INFO] [stderr]    Compiling option-ext v0.2.0
[INFO] [stderr]    Compiling dirs-sys v0.5.0
[INFO] [stderr]     Checking dirs-next v2.0.0
[INFO] [stderr]     Checking asn1-rs v0.6.2
[INFO] [stderr]     Checking aws-smithy-http v0.63.3
[INFO] [stderr]    Compiling tauri-codegen v2.5.4
[INFO] [stderr]    Compiling embed-resource v3.0.6
[INFO] [stderr]    Compiling gtk-sys v0.18.2
[INFO] [stderr]     Checking procfs-core v0.17.0
[INFO] [stderr]    Compiling libz-sys v1.1.29
[INFO] [stderr]     Checking tokio-rustls v0.26.4
[INFO] [stderr]     Checking sqlx-core v0.8.6
[INFO] [stderr]     Checking hyper-rustls v0.27.7
[INFO] [stderr]     Checking reqwest v0.12.24
[INFO] [stderr]     Checking hyper-rustls v0.24.2
[INFO] [stderr]     Checking protobuf-support v3.7.2
[INFO] [stderr]     Checking scheduled-thread-pool v0.2.7
[INFO] [stderr]    Compiling psm v0.1.27
[INFO] [stderr]    Compiling tikv-jemalloc-sys v0.6.0+5.3.0-1-ge13ca993e8ccb9ba9847cc330696e02839f328f7
[INFO] [stderr]     Checking nom v8.0.0
[INFO] [stderr]     Checking csv-core v0.1.12
[INFO] [stderr]     Checking env_filter v0.1.4
[INFO] [stderr]    Compiling pastey v0.1.1
[INFO] [stderr]    Compiling oid-registry v0.7.1
[INFO] [stderr]    Compiling prometheus v0.14.0
[INFO] [stderr]     Checking csv v1.3.1
[INFO] [stderr]     Checking base64urlsafedata v0.5.5
[INFO] [stderr]     Checking env_logger v0.11.8
[INFO] [stderr]     Checking sentry v0.45.0
[INFO] [stderr]     Checking r2d2 v0.8.10
[INFO] [stderr]     Checking modrinth-log v0.0.0 (/opt/rustwide/workdir/packages/modrinth-log)
[INFO] [stderr]     Checking sqlx-sqlite v0.8.6
[INFO] [stderr]     Checking sqlx-postgres v0.8.6
[INFO] [stderr]    Compiling tauri-winres v0.3.3
[INFO] [stderr]     Checking term v0.7.0
[INFO] [stderr]    Compiling dirs v6.0.0
[INFO] [stderr]     Checking aws-credential-types v1.2.11
[INFO] [stderr]    Compiling cargo_toml v0.22.3
[INFO] [stderr]     Checking num-format v0.4.4
[INFO] [stderr]     Checking combine v4.6.7
[INFO] [stderr]    Compiling aws-types v1.3.11
[INFO] [stderr]     Checking deadpool-runtime v0.1.5 (https://github.com/modrinth/deadpool?rev=c7209b086829572f368f1194aba54bdea8dc540b#c7209b08)
[INFO] [stderr]    Compiling stacker v0.1.22
[INFO] [stderr]     Checking num_cpus v1.17.0
[INFO] [stderr]     Checking is-terminal v0.4.16
[INFO] [stderr]     Checking quick-xml v0.37.5
[INFO] [stderr]    Compiling webauthn-attestation-ca v0.5.5
[INFO] [stderr]     Checking arcstr v1.2.0
[INFO] [stderr]     Checking xxhash-rust v0.8.17
[INFO] [stderr]     Checking encode_unicode v1.0.0
[INFO] [stderr]     Checking str_stack v0.1.0
[INFO] [stderr]    Compiling owo-colors v4.2.3
[INFO] [stderr]    Compiling gio v0.18.4
[INFO] [stderr]     Checking prettytable-rs v0.10.0
[INFO] [stderr]     Checking inferno v0.12.3
[INFO] [stderr]    Compiling tauri-build v2.5.5
[INFO] [stderr]     Checking deadpool v0.12.3 (https://github.com/modrinth/deadpool?rev=c7209b086829572f368f1194aba54bdea8dc540b#c7209b08)
[INFO] [stderr]     Checking modrinth-util v0.0.0 (/opt/rustwide/workdir/packages/modrinth-util)
[INFO] [stderr]     Checking aws-smithy-http-client v1.1.9
[INFO] [stderr]     Checking der-parser v9.0.0
[INFO] [stderr]    Compiling derive_builder_core v0.20.2
[INFO] [stderr]     Checking aws-smithy-observability v0.2.4
[INFO] [stderr]    Compiling num_enum_derive v0.7.4
[INFO] [stderr]    Compiling libwebp-sys v0.9.6
[INFO] [stderr]    Compiling rust-embed-utils v8.11.0
[INFO] [stderr]    Compiling strum_macros v0.27.2
[INFO] [stderr]    Compiling rdkafka-sys v4.10.0+2.12.1
[INFO] [stderr]    Compiling proc-macro-error-attr2 v2.0.0
[INFO] [stderr]     Checking waker-fn v1.2.0
[INFO] [stderr]     Checking bit-vec v0.6.3
[INFO] [stderr]     Checking spin v0.10.0
[INFO] [stderr]     Checking fastrand v1.9.0
[INFO] [stderr]     Checking lz4_flex v0.11.5
[INFO] [stderr]    Compiling webauthn-rs-core v0.5.5
[INFO] [stderr]    Compiling v_htmlescape v0.15.8
[INFO] [stderr]    Compiling http-types v2.12.0
[INFO] [stderr]     Checking futures-lite v1.13.0
[INFO] [stderr]    Compiling derive_builder_macro v0.20.2
[INFO] [stderr]     Checking crc-fast v1.9.0
[INFO] [stderr]     Checking async-channel v1.9.0
[INFO] [stderr]     Checking redis v1.4.1
[INFO] [stderr]     Checking bit-set v0.5.3
[INFO] [stderr]    Compiling sqlx-macros-core v0.8.6
[INFO] [stderr]    Compiling proc-macro-error2 v2.0.1
[INFO] [stderr]     Checking num_enum v0.7.4
[INFO] [stderr]    Compiling rust-embed-impl v8.11.0
[INFO] [stderr]     Checking strum v0.27.2
[INFO] [stderr]     Checking aws-smithy-runtime v1.10.0
[INFO] [stderr]     Checking x509-parser v0.16.0
[INFO] [stderr]     Checking pprof_util v0.8.0
[INFO] [stderr]    Compiling sqlx-macros v0.8.6
[INFO] [stderr]     Checking rust_iso3166 v0.1.14
[INFO] [stderr]     Checking aws-sigv4 v1.3.8
[INFO] [stderr]     Checking webauthn-rs-proto v0.5.5
[INFO] [stderr]     Checking serde_cbor_2 v0.13.0
[INFO] [stderr]     Checking serde_qs v0.8.5
[INFO] [stderr]    Compiling serde_tokenstream v0.2.2
[INFO] [stderr]     Checking secrecy v0.10.3
[INFO] [stderr]    Compiling memoffset v0.9.1
[INFO] [stderr]     Checking arc-swap v1.7.1
[INFO] [stderr]     Checking infer v0.2.3
[INFO] [stderr]    Compiling async-stripe v0.41.0
[INFO] [stderr]    Compiling dotenv-build v0.1.1
[INFO] [stderr]     Checking xmlparser v0.13.6
[INFO] [stderr]    Compiling woothee v0.13.0
[INFO] [stderr]    Compiling xml-rs v0.8.27
[INFO] [stderr]     Checking base64 v0.13.1
[INFO] [stderr]    Compiling parse-size v1.1.0
[INFO] [stderr]    Compiling actix-multipart-derive v0.7.0
[INFO] [stderr]    Compiling yaserde_derive v0.12.0
[INFO] [stderr] error: could not compile `redis` (lib)
[INFO] [stderr] 
[INFO] [stderr] Caused by:
[INFO] [stderr]   process didn't exit successfully: `/opt/rustwide/rustup-home/toolchains/3154cc1a3e6424e44f438a95007d043ed5ceaaf6/bin/rustc --crate-name redis --edition=2024 /opt/rustwide/cargo-home/registry/src/index.crates.io-1949cf8c6b5b557f/redis-1.4.1/src/lib.rs --error-format=json --json=diagnostic-rendered-ansi,artifacts,future-incompat,unused-externs-silent --crate-type lib --emit=dep-info,metadata -C embed-bitcode=no -C debuginfo=2 --cfg 'feature="acl"' --cfg 'feature="ahash"' --cfg 'feature="aio"' --cfg 'feature="bytes"' --cfg 'feature="cluster"' --cfg 'feature="cluster-async"' --cfg 'feature="default"' --cfg 'feature="geospatial"' --cfg 'feature="num-bigint"' --cfg 'feature="r2d2"' --cfg 'feature="script"' --cfg 'feature="streams"' --cfg 'feature="tokio-comp"' --check-cfg 'cfg(docsrs,test)' --check-cfg 'cfg(feature, values("acl", "ahash", "aio", "bb8", "bigdecimal", "bloom", "bytes", "cache-aio", "cluster", "cluster-async", "connection-manager", "default", "entra-id", "geospatial", "hashbrown", "json", "num-bigint", "r2d2", "rust_decimal", "script", "sentinel", "smol-comp", "smol-native-tls-comp", "smol-rustls-comp", "streams", "tls-native-tls", "tls-rustls", "tls-rustls-insecure", "tls-rustls-webpki-roots", "token-based-authentication", "tokio-comp", "tokio-native-tls-comp", "tokio-rustls-comp", "uuid", "vector-sets"))' -C metadata=536447baaad8973c -C extra-filename=-6821750aec0ae28d --out-dir /opt/rustwide/target/debug/build/redis/6821750aec0ae28d/out -L dependency=/opt/rustwide/target/debug/build/bytes/d02be76eda145710/out -L dependency=/opt/rustwide/target/debug/build/cfg-if/dbbf0e19f44b3725/out -L dependency=/opt/rustwide/target/debug/build/chacha20/8fd56471123e6e60/out -L dependency=/opt/rustwide/target/debug/build/concurrent-queue/1bb69efdf04e621a/out -L dependency=/opt/rustwide/target/debug/build/cpufeatures/1dc4fc21797f1e07/out -L dependency=/opt/rustwide/target/debug/build/critical-section/eccb42b79f92499e/out -L dependency=/opt/rustwide/target/debug/build/crossbeam-utils/01b97955d654b440/out -L dependency=/opt/rustwide/target/debug/build/displaydoc/196596648fb1433e/out -L dependency=/opt/rustwide/target/debug/build/event-listener-strategy/6ca7a656db967d71/out -L dependency=/opt/rustwide/target/debug/build/event-listener/50833c4f58e2c875/out -L dependency=/opt/rustwide/target/debug/build/form_urlencoded/8558270de8c5e9db/out -L dependency=/opt/rustwide/target/debug/build/futures-channel/57486951aa1763dd/out -L dependency=/opt/rustwide/target/debug/build/futures-core/937cdc440dea5f51/out -L dependency=/opt/rustwide/target/debug/build/futures-io/7288ae1622d8ceae/out -L dependency=/opt/rustwide/target/debug/build/futures-macro/d7002989c4d3eaea/out -L dependency=/opt/rustwide/target/debug/build/futures-sink/761787380e6cfe37/out -L dependency=/opt/rustwide/target/debug/build/futures-task/f02075f0be3ac103/out -L dependency=/opt/rustwide/target/debug/build/getrandom/c6dc16110a46f03c/out -L dependency=/opt/rustwide/target/debug/build/getrandom/fed4868c35faa8ec/out -L dependency=/opt/rustwide/target/debug/build/icu_collections/d1b27bb94b153573/out -L dependency=/opt/rustwide/target/debug/build/icu_locale_core/439912b89f8c70ee/out -L dependency=/opt/rustwide/target/debug/build/icu_normalizer/51188da1205a3eb8/out -L dependency=/opt/rustwide/target/debug/build/icu_normalizer_data/7c4124f774dc443b/out -L dependency=/opt/rustwide/target/debug/build/icu_properties/b50f5c02b6ae5688/out -L dependency=/opt/rustwide/target/debug/build/icu_properties_data/aca306def503b143/out -L dependency=/opt/rustwide/target/debug/build/icu_provider/980872da293f02c8/out -L dependency=/opt/rustwide/target/debug/build/idna/42e0604a3ca97526/out -L dependency=/opt/rustwide/target/debug/build/idna_adapter/d85377212039786e/out -L dependency=/opt/rustwide/target/debug/build/libc/9cee01883ec8af14/out -L dependency=/opt/rustwide/target/debug/build/litemap/2c69d9390654616c/out -L dependency=/opt/rustwide/target/debug/build/lock_api/497c3c4b546acad3/out -L dependency=/opt/rustwide/target/debug/build/log/2ba83dd49a0d7b76/out -L dependency=/opt/rustwide/target/debug/build/memchr/51f0bf88eac8402f/out -L dependency=/opt/rustwide/target/debug/build/mio/806b76dea10637f3/out -L dependency=/opt/rustwide/target/debug/build/num-integer/463e215e856ebde8/out -L dependency=/opt/rustwide/target/debug/build/num-traits/195c77de1ae28a5a/out -L dependency=/opt/rustwide/target/debug/build/once_cell/0ad80510ac5f7e06/out -L dependency=/opt/rustwide/target/debug/build/parking/25df844171a2272a/out -L dependency=/opt/rustwide/target/debug/build/parking_lot/61ec0a3ebf45ebff/out -L dependency=/opt/rustwide/target/debug/build/parking_lot_core/dcaf67d42c831c96/out -L dependency=/opt/rustwide/target/debug/build/percent-encoding/528721a9f54dc4b1/out -L dependency=/opt/rustwide/target/debug/build/pin-project-lite/1b81da4f494a9bc3/out -L dependency=/opt/rustwide/target/debug/build/pin-utils/878ed655ba41bb46/out -L dependency=/opt/rustwide/target/debug/build/portable-atomic/d829a969c0dbe587/out -L dependency=/opt/rustwide/target/debug/build/potential_utf/59f4041233b98931/out -L dependency=/opt/rustwide/target/debug/build/rand_core/790bef9d05f5e688/out -L dependency=/opt/rustwide/target/debug/build/scheduled-thread-pool/88026be8d3fe5287/out -L dependency=/opt/rustwide/target/debug/build/scopeguard/2eedc5e742d791e6/out -L dependency=/opt/rustwide/target/debug/build/serde/a602eeec42427b7b/out -L dependency=/opt/rustwide/target/debug/build/serde_core/6e1907735d488b51/out -L dependency=/opt/rustwide/target/debug/build/serde_derive/ecd678d84d8547bd/out -L dependency=/opt/rustwide/target/debug/build/signal-hook-registry/84f6d1f8066f2116/out -L dependency=/opt/rustwide/target/debug/build/slab/5b4561caabd64ab3/out -L dependency=/opt/rustwide/target/debug/build/smallvec/b0ee93f6c110ca74/out -L dependency=/opt/rustwide/target/debug/build/socket2/4744990645cde020/out -L dependency=/opt/rustwide/target/debug/build/stable_deref_trait/0cabe2dfd5e41ec5/out -L dependency=/opt/rustwide/target/debug/build/tinystr/1aeedc2020d6a678/out -L dependency=/opt/rustwide/target/debug/build/tokio-macros/bc32db323c2d7d88/out -L dependency=/opt/rustwide/target/debug/build/tokio-util/2356687d78c9a460/out -L dependency=/opt/rustwide/target/debug/build/tokio/dcbab2c347fa3eb4/out -L dependency=/opt/rustwide/target/debug/build/utf8_iter/2a9a14295c98e961/out -L dependency=/opt/rustwide/target/debug/build/writeable/2a9c9dee1c7cab27/out -L dependency=/opt/rustwide/target/debug/build/yoke-derive/03d76f90f0d5461b/out -L dependency=/opt/rustwide/target/debug/build/yoke/87316cd940b4b4de/out -L dependency=/opt/rustwide/target/debug/build/zerocopy-derive/797616ce771f02f1/out -L dependency=/opt/rustwide/target/debug/build/zerocopy/5f26b0161d3f7121/out -L dependency=/opt/rustwide/target/debug/build/zerofrom-derive/2a837d19a5214513/out -L dependency=/opt/rustwide/target/debug/build/zerofrom/916ca63e0b69a843/out -L dependency=/opt/rustwide/target/debug/build/zerotrie/8e9ee758fb8f6077/out -L dependency=/opt/rustwide/target/debug/build/zerovec-derive/4644452c866279ae/out -L dependency=/opt/rustwide/target/debug/build/zerovec/9b41d14a5c06aa01/out --extern ahash=/opt/rustwide/target/debug/build/ahash/2e870c0a7d81fe40/out/libahash-2e870c0a7d81fe40.rmeta --extern arcstr=/opt/rustwide/target/debug/build/arcstr/6b8d0f7f9b118fa0/out/libarcstr-6b8d0f7f9b118fa0.rmeta --extern async_lock=/opt/rustwide/target/debug/build/async-lock/9ed666f8cab7a4b6/out/libasync_lock-9ed666f8cab7a4b6.rmeta --extern bytes=/opt/rustwide/target/debug/build/bytes/d02be76eda145710/out/libbytes-d02be76eda145710.rmeta --extern cfg_if=/opt/rustwide/target/debug/build/cfg-if/dbbf0e19f44b3725/out/libcfg_if-dbbf0e19f44b3725.rmeta --extern combine=/opt/rustwide/target/debug/build/combine/03b3296f4f33c84c/out/libcombine-03b3296f4f33c84c.rmeta --extern crc16=/opt/rustwide/target/debug/build/crc16/b2bce25423504661/out/libcrc16-b2bce25423504661.rmeta --extern futures_util=/opt/rustwide/target/debug/build/futures-util/d0333c1223710a4f/out/libfutures_util-d0333c1223710a4f.rmeta --extern itoa=/opt/rustwide/target/debug/build/itoa/5e6fae9653c9d29e/out/libitoa-5e6fae9653c9d29e.rmeta --extern log=/opt/rustwide/target/debug/build/log/2ba83dd49a0d7b76/out/liblog-2ba83dd49a0d7b76.rmeta --extern num_bigint=/opt/rustwide/target/debug/build/num-bigint/6e6fb8161d46c38c/out/libnum_bigint-6e6fb8161d46c38c.rmeta --extern percent_encoding=/opt/rustwide/target/debug/build/percent-encoding/528721a9f54dc4b1/out/libpercent_encoding-528721a9f54dc4b1.rmeta --extern pin_project_lite=/opt/rustwide/target/debug/build/pin-project-lite/1b81da4f494a9bc3/out/libpin_project_lite-1b81da4f494a9bc3.rmeta --extern r2d2=/opt/rustwide/target/debug/build/r2d2/11ba7710f50d0750/out/libr2d2-11ba7710f50d0750.rmeta --extern rand=/opt/rustwide/target/debug/build/rand/464b1436603119c1/out/librand-464b1436603119c1.rmeta --extern ryu=/opt/rustwide/target/debug/build/ryu/3bb9095b4adae92b/out/libryu-3bb9095b4adae92b.rmeta --extern sha1_smol=/opt/rustwide/target/debug/build/sha1_smol/aac9b3365e7e5566/out/libsha1_smol-aac9b3365e7e5566.rmeta --extern socket2=/opt/rustwide/target/debug/build/socket2/4744990645cde020/out/libsocket2-4744990645cde020.rmeta --extern tokio=/opt/rustwide/target/debug/build/tokio/dcbab2c347fa3eb4/out/libtokio-dcbab2c347fa3eb4.rmeta --extern tokio_util=/opt/rustwide/target/debug/build/tokio-util/2356687d78c9a460/out/libtokio_util-2356687d78c9a460.rmeta --extern url=/opt/rustwide/target/debug/build/url/0538c33f6f7f78a1/out/liburl-0538c33f6f7f78a1.rmeta --extern xxhash_rust=/opt/rustwide/target/debug/build/xxhash-rust/509a53c5f2e70be4/out/libxxhash_rust-509a53c5f2e70be4.rmeta --cap-lints allow --cap-lints=forbid -Znext-solver=coherence --force-warn=unused_crate_dependencies` (signal: 9, SIGKILL: kill)
[INFO] [stderr] warning: build failed, waiting for other jobs to finish...
[INFO] [stderr] error: could not compile `gio` (lib)
[INFO] [stderr] 
[INFO] [stderr] Caused by:
[INFO] [stderr]   process didn't exit successfully: `/opt/rustwide/rustup-home/toolchains/3154cc1a3e6424e44f438a95007d043ed5ceaaf6/bin/rustc --crate-name gio --edition=2021 /opt/rustwide/cargo-home/registry/src/index.crates.io-1949cf8c6b5b557f/gio-0.18.4/src/lib.rs --error-format=json --json=diagnostic-rendered-ansi,artifacts,future-incompat,unused-externs-silent --crate-type lib --emit=dep-info,metadata -C embed-bitcode=no -C debuginfo=2 --cfg 'feature="v2_58"' --cfg 'feature="v2_60"' --cfg 'feature="v2_62"' --cfg 'feature="v2_64"' --cfg 'feature="v2_66"' --cfg 'feature="v2_68"' --cfg 'feature="v2_70"' --check-cfg 'cfg(docsrs,test)' --check-cfg 'cfg(feature, values("v2_58", "v2_60", "v2_62", "v2_64", "v2_66", "v2_68", "v2_70", "v2_72", "v2_74", "v2_76", "v2_78"))' -C metadata=884a7b137ff741cb -C extra-filename=-d4274e308c763649 --out-dir /opt/rustwide/target/debug/build/gio/d4274e308c763649/out -L dependency=/opt/rustwide/target/debug/build/bitflags/189b16c11af54379/out -L dependency=/opt/rustwide/target/debug/build/critical-section/eccb42b79f92499e/out -L dependency=/opt/rustwide/target/debug/build/futures-channel/57486951aa1763dd/out -L dependency=/opt/rustwide/target/debug/build/futures-core/937cdc440dea5f51/out -L dependency=/opt/rustwide/target/debug/build/futures-executor/45a47adefaa3feb6/out -L dependency=/opt/rustwide/target/debug/build/futures-io/7288ae1622d8ceae/out -L dependency=/opt/rustwide/target/debug/build/futures-macro/d7002989c4d3eaea/out -L dependency=/opt/rustwide/target/debug/build/futures-sink/761787380e6cfe37/out -L dependency=/opt/rustwide/target/debug/build/futures-task/f02075f0be3ac103/out -L dependency=/opt/rustwide/target/debug/build/futures-util/d0333c1223710a4f/out -L dependency=/opt/rustwide/target/debug/build/gio-sys/75899cba4500286d/out -L dependency=/opt/rustwide/target/debug/build/glib-macros/74bbf868200edaad/out -L dependency=/opt/rustwide/target/debug/build/glib-sys/302694c5fbd83b5d/out -L dependency=/opt/rustwide/target/debug/build/gobject-sys/031f337773102806/out -L dependency=/opt/rustwide/target/debug/build/libc/9cee01883ec8af14/out -L dependency=/opt/rustwide/target/debug/build/memchr/51f0bf88eac8402f/out -L dependency=/opt/rustwide/target/debug/build/once_cell/0ad80510ac5f7e06/out -L dependency=/opt/rustwide/target/debug/build/pin-project-lite/1b81da4f494a9bc3/out -L dependency=/opt/rustwide/target/debug/build/pin-utils/878ed655ba41bb46/out -L dependency=/opt/rustwide/target/debug/build/portable-atomic/d829a969c0dbe587/out -L dependency=/opt/rustwide/target/debug/build/serde/a602eeec42427b7b/out -L dependency=/opt/rustwide/target/debug/build/serde_core/6e1907735d488b51/out -L dependency=/opt/rustwide/target/debug/build/serde_derive/ecd678d84d8547bd/out -L dependency=/opt/rustwide/target/debug/build/slab/5b4561caabd64ab3/out -L dependency=/opt/rustwide/target/debug/build/smallvec/b0ee93f6c110ca74/out -L dependency=/opt/rustwide/target/debug/build/thiserror-impl/36c18ce5277562a9/out -L dependency=/opt/rustwide/target/debug/build/thiserror/69f63dc8a1247c02/out --extern futures_channel=/opt/rustwide/target/debug/build/futures-channel/57486951aa1763dd/out/libfutures_channel-57486951aa1763dd.rmeta --extern futures_core=/opt/rustwide/target/debug/build/futures-core/937cdc440dea5f51/out/libfutures_core-937cdc440dea5f51.rmeta --extern futures_io=/opt/rustwide/target/debug/build/futures-io/7288ae1622d8ceae/out/libfutures_io-7288ae1622d8ceae.rmeta --extern futures_util=/opt/rustwide/target/debug/build/futures-util/d0333c1223710a4f/out/libfutures_util-d0333c1223710a4f.rmeta --extern ffi=/opt/rustwide/target/debug/build/gio-sys/75899cba4500286d/out/libgio_sys-75899cba4500286d.rmeta --extern glib=/opt/rustwide/target/debug/build/glib/a73cba548210b9dd/out/libglib-a73cba548210b9dd.rmeta --extern libc=/opt/rustwide/target/debug/build/libc/9cee01883ec8af14/out/liblibc-9cee01883ec8af14.rmeta --extern once_cell=/opt/rustwide/target/debug/build/once_cell/0ad80510ac5f7e06/out/libonce_cell-0ad80510ac5f7e06.rmeta --extern pin_project_lite=/opt/rustwide/target/debug/build/pin-project-lite/1b81da4f494a9bc3/out/libpin_project_lite-1b81da4f494a9bc3.rmeta --extern smallvec=/opt/rustwide/target/debug/build/smallvec/b0ee93f6c110ca74/out/libsmallvec-b0ee93f6c110ca74.rmeta --extern thiserror=/opt/rustwide/target/debug/build/thiserror/69f63dc8a1247c02/out/libthiserror-69f63dc8a1247c02.rmeta --cap-lints allow --cap-lints=forbid -Znext-solver=coherence --force-warn=unused_crate_dependencies` (signal: 9, SIGKILL: kill)
[INFO] [stderr] error: failed to run custom build command for `tikv-jemalloc-sys v0.6.0+5.3.0-1-ge13ca993e8ccb9ba9847cc330696e02839f328f7`
[INFO] [stderr] note: To improve backtraces for build dependencies, set the CARGO_PROFILE_DEV_BUILD_OVERRIDE_DEBUG=true environment variable to enable debug information generation.
[INFO] [stderr] 
[INFO] [stderr] Caused by:
[INFO] [stderr]   process didn't exit successfully: `/opt/rustwide/target/debug/build/tikv-jemalloc-sys/9c9fd88f6504f24a/out/build_script_build` (exit status: 101)
[INFO] [stderr]   --- stdout
[INFO] [stderr]   TARGET=x86_64-unknown-linux-gnu
[INFO] [stderr]   HOST=x86_64-unknown-linux-gnu
[INFO] [stderr]   NUM_JOBS=8
[INFO] [stderr]   OUT_DIR="/opt/rustwide/target/debug/build/tikv-jemalloc-sys/a1669ee8e61a7161/out"
[INFO] [stderr]   BUILD_DIR="/opt/rustwide/target/debug/build/tikv-jemalloc-sys/a1669ee8e61a7161/out/build"
[INFO] [stderr]   SRC_DIR="/opt/rustwide/cargo-home/registry/src/index.crates.io-1949cf8c6b5b557f/tikv-jemalloc-sys-0.6.0+5.3.0-1-ge13ca993e8ccb9ba9847cc330696e02839f328f7"
[INFO] [stderr]   cargo:rerun-if-env-changed=X86_64_UNKNOWN_LINUX_GNU_JEMALLOC_OVERRIDE
[INFO] [stderr]   cargo:rerun-if-env-changed=JEMALLOC_OVERRIDE
[INFO] [stderr]   OPT_LEVEL = Some(0)
[INFO] [stderr]   OUT_DIR = Some(/opt/rustwide/target/debug/build/tikv-jemalloc-sys/a1669ee8e61a7161/out)
[INFO] [stderr]   TARGET = Some(x86_64-unknown-linux-gnu)
[INFO] [stderr]   CARGO_ENCODED_RUSTFLAGS = Some(--cap-lints=forbid-Znext-solver=coherence)
[INFO] [stderr]   HOST = Some(x86_64-unknown-linux-gnu)
[INFO] [stderr]   cargo:rerun-if-env-changed=CC_x86_64-unknown-linux-gnu
[INFO] [stderr]   CC_x86_64-unknown-linux-gnu = None
[INFO] [stderr]   cargo:rerun-if-env-changed=CC_x86_64_unknown_linux_gnu
[INFO] [stderr]   CC_x86_64_unknown_linux_gnu = None
[INFO] [stderr]   cargo:rerun-if-env-changed=HOST_CC
[INFO] [stderr]   HOST_CC = None
[INFO] [stderr]   cargo:rerun-if-env-changed=CC
[INFO] [stderr]   CC = None
[INFO] [stderr]   cargo:rerun-if-env-changed=CC_ENABLE_DEBUG_OUTPUT
[INFO] [stderr]   RUSTC_WRAPPER = None
[INFO] [stderr]   cargo:rerun-if-env-changed=CRATE_CC_NO_DEFAULTS
[INFO] [stderr]   CRATE_CC_NO_DEFAULTS = None
[INFO] [stderr]   DEBUG = Some(true)
[INFO] [stderr]   CARGO_CFG_TARGET_FEATURE = Some(fxsr,sse,sse2,x87)
[INFO] [stderr]   cargo:rerun-if-env-changed=CFLAGS
[INFO] [stderr]   CFLAGS = None
[INFO] [stderr]   cargo:rerun-if-env-changed=HOST_CFLAGS
[INFO] [stderr]   HOST_CFLAGS = None
[INFO] [stderr]   cargo:rerun-if-env-changed=CFLAGS_x86_64_unknown_linux_gnu
[INFO] [stderr]   CFLAGS_x86_64_unknown_linux_gnu = None
[INFO] [stderr]   cargo:rerun-if-env-changed=CFLAGS_x86_64-unknown-linux-gnu
[INFO] [stderr]   CFLAGS_x86_64-unknown-linux-gnu = None
[INFO] [stderr]   CC="cc"
[INFO] [stderr]   CFLAGS="-O0 -ffunction-sections -fdata-sections -fPIC -gdwarf-4 -fno-omit-frame-pointer -m64 -Wall"
[INFO] [stderr]   JEMALLOC_REPO_DIR="jemalloc"
[INFO] [stderr]   cargo:rerun-if-env-changed=X86_64_UNKNOWN_LINUX_GNU_JEMALLOC_SYS_WITH_MALLOC_CONF
[INFO] [stderr]   cargo:rerun-if-env-changed=JEMALLOC_SYS_WITH_MALLOC_CONF
[INFO] [stderr]   cargo:rerun-if-env-changed=X86_64_UNKNOWN_LINUX_GNU_JEMALLOC_SYS_WITH_LG_PAGE
[INFO] [stderr]   cargo:rerun-if-env-changed=JEMALLOC_SYS_WITH_LG_PAGE
[INFO] [stderr]   cargo:rerun-if-env-changed=X86_64_UNKNOWN_LINUX_GNU_JEMALLOC_SYS_WITH_LG_HUGEPAGE
[INFO] [stderr]   cargo:rerun-if-env-changed=JEMALLOC_SYS_WITH_LG_HUGEPAGE
[INFO] [stderr]   cargo:rerun-if-env-changed=X86_64_UNKNOWN_LINUX_GNU_JEMALLOC_SYS_WITH_LG_QUANTUM
[INFO] [stderr]   cargo:rerun-if-env-changed=JEMALLOC_SYS_WITH_LG_QUANTUM
[INFO] [stderr]   cargo:rerun-if-env-changed=X86_64_UNKNOWN_LINUX_GNU_JEMALLOC_SYS_WITH_LG_VADDR
[INFO] [stderr]   cargo:rerun-if-env-changed=JEMALLOC_SYS_WITH_LG_VADDR
[INFO] [stderr]   CARGO_FEATURE_PROFILING set
[INFO] [stderr]   CARGO_FEATURE_STATS set
[INFO] [stderr]   running: cd "/opt/rustwide/target/debug/build/tikv-jemalloc-sys/a1669ee8e61a7161/out/build" && CC="cc" CFLAGS="-O0 -ffunction-sections -fdata-sections -fPIC -gdwarf-4 -fno-omit-frame-pointer -m64 -Wall" CPPFLAGS="-O0 -ffunction-sections -fdata-sections -fPIC -gdwarf-4 -fno-omit-frame-pointer -m64 -Wall" LDFLAGS="-O0 -ffunction-sections -fdata-sections -fPIC -gdwarf-4 -fno-omit-frame-pointer -m64 -Wall" "sh" "/opt/rustwide/target/debug/build/tikv-jemalloc-sys/a1669ee8e61a7161/out/build/configure" "--with-version=5.3.0-1-ge13ca993e8ccb9ba9847cc330696e02839f328f7" "--disable-cxx" "--enable-doc=no" "--enable-shared=no" "--with-private-namespace=_rjem_" "--enable-prof" "--enable-stats" "--host=x86_64-unknown-linux-gnu" "--build=x86_64-unknown-linux-gnu" "--prefix=/opt/rustwide/target/debug/build/tikv-jemalloc-sys/a1669ee8e61a7161/out"
[INFO] [stderr]   checking for xsltproc... false
[INFO] [stderr]   checking for x86_64-unknown-linux-gnu-gcc... cc
[INFO] [stderr]   checking whether the C compiler works... yes
[INFO] [stderr]   checking for C compiler default output file name... a.out
[INFO] [stderr]   checking for suffix of executables... 
[INFO] [stderr]   checking whether we are cross compiling... no
[INFO] [stderr]   checking for suffix of object files... o
[INFO] [stderr]   checking whether we are using the GNU C compiler... yes
[INFO] [stderr]   checking whether cc accepts -g... yes
[INFO] [stderr]   checking for cc option to accept ISO C89... none needed
[INFO] [stderr]   checking whether compiler is cray... no
[INFO] [stderr]   checking whether compiler supports -std=gnu11... yes
[INFO] [stderr]   checking whether compiler supports -Werror=unknown-warning-option... no
[INFO] [stderr]   checking whether compiler supports -Wall... yes
[INFO] [stderr]   checking whether compiler supports -Wextra... yes
[INFO] [stderr]   checking whether compiler supports -Wshorten-64-to-32... no
[INFO] [stderr]   checking whether compiler supports -Wsign-compare... yes
[INFO] [stderr]   checking whether compiler supports -Wundef... yes
[INFO] [stderr]   checking whether compiler supports -Wno-format-zero-length... yes
[INFO] [stderr]   checking whether compiler supports -Wpointer-arith... yes
[INFO] [stderr]   checking whether compiler supports -Wno-missing-braces... yes
[INFO] [stderr]   checking whether compiler supports -Wno-missing-field-initializers... yes
[INFO] [stderr]   checking whether compiler supports -Wno-missing-attributes... yes
[INFO] [stderr]   checking whether compiler supports -pipe... yes
[INFO] [stderr]   checking whether compiler supports -g3... yes
[INFO] [stderr]   checking how to run the C preprocessor... cc -E
[INFO] [stderr]   checking for grep that handles long lines and -e... /usr/bin/grep
[INFO] [stderr]   checking for egrep... /usr/bin/grep -E
[INFO] [stderr]   checking for ANSI C header files... yes
[INFO] [stderr]   checking for sys/types.h... yes
[INFO] [stderr]   checking for sys/stat.h... yes
[INFO] [stderr]   checking for stdlib.h... yes
[INFO] [stderr]   checking for string.h... yes
[INFO] [stderr]   checking for memory.h... yes
[INFO] [stderr]   checking for strings.h... yes
[INFO] [stderr]   checking for inttypes.h... yes
[INFO] [stderr]   checking for stdint.h... yes
[INFO] [stderr]   checking for unistd.h... yes
[INFO] [stderr]   checking whether byte ordering is bigendian... no
[INFO] [stderr]   checking size of void *... 8
[INFO] [stderr]   checking size of int... 4
[INFO] [stderr]   checking size of long... 8
[INFO] [stderr]   checking size of long long... 8
[INFO] [stderr]   checking size of intmax_t... 8
[INFO] [stderr]   checking build system type... x86_64-unknown-linux-gnu
[INFO] [stderr]   checking host system type... x86_64-unknown-linux-gnu
[INFO] [stderr]   checking whether pause instruction is compilable... yes
[INFO] [stderr]   checking number of significant virtual address bits... 48
[INFO] [stderr]   checking for x86_64-unknown-linux-gnu-ar... no
[INFO] [stderr]   checking for ar... ar
[INFO] [stderr]   checking for x86_64-unknown-linux-gnu-nm... no
[INFO] [stderr]   checking for nm... nm
[INFO] [stderr]   checking for gawk... no
[INFO] [stderr]   checking for mawk... mawk
[INFO] [stderr]   checking malloc.h usability... yes
[INFO] [stderr]   checking malloc.h presence... yes
[INFO] [stderr]   checking for malloc.h... yes
[INFO] [stderr]   checking whether malloc_usable_size definition can use const argument... no
[INFO] [stderr]   checking for library containing log... -lm
[INFO] [stderr]   checking whether __attribute__ syntax is compilable... yes
[INFO] [stderr]   checking whether compiler supports -fvisibility=hidden... yes
[INFO] [stderr]   checking whether compiler supports -fvisibility=hidden... no
[INFO] [stderr]   checking whether compiler supports -Werror... yes
[INFO] [stderr]   checking whether compiler supports -herror_on_warning... no
[INFO] [stderr]   checking whether tls_model attribute is compilable... yes
[INFO] [stderr]   checking whether compiler supports -Werror... yes
[INFO] [stderr]   checking whether compiler supports -herror_on_warning... no
[INFO] [stderr]   checking whether alloc_size attribute is compilable... yes
[INFO] [stderr]   checking whether compiler supports -Werror... yes
[INFO] [stderr]   checking whether compiler supports -herror_on_warning... no
[INFO] [stderr]   checking whether format(gnu_printf, ...) attribute is compilable... yes
[INFO] [stderr]   checking whether compiler supports -Werror... yes
[INFO] [stderr]   checking whether compiler supports -herror_on_warning... no
[INFO] [stderr]   checking whether format(printf, ...) attribute is compilable... yes
[INFO] [stderr]   checking whether compiler supports -Werror... yes
[INFO] [stderr]   checking whether compiler supports -herror_on_warning... no
[INFO] [stderr]   checking whether format(printf, ...) attribute is compilable... yes
[INFO] [stderr]   checking whether compiler supports -Wimplicit-fallthrough... yes
[INFO] [stderr]   checking whether fallthrough attribute is compilable... yes
[INFO] [stderr]   checking whether compiler supports -Wimplicit-fallthrough... yes
[INFO] [stderr]   checking whether compiler supports -Wimplicit-fallthrough... no
[INFO] [stderr]   checking whether compiler supports -Werror... yes
[INFO] [stderr]   checking whether compiler supports -herror_on_warning... no
[INFO] [stderr]   checking whether cold attribute is compilable... yes
[INFO] [stderr]   checking whether vm_make_tag is compilable... no
[INFO] [stderr]   checking for a BSD-compatible install... /usr/bin/install -c
[INFO] [stderr]   checking for x86_64-unknown-linux-gnu-ranlib... no
[INFO] [stderr]   checking for ranlib... ranlib
[INFO] [stderr]   checking for ld... /usr/bin/ld
[INFO] [stderr]   checking for autoconf... /usr/bin/autoconf
[INFO] [stderr]   checking for memalign... yes
[INFO] [stderr]   checking for valloc... yes
[INFO] [stderr]   checking for malloc_size... no
[INFO] [stderr]   checking for __libc_calloc... yes
[INFO] [stderr]   checking for __libc_free... yes
[INFO] [stderr]   checking for __libc_malloc... yes
[INFO] [stderr]   checking for __libc_memalign... yes
[INFO] [stderr]   checking for __libc_realloc... yes
[INFO] [stderr]   checking for __libc_valloc... yes
[INFO] [stderr]   checking for __posix_memalign... no
[INFO] [stderr]   checking whether compiler supports -O3... yes
[INFO] [stderr]   checking whether compiler supports -O3... no
[INFO] [stderr]   checking whether compiler supports -funroll-loops... yes
[INFO] [stderr]   checking unwind.h usability... yes
[INFO] [stderr]   checking unwind.h presence... yes
[INFO] [stderr]   checking for unwind.h... yes
[INFO] [stderr]   checking for _Unwind_Backtrace in -lgcc... yes
[INFO] [stderr]   checking configured backtracing method... libgcc
[INFO] [stderr]   checking for sbrk... yes
[INFO] [stderr]   checking whether utrace(2) is compilable... no
[INFO] [stderr]   checking whether utrace(2) with label is compilable... no
[INFO] [stderr]   checking whether a program using __builtin_unreachable is compilable... yes
[INFO] [stderr]   checking whether a program using __builtin_ffsl is compilable... yes
[INFO] [stderr]   checking whether a program using __builtin_popcountl is compilable... yes
[INFO] [stderr]   checking LG_PAGE... 12
[INFO] [stderr]   checking pthread.h usability... yes
[INFO] [stderr]   checking pthread.h presence... yes
[INFO] [stderr]   checking for pthread.h... yes
[INFO] [stderr]   checking for pthread_create in -lpthread... yes
[INFO] [stderr]   checking dlfcn.h usability... yes
[INFO] [stderr]   checking dlfcn.h presence... yes
[INFO] [stderr]   checking for dlfcn.h... yes
[INFO] [stderr]   checking for dlsym... yes
[INFO] [stderr]   checking whether pthread_atfork(3) is compilable... yes
[INFO] [stderr]   checking whether pthread_setname_np(3) is compilable... yes
[INFO] [stderr]   checking whether pthread_getname_np(3) is compilable... yes
[INFO] [stderr]   checking whether pthread_get_name_np(3) is compilable... no
[INFO] [stderr]   checking for library containing clock_gettime... none required
[INFO] [stderr]   checking whether clock_gettime(CLOCK_MONOTONIC_COARSE, ...) is compilable... yes
[INFO] [stderr]   checking whether clock_gettime(CLOCK_MONOTONIC, ...) is compilable... yes
[INFO] [stderr]   checking whether mach_absolute_time() is compilable... no
[INFO] [stderr]   checking whether clock_gettime(CLOCK_REALTIME, ...) is compilable... yes
[INFO] [stderr]   checking whether compiler supports -Werror... yes
[INFO] [stderr]   checking whether syscall(2) is compilable... yes
[INFO] [stderr]   checking for secure_getenv... yes
[INFO] [stderr]   checking for sched_getcpu... yes
[INFO] [stderr]   checking for sched_setaffinity... yes
[INFO] [stderr]   checking for issetugid... no
[INFO] [stderr]   checking for _malloc_thread_cleanup... no
[INFO] [stderr]   checking for _pthread_mutex_init_calloc_cb... no
[INFO] [stderr]   checking for memcntl... no
[INFO] [stderr]   checking for TLS... yes
[INFO] [stderr]   checking whether C11 atomics is compilable... yes
[INFO] [stderr]   checking whether GCC __atomic atomics is compilable... yes
[INFO] [stderr]   checking whether GCC 8-bit __atomic atomics is compilable... yes
[INFO] [stderr]   checking whether GCC __sync atomics is compilable... yes
[INFO] [stderr]   checking whether GCC 8-bit __sync atomics is compilable... yes
[INFO] [stderr]   checking whether Darwin OSAtomic*() is compilable... no
[INFO] [stderr]   checking whether madvise(2) is compilable... yes
[INFO] [stderr]   checking whether madvise(..., MADV_FREE) is compilable... yes
[INFO] [stderr]   checking whether madvise(..., MADV_DONTNEED) is compilable... yes
[INFO] [stderr]   checking whether madvise(..., MADV_DO[NT]DUMP) is compilable... yes
[INFO] [stderr]   checking whether madvise(..., MADV_[NO]HUGEPAGE) is compilable... yes
[INFO] [stderr]   checking whether madvise(..., MADV_[NO]CORE) is compilable... no
[INFO] [stderr]   checking whether mprotect(2) is compilable... yes
[INFO] [stderr]   checking for __builtin_clz... yes
[INFO] [stderr]   checking whether Darwin os_unfair_lock_*() is compilable... no
[INFO] [stderr]   checking whether glibc malloc hook is compilable... no
[INFO] [stderr]   checking whether glibc memalign hook is compilable... no
[INFO] [stderr]   checking whether pthreads adaptive mutexes is compilable... yes
[INFO] [stderr]   checking whether compiler supports -D_GNU_SOURCE... yes
[INFO] [stderr]   checking whether compiler supports -Werror... yes
[INFO] [stderr]   checking whether compiler supports -herror_on_warning... no
[INFO] [stderr]   checking whether strerror_r returns char with gnu source is compilable... yes
[INFO] [stderr]   checking for stdbool.h that conforms to C99... yes
[INFO] [stderr]   checking for _Bool... yes
[INFO] [stderr]   configure: creating ./config.status
[INFO] [stderr]   config.status: creating Makefile
[INFO] [stderr]   config.status: creating jemalloc.pc
[INFO] [stderr]   config.status: creating doc/html.xsl
[INFO] [stderr]   config.status: creating doc/manpages.xsl
[INFO] [stderr]   config.status: creating doc/jemalloc.xml
[INFO] [stderr]   config.status: creating include/jemalloc/jemalloc_macros.h
[INFO] [stderr]   config.status: creating include/jemalloc/jemalloc_protos.h
[INFO] [stderr]   config.status: creating include/jemalloc/jemalloc_typedefs.h
[INFO] [stderr]   config.status: creating include/jemalloc/internal/jemalloc_preamble.h
[INFO] [stderr]   config.status: creating test/test.sh
[INFO] [stderr]   config.status: creating test/include/test/jemalloc_test.h
[INFO] [stderr]   config.status: creating config.stamp
[INFO] [stderr]   config.status: creating bin/jemalloc-config
[INFO] [stderr]   config.status: creating bin/jemalloc.sh
[INFO] [stderr]   config.status: creating bin/jeprof
[INFO] [stderr]   config.status: creating include/jemalloc/jemalloc_defs.h
[INFO] [stderr]   config.status: creating include/jemalloc/internal/jemalloc_internal_defs.h
[INFO] [stderr]   config.status: creating test/include/test/jemalloc_test_defs.h
[INFO] [stderr]   config.status: executing include/jemalloc/internal/public_symbols.txt commands
[INFO] [stderr]   config.status: executing include/jemalloc/internal/private_symbols.awk commands
[INFO] [stderr]   config.status: executing include/jemalloc/internal/private_symbols_jet.awk commands
[INFO] [stderr]   config.status: executing include/jemalloc/internal/public_namespace.h commands
[INFO] [stderr]   config.status: executing include/jemalloc/internal/public_unnamespace.h commands
[INFO] [stderr]   config.status: executing include/jemalloc/jemalloc_protos_jet.h commands
[INFO] [stderr]   config.status: executing include/jemalloc/jemalloc_rename.h commands
[INFO] [stderr]   config.status: executing include/jemalloc/jemalloc_mangle.h commands
[INFO] [stderr]   config.status: executing include/jemalloc/jemalloc_mangle_jet.h commands
[INFO] [stderr]   config.status: executing include/jemalloc/jemalloc.h commands
[INFO] [stderr]   ===============================================================================
[INFO] [stderr]   jemalloc version   : 5.3.0-1-ge13ca993e8ccb9ba9847cc330696e02839f328f7
[INFO] [stderr]   library revision   : 2
[INFO] [stderr] 
[INFO] [stderr]   CONFIG             : --with-version=5.3.0-1-ge13ca993e8ccb9ba9847cc330696e02839f328f7 --disable-cxx --enable-doc=no --enable-shared=no --with-private-namespace=_rjem_ --enable-prof --enable-stats --host=x86_64-unknown-linux-gnu --build=x86_64-unknown-linux-gnu --prefix=/opt/rustwide/target/debug/build/tikv-jemalloc-sys/a1669ee8e61a7161/out build_alias=x86_64-unknown-linux-gnu host_alias=x86_64-unknown-linux-gnu CC=cc 'CFLAGS=-O0 -ffunction-sections -fdata-sections -fPIC -gdwarf-4 -fno-omit-frame-pointer -m64 -Wall' 'LDFLAGS=-O0 -ffunction-sections -fdata-sections -fPIC -gdwarf-4 -fno-omit-frame-pointer -m64 -Wall' 'CPPFLAGS=-O0 -ffunction-sections -fdata-sections -fPIC -gdwarf-4 -fno-omit-frame-pointer -m64 -Wall'
[INFO] [stderr]   CC                 : cc
[INFO] [stderr]   CONFIGURE_CFLAGS   : -std=gnu11 -Wall -Wextra -Wsign-compare -Wundef -Wno-format-zero-length -Wpointer-arith -Wno-missing-braces -Wno-missing-field-initializers -Wno-missing-attributes -pipe -g3 -fvisibility=hidden -Wimplicit-fallthrough -O3 -funroll-loops
[INFO] [stderr]   SPECIFIED_CFLAGS   : -O0 -ffunction-sections -fdata-sections -fPIC -gdwarf-4 -fno-omit-frame-pointer -m64 -Wall
[INFO] [stderr]   EXTRA_CFLAGS       : 
[INFO] [stderr]   CPPFLAGS           : -O0 -ffunction-sections -fdata-sections -fPIC -gdwarf-4 -fno-omit-frame-pointer -m64 -Wall -D_GNU_SOURCE -D_REENTRANT
[INFO] [stderr]   CXX                : 
[INFO] [stderr]   CONFIGURE_CXXFLAGS : 
[INFO] [stderr]   SPECIFIED_CXXFLAGS : 
[INFO] [stderr]   EXTRA_CXXFLAGS     : 
[INFO] [stderr]   LDFLAGS            : -O0 -ffunction-sections -fdata-sections -fPIC -gdwarf-4 -fno-omit-frame-pointer -m64 -Wall
[INFO] [stderr]   EXTRA_LDFLAGS      : 
[INFO] [stderr]   DSO_LDFLAGS        : -shared -Wl,-soname,$(@F)
[INFO] [stderr]   LIBS               : -lm  -lgcc -lm -pthread
[INFO] [stderr]   RPATH_EXTRA        : 
[INFO] [stderr] 
[INFO] [stderr]   XSLTPROC           : false
[INFO] [stderr]   XSLROOT            : 
[INFO] [stderr] 
[INFO] [stderr]   PREFIX             : /opt/rustwide/target/debug/build/tikv-jemalloc-sys/a1669ee8e61a7161/out
[INFO] [stderr]   BINDIR             : /opt/rustwide/target/debug/build/tikv-jemalloc-sys/a1669ee8e61a7161/out/bin
[INFO] [stderr]   DATADIR            : /opt/rustwide/target/debug/build/tikv-jemalloc-sys/a1669ee8e61a7161/out/share
[INFO] [stderr]   INCLUDEDIR         : /opt/rustwide/target/debug/build/tikv-jemalloc-sys/a1669ee8e61a7161/out/include
[INFO] [stderr]   LIBDIR             : /opt/rustwide/target/debug/build/tikv-jemalloc-sys/a1669ee8e61a7161/out/lib
[INFO] [stderr]   MANDIR             : /opt/rustwide/target/debug/build/tikv-jemalloc-sys/a1669ee8e61a7161/out/share/man
[INFO] [stderr] 
[INFO] [stderr]   srcroot            : 
[INFO] [stderr]   abs_srcroot        : /opt/rustwide/target/debug/build/tikv-jemalloc-sys/a1669ee8e61a7161/out/build/
[INFO] [stderr]   objroot            : 
[INFO] [stderr]   abs_objroot        : /opt/rustwide/target/debug/build/tikv-jemalloc-sys/a1669ee8e61a7161/out/build/
[INFO] [stderr] 
[INFO] [stderr]   JEMALLOC_PREFIX    : 
[INFO] [stderr]   JEMALLOC_PRIVATE_NAMESPACE
[INFO] [stderr]                      : _rjem_je_
[INFO] [stderr]   install_suffix     : 
[INFO] [stderr]   malloc_conf        : 
[INFO] [stderr]   documentation      : 0
[INFO] [stderr]   shared libs        : 0
[INFO] [stderr]   static libs        : 1
[INFO] [stderr]   autogen            : 0
[INFO] [stderr]   debug              : 0
[INFO] [stderr]   stats              : 1
[INFO] [stderr]   experimental_smallocx : 0
[INFO] [stderr]   prof               : 1
[INFO] [stderr]   prof-libunwind     : 0
[INFO] [stderr]   prof-libgcc        : 1
[INFO] [stderr]   prof-gcc           : 0
[INFO] [stderr]   fill               : 1
[INFO] [stderr]   utrace             : 0
[INFO] [stderr]   xmalloc            : 0
[INFO] [stderr]   log                : 0
[INFO] [stderr]   lazy_lock          : 0
[INFO] [stderr]   cache-oblivious    : 1
[INFO] [stderr]   cxx                : 0
[INFO] [stderr]   ===============================================================================
[INFO] [stderr]   running: cd "/opt/rustwide/target/debug/build/tikv-jemalloc-sys/a1669ee8e61a7161/out/build" && "make" "-j" "8"
[INFO] [stderr]   cc -std=gnu11 -Wall -Wextra -Wsign-compare -Wundef -Wno-format-zero-length -Wpointer-arith -Wno-missing-braces -Wno-missing-field-initializers -Wno-missing-attributes -pipe -g3 -fvisibility=hidden -Wimplicit-fallthrough -O3 -funroll-loops -O0 -ffunction-sections -fdata-sections -fPIC -gdwarf-4 -fno-omit-frame-pointer -m64 -Wall -c -O0 -ffunction-sections -fdata-sections -fPIC -gdwarf-4 -fno-omit-frame-pointer -m64 -Wall -D_GNU_SOURCE -D_REENTRANT -Iinclude -Iinclude -DJEMALLOC_NO_PRIVATE_NAMESPACE -o src/background_thread.sym.o src/background_thread.c
[INFO] [stderr]   cc -std=gnu11 -Wall -Wextra -Wsign-compare -Wundef -Wno-format-zero-length -Wpointer-arith -Wno-missing-braces -Wno-missing-field-initializers -Wno-missing-attributes -pipe -g3 -fvisibility=hidden -Wimplicit-fallthrough -O3 -funroll-loops -O0 -ffunction-sections -fdata-sections -fPIC -gdwarf-4 -fno-omit-frame-pointer -m64 -Wall -c -O0 -ffunction-sections -fdata-sections -fPIC -gdwarf-4 -fno-omit-frame-pointer -m64 -Wall -D_GNU_SOURCE -D_REENTRANT -Iinclude -Iinclude -DJEMALLOC_NO_PRIVATE_NAMESPACE -o src/jemalloc.sym.o src/jemalloc.c
[INFO] [stderr]   cc -std=gnu11 -Wall -Wextra -Wsign-compare -Wundef -Wno-format-zero-length -Wpointer-arith -Wno-missing-braces -Wno-missing-field-initializers -Wno-missing-attributes -pipe -g3 -fvisibility=hidden -Wimplicit-fallthrough -O3 -funroll-loops -O0 -ffunction-sections -fdata-sections -fPIC -gdwarf-4 -fno-omit-frame-pointer -m64 -Wall -c -O0 -ffunction-sections -fdata-sections -fPIC -gdwarf-4 -fno-omit-frame-pointer -m64 -Wall -D_GNU_SOURCE -D_REENTRANT -Iinclude -Iinclude -DJEMALLOC_NO_PRIVATE_NAMESPACE -o src/bin.sym.o src/bin.c
[INFO] [stderr]   cc -std=gnu11 -Wall -Wextra -Wsign-compare -Wundef -Wno-format-zero-length -Wpointer-arith -Wno-missing-braces -Wno-missing-field-initializers -Wno-missing-attributes -pipe -g3 -fvisibility=hidden -Wimplicit-fallthrough -O3 -funroll-loops -O0 -ffunction-sections -fdata-sections -fPIC -gdwarf-4 -fno-omit-frame-pointer -m64 -Wall -c -O0 -ffunction-sections -fdata-sections -fPIC -gdwarf-4 -fno-omit-frame-pointer -m64 -Wall -D_GNU_SOURCE -D_REENTRANT -Iinclude -Iinclude -DJEMALLOC_NO_PRIVATE_NAMESPACE -o src/arena.sym.o src/arena.c
[INFO] [stderr]   cc -std=gnu11 -Wall -Wextra -Wsign-compare -Wundef -Wno-format-zero-length -Wpointer-arith -Wno-missing-braces -Wno-missing-field-initializers -Wno-missing-attributes -pipe -g3 -fvisibility=hidden -Wimplicit-fallthrough -O3 -funroll-loops -O0 -ffunction-sections -fdata-sections -fPIC -gdwarf-4 -fno-omit-frame-pointer -m64 -Wall -c -O0 -ffunction-sections -fdata-sections -fPIC -gdwarf-4 -fno-omit-frame-pointer -m64 -Wall -D_GNU_SOURCE -D_REENTRANT -Iinclude -Iinclude -DJEMALLOC_NO_PRIVATE_NAMESPACE -o src/base.sym.o src/base.c
[INFO] [stderr]   cc -std=gnu11 -Wall -Wextra -Wsign-compare -Wundef -Wno-format-zero-length -Wpointer-arith -Wno-missing-braces -Wno-missing-field-initializers -Wno-missing-attributes -pipe -g3 -fvisibility=hidden -Wimplicit-fallthrough -O3 -funroll-loops -O0 -ffunction-sections -fdata-sections -fPIC -gdwarf-4 -fno-omit-frame-pointer -m64 -Wall -c -O0 -ffunction-sections -fdata-sections -fPIC -gdwarf-4 -fno-omit-frame-pointer -m64 -Wall -D_GNU_SOURCE -D_REENTRANT -Iinclude -Iinclude -DJEMALLOC_NO_PRIVATE_NAMESPACE -o src/bin_info.sym.o src/bin_info.c
[INFO] [stderr]   cc -std=gnu11 -Wall -Wextra -Wsign-compare -Wundef -Wno-format-zero-length -Wpointer-arith -Wno-missing-braces -Wno-missing-field-initializers -Wno-missing-attributes -pipe -g3 -fvisibility=hidden -Wimplicit-fallthrough -O3 -funroll-loops -O0 -ffunction-sections -fdata-sections -fPIC -gdwarf-4 -fno-omit-frame-pointer -m64 -Wall -c -O0 -ffunction-sections -fdata-sections -fPIC -gdwarf-4 -fno-omit-frame-pointer -m64 -Wall -D_GNU_SOURCE -D_REENTRANT -Iinclude -Iinclude -DJEMALLOC_NO_PRIVATE_NAMESPACE -o src/bitmap.sym.o src/bitmap.c
[INFO] [stderr]   cc -std=gnu11 -Wall -Wextra -Wsign-compare -Wundef -Wno-format-zero-length -Wpointer-arith -Wno-missing-braces -Wno-missing-field-initializers -Wno-missing-attributes -pipe -g3 -fvisibility=hidden -Wimplicit-fallthrough -O3 -funroll-loops -O0 -ffunction-sections -fdata-sections -fPIC -gdwarf-4 -fno-omit-frame-pointer -m64 -Wall -c -O0 -ffunction-sections -fdata-sections -fPIC -gdwarf-4 -fno-omit-frame-pointer -m64 -Wall -D_GNU_SOURCE -D_REENTRANT -Iinclude -Iinclude -DJEMALLOC_NO_PRIVATE_NAMESPACE -o src/buf_writer.sym.o src/buf_writer.c
[INFO] [stderr]   cc -std=gnu11 -Wall -Wextra -Wsign-compare -Wundef -Wno-format-zero-length -Wpointer-arith -Wno-missing-braces -Wno-missing-field-initializers -Wno-missing-attributes -pipe -g3 -fvisibility=hidden -Wimplicit-fallthrough -O3 -funroll-loops -O0 -ffunction-sections -fdata-sections -fPIC -gdwarf-4 -fno-omit-frame-pointer -m64 -Wall -c -O0 -ffunction-sections -fdata-sections -fPIC -gdwarf-4 -fno-omit-frame-pointer -m64 -Wall -D_GNU_SOURCE -D_REENTRANT -Iinclude -Iinclude -DJEMALLOC_NO_PRIVATE_NAMESPACE -o src/cache_bin.sym.o src/cache_bin.c
[INFO] [stderr]   cc -std=gnu11 -Wall -Wextra -Wsign-compare -Wundef -Wno-format-zero-length -Wpointer-arith -Wno-missing-braces -Wno-missing-field-initializers -Wno-missing-attributes -pipe -g3 -fvisibility=hidden -Wimplicit-fallthrough -O3 -funroll-loops -O0 -ffunction-sections -fdata-sections -fPIC -gdwarf-4 -fno-omit-frame-pointer -m64 -Wall -c -O0 -ffunction-sections -fdata-sections -fPIC -gdwarf-4 -fno-omit-frame-pointer -m64 -Wall -D_GNU_SOURCE -D_REENTRANT -Iinclude -Iinclude -DJEMALLOC_NO_PRIVATE_NAMESPACE -o src/ckh.sym.o src/ckh.c
[INFO] [stderr]   cc -std=gnu11 -Wall -Wextra -Wsign-compare -Wundef -Wno-format-zero-length -Wpointer-arith -Wno-missing-braces -Wno-missing-field-initializers -Wno-missing-attributes -pipe -g3 -fvisibility=hidden -Wimplicit-fallthrough -O3 -funroll-loops -O0 -ffunction-sections -fdata-sections -fPIC -gdwarf-4 -fno-omit-frame-pointer -m64 -Wall -c -O0 -ffunction-sections -fdata-sections -fPIC -gdwarf-4 -fno-omit-frame-pointer -m64 -Wall -D_GNU_SOURCE -D_REENTRANT -Iinclude -Iinclude -DJEMALLOC_NO_PRIVATE_NAMESPACE -o src/counter.sym.o src/counter.c
[INFO] [stderr]   cc -std=gnu11 -Wall -Wextra -Wsign-compare -Wundef -Wno-format-zero-length -Wpointer-arith -Wno-missing-braces -Wno-missing-field-initializers -Wno-missing-attributes -pipe -g3 -fvisibility=hidden -Wimplicit-fallthrough -O3 -funroll-loops -O0 -ffunction-sections -fdata-sections -fPIC -gdwarf-4 -fno-omit-frame-pointer -m64 -Wall -c -O0 -ffunction-sections -fdata-sections -fPIC -gdwarf-4 -fno-omit-frame-pointer -m64 -Wall -D_GNU_SOURCE -D_REENTRANT -Iinclude -Iinclude -DJEMALLOC_NO_PRIVATE_NAMESPACE -o src/ctl.sym.o src/ctl.c
[INFO] [stderr]   cc -std=gnu11 -Wall -Wextra -Wsign-compare -Wundef -Wno-format-zero-length -Wpointer-arith -Wno-missing-braces -Wno-missing-field-initializers -Wno-missing-attributes -pipe -g3 -fvisibility=hidden -Wimplicit-fallthrough -O3 -funroll-loops -O0 -ffunction-sections -fdata-sections -fPIC -gdwarf-4 -fno-omit-frame-pointer -m64 -Wall -c -O0 -ffunction-sections -fdata-sections -fPIC -gdwarf-4 -fno-omit-frame-pointer -m64 -Wall -D_GNU_SOURCE -D_REENTRANT -Iinclude -Iinclude -DJEMALLOC_NO_PRIVATE_NAMESPACE -o src/decay.sym.o src/decay.c
[INFO] [stderr]   cc -std=gnu11 -Wall -Wextra -Wsign-compare -Wundef -Wno-format-zero-length -Wpointer-arith -Wno-missing-braces -Wno-missing-field-initializers -Wno-missing-attributes -pipe -g3 -fvisibility=hidden -Wimplicit-fallthrough -O3 -funroll-loops -O0 -ffunction-sections -fdata-sections -fPIC -gdwarf-4 -fno-omit-frame-pointer -m64 -Wall -c -O0 -ffunction-sections -fdata-sections -fPIC -gdwarf-4 -fno-omit-frame-pointer -m64 -Wall -D_GNU_SOURCE -D_REENTRANT -Iinclude -Iinclude -DJEMALLOC_NO_PRIVATE_NAMESPACE -o src/div.sym.o src/div.c
[INFO] [stderr]   cc -std=gnu11 -Wall -Wextra -Wsign-compare -Wundef -Wno-format-zero-length -Wpointer-arith -Wno-missing-braces -Wno-missing-field-initializers -Wno-missing-attributes -pipe -g3 -fvisibility=hidden -Wimplicit-fallthrough -O3 -funroll-loops -O0 -ffunction-sections -fdata-sections -fPIC -gdwarf-4 -fno-omit-frame-pointer -m64 -Wall -c -O0 -ffunction-sections -fdata-sections -fPIC -gdwarf-4 -fno-omit-frame-pointer -m64 -Wall -D_GNU_SOURCE -D_REENTRANT -Iinclude -Iinclude -DJEMALLOC_NO_PRIVATE_NAMESPACE -o src/ecache.sym.o src/ecache.c
[INFO] [stderr]   cc -std=gnu11 -Wall -Wextra -Wsign-compare -Wundef -Wno-format-zero-length -Wpointer-arith -Wno-missing-braces -Wno-missing-field-initializers -Wno-missing-attributes -pipe -g3 -fvisibility=hidden -Wimplicit-fallthrough -O3 -funroll-loops -O0 -ffunction-sections -fdata-sections -fPIC -gdwarf-4 -fno-omit-frame-pointer -m64 -Wall -c -O0 -ffunction-sections -fdata-sections -fPIC -gdwarf-4 -fno-omit-frame-pointer -m64 -Wall -D_GNU_SOURCE -D_REENTRANT -Iinclude -Iinclude -DJEMALLOC_NO_PRIVATE_NAMESPACE -o src/edata.sym.o src/edata.c
[INFO] [stderr]   cc -std=gnu11 -Wall -Wextra -Wsign-compare -Wundef -Wno-format-zero-length -Wpointer-arith -Wno-missing-braces -Wno-missing-field-initializers -Wno-missing-attributes -pipe -g3 -fvisibility=hidden -Wimplicit-fallthrough -O3 -funroll-loops -O0 -ffunction-sections -fdata-sections -fPIC -gdwarf-4 -fno-omit-frame-pointer -m64 -Wall -c -O0 -ffunction-sections -fdata-sections -fPIC -gdwarf-4 -fno-omit-frame-pointer -m64 -Wall -D_GNU_SOURCE -D_REENTRANT -Iinclude -Iinclude -DJEMALLOC_NO_PRIVATE_NAMESPACE -o src/edata_cache.sym.o src/edata_cache.c
[INFO] [stderr]   cc -std=gnu11 -Wall -Wextra -Wsign-compare -Wundef -Wno-format-zero-length -Wpointer-arith -Wno-missing-braces -Wno-missing-field-initializers -Wno-missing-attributes -pipe -g3 -fvisibility=hidden -Wimplicit-fallthrough -O3 -funroll-loops -O0 -ffunction-sections -fdata-sections -fPIC -gdwarf-4 -fno-omit-frame-pointer -m64 -Wall -c -O0 -ffunction-sections -fdata-sections -fPIC -gdwarf-4 -fno-omit-frame-pointer -m64 -Wall -D_GNU_SOURCE -D_REENTRANT -Iinclude -Iinclude -DJEMALLOC_NO_PRIVATE_NAMESPACE -o src/ehooks.sym.o src/ehooks.c
[INFO] [stderr]   cc -std=gnu11 -Wall -Wextra -Wsign-compare -Wundef -Wno-format-zero-length -Wpointer-arith -Wno-missing-braces -Wno-missing-field-initializers -Wno-missing-attributes -pipe -g3 -fvisibility=hidden -Wimplicit-fallthrough -O3 -funroll-loops -O0 -ffunction-sections -fdata-sections -fPIC -gdwarf-4 -fno-omit-frame-pointer -m64 -Wall -c -O0 -ffunction-sections -fdata-sections -fPIC -gdwarf-4 -fno-omit-frame-pointer -m64 -Wall -D_GNU_SOURCE -D_REENTRANT -Iinclude -Iinclude -DJEMALLOC_NO_PRIVATE_NAMESPACE -o src/emap.sym.o src/emap.c
[INFO] [stderr]   cc -std=gnu11 -Wall -Wextra -Wsign-compare -Wundef -Wno-format-zero-length -Wpointer-arith -Wno-missing-braces -Wno-missing-field-initializers -Wno-missing-attributes -pipe -g3 -fvisibility=hidden -Wimplicit-fallthrough -O3 -funroll-loops -O0 -ffunction-sections -fdata-sections -fPIC -gdwarf-4 -fno-omit-frame-pointer -m64 -Wall -c -O0 -ffunction-sections -fdata-sections -fPIC -gdwarf-4 -fno-omit-frame-pointer -m64 -Wall -D_GNU_SOURCE -D_REENTRANT -Iinclude -Iinclude -DJEMALLOC_NO_PRIVATE_NAMESPACE -o src/eset.sym.o src/eset.c
[INFO] [stderr]   cc -std=gnu11 -Wall -Wextra -Wsign-compare -Wundef -Wno-format-zero-length -Wpointer-arith -Wno-missing-braces -Wno-missing-field-initializers -Wno-missing-attributes -pipe -g3 -fvisibility=hidden -Wimplicit-fallthrough -O3 -funroll-loops -O0 -ffunction-sections -fdata-sections -fPIC -gdwarf-4 -fno-omit-frame-pointer -m64 -Wall -c -O0 -ffunction-sections -fdata-sections -fPIC -gdwarf-4 -fno-omit-frame-pointer -m64 -Wall -D_GNU_SOURCE -D_REENTRANT -Iinclude -Iinclude -DJEMALLOC_NO_PRIVATE_NAMESPACE -o src/exp_grow.sym.o src/exp_grow.c
[INFO] [stderr]   cc -std=gnu11 -Wall -Wextra -Wsign-compare -Wundef -Wno-format-zero-length -Wpointer-arith -Wno-missing-braces -Wno-missing-field-initializers -Wno-missing-attributes -pipe -g3 -fvisibility=hidden -Wimplicit-fallthrough -O3 -funroll-loops -O0 -ffunction-sections -fdata-sections -fPIC -gdwarf-4 -fno-omit-frame-pointer -m64 -Wall -c -O0 -ffunction-sections -fdata-sections -fPIC -gdwarf-4 -fno-omit-frame-pointer -m64 -Wall -D_GNU_SOURCE -D_REENTRANT -Iinclude -Iinclude -DJEMALLOC_NO_PRIVATE_NAMESPACE -o src/extent.sym.o src/extent.c
[INFO] [stderr]   cc -std=gnu11 -Wall -Wextra -Wsign-compare -Wundef -Wno-format-zero-length -Wpointer-arith -Wno-missing-braces -Wno-missing-field-initializers -Wno-missing-attributes -pipe -g3 -fvisibility=hidden -Wimplicit-fallthrough -O3 -funroll-loops -O0 -ffunction-sections -fdata-sections -fPIC -gdwarf-4 -fno-omit-frame-pointer -m64 -Wall -c -O0 -ffunction-sections -fdata-sections -fPIC -gdwarf-4 -fno-omit-frame-pointer -m64 -Wall -D_GNU_SOURCE -D_REENTRANT -Iinclude -Iinclude -DJEMALLOC_NO_PRIVATE_NAMESPACE -o src/extent_dss.sym.o src/extent_dss.c
[INFO] [stderr]   cc -std=gnu11 -Wall -Wextra -Wsign-compare -Wundef -Wno-format-zero-length -Wpointer-arith -Wno-missing-braces -Wno-missing-field-initializers -Wno-missing-attributes -pipe -g3 -fvisibility=hidden -Wimplicit-fallthrough -O3 -funroll-loops -O0 -ffunction-sections -fdata-sections -fPIC -gdwarf-4 -fno-omit-frame-pointer -m64 -Wall -c -O0 -ffunction-sections -fdata-sections -fPIC -gdwarf-4 -fno-omit-frame-pointer -m64 -Wall -D_GNU_SOURCE -D_REENTRANT -Iinclude -Iinclude -DJEMALLOC_NO_PRIVATE_NAMESPACE -o src/extent_mmap.sym.o src/extent_mmap.c
[INFO] [stderr]   cc -std=gnu11 -Wall -Wextra -Wsign-compare -Wundef -Wno-format-zero-length -Wpointer-arith -Wno-missing-braces -Wno-missing-field-initializers -Wno-missing-attributes -pipe -g3 -fvisibility=hidden -Wimplicit-fallthrough -O3 -funroll-loops -O0 -ffunction-sections -fdata-sections -fPIC -gdwarf-4 -fno-omit-frame-pointer -m64 -Wall -c -O0 -ffunction-sections -fdata-sections -fPIC -gdwarf-4 -fno-omit-frame-pointer -m64 -Wall -D_GNU_SOURCE -D_REENTRANT -Iinclude -Iinclude -DJEMALLOC_NO_PRIVATE_NAMESPACE -o src/fxp.sym.o src/fxp.c
[INFO] [stderr]   cc -std=gnu11 -Wall -Wextra -Wsign-compare -Wundef -Wno-format-zero-length -Wpointer-arith -Wno-missing-braces -Wno-missing-field-initializers -Wno-missing-attributes -pipe -g3 -fvisibility=hidden -Wimplicit-fallthrough -O3 -funroll-loops -O0 -ffunction-sections -fdata-sections -fPIC -gdwarf-4 -fno-omit-frame-pointer -m64 -Wall -c -O0 -ffunction-sections -fdata-sections -fPIC -gdwarf-4 -fno-omit-frame-pointer -m64 -Wall -D_GNU_SOURCE -D_REENTRANT -Iinclude -Iinclude -DJEMALLOC_NO_PRIVATE_NAMESPACE -o src/san.sym.o src/san.c
[INFO] [stderr]   cc -std=gnu11 -Wall -Wextra -Wsign-compare -Wundef -Wno-format-zero-length -Wpointer-arith -Wno-missing-braces -Wno-missing-field-initializers -Wno-missing-attributes -pipe -g3 -fvisibility=hidden -Wimplicit-fallthrough -O3 -funroll-loops -O0 -ffunction-sections -fdata-sections -fPIC -gdwarf-4 -fno-omit-frame-pointer -m64 -Wall -c -O0 -ffunction-sections -fdata-sections -fPIC -gdwarf-4 -fno-omit-frame-pointer -m64 -Wall -D_GNU_SOURCE -D_REENTRANT -Iinclude -Iinclude -DJEMALLOC_NO_PRIVATE_NAMESPACE -o src/san_bump.sym.o src/san_bump.c
[INFO] [stderr]   cc -std=gnu11 -Wall -Wextra -Wsign-compare -Wundef -Wno-format-zero-length -Wpointer-arith -Wno-missing-braces -Wno-missing-field-initializers -Wno-missing-attributes -pipe -g3 -fvisibility=hidden -Wimplicit-fallthrough -O3 -funroll-loops -O0 -ffunction-sections -fdata-sections -fPIC -gdwarf-4 -fno-omit-frame-pointer -m64 -Wall -c -O0 -ffunction-sections -fdata-sections -fPIC -gdwarf-4 -fno-omit-frame-pointer -m64 -Wall -D_GNU_SOURCE -D_REENTRANT -Iinclude -Iinclude -DJEMALLOC_NO_PRIVATE_NAMESPACE -o src/hook.sym.o src/hook.c
[INFO] [stderr]   cc -std=gnu11 -Wall -Wextra -Wsign-compare -Wundef -Wno-format-zero-length -Wpointer-arith -Wno-missing-braces -Wno-missing-field-initializers -Wno-missing-attributes -pipe -g3 -fvisibility=hidden -Wimplicit-fallthrough -O3 -funroll-loops -O0 -ffunction-sections -fdata-sections -fPIC -gdwarf-4 -fno-omit-frame-pointer -m64 -Wall -c -O0 -ffunction-sections -fdata-sections -fPIC -gdwarf-4 -fno-omit-frame-pointer -m64 -Wall -D_GNU_SOURCE -D_REENTRANT -Iinclude -Iinclude -DJEMALLOC_NO_PRIVATE_NAMESPACE -o src/hpa.sym.o src/hpa.c
[INFO] [stderr]   cc -std=gnu11 -Wall -Wextra -Wsign-compare -Wundef -Wno-format-zero-length -Wpointer-arith -Wno-missing-braces -Wno-missing-field-initializers -Wno-missing-attributes -pipe -g3 -fvisibility=hidden -Wimplicit-fallthrough -O3 -funroll-loops -O0 -ffunction-sections -fdata-sections -fPIC -gdwarf-4 -fno-omit-frame-pointer -m64 -Wall -c -O0 -ffunction-sections -fdata-sections -fPIC -gdwarf-4 -fno-omit-frame-pointer -m64 -Wall -D_GNU_SOURCE -D_REENTRANT -Iinclude -Iinclude -DJEMALLOC_NO_PRIVATE_NAMESPACE -o src/hpa_hooks.sym.o src/hpa_hooks.c
[INFO] [stderr]   cc -std=gnu11 -Wall -Wextra -Wsign-compare -Wundef -Wno-format-zero-length -Wpointer-arith -Wno-missing-braces -Wno-missing-field-initializers -Wno-missing-attributes -pipe -g3 -fvisibility=hidden -Wimplicit-fallthrough -O3 -funroll-loops -O0 -ffunction-sections -fdata-sections -fPIC -gdwarf-4 -fno-omit-frame-pointer -m64 -Wall -c -O0 -ffunction-sections -fdata-sections -fPIC -gdwarf-4 -fno-omit-frame-pointer -m64 -Wall -D_GNU_SOURCE -D_REENTRANT -Iinclude -Iinclude -DJEMALLOC_NO_PRIVATE_NAMESPACE -o src/hpdata.sym.o src/hpdata.c
[INFO] [stderr]   cc -std=gnu11 -Wall -Wextra -Wsign-compare -Wundef -Wno-format-zero-length -Wpointer-arith -Wno-missing-braces -Wno-missing-field-initializers -Wno-missing-attributes -pipe -g3 -fvisibility=hidden -Wimplicit-fallthrough -O3 -funroll-loops -O0 -ffunction-sections -fdata-sections -fPIC -gdwarf-4 -fno-omit-frame-pointer -m64 -Wall -c -O0 -ffunction-sections -fdata-sections -fPIC -gdwarf-4 -fno-omit-frame-pointer -m64 -Wall -D_GNU_SOURCE -D_REENTRANT -Iinclude -Iinclude -DJEMALLOC_NO_PRIVATE_NAMESPACE -o src/inspect.sym.o src/inspect.c
[INFO] [stderr]   cc -std=gnu11 -Wall -Wextra -Wsign-compare -Wundef -Wno-format-zero-length -Wpointer-arith -Wno-missing-braces -Wno-missing-field-initializers -Wno-missing-attributes -pipe -g3 -fvisibility=hidden -Wimplicit-fallthrough -O3 -funroll-loops -O0 -ffunction-sections -fdata-sections -fPIC -gdwarf-4 -fno-omit-frame-pointer -m64 -Wall -c -O0 -ffunction-sections -fdata-sections -fPIC -gdwarf-4 -fno-omit-frame-pointer -m64 -Wall -D_GNU_SOURCE -D_REENTRANT -Iinclude -Iinclude -DJEMALLOC_NO_PRIVATE_NAMESPACE -o src/large.sym.o src/large.c
[INFO] [stderr]   cc -std=gnu11 -Wall -Wextra -Wsign-compare -Wundef -Wno-format-zero-length -Wpointer-arith -Wno-missing-braces -Wno-missing-field-initializers -Wno-missing-attributes -pipe -g3 -fvisibility=hidden -Wimplicit-fallthrough -O3 -funroll-loops -O0 -ffunction-sections -fdata-sections -fPIC -gdwarf-4 -fno-omit-frame-pointer -m64 -Wall -c -O0 -ffunction-sections -fdata-sections -fPIC -gdwarf-4 -fno-omit-frame-pointer -m64 -Wall -D_GNU_SOURCE -D_REENTRANT -Iinclude -Iinclude -DJEMALLOC_NO_PRIVATE_NAMESPACE -o src/log.sym.o src/log.c
[INFO] [stderr]   cc -std=gnu11 -Wall -Wextra -Wsign-compare -Wundef -Wno-format-zero-length -Wpointer-arith -Wno-missing-braces -Wno-missing-field-initializers -Wno-missing-attributes -pipe -g3 -fvisibility=hidden -Wimplicit-fallthrough -O3 -funroll-loops -O0 -ffunction-sections -fdata-sections -fPIC -gdwarf-4 -fno-omit-frame-pointer -m64 -Wall -c -O0 -ffunction-sections -fdata-sections -fPIC -gdwarf-4 -fno-omit-frame-pointer -m64 -Wall -D_GNU_SOURCE -D_REENTRANT -Iinclude -Iinclude -DJEMALLOC_NO_PRIVATE_NAMESPACE -o src/malloc_io.sym.o src/malloc_io.c
[INFO] [stderr]   cc -std=gnu11 -Wall -Wextra -Wsign-compare -Wundef -Wno-format-zero-length -Wpointer-arith -Wno-missing-braces -Wno-missing-field-initializers -Wno-missing-attributes -pipe -g3 -fvisibility=hidden -Wimplicit-fallthrough -O3 -funroll-loops -O0 -ffunction-sections -fdata-sections -fPIC -gdwarf-4 -fno-omit-frame-pointer -m64 -Wall -c -O0 -ffunction-sections -fdata-sections -fPIC -gdwarf-4 -fno-omit-frame-pointer -m64 -Wall -D_GNU_SOURCE -D_REENTRANT -Iinclude -Iinclude -DJEMALLOC_NO_PRIVATE_NAMESPACE -o src/mutex.sym.o src/mutex.c
[INFO] [stderr]   cc -std=gnu11 -Wall -Wextra -Wsign-compare -Wundef -Wno-format-zero-length -Wpointer-arith -Wno-missing-braces -Wno-missing-field-initializers -Wno-missing-attributes -pipe -g3 -fvisibility=hidden -Wimplicit-fallthrough -O3 -funroll-loops -O0 -ffunction-sections -fdata-sections -fPIC -gdwarf-4 -fno-omit-frame-pointer -m64 -Wall -c -O0 -ffunction-sections -fdata-sections -fPIC -gdwarf-4 -fno-omit-frame-pointer -m64 -Wall -D_GNU_SOURCE -D_REENTRANT -Iinclude -Iinclude -DJEMALLOC_NO_PRIVATE_NAMESPACE -o src/nstime.sym.o src/nstime.c
[INFO] [stderr]   cc -std=gnu11 -Wall -Wextra -Wsign-compare -Wundef -Wno-format-zero-length -Wpointer-arith -Wno-missing-braces -Wno-missing-field-initializers -Wno-missing-attributes -pipe -g3 -fvisibility=hidden -Wimplicit-fallthrough -O3 -funroll-loops -O0 -ffunction-sections -fdata-sections -fPIC -gdwarf-4 -fno-omit-frame-pointer -m64 -Wall -c -O0 -ffunction-sections -fdata-sections -fPIC -gdwarf-4 -fno-omit-frame-pointer -m64 -Wall -D_GNU_SOURCE -D_REENTRANT -Iinclude -Iinclude -DJEMALLOC_NO_PRIVATE_NAMESPACE -o src/pa.sym.o src/pa.c
[INFO] [stderr]   cc -std=gnu11 -Wall -Wextra -Wsign-compare -Wundef -Wno-format-zero-length -Wpointer-arith -Wno-missing-braces -Wno-missing-field-initializers -Wno-missing-attributes -pipe -g3 -fvisibility=hidden -Wimplicit-fallthrough -O3 -funroll-loops -O0 -ffunction-sections -fdata-sections -fPIC -gdwarf-4 -fno-omit-frame-pointer -m64 -Wall -c -O0 -ffunction-sections -fdata-sections -fPIC -gdwarf-4 -fno-omit-frame-pointer -m64 -Wall -D_GNU_SOURCE -D_REENTRANT -Iinclude -Iinclude -DJEMALLOC_NO_PRIVATE_NAMESPACE -o src/pa_extra.sym.o src/pa_extra.c
[INFO] [stderr]   cc -std=gnu11 -Wall -Wextra -Wsign-compare -Wundef -Wno-format-zero-length -Wpointer-arith -Wno-missing-braces -Wno-missing-field-initializers -Wno-missing-attributes -pipe -g3 -fvisibility=hidden -Wimplicit-fallthrough -O3 -funroll-loops -O0 -ffunction-sections -fdata-sections -fPIC -gdwarf-4 -fno-omit-frame-pointer -m64 -Wall -c -O0 -ffunction-sections -fdata-sections -fPIC -gdwarf-4 -fno-omit-frame-pointer -m64 -Wall -D_GNU_SOURCE -D_REENTRANT -Iinclude -Iinclude -DJEMALLOC_NO_PRIVATE_NAMESPACE -o src/pai.sym.o src/pai.c
[INFO] [stderr]   cc -std=gnu11 -Wall -Wextra -Wsign-compare -Wundef -Wno-format-zero-length -Wpointer-arith -Wno-missing-braces -Wno-missing-field-initializers -Wno-missing-attributes -pipe -g3 -fvisibility=hidden -Wimplicit-fallthrough -O3 -funroll-loops -O0 -ffunction-sections -fdata-sections -fPIC -gdwarf-4 -fno-omit-frame-pointer -m64 -Wall -c -O0 -ffunction-sections -fdata-sections -fPIC -gdwarf-4 -fno-omit-frame-pointer -m64 -Wall -D_GNU_SOURCE -D_REENTRANT -Iinclude -Iinclude -DJEMALLOC_NO_PRIVATE_NAMESPACE -o src/pac.sym.o src/pac.c
[INFO] [stderr]   cc -std=gnu11 -Wall -Wextra -Wsign-compare -Wundef -Wno-format-zero-length -Wpointer-arith -Wno-missing-braces -Wno-missing-field-initializers -Wno-missing-attributes -pipe -g3 -fvisibility=hidden -Wimplicit-fallthrough -O3 -funroll-loops -O0 -ffunction-sections -fdata-sections -fPIC -gdwarf-4 -fno-omit-frame-pointer -m64 -Wall -c -O0 -ffunction-sections -fdata-sections -fPIC -gdwarf-4 -fno-omit-frame-pointer -m64 -Wall -D_GNU_SOURCE -D_REENTRANT -Iinclude -Iinclude -DJEMALLOC_NO_PRIVATE_NAMESPACE -o src/pages.sym.o src/pages.c
[INFO] [stderr]   cc -std=gnu11 -Wall -Wextra -Wsign-compare -Wundef -Wno-format-zero-length -Wpointer-arith -Wno-missing-braces -Wno-missing-field-initializers -Wno-missing-attributes -pipe -g3 -fvisibility=hidden -Wimplicit-fallthrough -O3 -funroll-loops -O0 -ffunction-sections -fdata-sections -fPIC -gdwarf-4 -fno-omit-frame-pointer -m64 -Wall -c -O0 -ffunction-sections -fdata-sections -fPIC -gdwarf-4 -fno-omit-frame-pointer -m64 -Wall -D_GNU_SOURCE -D_REENTRANT -Iinclude -Iinclude -DJEMALLOC_NO_PRIVATE_NAMESPACE -o src/peak_event.sym.o src/peak_event.c
[INFO] [stderr]   cc -std=gnu11 -Wall -Wextra -Wsign-compare -Wundef -Wno-format-zero-length -Wpointer-arith -Wno-missing-braces -Wno-missing-field-initializers -Wno-missing-attributes -pipe -g3 -fvisibility=hidden -Wimplicit-fallthrough -O3 -funroll-loops -O0 -ffunction-sections -fdata-sections -fPIC -gdwarf-4 -fno-omit-frame-pointer -m64 -Wall -c -O0 -ffunction-sections -fdata-sections -fPIC -gdwarf-4 -fno-omit-frame-pointer -m64 -Wall -D_GNU_SOURCE -D_REENTRANT -Iinclude -Iinclude -DJEMALLOC_NO_PRIVATE_NAMESPACE -o src/prof.sym.o src/prof.c
[INFO] [stderr]   cc -std=gnu11 -Wall -Wextra -Wsign-compare -Wundef -Wno-format-zero-length -Wpointer-arith -Wno-missing-braces -Wno-missing-field-initializers -Wno-missing-attributes -pipe -g3 -fvisibility=hidden -Wimplicit-fallthrough -O3 -funroll-loops -O0 -ffunction-sections -fdata-sections -fPIC -gdwarf-4 -fno-omit-frame-pointer -m64 -Wall -c -O0 -ffunction-sections -fdata-sections -fPIC -gdwarf-4 -fno-omit-frame-pointer -m64 -Wall -D_GNU_SOURCE -D_REENTRANT -Iinclude -Iinclude -DJEMALLOC_NO_PRIVATE_NAMESPACE -o src/prof_data.sym.o src/prof_data.c
[INFO] [stderr]   cc -std=gnu11 -Wall -Wextra -Wsign-compare -Wundef -Wno-format-zero-length -Wpointer-arith -Wno-missing-braces -Wno-missing-field-initializers -Wno-missing-attributes -pipe -g3 -fvisibility=hidden -Wimplicit-fallthrough -O3 -funroll-loops -O0 -ffunction-sections -fdata-sections -fPIC -gdwarf-4 -fno-omit-frame-pointer -m64 -Wall -c -O0 -ffunction-sections -fdata-sections -fPIC -gdwarf-4 -fno-omit-frame-pointer -m64 -Wall -D_GNU_SOURCE -D_REENTRANT -Iinclude -Iinclude -DJEMALLOC_NO_PRIVATE_NAMESPACE -o src/prof_log.sym.o src/prof_log.c
[INFO] [stderr]   cc -std=gnu11 -Wall -Wextra -Wsign-compare -Wundef -Wno-format-zero-length -Wpointer-arith -Wno-missing-braces -Wno-missing-field-initializers -Wno-missing-attributes -pipe -g3 -fvisibility=hidden -Wimplicit-fallthrough -O3 -funroll-loops -O0 -ffunction-sections -fdata-sections -fPIC -gdwarf-4 -fno-omit-frame-pointer -m64 -Wall -c -O0 -ffunction-sections -fdata-sections -fPIC -gdwarf-4 -fno-omit-frame-pointer -m64 -Wall -D_GNU_SOURCE -D_REENTRANT -Iinclude -Iinclude -DJEMALLOC_NO_PRIVATE_NAMESPACE -o src/prof_recent.sym.o src/prof_recent.c
[INFO] [stderr]   cc -std=gnu11 -Wall -Wextra -Wsign-compare -Wundef -Wno-format-zero-length -Wpointer-arith -Wno-missing-braces -Wno-missing-field-initializers -Wno-missing-attributes -pipe -g3 -fvisibility=hidden -Wimplicit-fallthrough -O3 -funroll-loops -O0 -ffunction-sections -fdata-sections -fPIC -gdwarf-4 -fno-omit-frame-pointer -m64 -Wall -c -O0 -ffunction-sections -fdata-sections -fPIC -gdwarf-4 -fno-omit-frame-pointer -m64 -Wall -D_GNU_SOURCE -D_REENTRANT -Iinclude -Iinclude -DJEMALLOC_NO_PRIVATE_NAMESPACE -o src/prof_stats.sym.o src/prof_stats.c
[INFO] [stderr]   cc -std=gnu11 -Wall -Wextra -Wsign-compare -Wundef -Wno-format-zero-length -Wpointer-arith -Wno-missing-braces -Wno-missing-field-initializers -Wno-missing-attributes -pipe -g3 -fvisibility=hidden -Wimplicit-fallthrough -O3 -funroll-loops -O0 -ffunction-sections -fdata-sections -fPIC -gdwarf-4 -fno-omit-frame-pointer -m64 -Wall -c -O0 -ffunction-sections -fdata-sections -fPIC -gdwarf-4 -fno-omit-frame-pointer -m64 -Wall -D_GNU_SOURCE -D_REENTRANT -Iinclude -Iinclude -DJEMALLOC_NO_PRIVATE_NAMESPACE -o src/prof_sys.sym.o src/prof_sys.c
[INFO] [stderr]   cc -std=gnu11 -Wall -Wextra -Wsign-compare -Wundef -Wno-format-zero-length -Wpointer-arith -Wno-missing-braces -Wno-missing-field-initializers -Wno-missing-attributes -pipe -g3 -fvisibility=hidden -Wimplicit-fallthrough -O3 -funroll-loops -O0 -ffunction-sections -fdata-sections -fPIC -gdwarf-4 -fno-omit-frame-pointer -m64 -Wall -c -O0 -ffunction-sections -fdata-sections -fPIC -gdwarf-4 -fno-omit-frame-pointer -m64 -Wall -D_GNU_SOURCE -D_REENTRANT -Iinclude -Iinclude -DJEMALLOC_NO_PRIVATE_NAMESPACE -o src/psset.sym.o src/psset.c
[INFO] [stderr] 
[INFO] [stderr]   --- stderr
[INFO] [stderr]   Assembler messages:
[INFO] [stderr]   {standard input}:38474: Warning: end of file not at end of a line; newline inserted
[INFO] [stderr]   {standard input}: Error: open CFI at the end of file; missing .cfi_endproc directive
[INFO] [stderr]   cc: fatal error: Killed signal terminated program cc1
[INFO] [stderr]   compilation terminated.
[INFO] [stderr]   make: *** [Makefile:479: src/jemalloc.sym.o] Error 1
[INFO] [stderr]   make: *** Waiting for unfinished jobs....
[INFO] [stderr] 
[INFO] [stderr]   thread 'main' (7808) panicked at /opt/rustwide/cargo-home/registry/src/index.crates.io-1949cf8c6b5b557f/tikv-jemalloc-sys-0.6.0+5.3.0-1-ge13ca993e8ccb9ba9847cc330696e02839f328f7/build.rs:388:9:
[INFO] [stderr]   command did not execute successfully: cd "/opt/rustwide/target/debug/build/tikv-jemalloc-sys/a1669ee8e61a7161/out/build" && "make" "-j" "8"
[INFO] [stderr]   expected success, got: exit status: 2
[INFO] [stderr]   stack backtrace:
[INFO] [stderr]      0:     0x5d494fc3d021 - std[3164a59e47d3bde]::backtrace_rs::backtrace::libunwind::trace
[INFO] [stderr]                                  at /rustc/3154cc1a3e6424e44f438a95007d043ed5ceaaf6/library/std/src/../../backtrace/src/backtrace/libunwind.rs:117:9
[INFO] [stderr]      1:     0x5d494fc3d021 - std[3164a59e47d3bde]::backtrace_rs::backtrace::trace_unsynchronized::<std[3164a59e47d3bde]::sys::backtrace::_print_fmt::{closure#1}>
[INFO] [stderr]                                  at /rustc/3154cc1a3e6424e44f438a95007d043ed5ceaaf6/library/std/src/../../backtrace/src/backtrace/mod.rs:66:14
[INFO] [stderr]      2:     0x5d494fc3d021 - std[3164a59e47d3bde]::sys::backtrace::_print_fmt
[INFO] [stderr]                                  at /rustc/3154cc1a3e6424e44f438a95007d043ed5ceaaf6/library/std/src/sys/backtrace.rs:74:9
[INFO] [stderr]      3:     0x5d494fc3d021 - <<std[3164a59e47d3bde]::sys::backtrace::BacktraceLock>::print::DisplayBacktrace as core[934024a1e6126fb4]::fmt::Display>::fmt
[INFO] [stderr]                                  at /rustc/3154cc1a3e6424e44f438a95007d043ed5ceaaf6/library/std/src/sys/backtrace.rs:44:26
[INFO] [stderr]      4:     0x5d494fc52cca - <core[934024a1e6126fb4]::fmt::rt::Argument>::fmt
[INFO] [stderr]                                  at /rustc/3154cc1a3e6424e44f438a95007d043ed5ceaaf6/library/core/src/fmt/rt.rs:152:76
[INFO] [stderr]      5:     0x5d494fc52cca - core[934024a1e6126fb4]::fmt::write
[INFO] [stderr]      6:     0x5d494fc4374c - core[934024a1e6126fb4]::io::write::default_write_fmt::<std[3164a59e47d3bde]::sys::stdio::unix::Stderr>
[INFO] [stderr]                                  at /rustc/3154cc1a3e6424e44f438a95007d043ed5ceaaf6/library/core/src/io/write.rs:402:11
[INFO] [stderr]      7:     0x5d494fc4374c - <std[3164a59e47d3bde]::sys::stdio::unix::Stderr as core[934024a1e6126fb4]::io::write::Write>::write_fmt
[INFO] [stderr]                                  at /rustc/3154cc1a3e6424e44f438a95007d043ed5ceaaf6/library/core/src/io/write.rs:335:13
[INFO] [stderr]      8:     0x5d494fc160a6 - <std[3164a59e47d3bde]::sys::backtrace::BacktraceLock>::print
[INFO] [stderr]                                  at /rustc/3154cc1a3e6424e44f438a95007d043ed5ceaaf6/library/std/src/sys/backtrace.rs:47:9
[INFO] [stderr]      9:     0x5d494fc160a6 - std[3164a59e47d3bde]::panicking::default_hook::{closure#0}
[INFO] [stderr]                                  at /rustc/3154cc1a3e6424e44f438a95007d043ed5ceaaf6/library/std/src/panicking.rs:289:27
[INFO] [stderr]     10:     0x5d494fc33f91 - std[3164a59e47d3bde]::panicking::default_hook
[INFO] [stderr]                                  at /rustc/3154cc1a3e6424e44f438a95007d043ed5ceaaf6/library/std/src/panicking.rs:316:9
[INFO] [stderr]     11:     0x5d494fc3414b - std[3164a59e47d3bde]::panicking::panic_with_hook
[INFO] [stderr]                                  at /rustc/3154cc1a3e6424e44f438a95007d043ed5ceaaf6/library/std/src/panicking.rs:811:13
[INFO] [stderr]     12:     0x5d494fc16152 - std[3164a59e47d3bde]::panicking::panic_handler::{closure#0}
[INFO] [stderr]                                  at /rustc/3154cc1a3e6424e44f438a95007d043ed5ceaaf6/library/std/src/panicking.rs:685:13
[INFO] [stderr]     13:     0x5d494fc0ec39 - std[3164a59e47d3bde]::sys::backtrace::__rust_end_short_backtrace::<std[3164a59e47d3bde]::panicking::panic_handler::{closure#0}, !>
[INFO] [stderr]                                  at /rustc/3154cc1a3e6424e44f438a95007d043ed5ceaaf6/library/std/src/sys/backtrace.rs:182:18
[INFO] [stderr]     14:     0x5d494fc16e3d - __rustc[2e7b49d4226056d3]::rust_begin_unwind
[INFO] [stderr]                                  at /rustc/3154cc1a3e6424e44f438a95007d043ed5ceaaf6/library/std/src/panicking.rs:676:5
[INFO] [stderr]     15:     0x5d494fc534bc - core[934024a1e6126fb4]::panicking::panic_fmt
[INFO] [stderr]                                  at /rustc/3154cc1a3e6424e44f438a95007d043ed5ceaaf6/library/core/src/panicking.rs:80:14
[INFO] [stderr]     16:     0x5d494fb6ea6f - build_script_build[3a0e1a89b3b81829]::execute::<build_script_build[3a0e1a89b3b81829]::run::{closure#0}>
[INFO] [stderr]     17:     0x5d494fb7233e - build_script_build[3a0e1a89b3b81829]::run
[INFO] [stderr]     18:     0x5d494fb759bd - build_script_build[3a0e1a89b3b81829]::main
[INFO] [stderr]     19:     0x5d494fb787c3 - <fn() as core[934024a1e6126fb4]::ops::function::FnOnce<()>>::call_once
[INFO] [stderr]     20:     0x5d494fb70e6e - std[3164a59e47d3bde]::sys::backtrace::__rust_begin_short_backtrace::<fn(), ()>
[INFO] [stderr]     21:     0x5d494fb71469 - std[3164a59e47d3bde]::rt::lang_start::<()>::{closure#0}
[INFO] [stderr]     22:     0x5d494fc33298 - <&dyn core[934024a1e6126fb4]::ops::function::Fn<(), Output = i32> + core[934024a1e6126fb4]::marker::Sync + core[934024a1e6126fb4]::panic::unwind_safe::RefUnwindSafe as core[934024a1e6126fb4]::ops::function::FnOnce<()>>::call_once
[INFO] [stderr]                                  at /rustc/3154cc1a3e6424e44f438a95007d043ed5ceaaf6/library/core/src/ops/function.rs:287:21
[INFO] [stderr]     23:     0x5d494fc33298 - std[3164a59e47d3bde]::panicking::catch_unwind::do_call::<&dyn core[934024a1e6126fb4]::ops::function::Fn<(), Output = i32> + core[934024a1e6126fb4]::marker::Sync + core[934024a1e6126fb4]::panic::unwind_safe::RefUnwindSafe, i32>
[INFO] [stderr]                                  at /rustc/3154cc1a3e6424e44f438a95007d043ed5ceaaf6/library/std/src/panicking.rs:573:43
[INFO] [stderr]     24:     0x5d494fc33298 - std[3164a59e47d3bde]::panicking::catch_unwind::<i32, &dyn core[934024a1e6126fb4]::ops::function::Fn<(), Output = i32> + core[934024a1e6126fb4]::marker::Sync + core[934024a1e6126fb4]::panic::unwind_safe::RefUnwindSafe>
[INFO] [stderr]                                  at /rustc/3154cc1a3e6424e44f438a95007d043ed5ceaaf6/library/std/src/panicking.rs:541:19
[INFO] [stderr]     25:     0x5d494fc33298 - std[3164a59e47d3bde]::panic::catch_unwind::<&dyn core[934024a1e6126fb4]::ops::function::Fn<(), Output = i32> + core[934024a1e6126fb4]::marker::Sync + core[934024a1e6126fb4]::panic::unwind_safe::RefUnwindSafe, i32>
[INFO] [stderr]                                  at /rustc/3154cc1a3e6424e44f438a95007d043ed5ceaaf6/library/std/src/panic.rs:359:14
[INFO] [stderr]     26:     0x5d494fc33298 - std[3164a59e47d3bde]::rt::lang_start_internal::{closure#0}
[INFO] [stderr]                                  at /rustc/3154cc1a3e6424e44f438a95007d043ed5ceaaf6/library/std/src/rt.rs:175:24
[INFO] [stderr]     27:     0x5d494fc33298 - std[3164a59e47d3bde]::panicking::catch_unwind::do_call::<std[3164a59e47d3bde]::rt::lang_start_internal::{closure#0}, isize>
[INFO] [stderr]                                  at /rustc/3154cc1a3e6424e44f438a95007d043ed5ceaaf6/library/std/src/panicking.rs:573:43
[INFO] [stderr]     28:     0x5d494fc33298 - std[3164a59e47d3bde]::panicking::catch_unwind::<isize, std[3164a59e47d3bde]::rt::lang_start_internal::{closure#0}>
[INFO] [stderr]                                  at /rustc/3154cc1a3e6424e44f438a95007d043ed5ceaaf6/library/std/src/panicking.rs:541:19
[INFO] [stderr]     29:     0x5d494fc33298 - std[3164a59e47d3bde]::panic::catch_unwind::<std[3164a59e47d3bde]::rt::lang_start_internal::{closure#0}, isize>
[INFO] [stderr]                                  at /rustc/3154cc1a3e6424e44f438a95007d043ed5ceaaf6/library/std/src/panic.rs:359:14
[INFO] [stderr]     30:     0x5d494fc33298 - std[3164a59e47d3bde]::rt::lang_start_internal
[INFO] [stderr]                                  at /rustc/3154cc1a3e6424e44f438a95007d043ed5ceaaf6/library/std/src/rt.rs:171:5
[INFO] [stderr]     31:     0x5d494fb70e61 - std[3164a59e47d3bde]::rt::lang_start::<()>
[INFO] [stderr]     32:     0x5d494fb78835 - main
[INFO] [stderr]     33:     0x79a0d1cb4601 - <unknown>
[INFO] [stderr]     34:     0x79a0d1cb4718 - __libc_start_main
[INFO] [stderr]     35:     0x5d494fb6db75 - _start
[INFO] [stderr]     36:                0x0 - <unknown>
[INFO] running `Command { std: "docker" "inspect" "38dad2182087b341265e67546d18ff6c3c7b8019a973dd85fa0e565da6fee172", kill_on_drop: false }`
[INFO] running `Command { std: "docker" "rm" "-f" "38dad2182087b341265e67546d18ff6c3c7b8019a973dd85fa0e565da6fee172", kill_on_drop: false }`
[INFO] [stdout] 38dad2182087b341265e67546d18ff6c3c7b8019a973dd85fa0e565da6fee172
