[INFO] cloning repository https://github.com/2dav/crabgrind
[INFO] running `Command { std: "git" "-c" "credential.helper=" "-c" "credential.helper=/workspace/cargo-home/bin/git-credential-null" "clone" "--bare" "https://github.com/2dav/crabgrind" "/workspace/cache/git-repos/https%3A%2F%2Fgithub.com%2F2dav%2Fcrabgrind", kill_on_drop: false }`
[INFO] [stderr] Cloning into bare repository '/workspace/cache/git-repos/https%3A%2F%2Fgithub.com%2F2dav%2Fcrabgrind'...
[INFO] running `Command { std: "git" "rev-parse" "HEAD", kill_on_drop: false }`
[INFO] [stdout] 9547b0e240be4388d11bb30a5ffedcb0e5cbfaa7
[INFO] checking 2dav/crabgrind against 3154cc1a3e6424e44f438a95007d043ed5ceaaf6 for pr-133502-30
[INFO] running `Command { std: "git" "clone" "/workspace/cache/git-repos/https%3A%2F%2Fgithub.com%2F2dav%2Fcrabgrind" "/workspace/builds/worker-3-tc2/source", kill_on_drop: false }`
[INFO] [stderr] Cloning into '/workspace/builds/worker-3-tc2/source'...
[INFO] [stderr] done.
[INFO] removed /workspace/builds/worker-3-tc2/source/rust-toolchain.toml
[INFO] started tweaking git repo https://github.com/2dav/crabgrind
[INFO] finished tweaking git repo https://github.com/2dav/crabgrind
[INFO] tweaked toml for git repo https://github.com/2dav/crabgrind written to /workspace/builds/worker-3-tc2/source/Cargo.toml
[INFO] validating manifest of git repo https://github.com/2dav/crabgrind on toolchain 3154cc1a3e6424e44f438a95007d043ed5ceaaf6
[INFO] running `Command { std: CARGO_HOME="/workspace/cargo-home" RUSTUP_HOME="/workspace/rustup-home" "/workspace/cargo-home/bin/cargo" "+3154cc1a3e6424e44f438a95007d043ed5ceaaf6" "metadata" "--manifest-path" "Cargo.toml" "--no-deps", kill_on_drop: false }`
[INFO] crate git repo https://github.com/2dav/crabgrind already has a lockfile, it will not be regenerated
[INFO] running `Command { std: CARGO_HOME="/workspace/cargo-home" RUSTUP_HOME="/workspace/rustup-home" "/workspace/cargo-home/bin/cargo" "+3154cc1a3e6424e44f438a95007d043ed5ceaaf6" "fetch" "--manifest-path" "Cargo.toml", kill_on_drop: false }`
[INFO] running `Command { std: "docker" "create" "-v" "/var/lib/crater-agent-workspace/builds/worker-3-tc2/source:/opt/rustwide/workdir:ro,Z" "-v" "/var/lib/crater-agent-workspace/builds/worker-3-tc2/target:/opt/rustwide/target:rw,Z" "-v" "/var/lib/crater-agent-workspace/cargo-home:/opt/rustwide/cargo-home:ro,Z" "-v" "/var/lib/crater-agent-workspace/rustup-home:/opt/rustwide/rustup-home:ro,Z" "-m" "1610612736" "--network" "none" "ghcr.io/rust-lang/crates-build-env/linux@sha256:77db811e55d90add9212f6832c23229e3de5f1c1f9905e8cb07319ea15df73ac" "sleep" "infinity", kill_on_drop: false }`
[INFO] [stdout] f361bdf0496ad57c0b2a79fc2c988d398e3ca87a4e5499381c15835a3bbb7dd2
[INFO] running `Command { std: "docker" "start" "f361bdf0496ad57c0b2a79fc2c988d398e3ca87a4e5499381c15835a3bbb7dd2", kill_on_drop: false }`
[INFO] running `Command { std: "docker" "inspect" "f361bdf0496ad57c0b2a79fc2c988d398e3ca87a4e5499381c15835a3bbb7dd2", kill_on_drop: false }`
[INFO] running `Command { std: "docker" "exec" "-e" "SOURCE_DIR=/opt/rustwide/workdir" "-e" "CARGO_HOME=/opt/rustwide/cargo-home" "-e" "RUSTUP_HOME=/opt/rustwide/rustup-home" "-e" "CARGO_TARGET_DIR=/opt/rustwide/target" "-w" "/opt/rustwide/workdir" "--user" "0:0" "f361bdf0496ad57c0b2a79fc2c988d398e3ca87a4e5499381c15835a3bbb7dd2" "/opt/rustwide/cargo-home/bin/cargo" "+3154cc1a3e6424e44f438a95007d043ed5ceaaf6" "metadata" "--no-deps" "--format-version=1", kill_on_drop: false }`
[INFO] running `Command { std: "docker" "inspect" "f361bdf0496ad57c0b2a79fc2c988d398e3ca87a4e5499381c15835a3bbb7dd2", kill_on_drop: false }`
[INFO] running `Command { std: "docker" "exec" "-e" "SOURCE_DIR=/opt/rustwide/workdir" "-e" "CARGO_HOME=/opt/rustwide/cargo-home" "-e" "RUSTUP_HOME=/opt/rustwide/rustup-home" "-e" "CARGO_TARGET_DIR=/opt/rustwide/target" "-e" "CARGO_INCREMENTAL=0" "-e" "RUST_BACKTRACE=full" "-e" "RUSTFLAGS=--cap-lints=forbid" "-e" "RUSTDOCFLAGS=--cap-lints=forbid" "-w" "/opt/rustwide/workdir" "--user" "0:0" "f361bdf0496ad57c0b2a79fc2c988d398e3ca87a4e5499381c15835a3bbb7dd2" "/opt/rustwide/cargo-home/bin/cargo" "+3154cc1a3e6424e44f438a95007d043ed5ceaaf6" "check" "--frozen" "--all" "--all-targets" "--message-format=json", kill_on_drop: false }`
[INFO] [stderr]    Compiling proc-macro2 v1.0.104
[INFO] [stderr]    Compiling unicode-ident v1.0.22
[INFO] [stderr]    Compiling quote v1.0.42
[INFO] [stderr]    Compiling glob v0.3.3
[INFO] [stderr]    Compiling libc v0.2.178
[INFO] [stderr]    Compiling prettyplease v0.2.37
[INFO] [stderr]    Compiling minimal-lexical v0.2.1
[INFO] [stderr]    Compiling memchr v2.7.6
[INFO] [stderr]    Compiling regex-syntax v0.8.8
[INFO] [stderr]    Compiling libloading v0.8.9
[INFO] [stderr]    Compiling bindgen v0.73.2
[INFO] [stderr]    Compiling find-msvc-tools v0.1.6
[INFO] [stderr]    Compiling bitflags v2.10.0
[INFO] [stderr]    Compiling rustc-hash v2.1.1
[INFO] [stderr]    Compiling clang-sys v1.8.1
[INFO] [stderr]    Compiling cc v1.2.51
[INFO] [stderr]    Compiling nom v7.1.3
[INFO] [stderr]     Checking aho-corasick v1.1.4
[INFO] [stderr]    Compiling syn v2.0.111
[INFO] [stderr]    Compiling regex-automata v0.4.13
[INFO] [stderr]    Compiling cexpr v0.6.0
[INFO] [stderr]    Compiling regex v1.12.2
[INFO] [stderr]    Compiling crabgrind v0.4.0 (/opt/rustwide/workdir)
[INFO] [stdout] error[E0433]: cannot find `println` in `crab`
[INFO] [stdout]   --> tests/valgrind.rs:59:15
[INFO] [stdout]    |
[INFO] [stdout] 59 |         crab::println!("cg_println_msg");
[INFO] [stdout]    |               ^^^^^^^ could not find `println` in `crab`
[INFO] [stdout] 
[INFO] [stdout] 
[INFO] [stdout] error[E0433]: cannot find `println` in `crab`
[INFO] [stdout]   --> tests/valgrind.rs:60:15
[INFO] [stdout]    |
[INFO] [stdout] 60 |         crab::println!("cg_println_msg_{1}_{w:e}_{0:04}", 2, "format", w=4);
[INFO] [stdout]    |               ^^^^^^^ could not find `println` in `crab`
[INFO] [stdout] 
[INFO] [stdout] 
[INFO] [stdout] error[E0433]: cannot find `print_stacktrace` in `crab`
[INFO] [stdout]   --> tests/valgrind.rs:61:15
[INFO] [stdout]    |
[INFO] [stdout] 61 |         crab::print_stacktrace!("cg_print_stacktrace");
[INFO] [stdout]    |               ^^^^^^^^^^^^^^^^ could not find `print_stacktrace` in `crab`
[INFO] [stdout] 
[INFO] [stdout] 
[INFO] [stdout] error[E0433]: cannot find `print_stacktrace` in `crab`
[INFO] [stdout]   --> tests/valgrind.rs:62:15
[INFO] [stdout]    |
[INFO] [stdout] 62 |         crab::print_stacktrace!("cg_print_stacktrace_{1}_{w:e}_{0:04}", 2, "format", w=4);
[INFO] [stdout]    |               ^^^^^^^^^^^^^^^^ could not find `print_stacktrace` in `crab`
[INFO] [stdout] 
[INFO] [stdout] 
[INFO] [stdout] For more information about this error, try `rustc --explain E0433`.
[INFO] [stdout] 
[INFO] [stderr] error: could not compile `crabgrind` (test "valgrind") due to 4 previous errors
[INFO] [stderr] warning: build failed, waiting for other jobs to finish...
[INFO] running `Command { std: "docker" "inspect" "f361bdf0496ad57c0b2a79fc2c988d398e3ca87a4e5499381c15835a3bbb7dd2", kill_on_drop: false }`
[INFO] running `Command { std: "docker" "rm" "-f" "f361bdf0496ad57c0b2a79fc2c988d398e3ca87a4e5499381c15835a3bbb7dd2", kill_on_drop: false }`
[INFO] [stdout] f361bdf0496ad57c0b2a79fc2c988d398e3ca87a4e5499381c15835a3bbb7dd2
