[INFO] cloning repository https://github.com/180024421/disk-janitor
[INFO] running `Command { std: "git" "-c" "credential.helper=" "-c" "credential.helper=/workspace/cargo-home/bin/git-credential-null" "clone" "--bare" "https://github.com/180024421/disk-janitor" "/workspace/cache/git-repos/https%3A%2F%2Fgithub.com%2F180024421%2Fdisk-janitor", kill_on_drop: false }`
[INFO] [stderr] Cloning into bare repository '/workspace/cache/git-repos/https%3A%2F%2Fgithub.com%2F180024421%2Fdisk-janitor'...
[INFO] running `Command { std: "git" "rev-parse" "HEAD", kill_on_drop: false }`
[INFO] [stdout] 9737530403aea074136f98ac235e2a63d4b69b45
[INFO] checking 180024421/disk-janitor against 3154cc1a3e6424e44f438a95007d043ed5ceaaf6 for pr-133502-30
[INFO] running `Command { std: "git" "clone" "/workspace/cache/git-repos/https%3A%2F%2Fgithub.com%2F180024421%2Fdisk-janitor" "/workspace/builds/worker-4-tc2/source", kill_on_drop: false }`
[INFO] [stderr] Cloning into '/workspace/builds/worker-4-tc2/source'...
[INFO] [stderr] done.
[INFO] started tweaking git repo https://github.com/180024421/disk-janitor
[INFO] finished tweaking git repo https://github.com/180024421/disk-janitor
[INFO] tweaked toml for git repo https://github.com/180024421/disk-janitor written to /workspace/builds/worker-4-tc2/source/Cargo.toml
[INFO] validating manifest of git repo https://github.com/180024421/disk-janitor on toolchain 3154cc1a3e6424e44f438a95007d043ed5ceaaf6
[INFO] running `Command { std: CARGO_HOME="/workspace/cargo-home" RUSTUP_HOME="/workspace/rustup-home" "/workspace/cargo-home/bin/cargo" "+3154cc1a3e6424e44f438a95007d043ed5ceaaf6" "metadata" "--manifest-path" "Cargo.toml" "--no-deps", kill_on_drop: false }`
[INFO] crate git repo https://github.com/180024421/disk-janitor already has a lockfile, it will not be regenerated
[INFO] running `Command { std: CARGO_HOME="/workspace/cargo-home" RUSTUP_HOME="/workspace/rustup-home" "/workspace/cargo-home/bin/cargo" "+3154cc1a3e6424e44f438a95007d043ed5ceaaf6" "fetch" "--manifest-path" "Cargo.toml", kill_on_drop: false }`
[INFO] running `Command { std: "docker" "create" "-v" "/var/lib/crater-agent-workspace/builds/worker-4-tc2/source:/opt/rustwide/workdir:ro,Z" "-v" "/var/lib/crater-agent-workspace/builds/worker-4-tc2/target:/opt/rustwide/target:rw,Z" "-v" "/var/lib/crater-agent-workspace/cargo-home:/opt/rustwide/cargo-home:ro,Z" "-v" "/var/lib/crater-agent-workspace/rustup-home:/opt/rustwide/rustup-home:ro,Z" "-m" "1610612736" "--network" "none" "ghcr.io/rust-lang/crates-build-env/linux@sha256:77db811e55d90add9212f6832c23229e3de5f1c1f9905e8cb07319ea15df73ac" "sleep" "infinity", kill_on_drop: false }`
[INFO] [stdout] 59050526699d7e8bcc11c6b11df5497aaf9568b1de98a2c7622a5df4be63fc17
[INFO] running `Command { std: "docker" "start" "59050526699d7e8bcc11c6b11df5497aaf9568b1de98a2c7622a5df4be63fc17", kill_on_drop: false }`
[INFO] running `Command { std: "docker" "inspect" "59050526699d7e8bcc11c6b11df5497aaf9568b1de98a2c7622a5df4be63fc17", kill_on_drop: false }`
[INFO] running `Command { std: "docker" "exec" "-e" "SOURCE_DIR=/opt/rustwide/workdir" "-e" "CARGO_HOME=/opt/rustwide/cargo-home" "-e" "RUSTUP_HOME=/opt/rustwide/rustup-home" "-e" "CARGO_TARGET_DIR=/opt/rustwide/target" "-w" "/opt/rustwide/workdir" "--user" "0:0" "59050526699d7e8bcc11c6b11df5497aaf9568b1de98a2c7622a5df4be63fc17" "/opt/rustwide/cargo-home/bin/cargo" "+3154cc1a3e6424e44f438a95007d043ed5ceaaf6" "metadata" "--no-deps" "--format-version=1", kill_on_drop: false }`
[INFO] running `Command { std: "docker" "inspect" "59050526699d7e8bcc11c6b11df5497aaf9568b1de98a2c7622a5df4be63fc17", kill_on_drop: false }`
[INFO] running `Command { std: "docker" "exec" "-e" "SOURCE_DIR=/opt/rustwide/workdir" "-e" "CARGO_HOME=/opt/rustwide/cargo-home" "-e" "RUSTUP_HOME=/opt/rustwide/rustup-home" "-e" "CARGO_TARGET_DIR=/opt/rustwide/target" "-e" "CARGO_INCREMENTAL=0" "-e" "RUST_BACKTRACE=full" "-e" "RUSTFLAGS=--cap-lints=forbid" "-e" "RUSTDOCFLAGS=--cap-lints=forbid" "-w" "/opt/rustwide/workdir" "--user" "0:0" "59050526699d7e8bcc11c6b11df5497aaf9568b1de98a2c7622a5df4be63fc17" "/opt/rustwide/cargo-home/bin/cargo" "+3154cc1a3e6424e44f438a95007d043ed5ceaaf6" "check" "--frozen" "--all" "--all-targets" "--message-format=json", kill_on_drop: false }`
[INFO] [stderr]     Checking log v0.4.33
[INFO] [stderr]     Checking smallvec v1.15.2
[INFO] [stderr]    Compiling syn v3.0.3
[INFO] [stderr]    Compiling serde_core v1.0.229
[INFO] [stderr]    Compiling indexmap v2.14.0
[INFO] [stderr]    Compiling find-msvc-tools v0.1.10
[INFO] [stderr]    Compiling pkg-config v0.3.33
[INFO] [stderr]     Checking crypto-common v0.1.7
[INFO] [stderr]     Checking futures-core v0.3.33
[INFO] [stderr]     Checking futures-io v0.3.33
[INFO] [stderr]    Compiling zvariant_utils v2.1.0
[INFO] [stderr]    Compiling cc v1.4.2
[INFO] [stderr]     Checking tracing v0.1.44
[INFO] [stderr]     Checking futures-lite v2.6.1
[INFO] [stderr]    Compiling zerovec-derive v0.11.3
[INFO] [stderr]     Checking digest v0.10.7
[INFO] [stderr]     Checking async-channel v2.5.0
[INFO] [stderr]    Compiling wayland-sys v0.31.11
[INFO] [stderr]     Checking piper v0.2.5
[INFO] [stderr]     Checking litemap v0.8.2
[INFO] [stderr]     Checking writeable v0.6.3
[INFO] [stderr]    Compiling toml_edit v0.25.13+spec-1.1.0
[INFO] [stderr]    Compiling icu_normalizer_data v2.2.0
[INFO] [stderr]    Compiling icu_properties_data v2.2.0
[INFO] [stderr]     Checking zeroize v1.9.0
[INFO] [stderr]     Checking async-io v2.6.0
[INFO] [stderr]     Checking blocking v1.6.2
[INFO] [stderr]     Checking async-executor v1.14.0
[INFO] [stderr]     Checking async-broadcast v0.7.2
[INFO] [stderr]     Checking ordered-stream v0.2.0
[INFO] [stderr]    Compiling futures-macro v0.3.33
[INFO] [stderr]     Checking zerovec v0.11.6
[INFO] [stderr]     Checking futures-task v0.3.33
[INFO] [stderr]     Checking futures-sink v0.3.33
[INFO] [stderr]     Checking rand v0.8.7
[INFO] [stderr]    Compiling proc-macro-crate v3.5.0
[INFO] [stderr]    Compiling wayland-backend v0.3.16
[INFO] [stderr]     Checking async-fs v2.2.0
[INFO] [stderr]     Checking futures-util v0.3.33
[INFO] [stderr]    Compiling zvariant_derive v4.2.0
[INFO] [stderr]     Checking potential_utf v0.1.5
[INFO] [stderr]    Compiling nix v0.29.0
[INFO] [stderr]     Checking owned_ttf_parser v0.25.1
[INFO] [stderr]    Compiling zbus_macros v4.4.0
[INFO] [stderr]     Checking form_urlencoded v1.2.2
[INFO] [stderr]     Checking sha1 v0.10.7
[INFO] [stderr]     Checking xdg-home v1.3.0
[INFO] [stderr]    Compiling xml-rs v0.8.29
[INFO] [stderr]     Checking ab_glyph_rasterizer v0.1.10
[INFO] [stderr]     Checking wayland-client v0.31.15
[INFO] [stderr]     Checking ab_glyph v0.2.32
[INFO] [stderr]     Checking wayland-csd-frame v0.3.0
[INFO] [stderr]     Checking rustix v0.38.44
[INFO] [stderr]    Compiling x11-dl v2.21.0
[INFO] [stderr]     Checking windows-link v0.2.1
[INFO] [stderr]     Checking ahash v0.8.12
[INFO] [stderr]    Compiling gl_generator v0.14.0
[INFO] [stderr]     Checking accesskit v0.17.1
[INFO] [stderr]    Compiling smithay-client-toolkit v0.19.2
[INFO] [stderr]     Checking parking_lot_core v0.9.12
[INFO] [stderr]     Checking lock_api v0.4.14
[INFO] [stderr]     Checking x11rb-protocol v0.13.2
[INFO] [stderr]     Checking wayland-protocols v0.32.13
[INFO] [stderr]     Checking wayland-cursor v0.31.14
[INFO] [stderr]     Checking hashbrown v0.15.5
[INFO] [stderr]     Checking parking_lot v0.12.5
[INFO] [stderr]     Checking windows-strings v0.5.1
[INFO] [stderr]     Checking windows-result v0.4.1
[INFO] [stderr]     Checking immutable-chunkmap v2.1.3
[INFO] [stderr]    Compiling ring v0.17.14
[INFO] [stderr]    Compiling winit v0.30.13
[INFO] [stderr]    Compiling windows-interface v0.59.3
[INFO] [stderr]    Compiling windows-implement v0.60.2
[INFO] [stderr]    Compiling serde_derive v1.0.229
[INFO] [stderr]    Compiling displaydoc v0.2.7
[INFO] [stderr]    Compiling bytemuck_derive v1.12.0
[INFO] [stderr]    Compiling serde_repr v0.1.21
[INFO] [stderr]     Checking tinystr v0.8.3
[INFO] [stderr]     Checking icu_locale_core v2.2.0
[INFO] [stderr]     Checking zerotrie v0.2.4
[INFO] [stderr]     Checking icu_collections v2.2.0
[INFO] [stderr]    Compiling async-trait v0.1.92
[INFO] [stderr]     Checking icu_provider v2.2.0
[INFO] [stderr]     Checking bytemuck v1.25.2
[INFO] [stderr]     Checking calloop v0.13.0
[INFO] [stderr]     Checking icu_properties v2.2.0
[INFO] [stderr]     Checking icu_normalizer v2.2.0
[INFO] [stderr]     Checking calloop-wayland-source v0.3.0
[INFO] [stderr]     Checking tiny-skia-path v0.11.4
[INFO] [stderr]     Checking emath v0.31.1
[INFO] [stderr]    Compiling thiserror-impl v2.0.20
[INFO] [stderr]     Checking windows-core v0.62.2
[INFO] [stderr]     Checking ecolor v0.31.1
[INFO] [stderr]     Checking tiny-skia v0.11.4
[INFO] [stderr]     Checking accesskit_consumer v0.26.0
[INFO] [stderr]     Checking flate2 v1.1.9
[INFO] [stderr]    Compiling glutin_egl_sys v0.7.1
[INFO] [stderr]    Compiling glutin_glx_sys v0.6.1
[INFO] [stderr]     Checking idna_adapter v1.2.2
[INFO] [stderr]     Checking idna v1.1.0
[INFO] [stderr]     Checking wayland-protocols-wlr v0.3.12
[INFO] [stderr]     Checking wayland-protocols-plasma v0.3.12
[INFO] [stderr]     Checking thiserror v2.0.20
[INFO] [stderr]     Checking xkbcommon-dl v0.4.2
[INFO] [stderr]     Checking rustls-pki-types v1.15.1
[INFO] [stderr]     Checking calloop v0.14.4
[INFO] [stderr]    Compiling syn v1.0.109
[INFO] [stderr]    Compiling smithay-client-toolkit v0.20.0
[INFO] [stderr]    Compiling serde v1.0.229
[INFO] [stderr]     Checking dpi v0.1.2
[INFO] [stderr]     Checking epaint_default_fonts v0.31.1
[INFO] [stderr]     Checking pxfm v0.1.30
[INFO] [stderr]     Checking profiling v1.0.18
[INFO] [stderr]     Checking nohash-hasher v0.2.0
[INFO] [stderr]     Checking epaint v0.31.1
[INFO] [stderr]     Checking calloop-wayland-source v0.4.1
[INFO] [stderr]     Checking enumflags2 v0.7.12
[INFO] [stderr]     Checking quick-xml v0.30.0
[INFO] [stderr]     Checking zvariant v4.2.0
[INFO] [stderr]    Compiling zvariant_utils v4.2.0
[INFO] [stderr]     Checking url v2.5.8
[INFO] [stderr]    Compiling zcheapstr v1.1.0
[INFO] [stderr]     Checking png v0.18.1
[INFO] [stderr]    Compiling zvariant_derive v5.15.0
[INFO] [stderr]    Compiling zvariant v5.15.0
[INFO] [stderr]     Checking moxcms v0.8.1
[INFO] [stderr]     Checking zbus_names v3.0.0
[INFO] [stderr]     Checking sctk-adwaita v0.10.1
[INFO] [stderr]     Checking wayland-protocols-experimental v20250721.0.1
[INFO] [stderr]     Checking wayland-protocols-misc v0.3.12
[INFO] [stderr]     Checking zbus_xml v4.0.0
[INFO] [stderr]     Checking zbus v4.4.0
[INFO] [stderr]     Checking x11rb v0.13.2
[INFO] [stderr]     Checking zbus-lockstep v0.4.4
[INFO] [stderr]     Checking async-signal v0.2.14
[INFO] [stderr]     Checking der v0.7.10
[INFO] [stderr]    Compiling glutin v0.32.3
[INFO] [stderr]     Checking inout v0.1.4
[INFO] [stderr]     Checking byteorder-lite v0.1.0
[INFO] [stderr]     Checking spki v0.7.3
[INFO] [stderr]     Checking cipher v0.4.4
[INFO] [stderr]     Checking zbus_names v4.3.4
[INFO] [stderr]    Compiling zbus-lockstep-macros v0.4.4
[INFO] [stderr]     Checking rand_chacha v0.9.0
[INFO] [stderr]     Checking async-process v2.5.0
[INFO] [stderr]     Checking egui v0.31.1
[INFO] [stderr]    Compiling toml v0.5.11
[INFO] [stderr]    Compiling zbus_macros v5.19.0
[INFO] [stderr]     Checking image v0.25.10
[INFO] [stderr]     Checking windows-threading v0.2.1
[INFO] [stderr]     Checking universal-hash v0.5.1
[INFO] [stderr]     Checking num-integer v0.1.47
[INFO] [stderr]     Checking signature v2.2.0
[INFO] [stderr]    Compiling glutin-winit v0.5.0
[INFO] [stderr]     Checking uuid v1.26.0
[INFO] [stderr]    Compiling num-bigint-dig v0.8.6
[INFO] [stderr]    Compiling either v1.17.0
[INFO] [stderr]    Compiling rustls v0.23.43
[INFO] [stderr]     Checking spin v0.9.9
[INFO] [stderr]     Checking lazy_static v1.5.0
[INFO] [stderr]     Checking polyval v0.6.2
[INFO] [stderr]     Checking num-iter v0.1.46
[INFO] [stderr]     Checking windows-future v0.3.2
[INFO] [stderr]     Checking smithay-clipboard v0.7.3
[INFO] [stderr]    Compiling winres v0.1.12
[INFO] [stderr]     Checking arboard v3.6.1
[INFO] [stdout] error[E0425]: cannot find type `IMarshal` in module `windows_core::imp`
[INFO] [stdout]   --> /opt/rustwide/cargo-home/registry/src/index.crates.io-1949cf8c6b5b557f/windows-future-0.3.2/src/bindings.rs:87:51
[INFO] [stdout]    |
[INFO] [stdout] 87 |             } else if *iid == <windows_core::imp::IMarshal as windows_core::Interface>::IID {
[INFO] [stdout]    |                                                   ^^^^^^^^ not found in `windows_core::imp`
[INFO] [stdout] 
[INFO] [stdout] 
[INFO] [stdout] error[E0425]: cannot find function `marshaler` in module `windows_core::imp`
[INFO] [stdout]   --> /opt/rustwide/cargo-home/registry/src/index.crates.io-1949cf8c6b5b557f/windows-future-0.3.2/src/bindings.rs:89:43
[INFO] [stdout]    |
[INFO] [stdout] 89 |                 return windows_core::imp::marshaler(
[INFO] [stdout]    |                                           ^^^^^^^^^ not found in `windows_core::imp`
[INFO] [stdout] 
[INFO] [stdout] 
[INFO] [stdout] error[E0425]: cannot find type `IMarshal` in module `windows_core::imp`
[INFO] [stdout]    --> /opt/rustwide/cargo-home/registry/src/index.crates.io-1949cf8c6b5b557f/windows-future-0.3.2/src/bindings.rs:255:51
[INFO] [stdout]     |
[INFO] [stdout] 255 |             } else if *iid == <windows_core::imp::IMarshal as windows_core::Interface>::IID {
[INFO] [stdout]     |                                                   ^^^^^^^^ not found in `windows_core::imp`
[INFO] [stdout] 
[INFO] [stdout] 
[INFO] [stdout] error[E0425]: cannot find function `marshaler` in module `windows_core::imp`
[INFO] [stdout]    --> /opt/rustwide/cargo-home/registry/src/index.crates.io-1949cf8c6b5b557f/windows-future-0.3.2/src/bindings.rs:257:43
[INFO] [stdout]     |
[INFO] [stdout] 257 |                 return windows_core::imp::marshaler(
[INFO] [stdout]     |                                           ^^^^^^^^^ not found in `windows_core::imp`
[INFO] [stdout] 
[INFO] [stdout] 
[INFO] [stdout] error[E0425]: cannot find type `IMarshal` in module `windows_core::imp`
[INFO] [stdout]    --> /opt/rustwide/cargo-home/registry/src/index.crates.io-1949cf8c6b5b557f/windows-future-0.3.2/src/bindings.rs:422:364
[INFO] [stdout]     |
[INFO] [stdout] 422 | ... _ } else if * iid == < windows_core::imp::IMarshal as windows_core::Interface >::IID { ( * this ) . count . add_ref ( ) ; retur...
[INFO] [stdout]     |                                               ^^^^^^^^ not found in `windows_core::imp`
[INFO] [stdout] 
[INFO] [stdout] 
[INFO] [stdout] error[E0425]: cannot find function `marshaler` in module `windows_core::imp`
[INFO] [stdout]    --> /opt/rustwide/cargo-home/registry/src/index.crates.io-1949cf8c6b5b557f/windows-future-0.3.2/src/bindings.rs:422:470
[INFO] [stdout]     |
[INFO] [stdout] 422 | ... . add_ref ( ) ; return windows_core::imp::marshaler ( core::mem::transmute ( & mut ( * this ) . vtable as * mut _ as * mut core...
[INFO] [stdout]     |                                               ^^^^^^^^^ not found in `windows_core::imp`
[INFO] [stdout] 
[INFO] [stdout] 
[INFO] [stdout] error[E0425]: cannot find type `IMarshal` in module `windows_core::imp`
[INFO] [stdout]    --> /opt/rustwide/cargo-home/registry/src/index.crates.io-1949cf8c6b5b557f/windows-future-0.3.2/src/bindings.rs:572:51
[INFO] [stdout]     |
[INFO] [stdout] 572 |             } else if *iid == <windows_core::imp::IMarshal as windows_core::Interface>::IID {
[INFO] [stdout]     |                                                   ^^^^^^^^ not found in `windows_core::imp`
[INFO] [stdout] 
[INFO] [stdout] 
[INFO] [stdout] error[E0425]: cannot find function `marshaler` in module `windows_core::imp`
[INFO] [stdout]    --> /opt/rustwide/cargo-home/registry/src/index.crates.io-1949cf8c6b5b557f/windows-future-0.3.2/src/bindings.rs:574:43
[INFO] [stdout]     |
[INFO] [stdout] 574 |                 return windows_core::imp::marshaler(
[INFO] [stdout]     |                                           ^^^^^^^^^ not found in `windows_core::imp`
[INFO] [stdout] 
[INFO] [stdout] 
[INFO] [stdout] error[E0425]: cannot find type `IMarshal` in module `windows_core::imp`
[INFO] [stdout]    --> /opt/rustwide/cargo-home/registry/src/index.crates.io-1949cf8c6b5b557f/windows-future-0.3.2/src/bindings.rs:752:364
[INFO] [stdout]     |
[INFO] [stdout] 752 | ... _ } else if * iid == < windows_core::imp::IMarshal as windows_core::Interface >::IID { ( * this ) . count . add_ref ( ) ; retur...
[INFO] [stdout]     |                                               ^^^^^^^^ not found in `windows_core::imp`
[INFO] [stdout] 
[INFO] [stdout] 
[INFO] [stdout] error[E0425]: cannot find function `marshaler` in module `windows_core::imp`
[INFO] [stdout]    --> /opt/rustwide/cargo-home/registry/src/index.crates.io-1949cf8c6b5b557f/windows-future-0.3.2/src/bindings.rs:752:470
[INFO] [stdout]     |
[INFO] [stdout] 752 | ... . add_ref ( ) ; return windows_core::imp::marshaler ( core::mem::transmute ( & mut ( * this ) . vtable as * mut _ as * mut core...
[INFO] [stdout]     |                                               ^^^^^^^^^ not found in `windows_core::imp`
[INFO] [stdout] 
[INFO] [stdout] 
[INFO] [stdout] error[E0425]: cannot find type `IMarshal` in module `windows_core::imp`
[INFO] [stdout]    --> /opt/rustwide/cargo-home/registry/src/index.crates.io-1949cf8c6b5b557f/windows-future-0.3.2/src/bindings.rs:927:377
[INFO] [stdout]     |
[INFO] [stdout] 927 | ... _ } else if * iid == < windows_core::imp::IMarshal as windows_core::Interface >::IID { ( * this ) . count . add_ref ( ) ; retur...
[INFO] [stdout]     |                                               ^^^^^^^^ not found in `windows_core::imp`
[INFO] [stdout] 
[INFO] [stdout] 
[INFO] [stdout] error[E0425]: cannot find function `marshaler` in module `windows_core::imp`
[INFO] [stdout]    --> /opt/rustwide/cargo-home/registry/src/index.crates.io-1949cf8c6b5b557f/windows-future-0.3.2/src/bindings.rs:927:483
[INFO] [stdout]     |
[INFO] [stdout] 927 | ... . add_ref ( ) ; return windows_core::imp::marshaler ( core::mem::transmute ( & mut ( * this ) . vtable as * mut _ as * mut core...
[INFO] [stdout]     |                                               ^^^^^^^^^ not found in `windows_core::imp`
[INFO] [stdout] 
[INFO] [stdout] 
[INFO] [stdout] error[E0425]: cannot find function `submit` in crate `windows_threading`
[INFO] [stdout]    --> /opt/rustwide/cargo-home/registry/src/index.crates.io-1949cf8c6b5b557f/windows-future-0.3.2/src/async_spawn.rs:264:28
[INFO] [stdout]     |
[INFO] [stdout] 264 |         windows_threading::submit(move || {
[INFO] [stdout]     |                            ^^^^^^ not found in `windows_threading`
[INFO] [stdout] 
[INFO] [stdout] 
[INFO] [stdout] error[E0425]: cannot find function `submit` in crate `windows_threading`
[INFO] [stdout]    --> /opt/rustwide/cargo-home/registry/src/index.crates.io-1949cf8c6b5b557f/windows-future-0.3.2/src/async_spawn.rs:281:28
[INFO] [stdout]     |
[INFO] [stdout] 281 |         windows_threading::submit(move || {
[INFO] [stdout]     |                            ^^^^^^ not found in `windows_threading`
[INFO] [stdout] 
[INFO] [stdout] 
[INFO] [stdout] error[E0425]: cannot find function `submit` in crate `windows_threading`
[INFO] [stdout]    --> /opt/rustwide/cargo-home/registry/src/index.crates.io-1949cf8c6b5b557f/windows-future-0.3.2/src/async_spawn.rs:298:28
[INFO] [stdout]     |
[INFO] [stdout] 298 |         windows_threading::submit(move || {
[INFO] [stdout]     |                            ^^^^^^ not found in `windows_threading`
[INFO] [stdout] 
[INFO] [stdout] 
[INFO] [stdout] error[E0425]: cannot find function `submit` in crate `windows_threading`
[INFO] [stdout]    --> /opt/rustwide/cargo-home/registry/src/index.crates.io-1949cf8c6b5b557f/windows-future-0.3.2/src/async_spawn.rs:315:28
[INFO] [stdout]     |
[INFO] [stdout] 315 |         windows_threading::submit(move || {
[INFO] [stdout]     |                            ^^^^^^ not found in `windows_threading`
[INFO] [stdout] 
[INFO] [stdout] 
[INFO] [stderr]     Checking rustls-webpki v0.103.13
[INFO] [stdout] For more information about this error, try `rustc --explain E0425`.
[INFO] [stdout] 
[INFO] [stderr] error: could not compile `windows-future` (lib) due to 16 previous errors
[INFO] [stderr] warning: build failed, waiting for other jobs to finish...
[INFO] running `Command { std: "docker" "inspect" "59050526699d7e8bcc11c6b11df5497aaf9568b1de98a2c7622a5df4be63fc17", kill_on_drop: false }`
[INFO] running `Command { std: "docker" "rm" "-f" "59050526699d7e8bcc11c6b11df5497aaf9568b1de98a2c7622a5df4be63fc17", kill_on_drop: false }`
[INFO] [stdout] 59050526699d7e8bcc11c6b11df5497aaf9568b1de98a2c7622a5df4be63fc17
