[INFO] cloning repository https://github.com/0xgleb/hardweary
[INFO] running `Command { std: "git" "-c" "credential.helper=" "-c" "credential.helper=/workspace/cargo-home/bin/git-credential-null" "clone" "--bare" "https://github.com/0xgleb/hardweary" "/workspace/cache/git-repos/https%3A%2F%2Fgithub.com%2F0xgleb%2Fhardweary", kill_on_drop: false }`
[INFO] [stderr] Cloning into bare repository '/workspace/cache/git-repos/https%3A%2F%2Fgithub.com%2F0xgleb%2Fhardweary'...
[INFO] running `Command { std: "git" "rev-parse" "HEAD", kill_on_drop: false }`
[INFO] [stdout] 180977a47a593d6dde5c4e5a7e985d95ef77be71
[INFO] checking 0xgleb/hardweary against 3154cc1a3e6424e44f438a95007d043ed5ceaaf6 for pr-133502-30
[INFO] running `Command { std: "git" "clone" "/workspace/cache/git-repos/https%3A%2F%2Fgithub.com%2F0xgleb%2Fhardweary" "/workspace/builds/worker-1-tc2/source", kill_on_drop: false }`
[INFO] [stderr] Cloning into '/workspace/builds/worker-1-tc2/source'...
[INFO] [stderr] done.
[INFO] started tweaking git repo https://github.com/0xgleb/hardweary
[INFO] finished tweaking git repo https://github.com/0xgleb/hardweary
[INFO] tweaked toml for git repo https://github.com/0xgleb/hardweary written to /workspace/builds/worker-1-tc2/source/Cargo.toml
[INFO] validating manifest of git repo https://github.com/0xgleb/hardweary on toolchain 3154cc1a3e6424e44f438a95007d043ed5ceaaf6
[INFO] running `Command { std: CARGO_HOME="/workspace/cargo-home" RUSTUP_HOME="/workspace/rustup-home" "/workspace/cargo-home/bin/cargo" "+3154cc1a3e6424e44f438a95007d043ed5ceaaf6" "metadata" "--manifest-path" "Cargo.toml" "--no-deps", kill_on_drop: false }`
[INFO] crate git repo https://github.com/0xgleb/hardweary already has a lockfile, it will not be regenerated
[INFO] running `Command { std: CARGO_HOME="/workspace/cargo-home" RUSTUP_HOME="/workspace/rustup-home" "/workspace/cargo-home/bin/cargo" "+3154cc1a3e6424e44f438a95007d043ed5ceaaf6" "fetch" "--manifest-path" "Cargo.toml", kill_on_drop: false }`
[INFO] running `Command { std: "docker" "create" "-v" "/var/lib/crater-agent-workspace/builds/worker-1-tc2/source:/opt/rustwide/workdir:ro,Z" "-v" "/var/lib/crater-agent-workspace/builds/worker-1-tc2/target:/opt/rustwide/target:rw,Z" "-v" "/var/lib/crater-agent-workspace/cargo-home:/opt/rustwide/cargo-home:ro,Z" "-v" "/var/lib/crater-agent-workspace/rustup-home:/opt/rustwide/rustup-home:ro,Z" "-m" "1610612736" "--network" "none" "ghcr.io/rust-lang/crates-build-env/linux@sha256:77db811e55d90add9212f6832c23229e3de5f1c1f9905e8cb07319ea15df73ac" "sleep" "infinity", kill_on_drop: false }`
[INFO] [stdout] 7a10c2372ff06307957eca0ad95299e5c037137d320a92a49c3c579b8be5b4b0
[INFO] running `Command { std: "docker" "start" "7a10c2372ff06307957eca0ad95299e5c037137d320a92a49c3c579b8be5b4b0", kill_on_drop: false }`
[INFO] running `Command { std: "docker" "inspect" "7a10c2372ff06307957eca0ad95299e5c037137d320a92a49c3c579b8be5b4b0", kill_on_drop: false }`
[INFO] running `Command { std: "docker" "exec" "-e" "SOURCE_DIR=/opt/rustwide/workdir" "-e" "CARGO_HOME=/opt/rustwide/cargo-home" "-e" "RUSTUP_HOME=/opt/rustwide/rustup-home" "-e" "CARGO_TARGET_DIR=/opt/rustwide/target" "-w" "/opt/rustwide/workdir" "--user" "0:0" "7a10c2372ff06307957eca0ad95299e5c037137d320a92a49c3c579b8be5b4b0" "/opt/rustwide/cargo-home/bin/cargo" "+3154cc1a3e6424e44f438a95007d043ed5ceaaf6" "metadata" "--no-deps" "--format-version=1", kill_on_drop: false }`
[INFO] running `Command { std: "docker" "inspect" "7a10c2372ff06307957eca0ad95299e5c037137d320a92a49c3c579b8be5b4b0", kill_on_drop: false }`
[INFO] running `Command { std: "docker" "exec" "-e" "SOURCE_DIR=/opt/rustwide/workdir" "-e" "CARGO_HOME=/opt/rustwide/cargo-home" "-e" "RUSTUP_HOME=/opt/rustwide/rustup-home" "-e" "CARGO_TARGET_DIR=/opt/rustwide/target" "-e" "CARGO_INCREMENTAL=0" "-e" "RUST_BACKTRACE=full" "-e" "RUSTFLAGS=--cap-lints=forbid" "-e" "RUSTDOCFLAGS=--cap-lints=forbid" "-w" "/opt/rustwide/workdir" "--user" "0:0" "7a10c2372ff06307957eca0ad95299e5c037137d320a92a49c3c579b8be5b4b0" "/opt/rustwide/cargo-home/bin/cargo" "+3154cc1a3e6424e44f438a95007d043ed5ceaaf6" "check" "--frozen" "--all" "--all-targets" "--message-format=json", kill_on_drop: false }`
[INFO] [stderr]    Compiling quote v1.0.45
[INFO] [stderr]    Compiling proc-macro2 v1.0.106
[INFO] [stderr]    Compiling zerocopy v0.8.56
[INFO] [stderr]    Compiling serde_core v1.0.229
[INFO] [stderr]    Compiling crossbeam-epoch v0.9.20
[INFO] [stderr]     Checking getrandom v0.3.4
[INFO] [stderr]     Checking once_cell v1.21.4
[INFO] [stderr]    Compiling crossbeam-deque v0.8.7
[INFO] [stderr]    Compiling rustix v1.1.4
[INFO] [stderr]     Checking rand_core v0.9.5
[INFO] [stderr]     Checking either v1.17.0
[INFO] [stderr]    Compiling find-msvc-tools v0.1.10
[INFO] [stderr]     Checking regex-syntax v0.8.11
[INFO] [stderr]    Compiling serde v1.0.229
[INFO] [stderr]    Compiling rayon-core v1.13.0
[INFO] [stderr]    Compiling cc v1.4.2
[INFO] [stderr]    Compiling syn v2.0.117
[INFO] [stderr]    Compiling syn v3.0.3
[INFO] [stderr]     Checking fastrand v2.5.0
[INFO] [stderr]     Checking wait-timeout v0.2.1
[INFO] [stderr]     Checking bit-vec v0.8.0
[INFO] [stderr]     Checking quick-error v1.2.3
[INFO] [stderr]     Checking plotters-backend v0.3.7
[INFO] [stderr]    Compiling libm v0.2.16
[INFO] [stderr]     Checking clap_builder v4.6.0
[INFO] [stderr]     Checking plotters-svg v0.3.7
[INFO] [stderr]     Checking rayon v1.12.0
[INFO] [stderr]     Checking regex-automata v0.4.18
[INFO] [stderr]    Compiling alloca v0.4.0
[INFO] [stderr]     Checking serde_json v1.0.151
[INFO] [stderr]     Checking chacha20 v0.10.1
[INFO] [stderr]     Checking tempfile v3.27.0
[INFO] [stderr]     Checking bit-set v0.8.0
[INFO] [stderr]     Checking rusty-fork v0.3.1
[INFO] [stderr]     Checking itertools v0.13.0
[INFO] [stderr]     Checking rand v0.9.5
[INFO] [stderr]     Checking rand_xorshift v0.4.0
[INFO] [stderr]     Checking tracing-core v0.1.36
[INFO] [stderr]     Checking same-file v1.0.6
[INFO] [stderr]     Checking cast v0.3.0
[INFO] [stderr]     Checking unarray v0.1.4
[INFO] [stderr]     Checking walkdir v2.5.0
[INFO] [stderr]     Checking regex v1.13.1
[INFO] [stderr]     Checking clap v4.6.1
[INFO] [stderr]     Checking rand v0.10.2
[INFO] [stderr]     Checking plotters v0.3.7
[INFO] [stderr]     Checking page_size v0.6.0
[INFO] [stderr]     Checking oorandom v11.1.5
[INFO] [stderr]     Checking anes v0.1.6
[INFO] [stderr]    Compiling serde_derive v1.0.229
[INFO] [stderr]     Checking approx v0.5.1
[INFO] [stderr]     Checking criterion-plot v0.8.2
[INFO] [stderr]    Compiling zerocopy-derive v0.8.56
[INFO] [stderr]    Compiling tracing-attributes v0.1.31
[INFO] [stderr]     Checking tracing v0.1.44
[INFO] [stderr]     Checking tinytemplate v1.2.1
[INFO] [stderr]     Checking ppv-lite86 v0.2.21
[INFO] [stderr]     Checking half v2.7.1
[INFO] [stderr]     Checking ciborium-ll v0.2.2
[INFO] [stderr]     Checking rand_chacha v0.9.0
[INFO] [stderr]     Checking rand_chacha v0.10.0
[INFO] [stderr]     Checking ciborium v0.2.2
[INFO] [stderr]     Checking proptest v1.11.0
[INFO] [stderr]     Checking criterion v0.8.2
[INFO] [stderr]     Checking hardweary v0.1.0 (/opt/rustwide/workdir)
[INFO] [stdout] error[E0583]: file not found for module `years`
[INFO] [stdout]   --> src/domain/mod.rs:13:1
[INFO] [stdout]    |
[INFO] [stdout] 13 | pub mod years;
[INFO] [stdout]    | ^^^^^^^^^^^^^^
[INFO] [stdout]    |
[INFO] [stdout]    = help: to create the module `years`, create file "src/domain/years.rs" or "src/domain/years/mod.rs"
[INFO] [stdout]    = note: if there is a `mod years` elsewhere in the crate already, import it with `use crate::...` instead
[INFO] [stdout] 
[INFO] [stdout] 
[INFO] [stdout] error[E0583]: file not found for module `years`
[INFO] [stdout]   --> src/domain/mod.rs:13:1
[INFO] [stdout]    |
[INFO] [stdout] 13 | pub mod years;
[INFO] [stdout]    | ^^^^^^^^^^^^^^
[INFO] [stdout]    |
[INFO] [stdout]    = help: to create the module `years`, create file "src/domain/years.rs" or "src/domain/years/mod.rs"
[INFO] [stdout]    = note: if there is a `mod years` elsewhere in the crate already, import it with `use crate::...` instead
[INFO] [stdout] 
[INFO] [stdout] 
[INFO] [stdout] error[E0583]: file not found for module `statistics`
[INFO] [stdout]   --> src/lib.rs:58:1
[INFO] [stdout]    |
[INFO] [stdout] 58 | pub mod statistics;
[INFO] [stdout]    | ^^^^^^^^^^^^^^^^^^^
[INFO] [stdout]    |
[INFO] [stdout]    = help: to create the module `statistics`, create file "src/statistics.rs" or "src/statistics/mod.rs"
[INFO] [stdout]    = note: if there is a `mod statistics` elsewhere in the crate already, import it with `use crate::...` instead
[INFO] [stdout] 
[INFO] [stdout] 
[INFO] [stdout] error[E0583]: file not found for module `statistics`
[INFO] [stdout]   --> src/lib.rs:58:1
[INFO] [stdout]    |
[INFO] [stdout] 58 | pub mod statistics;
[INFO] [stdout]    | ^^^^^^^^^^^^^^^^^^^
[INFO] [stdout]    |
[INFO] [stdout]    = help: to create the module `statistics`, create file "src/statistics.rs" or "src/statistics/mod.rs"
[INFO] [stdout]    = note: if there is a `mod statistics` elsewhere in the crate already, import it with `use crate::...` instead
[INFO] [stdout] 
[INFO] [stdout] 
[INFO] [stdout] error[E0600]: cannot apply unary operator `-` to type `Rate`
[INFO] [stdout]    --> src/models/black_scholes.rs:57:47
[INFO] [stdout]     |
[INFO] [stdout]  57 |     spot * normal_cdf(d1) - strike * f64::exp(-(risk_free * until_expiry)) * normal_cdf(d2)
[INFO] [stdout]     |                                               ^^^^^^^^^^^^^^^^^^^^^^^^^^^ cannot apply unary operator `-`
[INFO] [stdout]     |
[INFO] [stdout] note: an implementation of `Neg` might be missing for `Rate`
[INFO] [stdout]    --> src/domain/market.rs:127:1
[INFO] [stdout]     |
[INFO] [stdout] 127 | pub struct Rate(f64);
[INFO] [stdout]     | ^^^^^^^^^^^^^^^ must implement `Neg`
[INFO] [stdout] note: the trait `Neg` must be implemented
[INFO] [stdout]    --> /rustc/3154cc1a3e6424e44f438a95007d043ed5ceaaf6/library/core/src/ops/arith.rs:690:0
[INFO] [stdout] 
[INFO] [stdout] 
[INFO] [stdout] error[E0600]: cannot apply unary operator `-` to type `Rate`
[INFO] [stdout]    --> src/models/black_scholes.rs:72:41
[INFO] [stdout]     |
[INFO] [stdout]  72 |     normal_cdf(-d2) * strike * f64::exp(-(risk_free * until_expiry)) - normal_cdf(-d1) * spot
[INFO] [stdout]     |                                         ^^^^^^^^^^^^^^^^^^^^^^^^^^^ cannot apply unary operator `-`
[INFO] [stdout]     |
[INFO] [stdout] note: an implementation of `Neg` might be missing for `Rate`
[INFO] [stdout]    --> src/domain/market.rs:127:1
[INFO] [stdout]     |
[INFO] [stdout] 127 | pub struct Rate(f64);
[INFO] [stdout]     | ^^^^^^^^^^^^^^^ must implement `Neg`
[INFO] [stdout] note: the trait `Neg` must be implemented
[INFO] [stdout]    --> /rustc/3154cc1a3e6424e44f438a95007d043ed5ceaaf6/library/core/src/ops/arith.rs:690:0
[INFO] [stdout] 
[INFO] [stdout] 
[INFO] [stdout] error[E0600]: cannot apply unary operator `-` to type `Rate`
[INFO] [stdout]    --> src/models/black_scholes.rs:57:47
[INFO] [stdout]     |
[INFO] [stdout]  57 |     spot * normal_cdf(d1) - strike * f64::exp(-(risk_free * until_expiry)) * normal_cdf(d2)
[INFO] [stdout]     |                                               ^^^^^^^^^^^^^^^^^^^^^^^^^^^ cannot apply unary operator `-`
[INFO] [stdout]     |
[INFO] [stdout] note: an implementation of `Neg` might be missing for `Rate`
[INFO] [stdout]    --> src/domain/market.rs:127:1
[INFO] [stdout]     |
[INFO] [stdout] 127 | pub struct Rate(f64);
[INFO] [stdout]     | ^^^^^^^^^^^^^^^ must implement `Neg`
[INFO] [stdout] note: the trait `Neg` must be implemented
[INFO] [stdout]    --> /rustc/3154cc1a3e6424e44f438a95007d043ed5ceaaf6/library/core/src/ops/arith.rs:690:0
[INFO] [stdout] 
[INFO] [stdout] 
[INFO] [stdout] error[E0600]: cannot apply unary operator `-` to type `Rate`
[INFO] [stdout]    --> src/models/black_scholes.rs:72:41
[INFO] [stdout]     |
[INFO] [stdout]  72 |     normal_cdf(-d2) * strike * f64::exp(-(risk_free * until_expiry)) - normal_cdf(-d1) * spot
[INFO] [stdout]     |                                         ^^^^^^^^^^^^^^^^^^^^^^^^^^^ cannot apply unary operator `-`
[INFO] [stdout]     |
[INFO] [stdout] note: an implementation of `Neg` might be missing for `Rate`
[INFO] [stdout]    --> src/domain/market.rs:127:1
[INFO] [stdout]     |
[INFO] [stdout] 127 | pub struct Rate(f64);
[INFO] [stdout]     | ^^^^^^^^^^^^^^^ must implement `Neg`
[INFO] [stdout] note: the trait `Neg` must be implemented
[INFO] [stdout]    --> /rustc/3154cc1a3e6424e44f438a95007d043ed5ceaaf6/library/core/src/ops/arith.rs:690:0
[INFO] [stdout] 
[INFO] [stdout] 
[INFO] [stdout] Some errors have detailed explanations: E0583, E0600.
[INFO] [stdout] 
[INFO] [stdout] For more information about an error, try `rustc --explain E0583`.
[INFO] [stdout] 
[INFO] [stdout] Some errors have detailed explanations: E0583, E0600.
[INFO] [stdout] 
[INFO] [stdout] For more information about an error, try `rustc --explain E0583`.
[INFO] [stdout] 
[INFO] [stderr] error: could not compile `hardweary` (lib test) due to 4 previous errors
[INFO] [stderr] warning: build failed, waiting for other jobs to finish...
[INFO] [stderr] error: could not compile `hardweary` (lib) due to 4 previous errors
[INFO] [stderr] warning: unused dependency `rand`
[INFO] [stderr]   --> Cargo.toml:16:1
[INFO] [stderr]    |
[INFO] [stderr] 16 | rand = "0.10.2"
[INFO] [stderr]    | ^^^^^^^^^^^^^^^
[INFO] [stderr]    |
[INFO] [stderr]    = note: `cargo::unused_dependencies` is set to `warn` by default
[INFO] [stderr] help: consider removing the dependency on `rand`
[INFO] [stderr] warning: unused dependency `rand_chacha`
[INFO] [stderr]   --> Cargo.toml:17:1
[INFO] [stderr]    |
[INFO] [stderr] 17 | rand_chacha = "0.10.0"
[INFO] [stderr]    | ^^^^^^^^^^^^^^^^^^^^^^
[INFO] [stderr]    |
[INFO] [stderr] help: consider removing the dependency on `rand_chacha`
[INFO] [stderr] warning: unused dependency `tracing`
[INFO] [stderr]   --> Cargo.toml:19:1
[INFO] [stderr]    |
[INFO] [stderr] 19 | tracing = "0.1.44"
[INFO] [stderr]    | ^^^^^^^^^^^^^^^^^^
[INFO] [stderr]    |
[INFO] [stderr] help: consider removing the dependency on `tracing`
[INFO] [stderr] warning: `hardweary` (manifest) generated 3 warnings
[INFO] running `Command { std: "docker" "inspect" "7a10c2372ff06307957eca0ad95299e5c037137d320a92a49c3c579b8be5b4b0", kill_on_drop: false }`
[INFO] running `Command { std: "docker" "rm" "-f" "7a10c2372ff06307957eca0ad95299e5c037137d320a92a49c3c579b8be5b4b0", kill_on_drop: false }`
[INFO] [stdout] 7a10c2372ff06307957eca0ad95299e5c037137d320a92a49c3c579b8be5b4b0
