[INFO] cloning repository https://github.com/0x484558/affix
[INFO] running `Command { std: "git" "-c" "credential.helper=" "-c" "credential.helper=/workspace/cargo-home/bin/git-credential-null" "clone" "--bare" "https://github.com/0x484558/affix" "/workspace/cache/git-repos/https%3A%2F%2Fgithub.com%2F0x484558%2Faffix", kill_on_drop: false }`
[INFO] [stderr] Cloning into bare repository '/workspace/cache/git-repos/https%3A%2F%2Fgithub.com%2F0x484558%2Faffix'...
[INFO] running `Command { std: "git" "rev-parse" "HEAD", kill_on_drop: false }`
[INFO] [stdout] edc7fb35596bbd23ae8b939af1c95ebb5c7b39b3
[INFO] checking 0x484558/affix against 3154cc1a3e6424e44f438a95007d043ed5ceaaf6 for pr-133502-30
[INFO] running `Command { std: "git" "clone" "/workspace/cache/git-repos/https%3A%2F%2Fgithub.com%2F0x484558%2Faffix" "/workspace/builds/worker-2-tc2/source", kill_on_drop: false }`
[INFO] [stderr] Cloning into '/workspace/builds/worker-2-tc2/source'...
[INFO] [stderr] done.
[INFO] removed /workspace/builds/worker-2-tc2/source/.cargo/config.toml
[INFO] removed /workspace/builds/worker-2-tc2/source/rust-toolchain.toml
[INFO] started tweaking git repo https://github.com/0x484558/affix
[INFO] finished tweaking git repo https://github.com/0x484558/affix
[INFO] tweaked toml for git repo https://github.com/0x484558/affix written to /workspace/builds/worker-2-tc2/source/Cargo.toml
[INFO] validating manifest of git repo https://github.com/0x484558/affix on toolchain 3154cc1a3e6424e44f438a95007d043ed5ceaaf6
[INFO] running `Command { std: CARGO_HOME="/workspace/cargo-home" RUSTUP_HOME="/workspace/rustup-home" "/workspace/cargo-home/bin/cargo" "+3154cc1a3e6424e44f438a95007d043ed5ceaaf6" "metadata" "--manifest-path" "Cargo.toml" "--no-deps", kill_on_drop: false }`
[INFO] crate git repo https://github.com/0x484558/affix already has a lockfile, it will not be regenerated
[INFO] running `Command { std: CARGO_HOME="/workspace/cargo-home" RUSTUP_HOME="/workspace/rustup-home" "/workspace/cargo-home/bin/cargo" "+3154cc1a3e6424e44f438a95007d043ed5ceaaf6" "fetch" "--manifest-path" "Cargo.toml", kill_on_drop: false }`
[INFO] [stderr]     Blocking waiting for file lock on package cache
[INFO] [stderr]     Blocking waiting for file lock on package cache
[INFO] running `Command { std: "docker" "create" "-v" "/var/lib/crater-agent-workspace/builds/worker-2-tc2/source:/opt/rustwide/workdir:ro,Z" "-v" "/var/lib/crater-agent-workspace/builds/worker-2-tc2/target:/opt/rustwide/target:rw,Z" "-v" "/var/lib/crater-agent-workspace/cargo-home:/opt/rustwide/cargo-home:ro,Z" "-v" "/var/lib/crater-agent-workspace/rustup-home:/opt/rustwide/rustup-home:ro,Z" "-m" "1610612736" "--network" "none" "ghcr.io/rust-lang/crates-build-env/linux@sha256:77db811e55d90add9212f6832c23229e3de5f1c1f9905e8cb07319ea15df73ac" "sleep" "infinity", kill_on_drop: false }`
[INFO] [stdout] b283921f1ac57cf7d3ec0edc1989670350fc770bce3deff505474ff756f104a2
[INFO] running `Command { std: "docker" "start" "b283921f1ac57cf7d3ec0edc1989670350fc770bce3deff505474ff756f104a2", kill_on_drop: false }`
[INFO] running `Command { std: "docker" "inspect" "b283921f1ac57cf7d3ec0edc1989670350fc770bce3deff505474ff756f104a2", kill_on_drop: false }`
[INFO] running `Command { std: "docker" "exec" "-e" "SOURCE_DIR=/opt/rustwide/workdir" "-e" "CARGO_HOME=/opt/rustwide/cargo-home" "-e" "RUSTUP_HOME=/opt/rustwide/rustup-home" "-e" "CARGO_TARGET_DIR=/opt/rustwide/target" "-w" "/opt/rustwide/workdir" "--user" "0:0" "b283921f1ac57cf7d3ec0edc1989670350fc770bce3deff505474ff756f104a2" "/opt/rustwide/cargo-home/bin/cargo" "+3154cc1a3e6424e44f438a95007d043ed5ceaaf6" "metadata" "--no-deps" "--format-version=1", kill_on_drop: false }`
[INFO] running `Command { std: "docker" "inspect" "b283921f1ac57cf7d3ec0edc1989670350fc770bce3deff505474ff756f104a2", kill_on_drop: false }`
[INFO] running `Command { std: "docker" "exec" "-e" "SOURCE_DIR=/opt/rustwide/workdir" "-e" "CARGO_HOME=/opt/rustwide/cargo-home" "-e" "RUSTUP_HOME=/opt/rustwide/rustup-home" "-e" "CARGO_TARGET_DIR=/opt/rustwide/target" "-e" "CARGO_INCREMENTAL=0" "-e" "RUST_BACKTRACE=full" "-e" "RUSTFLAGS=--cap-lints=forbid" "-e" "RUSTDOCFLAGS=--cap-lints=forbid" "-w" "/opt/rustwide/workdir" "--user" "0:0" "b283921f1ac57cf7d3ec0edc1989670350fc770bce3deff505474ff756f104a2" "/opt/rustwide/cargo-home/bin/cargo" "+3154cc1a3e6424e44f438a95007d043ed5ceaaf6" "check" "--frozen" "--all" "--all-targets" "--message-format=json", kill_on_drop: false }`
[INFO] [stderr]    Compiling serde_core v1.0.228
[INFO] [stderr]    Compiling proc-macro2 v1.0.106
[INFO] [stderr]    Compiling winnow v1.0.3
[INFO] [stderr]    Compiling quote v1.0.45
[INFO] [stderr]     Checking log v0.4.32
[INFO] [stderr]     Checking tracing-core v0.1.36
[INFO] [stderr]     Checking thread_local v1.1.9
[INFO] [stderr]     Checking sharded-slab v0.1.7
[INFO] [stderr]     Checking smallvec v1.15.1
[INFO] [stderr]     Checking nu-ansi-term v0.50.3
[INFO] [stderr]     Checking affix-xtask v0.1.0 (/opt/rustwide/workdir/xtask)
[INFO] [stderr]     Checking tracing-log v0.2.0
[INFO] [stderr]    Compiling toml_parser v1.1.2+spec-1.1.0
[INFO] [stderr]     Checking tracing-subscriber v0.3.23
[INFO] [stderr]    Compiling syn v2.0.117
[INFO] [stderr]    Compiling serde_spanned v1.1.1
[INFO] [stderr]    Compiling toml_datetime v1.1.1+spec-1.1.0
[INFO] [stderr]    Compiling toml v1.1.2+spec-1.1.0
[INFO] [stderr]    Compiling winresource v0.1.31
[INFO] [stderr]    Compiling affix v0.2.0 (/opt/rustwide/workdir)
[INFO] [stderr]    Compiling tracing-attributes v0.1.31
[INFO] [stderr]     Checking tracing v0.1.44
[INFO] [stdout] error: Affix supports Windows only.
[INFO] [stdout]  --> src/main.rs:3:1
[INFO] [stdout]   |
[INFO] [stdout] 3 | compile_error!("Affix supports Windows only.");
[INFO] [stdout]   | ^^^^^^^^^^^^^^^^^^^^^^^^^^^^^^^^^^^^^^^^^^^^^^
[INFO] [stdout] 
[INFO] [stdout] 
[INFO] [stdout] error[E0433]: cannot find module or crate `winreg` in this scope
[INFO] [stdout]  --> src/registry.rs:5:5
[INFO] [stdout]   |
[INFO] [stdout] 5 | use winreg::enums::*;
[INFO] [stdout]   |     ^^^^^^ use of unresolved module or unlinked crate `winreg`
[INFO] [stdout]   |
[INFO] [stdout]   = help: if you wanted to use a crate named `winreg`, use `cargo add winreg` to add it to your `Cargo.toml`
[INFO] [stdout] 
[INFO] [stdout] 
[INFO] [stdout] error[E0432]: unresolved import `winreg`
[INFO] [stdout]  --> src/registry.rs:4:5
[INFO] [stdout]   |
[INFO] [stdout] 4 | use winreg::RegKey;
[INFO] [stdout]   |     ^^^^^^ use of unresolved module or unlinked crate `winreg`
[INFO] [stdout]   |
[INFO] [stdout]   = help: if you wanted to use a crate named `winreg`, use `cargo add winreg` to add it to your `Cargo.toml`
[INFO] [stdout] 
[INFO] [stdout] 
[INFO] [stdout] error[E0425]: cannot find value `HKEY_CURRENT_USER` in this scope
[INFO] [stdout]   --> src/registry.rs:34:13
[INFO] [stdout]    |
[INFO] [stdout] 34 |             HKEY_CURRENT_USER
[INFO] [stdout]    |             ^^^^^^^^^^^^^^^^^ not found in this scope
[INFO] [stdout] 
[INFO] [stdout] 
[INFO] [stdout] error[E0425]: cannot find value `HKEY_LOCAL_MACHINE` in this scope
[INFO] [stdout]   --> src/registry.rs:36:13
[INFO] [stdout]    |
[INFO] [stdout] 36 |             HKEY_LOCAL_MACHINE
[INFO] [stdout]    |             ^^^^^^^^^^^^^^^^^^ not found in this scope
[INFO] [stdout] 
[INFO] [stdout] 
[INFO] [stdout] error[E0425]: cannot find value `KEY_READ` in this scope
[INFO] [stdout]   --> src/registry.rs:46:49
[INFO] [stdout]    |
[INFO] [stdout] 46 |             .open_subkey_with_flags(&self.path, KEY_READ | KEY_WOW64_64KEY)
[INFO] [stdout]    |                                                 ^^^^^^^^ not found in this scope
[INFO] [stdout] 
[INFO] [stdout] 
[INFO] [stdout] error[E0425]: cannot find value `KEY_WOW64_64KEY` in this scope
[INFO] [stdout]   --> src/registry.rs:46:60
[INFO] [stdout]    |
[INFO] [stdout] 46 |             .open_subkey_with_flags(&self.path, KEY_READ | KEY_WOW64_64KEY)
[INFO] [stdout]    |                                                            ^^^^^^^^^^^^^^^ not found in this scope
[INFO] [stdout] 
[INFO] [stdout] 
[INFO] [stdout] error[E0425]: cannot find value `KEY_READ` in this scope
[INFO] [stdout]   --> src/registry.rs:52:60
[INFO] [stdout]    |
[INFO] [stdout] 52 |         let key = match root.open_subkey_with_flags(&name, KEY_READ | KEY_WOW64_64KEY) {
[INFO] [stdout]    |                                                            ^^^^^^^^ not found in this scope
[INFO] [stdout] 
[INFO] [stdout] 
[INFO] [stdout] error[E0425]: cannot find value `KEY_WOW64_64KEY` in this scope
[INFO] [stdout]   --> src/registry.rs:52:71
[INFO] [stdout]    |
[INFO] [stdout] 52 |         let key = match root.open_subkey_with_flags(&name, KEY_READ | KEY_WOW64_64KEY) {
[INFO] [stdout]    |                                                                       ^^^^^^^^^^^^^^^ not found in this scope
[INFO] [stdout] 
[INFO] [stdout] 
[INFO] [stdout] error[E0425]: cannot find value `REG_SZ` in this scope
[INFO] [stdout]   --> src/registry.rs:96:23
[INFO] [stdout]    |
[INFO] [stdout] 96 |     if value.vtype != REG_SZ || value.bytes.len() > 8192 || value.bytes.len() % 2 != 0 {
[INFO] [stdout]    |                       ^^^^^^ not found in this scope
[INFO] [stdout] 
[INFO] [stdout] 
[INFO] [stdout] error[E0425]: cannot find value `KEY_READ` in this scope
[INFO] [stdout]    --> src/registry.rs:191:57
[INFO] [stdout]     |
[INFO] [stdout] 191 |                 .create_subkey_with_flags(&self.0.path, KEY_READ | KEY_WRITE | KEY_WOW64_64KEY)
[INFO] [stdout]     |                                                         ^^^^^^^^ not found in this scope
[INFO] [stdout] 
[INFO] [stdout] 
[INFO] [stdout] error[E0425]: cannot find value `KEY_WRITE` in this scope
[INFO] [stdout]    --> src/registry.rs:191:68
[INFO] [stdout]     |
[INFO] [stdout] 191 |                 .create_subkey_with_flags(&self.0.path, KEY_READ | KEY_WRITE | KEY_WOW64_64KEY)
[INFO] [stdout]     |                                                                    ^^^^^^^^^ not found in this scope
[INFO] [stdout] 
[INFO] [stdout] 
[INFO] [stdout] error[E0425]: cannot find value `KEY_WOW64_64KEY` in this scope
[INFO] [stdout]    --> src/registry.rs:191:80
[INFO] [stdout]     |
[INFO] [stdout] 191 |                 .create_subkey_with_flags(&self.0.path, KEY_READ | KEY_WRITE | KEY_WOW64_64KEY)
[INFO] [stdout]     |                                                                                ^^^^^^^^^^^^^^^ not found in this scope
[INFO] [stdout] 
[INFO] [stdout] 
[INFO] [stdout] error[E0425]: cannot find value `REG_SZ` in this scope
[INFO] [stdout]    --> src/registry.rs:293:24
[INFO] [stdout]     |
[INFO] [stdout] 293 |                 vtype: REG_SZ,
[INFO] [stdout]     |                        ^^^^^^ not found in this scope
[INFO] [stdout] 
[INFO] [stdout] 
[INFO] [stdout] warning: unused import: `tracing_subscriber::prelude::*`
[INFO] [stdout]   --> src/main.rs:10:5
[INFO] [stdout]    |
[INFO] [stdout] 10 | use tracing_subscriber::prelude::*;
[INFO] [stdout]    |     ^^^^^^^^^^^^^^^^^^^^^^^^^^^^^^
[INFO] [stdout]    |
[INFO] [stdout]    = note: `#[warn(unused_imports)]` (part of `#[warn(unused)]`) on by default
[INFO] [stdout] 
[INFO] [stdout] 
[INFO] [stdout] error: Affix supports Windows only.
[INFO] [stdout]  --> src/main.rs:3:1
[INFO] [stdout]   |
[INFO] [stdout] 3 | compile_error!("Affix supports Windows only.");
[INFO] [stdout]   | ^^^^^^^^^^^^^^^^^^^^^^^^^^^^^^^^^^^^^^^^^^^^^^
[INFO] [stdout] 
[INFO] [stdout] 
[INFO] [stdout] error[E0433]: cannot find module or crate `winreg` in this scope
[INFO] [stdout]  --> src/registry.rs:5:5
[INFO] [stdout]   |
[INFO] [stdout] 5 | use winreg::enums::*;
[INFO] [stdout]   |     ^^^^^^ use of unresolved module or unlinked crate `winreg`
[INFO] [stdout]   |
[INFO] [stdout]   = help: if you wanted to use a crate named `winreg`, use `cargo add winreg` to add it to your `Cargo.toml`
[INFO] [stdout] 
[INFO] [stdout] 
[INFO] [stdout] error[E0432]: unresolved import `winreg`
[INFO] [stdout]  --> src/registry.rs:4:5
[INFO] [stdout]   |
[INFO] [stdout] 4 | use winreg::RegKey;
[INFO] [stdout]   |     ^^^^^^ use of unresolved module or unlinked crate `winreg`
[INFO] [stdout]   |
[INFO] [stdout]   = help: if you wanted to use a crate named `winreg`, use `cargo add winreg` to add it to your `Cargo.toml`
[INFO] [stdout] 
[INFO] [stdout] 
[INFO] [stdout] warning: method call on a diverging inference variable
[INFO] [stdout]   --> src/registry.rs:52:30
[INFO] [stdout]    |
[INFO] [stdout] 52 |         let key = match root.open_subkey_with_flags(&name, KEY_READ | KEY_WOW64_64KEY) {
[INFO] [stdout]    |                              ^^^^^^^^^^^^^^^^^^^^^^
[INFO] [stdout]    |
[INFO] [stdout]    = help: consider providing a type annotation
[INFO] [stdout]    = warning: this was previously accepted by the compiler but is being phased out; it will become a hard error in a future release!
[INFO] [stdout]    = note: for more information, see issue #156047 <https://github.com/rust-lang/rust/issues/156047>
[INFO] [stdout]    = note: `#[warn(method_call_on_diverging_infer_var)]` (part of `#[warn(future_incompatible)]`) on by default
[INFO] [stdout] 
[INFO] [stdout] 
[INFO] [stdout] error[E0425]: cannot find value `HKEY_CURRENT_USER` in this scope
[INFO] [stdout]   --> src/registry.rs:34:13
[INFO] [stdout]    |
[INFO] [stdout] 34 |             HKEY_CURRENT_USER
[INFO] [stdout]    |             ^^^^^^^^^^^^^^^^^ not found in this scope
[INFO] [stdout] 
[INFO] [stdout] 
[INFO] [stdout] error[E0425]: cannot find value `HKEY_LOCAL_MACHINE` in this scope
[INFO] [stdout]   --> src/registry.rs:36:13
[INFO] [stdout]    |
[INFO] [stdout] 36 |             HKEY_LOCAL_MACHINE
[INFO] [stdout]    |             ^^^^^^^^^^^^^^^^^^ not found in this scope
[INFO] [stdout] 
[INFO] [stdout] 
[INFO] [stdout] error[E0425]: cannot find value `KEY_READ` in this scope
[INFO] [stdout]   --> src/registry.rs:46:49
[INFO] [stdout]    |
[INFO] [stdout] 46 |             .open_subkey_with_flags(&self.path, KEY_READ | KEY_WOW64_64KEY)
[INFO] [stdout]    |                                                 ^^^^^^^^ not found in this scope
[INFO] [stdout] 
[INFO] [stdout] 
[INFO] [stdout] error[E0425]: cannot find value `KEY_WOW64_64KEY` in this scope
[INFO] [stdout]   --> src/registry.rs:46:60
[INFO] [stdout]    |
[INFO] [stdout] 46 |             .open_subkey_with_flags(&self.path, KEY_READ | KEY_WOW64_64KEY)
[INFO] [stdout]    |                                                            ^^^^^^^^^^^^^^^ not found in this scope
[INFO] [stdout] 
[INFO] [stdout] 
[INFO] [stdout] error[E0425]: cannot find value `KEY_READ` in this scope
[INFO] [stdout]   --> src/registry.rs:52:60
[INFO] [stdout]    |
[INFO] [stdout] 52 |         let key = match root.open_subkey_with_flags(&name, KEY_READ | KEY_WOW64_64KEY) {
[INFO] [stdout]    |                                                            ^^^^^^^^ not found in this scope
[INFO] [stdout] 
[INFO] [stdout] 
[INFO] [stdout] error[E0425]: cannot find value `KEY_WOW64_64KEY` in this scope
[INFO] [stdout]   --> src/registry.rs:52:71
[INFO] [stdout]    |
[INFO] [stdout] 52 |         let key = match root.open_subkey_with_flags(&name, KEY_READ | KEY_WOW64_64KEY) {
[INFO] [stdout]    |                                                                       ^^^^^^^^^^^^^^^ not found in this scope
[INFO] [stdout] 
[INFO] [stdout] 
[INFO] [stdout] error[E0425]: cannot find value `REG_SZ` in this scope
[INFO] [stdout]   --> src/registry.rs:96:23
[INFO] [stdout]    |
[INFO] [stdout] 96 |     if value.vtype != REG_SZ || value.bytes.len() > 8192 || value.bytes.len() % 2 != 0 {
[INFO] [stdout]    |                       ^^^^^^ not found in this scope
[INFO] [stdout] 
[INFO] [stdout] 
[INFO] [stdout] error[E0599]: no method named `open_subkey_with_flags` found for type `!` in the current scope
[INFO] [stdout]   --> src/registry.rs:52:30
[INFO] [stdout]    |
[INFO] [stdout] 52 |         let key = match root.open_subkey_with_flags(&name, KEY_READ | KEY_WOW64_64KEY) {
[INFO] [stdout]    |                              ^^^^^^^^^^^^^^^^^^^^^^ method not found in `!`
[INFO] [stdout] 
[INFO] [stdout] 
[INFO] [stdout] warning: unused import: `tracing_subscriber::prelude::*`
[INFO] [stdout]   --> src/main.rs:10:5
[INFO] [stdout]    |
[INFO] [stdout] 10 | use tracing_subscriber::prelude::*;
[INFO] [stdout]    |     ^^^^^^^^^^^^^^^^^^^^^^^^^^^^^^
[INFO] [stdout]    |
[INFO] [stdout]    = note: `#[warn(unused_imports)]` (part of `#[warn(unused)]`) on by default
[INFO] [stdout] 
[INFO] [stdout] 
[INFO] [stdout] error[E0425]: cannot find function `read_cpu_sets` in this scope
[INFO] [stdout]   --> src/topology.rs:38:15
[INFO] [stdout]    |
[INFO] [stdout] 38 |         match read_cpu_sets() {
[INFO] [stdout]    |               ^^^^^^^^^^^^^ not found in this scope
[INFO] [stdout] 
[INFO] [stdout] 
[INFO] [stdout] error[E0425]: cannot find function `read_l3_cache_affinities` in this scope
[INFO] [stdout]    --> src/topology.rs:196:21
[INFO] [stdout]     |
[INFO] [stdout] 196 |     let l3_caches = read_l3_cache_affinities()?;
[INFO] [stdout]     |                     ^^^^^^^^^^^^^^^^^^^^^^^^ not found in this scope
[INFO] [stdout] 
[INFO] [stdout] 
[INFO] [stdout] error[E0282]: type annotations needed
[INFO] [stdout]   --> src/main.rs:97:19
[INFO] [stdout]    |
[INFO] [stdout] 97 |     let console = tracing_subscriber::fmt::layer()
[INFO] [stdout]    |                   ^^^^^^^^^^^^^^^^^^^^^^^^^^^^^^ cannot infer type of the type parameter `S` declared on the function `layer`
[INFO] [stdout]    |
[INFO] [stdout] help: consider specifying a concrete type for the type parameter `S`
[INFO] [stdout]    |
[INFO] [stdout] 97 |     let console = tracing_subscriber::fmt::layer::</* Type */>()
[INFO] [stdout]    |                                                 ++++++++++++++
[INFO] [stdout] 
[INFO] [stdout] 
[INFO] [stdout] warning: method call on a diverging inference variable
[INFO] [stdout]   --> src/registry.rs:52:30
[INFO] [stdout]    |
[INFO] [stdout] 52 |         let key = match root.open_subkey_with_flags(&name, KEY_READ | KEY_WOW64_64KEY) {
[INFO] [stdout]    |                              ^^^^^^^^^^^^^^^^^^^^^^
[INFO] [stdout]    |
[INFO] [stdout]    = help: consider providing a type annotation
[INFO] [stdout]    = warning: this was previously accepted by the compiler but is being phased out; it will become a hard error in a future release!
[INFO] [stdout]    = note: for more information, see issue #156047 <https://github.com/rust-lang/rust/issues/156047>
[INFO] [stdout]    = note: `#[warn(method_call_on_diverging_infer_var)]` (part of `#[warn(future_incompatible)]`) on by default
[INFO] [stdout] 
[INFO] [stdout] 
[INFO] [stdout] error[E0599]: no method named `open_subkey_with_flags` found for type `!` in the current scope
[INFO] [stdout]   --> src/registry.rs:52:30
[INFO] [stdout]    |
[INFO] [stdout] 52 |         let key = match root.open_subkey_with_flags(&name, KEY_READ | KEY_WOW64_64KEY) {
[INFO] [stdout]    |                              ^^^^^^^^^^^^^^^^^^^^^^ method not found in `!`
[INFO] [stdout] 
[INFO] [stdout] 
[INFO] [stdout] error[E0425]: cannot find function `read_cpu_sets` in this scope
[INFO] [stdout]   --> src/topology.rs:38:15
[INFO] [stdout]    |
[INFO] [stdout] 38 |         match read_cpu_sets() {
[INFO] [stdout]    |               ^^^^^^^^^^^^^ not found in this scope
[INFO] [stdout] 
[INFO] [stdout] 
[INFO] [stdout] error[E0425]: cannot find function `read_l3_cache_affinities` in this scope
[INFO] [stdout]    --> src/topology.rs:196:21
[INFO] [stdout]     |
[INFO] [stdout] 196 |     let l3_caches = read_l3_cache_affinities()?;
[INFO] [stdout]     |                     ^^^^^^^^^^^^^^^^^^^^^^^^ not found in this scope
[INFO] [stdout] 
[INFO] [stdout] 
[INFO] [stdout] error[E0282]: type annotations needed
[INFO] [stdout]   --> src/main.rs:97:19
[INFO] [stdout]    |
[INFO] [stdout] 97 |     let console = tracing_subscriber::fmt::layer()
[INFO] [stdout]    |                   ^^^^^^^^^^^^^^^^^^^^^^^^^^^^^^ cannot infer type of the type parameter `S` declared on the function `layer`
[INFO] [stdout]    |
[INFO] [stdout] help: consider specifying a concrete type for the type parameter `S`
[INFO] [stdout]    |
[INFO] [stdout] 97 |     let console = tracing_subscriber::fmt::layer::</* Type */>()
[INFO] [stdout]    |                                                 ++++++++++++++
[INFO] [stdout] 
[INFO] [stdout] 
[INFO] [stdout] Some errors have detailed explanations: E0282, E0425, E0432, E0433, E0599.
[INFO] [stdout] 
[INFO] [stdout] For more information about an error, try `rustc --explain E0282`.
[INFO] [stdout] 
[INFO] [stderr] error: could not compile `affix` (bin "affix") due to 14 previous errors; 3 warnings emitted
[INFO] [stderr] warning: build failed, waiting for other jobs to finish...
[INFO] [stdout] error[E0433]: cannot find module or crate `winreg` in this scope
[INFO] [stdout]    --> src/registry.rs:292:14
[INFO] [stdout]     |
[INFO] [stdout] 292 |             &winreg::RegValue {
[INFO] [stdout]     |              ^^^^^^ use of unresolved module or unlinked crate `winreg`
[INFO] [stdout]     |
[INFO] [stdout]     = help: if you wanted to use a crate named `winreg`, use `cargo add winreg` to add it to your `Cargo.toml`
[INFO] [stdout] 
[INFO] [stdout] 
[INFO] [stdout] Some errors have detailed explanations: E0282, E0425, E0432, E0433, E0599.
[INFO] [stdout] 
[INFO] [stdout] For more information about an error, try `rustc --explain E0282`.
[INFO] [stdout] 
[INFO] [stderr] error: could not compile `affix` (bin "affix" test) due to 19 previous errors; 3 warnings emitted
[INFO] running `Command { std: "docker" "inspect" "b283921f1ac57cf7d3ec0edc1989670350fc770bce3deff505474ff756f104a2", kill_on_drop: false }`
[INFO] running `Command { std: "docker" "rm" "-f" "b283921f1ac57cf7d3ec0edc1989670350fc770bce3deff505474ff756f104a2", kill_on_drop: false }`
[INFO] [stdout] b283921f1ac57cf7d3ec0edc1989670350fc770bce3deff505474ff756f104a2
