[INFO] cloning repository https://github.com/0x1186/stalwart
[INFO] running `Command { std: "git" "-c" "credential.helper=" "-c" "credential.helper=/workspace/cargo-home/bin/git-credential-null" "clone" "--bare" "https://github.com/0x1186/stalwart" "/workspace/cache/git-repos/https%3A%2F%2Fgithub.com%2F0x1186%2Fstalwart", kill_on_drop: false }`
[INFO] [stderr] Cloning into bare repository '/workspace/cache/git-repos/https%3A%2F%2Fgithub.com%2F0x1186%2Fstalwart'...
[INFO] running `Command { std: "git" "rev-parse" "HEAD", kill_on_drop: false }`
[INFO] [stdout] 736ba7178780f3425d78254360a26213b53db380
[INFO] checking 0x1186/stalwart against 3154cc1a3e6424e44f438a95007d043ed5ceaaf6 for pr-133502-30
[INFO] running `Command { std: "git" "clone" "/workspace/cache/git-repos/https%3A%2F%2Fgithub.com%2F0x1186%2Fstalwart" "/workspace/builds/worker-0-tc2/source", kill_on_drop: false }`
[INFO] [stderr] Cloning into '/workspace/builds/worker-0-tc2/source'...
[INFO] [stderr] done.
[INFO] started tweaking git repo https://github.com/0x1186/stalwart
[INFO] finished tweaking git repo https://github.com/0x1186/stalwart
[INFO] tweaked toml for git repo https://github.com/0x1186/stalwart written to /workspace/builds/worker-0-tc2/source/Cargo.toml
[INFO] validating manifest of git repo https://github.com/0x1186/stalwart on toolchain 3154cc1a3e6424e44f438a95007d043ed5ceaaf6
[INFO] running `Command { std: CARGO_HOME="/workspace/cargo-home" RUSTUP_HOME="/workspace/rustup-home" "/workspace/cargo-home/bin/cargo" "+3154cc1a3e6424e44f438a95007d043ed5ceaaf6" "metadata" "--manifest-path" "Cargo.toml" "--no-deps", kill_on_drop: false }`
[INFO] crate git repo https://github.com/0x1186/stalwart already has a lockfile, it will not be regenerated
[INFO] running `Command { std: CARGO_HOME="/workspace/cargo-home" RUSTUP_HOME="/workspace/rustup-home" "/workspace/cargo-home/bin/cargo" "+3154cc1a3e6424e44f438a95007d043ed5ceaaf6" "fetch" "--manifest-path" "Cargo.toml", kill_on_drop: false }`
[INFO] running `Command { std: "docker" "create" "-v" "/var/lib/crater-agent-workspace/builds/worker-0-tc2/source:/opt/rustwide/workdir:ro,Z" "-v" "/var/lib/crater-agent-workspace/builds/worker-0-tc2/target:/opt/rustwide/target:rw,Z" "-v" "/var/lib/crater-agent-workspace/cargo-home:/opt/rustwide/cargo-home:ro,Z" "-v" "/var/lib/crater-agent-workspace/rustup-home:/opt/rustwide/rustup-home:ro,Z" "-m" "1610612736" "--network" "none" "ghcr.io/rust-lang/crates-build-env/linux@sha256:77db811e55d90add9212f6832c23229e3de5f1c1f9905e8cb07319ea15df73ac" "sleep" "infinity", kill_on_drop: false }`
[INFO] [stdout] 7d53734db4ff8de30756fac7f627cb1c1b91ce8e9e0aa391a13d879f2080f4f7
[INFO] running `Command { std: "docker" "start" "7d53734db4ff8de30756fac7f627cb1c1b91ce8e9e0aa391a13d879f2080f4f7", kill_on_drop: false }`
[INFO] running `Command { std: "docker" "inspect" "7d53734db4ff8de30756fac7f627cb1c1b91ce8e9e0aa391a13d879f2080f4f7", kill_on_drop: false }`
[INFO] running `Command { std: "docker" "exec" "-e" "SOURCE_DIR=/opt/rustwide/workdir" "-e" "CARGO_HOME=/opt/rustwide/cargo-home" "-e" "RUSTUP_HOME=/opt/rustwide/rustup-home" "-e" "CARGO_TARGET_DIR=/opt/rustwide/target" "-w" "/opt/rustwide/workdir" "--user" "0:0" "7d53734db4ff8de30756fac7f627cb1c1b91ce8e9e0aa391a13d879f2080f4f7" "/opt/rustwide/cargo-home/bin/cargo" "+3154cc1a3e6424e44f438a95007d043ed5ceaaf6" "metadata" "--no-deps" "--format-version=1", kill_on_drop: false }`
[INFO] running `Command { std: "docker" "inspect" "7d53734db4ff8de30756fac7f627cb1c1b91ce8e9e0aa391a13d879f2080f4f7", kill_on_drop: false }`
[INFO] running `Command { std: "docker" "exec" "-e" "SOURCE_DIR=/opt/rustwide/workdir" "-e" "CARGO_HOME=/opt/rustwide/cargo-home" "-e" "RUSTUP_HOME=/opt/rustwide/rustup-home" "-e" "CARGO_TARGET_DIR=/opt/rustwide/target" "-e" "CARGO_INCREMENTAL=0" "-e" "RUST_BACKTRACE=full" "-e" "RUSTFLAGS=--cap-lints=forbid" "-e" "RUSTDOCFLAGS=--cap-lints=forbid" "-w" "/opt/rustwide/workdir" "--user" "0:0" "7d53734db4ff8de30756fac7f627cb1c1b91ce8e9e0aa391a13d879f2080f4f7" "/opt/rustwide/cargo-home/bin/cargo" "+3154cc1a3e6424e44f438a95007d043ed5ceaaf6" "check" "--frozen" "--all" "--all-targets" "--message-format=json", kill_on_drop: false }`
[INFO] [stderr]    Compiling proc-macro2 v1.0.106
[INFO] [stderr]    Compiling quote v1.0.46
[INFO] [stderr]    Compiling unicode-ident v1.0.24
[INFO] [stderr]     Checking cfg-if v1.0.4
[INFO] [stderr]    Compiling libc v0.2.186
[INFO] [stderr]     Checking typenum v1.20.1
[INFO] [stderr]    Compiling version_check v0.9.5
[INFO] [stderr]    Compiling shlex v2.0.1
[INFO] [stderr]    Compiling find-msvc-tools v0.1.9
[INFO] [stderr]     Checking memchr v2.8.2
[INFO] [stderr]    Compiling serde_core v1.0.228
[INFO] [stderr]     Checking subtle v2.6.1
[INFO] [stderr]    Compiling generic-array v0.14.7
[INFO] [stderr]    Compiling pkg-config v0.3.33
[INFO] [stderr]    Compiling serde v1.0.228
[INFO] [stderr]     Checking foldhash v0.2.0
[INFO] [stderr]     Checking smallvec v1.15.2
[INFO] [stderr]     Checking equivalent v1.0.2
[INFO] [stderr]     Checking itoa v1.0.18
[INFO] [stderr]    Compiling portable-atomic v1.13.1
[INFO] [stderr]    Compiling jobserver v0.1.34
[INFO] [stderr]     Checking hashbrown v0.17.1
[INFO] [stderr]    Compiling syn v2.0.118
[INFO] [stderr]     Checking bytes v1.12.0
[INFO] [stderr]    Compiling cc v1.2.65
[INFO] [stderr]    Compiling parking_lot_core v0.9.12
[INFO] [stderr]     Checking critical-section v1.2.0
[INFO] [stderr]     Checking pin-project-lite v0.2.17
[INFO] [stderr]     Checking indexmap v2.14.0
[INFO] [stderr]     Checking scopeguard v1.2.0
[INFO] [stderr]     Checking lock_api v0.4.14
[INFO] [stderr]     Checking once_cell v1.21.4
[INFO] [stderr]     Checking const-oid v0.9.6
[INFO] [stderr]     Checking futures-core v0.3.32
[INFO] [stderr]    Compiling libm v0.2.16
[INFO] [stderr]    Compiling autocfg v1.5.1
[INFO] [stderr]    Compiling dunce v1.0.5
[INFO] [stderr]    Compiling fs_extra v1.3.0
[INFO] [stderr]     Checking getrandom v0.2.17
[INFO] [stderr]     Checking rand_core v0.6.4
[INFO] [stderr]     Checking errno v0.3.14
[INFO] [stderr]     Checking signal-hook-registry v1.4.8
[INFO] [stderr]     Checking parking_lot v0.12.5
[INFO] [stderr]    Compiling num-traits v0.2.19
[INFO] [stderr]    Compiling cmake v0.1.58
[INFO] [stderr]     Checking socket2 v0.6.4
[INFO] [stderr]     Checking mio v1.2.1
[INFO] [stderr]     Checking futures-sink v0.3.32
[INFO] [stderr]     Checking http v1.4.2
[INFO] [stderr]    Compiling aws-lc-rs v1.17.1
[INFO] [stderr]     Checking percent-encoding v2.3.2
[INFO] [stderr]    Compiling aws-lc-sys v0.42.0
[INFO] [stderr]    Compiling ring v0.17.14
[INFO] [stderr]     Checking cpufeatures v0.2.17
[INFO] [stderr]     Checking rand_core v0.10.1
[INFO] [stderr]     Checking slab v0.4.12
[INFO] [stderr]     Checking futures-channel v0.3.32
[INFO] [stderr]     Checking log v0.4.33
[INFO] [stderr]     Checking tracing-core v0.1.36
[INFO] [stderr]     Checking futures-io v0.3.32
[INFO] [stderr]     Checking futures-task v0.3.32
[INFO] [stderr]     Checking untrusted v0.7.1
[INFO] [stderr]     Checking untrusted v0.9.0
[INFO] [stderr]     Checking stable_deref_trait v1.2.1
[INFO] [stderr]    Compiling zmij v1.0.21
[INFO] [stderr]    Compiling serde_json v1.0.150
[INFO] [stderr]    Compiling thiserror v2.0.18
[INFO] [stderr]    Compiling rustls v0.23.41
[INFO] [stderr]    Compiling vcpkg v0.2.15
[INFO] [stderr]     Checking base64 v0.22.1
[INFO] [stderr]     Checking bitflags v2.13.0
[INFO] [stderr]    Compiling httparse v1.10.1
[INFO] [stderr]     Checking fnv v1.0.7
[INFO] [stderr]     Checking litemap v0.8.2
[INFO] [stderr]     Checking cmov v0.5.4
[INFO] [stderr]     Checking writeable v0.6.3
[INFO] [stderr]     Checking ctutils v0.4.2
[INFO] [stderr]     Checking base64ct v1.8.3
[INFO] [stderr]    Compiling zerocopy v0.8.52
[INFO] [stderr]    Compiling icu_normalizer_data v2.2.0
[INFO] [stderr]     Checking utf8_iter v1.0.4
[INFO] [stderr]    Compiling icu_properties_data v2.2.0
[INFO] [stderr]     Checking http-body v1.0.1
[INFO] [stderr]     Checking atomic-waker v1.1.2
[INFO] [stderr]    Compiling time-core v0.1.9
[INFO] [stderr]    Compiling num-conv v0.2.2
[INFO] [stderr]     Checking tower-service v0.3.3
[INFO] [stderr]     Checking deranged v0.5.8
[INFO] [stderr]    Compiling time-macros v0.2.31
[INFO] [stderr]     Checking powerfmt v0.2.0
[INFO] [stderr]     Checking try-lock v0.2.5
[INFO] [stderr]     Checking num-integer v0.1.46
[INFO] [stderr]     Checking want v0.3.1
[INFO] [stderr]    Compiling synstructure v0.13.2
[INFO] [stderr]     Checking pem-rfc7468 v0.7.0
[INFO] [stderr]     Checking form_urlencoded v1.2.2
[INFO] [stderr]    Compiling crc32fast v1.5.0
[INFO] [stderr]     Checking httpdate v1.0.3
[INFO] [stderr]     Checking openssl-probe v0.2.1
[INFO] [stderr]     Checking http-body-util v0.1.3
[INFO] [stderr]     Checking sync_wrapper v1.0.2
[INFO] [stderr]     Checking tower-layer v0.3.3
[INFO] [stderr]    Compiling libz-sys v1.1.29
[INFO] [stderr]    Compiling zstd-sys v2.0.16+zstd.1.5.7
[INFO] [stderr]     Checking mime v0.3.17
[INFO] [stderr]    Compiling getrandom v0.3.4
[INFO] [stderr]    Compiling getrandom v0.4.3
[INFO] [stderr]     Checking time v0.3.53
[INFO] [stderr]    Compiling zeroize_derive v1.5.0
[INFO] [stderr]    Compiling serde_derive v1.0.228
[INFO] [stderr]     Checking zeroize v1.9.0
[INFO] [stderr]    Compiling tokio-macros v2.7.0
[INFO] [stderr]     Checking rustls-pki-types v1.15.0
[INFO] [stderr]     Checking crypto-common v0.1.7
[INFO] [stderr]     Checking block-buffer v0.10.4
[INFO] [stderr]     Checking digest v0.10.7
[INFO] [stderr]    Compiling displaydoc v0.2.6
[INFO] [stderr]    Compiling zerofrom-derive v0.1.7
[INFO] [stderr]     Checking tokio v1.52.3
[INFO] [stderr]    Compiling tracing-attributes v0.1.31
[INFO] [stderr]    Compiling yoke-derive v0.8.2
[INFO] [stderr]     Checking zerofrom v0.1.8
[INFO] [stderr]    Compiling futures-macro v0.3.32
[INFO] [stderr]    Compiling zerovec-derive v0.11.3
[INFO] [stderr]     Checking tracing v0.1.44
[INFO] [stderr]     Checking futures-util v0.3.32
[INFO] [stderr]    Compiling thiserror-impl v2.0.18
[INFO] [stderr]     Checking yoke v0.8.3
[INFO] [stderr]     Checking zerotrie v0.2.4
[INFO] [stderr]     Checking zerovec v0.11.6
[INFO] [stderr]     Checking hybrid-array v0.4.13
[INFO] [stderr]     Checking ipnet v2.12.0
[INFO] [stderr]     Checking tinystr v0.8.3
[INFO] [stderr]     Checking potential_utf v0.1.5
[INFO] [stderr]     Checking icu_collections v2.2.0
[INFO] [stderr]     Checking ppv-lite86 v0.2.21
[INFO] [stderr]     Checking icu_locale_core v2.2.0
[INFO] [stderr]     Checking rustls-native-certs v0.8.4
[INFO] [stderr]     Checking crypto-common v0.2.2
[INFO] [stderr]     Checking der v0.7.10
[INFO] [stderr]    Compiling async-trait v0.1.89
[INFO] [stderr]     Checking icu_provider v2.2.0
[INFO] [stderr]     Checking icu_properties v2.2.0
[INFO] [stderr]     Checking icu_normalizer v2.2.0
[INFO] [stderr]     Checking block-buffer v0.12.1
[INFO] [stderr]     Checking sha2 v0.10.9
[INFO] [stderr]     Checking spki v0.7.3
[INFO] [stderr]     Checking pkcs8 v0.10.2
[INFO] [stderr]     Checking const-oid v0.10.2
[INFO] [stderr]     Checking simd-adler32 v0.3.9
[INFO] [stderr]     Checking cpufeatures v0.3.0
[INFO] [stderr]     Checking digest v0.11.3
[INFO] [stderr]     Checking adler2 v2.0.1
[INFO] [stderr]     Checking miniz_oxide v0.8.9
[INFO] [stderr]     Checking tokio-util v0.7.18
[INFO] [stderr]     Checking signature v2.2.0
[INFO] [stderr]     Checking either v1.16.0
[INFO] [stderr]     Checking zlib-rs v0.6.5
[INFO] [stderr]     Checking spin v0.9.8
[INFO] [stderr]     Checking webpki-roots v1.0.8
[INFO] [stderr]     Checking lazy_static v1.5.0
[INFO] [stderr]    Compiling ptr_meta_derive v0.3.1
[INFO] [stderr]    Compiling zstd-safe v7.2.4
[INFO] [stderr]     Checking ryu v1.0.23
[INFO] [stderr]     Checking h2 v0.4.15
[INFO] [stderr]     Checking tower v0.5.3
[INFO] [stderr]     Checking ptr_meta v0.3.1
[INFO] [stderr]     Checking idna_adapter v1.2.2
[INFO] [stderr]     Checking num-bigint v0.4.7
[INFO] [stderr]     Checking idna v1.1.0
[INFO] [stderr]     Checking url v2.5.8
[INFO] [stderr]     Checking flate2 v1.1.9
[INFO] [stderr]     Checking data-encoding v2.11.0
[INFO] [stderr]     Checking rancor v0.1.2
[INFO] [stderr]    Compiling bytecheck_derive v0.8.2
[INFO] [stderr]     Checking simdutf8 v0.1.5
[INFO] [stderr]    Compiling crossbeam-utils v0.8.21
[INFO] [stderr]    Compiling rustix v1.1.4
[INFO] [stderr]     Checking minimal-lexical v0.2.1
[INFO] [stderr]     Checking compression-core v0.4.32
[INFO] [stderr]     Checking compression-codecs v0.4.38
[INFO] [stderr]     Checking nom v7.1.3
[INFO] [stderr]     Checking serde_urlencoded v0.7.1
[INFO] [stderr]     Checking bytecheck v0.8.2
[INFO] [stderr]     Checking rand_core v0.9.5
[INFO] [stderr]    Compiling munge_macro v0.4.7
[INFO] [stderr]     Checking num-iter v0.1.45
[INFO] [stderr]     Checking aho-corasick v1.1.4
[INFO] [stderr]     Checking regex-syntax v0.8.11
[INFO] [stderr]     Checking linux-raw-sys v0.12.1
[INFO] [stderr]    Compiling rustversion v1.0.22
[INFO] [stderr]     Checking munge v0.4.7
[INFO] [stderr]     Checking rend v0.5.4
[INFO] [stderr]     Checking rand_chacha v0.9.0
[INFO] [stderr]     Checking hyper v1.10.1
[INFO] [stderr]     Checking async-compression v0.4.42
[INFO] [stderr]     Checking chacha20 v0.10.1
[INFO] [stderr]     Checking rand_chacha v0.3.1
[INFO] [stderr]    Compiling rkyv_derive v0.8.17
[INFO] [stderr]     Checking tinyvec_macros v0.1.1
[INFO] [stderr]    Compiling unicase v2.9.0
[INFO] [stderr]    Compiling mime_guess v2.0.5
[INFO] [stderr]     Checking regex-automata v0.4.14
[INFO] [stderr]     Checking tinyvec v1.11.0
[INFO] [stderr]     Checking hyper-util v0.1.20
[INFO] [stderr]     Checking rand v0.8.6
[INFO] [stderr]     Checking rand v0.10.2
[INFO] [stderr]     Checking tower-http v0.6.11
[INFO] [stderr]     Checking rand v0.9.4
[INFO] [stderr]    Compiling num-bigint-dig v0.8.6
[INFO] [stderr]     Checking pure-rust-locales v0.8.2
[INFO] [stderr]     Checking sha1_smol v1.0.1
[INFO] [stderr]     Checking iana-time-zone v0.1.65
[INFO] [stderr]     Checking uuid v1.23.4
[INFO] [stderr]     Checking crossbeam-epoch v0.9.18
[INFO] [stderr]     Checking block-padding v0.4.2
[INFO] [stderr]     Checking inout v0.2.2
[INFO] [stderr]    Compiling hashify v0.2.9
[INFO] [stderr]     Checking futures-executor v0.3.32
[INFO] [stderr]     Checking prefix-trie v0.8.4
[INFO] [stderr]     Checking zstd v0.13.3
[INFO] [stderr]    Compiling ahash v0.8.12
[INFO] [stderr]     Checking linked-hash-map v0.5.6
[INFO] [stderr]     Checking regex v1.12.4
[INFO] [stderr]     Checking lru-cache v0.1.2
[INFO] [stderr]     Checking cipher v0.5.2
[INFO] [stderr]     Checking gethostname v1.1.0
[INFO] [stderr]     Checking hmac v0.13.0
[INFO] [stderr]     Checking pkcs1 v0.7.5
[INFO] [stderr]     Checking encoding_rs v0.8.35
[INFO] [stderr]     Checking mail-builder v0.4.4
[INFO] [stderr]     Checking rkyv v0.8.17
[INFO] [stderr]     Checking crossbeam-channel v0.5.15
[INFO] [stderr]     Checking rsa v0.9.10
[INFO] [stderr]     Checking rusticata-macros v4.1.0
[INFO] [stderr]     Checking sha2 v0.11.0
[INFO] [stderr]     Checking block-padding v0.3.3
[INFO] [stderr]    Compiling asn1-rs-impl v0.2.0
[INFO] [stderr]    Compiling asn1-rs-derive v0.6.0
[INFO] [stderr]     Checking bumpalo v3.20.3
[INFO] [stderr]     Checking tagptr v0.2.0
[INFO] [stderr]     Checking libbz2-rs-sys v0.2.5
[INFO] [stderr]     Checking constant_time_eq v0.4.2
[INFO] [stderr]     Checking cpubits v0.1.1
[INFO] [stderr]     Checking aes v0.9.1
[INFO] [stderr]     Checking lzma-rust2 v0.16.4
[INFO] [stderr]     Checking asn1-rs v0.7.2
[INFO] [stderr]     Checking zopfli v0.8.3
[INFO] [stderr]     Checking bzip2 v0.6.1
[INFO] [stderr]     Checking moka v0.12.15
[INFO] [stderr]     Checking inout v0.1.4
[INFO] [stderr]     Checking pbkdf2 v0.13.0
[INFO] [stderr]     Checking sha1 v0.11.0
[INFO] [stderr]    Compiling oid-registry v0.8.1
[INFO] [stderr]    Compiling cfg_aliases v0.2.1
[INFO] [stderr]     Checking resolv-conf v0.7.6
[INFO] [stderr]     Checking ppmd-rust v1.4.0
[INFO] [stderr]     Checking typed-path v0.12.3
[INFO] [stderr]     Checking deflate64 v0.1.12
[INFO] [stderr]     Checking chrono v0.4.45
[INFO] [stderr]    Compiling nix v0.30.1
[INFO] [stderr]     Checking cipher v0.4.4
[INFO] [stderr]     Checking castaway v0.2.4
[INFO] [stderr]     Checking quick-xml v0.41.0
[INFO] [stderr]     Checking static_assertions v1.1.0
[INFO] [stderr]     Checking similar v3.1.1
[INFO] [stderr]     Checking der-parser v10.0.0
[INFO] [stderr]     Checking futures v0.3.32
[INFO] [stderr]    Compiling event_macro v0.16.12 (/opt/rustwide/workdir/crates/trc/event-macro)
[INFO] [stderr]     Checking zip v8.6.0
[INFO] [stderr]     Checking pem v3.0.6
[INFO] [stderr]    Compiling blake3 v1.8.5
[INFO] [stderr]     Checking rtrb v0.3.4
[INFO] [stderr]     Checking yasna v0.6.0
[INFO] [stderr]     Checking arrayref v0.3.9
[INFO] [stderr]     Checking arrayvec v0.7.8
[INFO] [stderr]     Checking xxhash-rust v0.8.16
[INFO] [stderr]     Checking psl-types v2.0.11
[INFO] [stderr]     Checking psl v2.1.216
[INFO] [stderr]     Checking rcgen v0.14.8
[INFO] [stderr]     Checking mail-parser v0.11.4
[INFO] [stderr]     Checking compact_str v0.9.1
[INFO] [stderr]     Checking smtp-proto v0.2.1
[INFO] [stderr]     Checking rustls-pemfile v2.2.0
[INFO] [stderr]     Checking hmac v0.12.1
[INFO] [stderr]     Checking quick_cache v0.7.0
[INFO] [stderr]     Checking privdrop v0.5.6
[INFO] [stderr]     Checking farmhash v1.1.5
[INFO] [stderr]     Checking fast-float v0.2.0
[INFO] [stderr]     Checking arcstr v1.2.0
[INFO] [stderr]    Compiling radium v0.7.0
[INFO] [stderr]     Checking nohash-hasher v0.2.0
[INFO] [stderr]     Checking siphasher v1.0.3
[INFO] [stderr]     Checking tap v1.0.1
[INFO] [stderr]     Checking funty v2.0.0
[INFO] [stderr]     Checking wyz v0.5.1
[INFO] [stderr]    Compiling crunchy v0.2.4
[INFO] [stderr]    Compiling phf_shared v0.13.1
[INFO] [stderr]     Checking jmap-tools v0.1.6
[INFO] [stderr]     Checking bitvec v1.1.1
[INFO] [stderr]     Checking byteorder v1.5.0
[INFO] [stderr]    Compiling itertools v0.13.0
[INFO] [stderr]     Checking allocator-api2 v0.2.21
[INFO] [stderr]    Compiling itertools v0.14.0
[INFO] [stderr]    Compiling anyhow v1.0.103
[INFO] [stderr]    Compiling glob v0.3.3
[INFO] [stderr]    Compiling hashbrown v0.16.1
[INFO] [stderr]    Compiling clang-sys v1.8.1
[INFO] [stderr]    Compiling no_std_io2 v0.9.4
[INFO] [stderr]     Checking tokio-stream v0.1.18
[INFO] [stderr]     Checking opaque-debug v0.3.1
[INFO] [stderr]    Compiling rle-decode-fast v1.0.3
[INFO] [stderr]    Compiling libflate_lz77 v2.3.0
[INFO] [stderr]    Compiling adler32 v1.2.0
[INFO] [stderr]    Compiling strsim v0.11.1
[INFO] [stderr]     Checking base16ct v0.2.0
[INFO] [stderr]    Compiling ident_case v1.0.1
[INFO] [stderr]    Compiling dary_heap v0.3.9
[INFO] [stderr]     Checking serdect v0.2.0
[INFO] [stderr]     Checking ff v0.13.1
[INFO] [stderr]    Compiling libflate v2.3.0
[INFO] [stderr]     Checking hkdf v0.12.4
[INFO] [stderr]    Compiling libloading v0.8.9
[INFO] [stderr]    Compiling proc-macro-error-attr2 v2.0.0
[INFO] [stderr]    Compiling fastrand v2.4.1
[INFO] [stderr]    Compiling bindgen v0.72.1
[INFO] [stderr]    Compiling proc-macro-error2 v2.0.1
[INFO] [stderr]    Compiling phf_generator v0.13.1
[INFO] [stderr]     Checking group v0.13.0
[INFO] [stderr]     Checking sec1 v0.7.3
[INFO] [stderr]    Compiling include-flate-compress v0.3.3
[INFO] [stderr]     Checking crypto-bigint v0.5.5
[INFO] [stderr]    Compiling lz4-sys v1.11.1+lz4-1.10.0
[INFO] [stderr]    Compiling bzip2-sys v0.1.13+1.0.8
[INFO] [stderr]     Checking rustc-hash v2.1.3
[INFO] [stderr]     Checking twox-hash v2.1.2
[INFO] [stderr]    Compiling shlex v1.3.0
[INFO] [stderr]    Compiling prost-derive v0.14.4
[INFO] [stderr]     Checking lz4_flex v0.13.1
[INFO] [stderr]    Compiling include-flate-codegen v0.3.3
[INFO] [stderr]     Checking elliptic-curve v0.13.8
[INFO] [stderr]    Compiling cexpr v0.6.0
[INFO] [stderr]    Compiling phf_codegen v0.13.1
[INFO] [stderr]    Compiling pin-project-internal v1.1.13
[INFO] [stderr]     Checking axum-core v0.5.6
[INFO] [stderr]     Checking matchit v0.8.4
[INFO] [stderr]     Checking foldhash v0.1.5
[INFO] [stderr]    Compiling semver v1.0.28
[INFO] [stderr]     Checking hashbrown v0.15.5
[INFO] [stderr]    Compiling rustc_version v0.4.1
[INFO] [stderr]     Checking phf v0.13.1
[INFO] [stderr]     Checking include-flate v0.3.3
[INFO] [stderr]     Checking prost v0.14.4
[INFO] [stderr]     Checking pin-project v1.1.13
[INFO] [stderr]    Compiling jieba-macros v0.8.1
[INFO] [stderr]     Checking rfc6979 v0.4.0
[INFO] [stderr]     Checking hyper-timeout v0.5.2
[INFO] [stderr]    Compiling libsqlite3-sys v0.38.1
[INFO] [stderr]     Checking cedarwood v0.4.6
[INFO] [stderr]    Compiling rayon-core v1.13.0
[INFO] [stderr]     Checking jieba-rs v0.8.1
[INFO] [stderr]     Checking axum v0.8.9
[INFO] [stderr]     Checking whatlang v0.18.0
[INFO] [stderr]    Compiling curve25519-dalek v4.1.3
[INFO] [stderr]     Checking crossbeam-deque v0.8.6
[INFO] [stderr]     Checking rust-stemmers v1.2.0
[INFO] [stderr]     Checking maplit v1.0.2
[INFO] [stderr]     Checking nohash v0.2.0
[INFO] [stderr]     Checking ecdsa v0.16.9
[INFO] [stderr]     Checking primeorder v0.13.6
[INFO] [stderr]     Checking phf_shared v0.12.1
[INFO] [stderr]     Checking arc-swap v1.9.2
[INFO] [stderr]     Checking universal-hash v0.5.1
[INFO] [stderr]     Checking digest v0.9.0
[INFO] [stderr]    Compiling curve25519-dalek-derive v0.1.1
[INFO] [stderr]     Checking scheduled-thread-pool v0.2.7
[INFO] [stderr]     Checking num_cpus v1.17.0
[INFO] [stderr]     Checking hashlink v0.12.0
[INFO] [stderr]     Checking bytemuck v1.25.0
[INFO] [stderr]     Checking fallible-iterator v0.3.0
[INFO] [stderr]     Checking fallible-streaming-iterator v0.1.9
[INFO] [stderr]    Compiling chrono-tz v0.10.4
[INFO] [stderr]    Compiling darling_core v0.20.11
[INFO] [stderr]     Checking roaring v0.11.4
[INFO] [stderr]     Checking r2d2 v0.8.10
[INFO] [stderr]     Checking phf v0.12.1
[INFO] [stderr]     Checking bitpacking v0.9.3
[INFO] [stderr]     Checking rayon v1.12.0
[INFO] [stderr]    Compiling librocksdb-sys v0.17.3+10.4.2
[INFO] [stderr]     Checking prost-types v0.14.4
[INFO] [stderr]     Checking sha1 v0.10.6
[INFO] [stderr]     Checking aead v0.5.2
[INFO] [stderr]     Checking block-buffer v0.9.0
[INFO] [stderr]     Checking password-hash v0.5.0
[INFO] [stderr]     Checking hex v0.4.3
[INFO] [stderr]    Compiling lalrpop-util v0.23.1
[INFO] [stderr]     Checking radsort v0.1.1
[INFO] [stderr]    Compiling darling_macro v0.20.11
[INFO] [stderr]     Checking ctr v0.9.2
[INFO] [stderr]     Checking ed25519 v2.2.3
[INFO] [stderr]     Checking keccak v0.2.0
[INFO] [stderr]    Compiling keccak v0.1.6
[INFO] [stderr]    Compiling precomputed-hash v0.1.1
[INFO] [stderr]    Compiling term v1.2.1
[INFO] [stderr]    Compiling heck v0.5.0
[INFO] [stderr]    Compiling fixedbitset v0.5.7
[INFO] [stderr]    Compiling new_debug_unreachable v1.0.6
[INFO] [stderr]    Compiling same-file v1.0.6
[INFO] [stderr]    Compiling bit-vec v0.9.1
[INFO] [stderr]    Compiling ena v0.14.4
[INFO] [stderr]    Compiling petgraph v0.8.3
[INFO] [stderr]    Compiling bit-set v0.9.1
[INFO] [stderr]    Compiling ascii-canvas v4.0.0
[INFO] [stderr]    Compiling walkdir v2.5.0
[INFO] [stderr]    Compiling string_cache v0.9.0
[INFO] [stderr]    Compiling snafu-derive v0.8.9
[INFO] [stderr]    Compiling sha3 v0.10.9
[INFO] [stderr]     Checking rusqlite v0.40.1
[INFO] [stderr]     Checking ed25519-dalek v2.2.0
[INFO] [stderr]    Compiling rasn-derive-impl v0.28.13
[INFO] [stderr]    Compiling darling v0.20.11
[INFO] [stderr]     Checking polyval v0.6.2
[INFO] [stderr]     Checking p256 v0.13.2
[INFO] [stderr]     Checking p384 v0.13.1
[INFO] [stderr]     Checking opentelemetry v0.31.0 (https://github.com/stalwartlabs/opentelemetry-rust#274b4d32)
[INFO] [stderr]     Checking blake2 v0.10.6
[INFO] [stderr]     Checking cipher v0.2.5
[INFO] [stderr]     Checking crypto-mac v0.10.0
[INFO] [stderr]    Compiling unicode-xid v0.2.6
[INFO] [stderr]     Checking bit-vec v0.8.0
[INFO] [stderr]    Compiling lalrpop v0.23.1
[INFO] [stderr]     Checking bit-set v0.8.0
[INFO] [stderr]     Checking hmac v0.10.1
[INFO] [stderr]     Checking argon2 v0.5.3
[INFO] [stderr]     Checking blowfish v0.7.0
[INFO] [stderr]     Checking snafu v0.8.9
[INFO] [stderr]    Compiling derive_builder_core v0.20.2
[INFO] [stderr]     Checking pbkdf2 v0.12.2
[INFO] [stderr]     Checking sha2 v0.9.9
[INFO] [stderr]    Compiling rasn-derive v0.28.13
[INFO] [stderr]     Checking md-5 v0.9.1
[INFO] [stderr]     Checking sha-1 v0.9.8
[INFO] [stderr]     Checking bitvec-nom2 v0.2.1
[INFO] [stderr]     Checking salsa20 v0.10.2
[INFO] [stderr]     Checking aes v0.8.4
[INFO] [stderr]     Checking lber v0.5.1
[INFO] [stderr]     Checking simple_asn1 v0.6.4
[INFO] [stderr]     Checking deadpool-runtime v0.3.1
[INFO] [stderr]     Checking module-lattice v0.2.3
[INFO] [stderr]     Checking dbl v0.3.2
[INFO] [stderr]    Compiling zerocopy-derive v0.7.35
[INFO] [stderr]     Checking base32 v0.5.1
[INFO] [stderr]     Checking constant_time_eq v0.3.1
[INFO] [stderr]     Checking sponge-cursor v0.1.0
[INFO] [stderr]     Checking urlencoding v2.1.3
[INFO] [stderr]     Checking xml-no-std v0.8.26
[INFO] [stderr]    Compiling sha1collisiondetection v0.3.4
[INFO] [stderr]     Checking md5 v0.8.0
[INFO] [stderr]     Checking shake v0.1.0
[INFO] [stderr]     Checking totp-rs v5.7.2
[INFO] [stderr]     Checking cmac v0.7.2
[INFO] [stderr]     Checking deadpool v0.13.0
[INFO] [stderr]    Compiling derive_builder_macro v0.20.2
[INFO] [stderr]     Checking jsonwebtoken v10.4.0
[INFO] [stderr]     Checking rasn v0.28.13
[INFO] [stderr]     Checking zerocopy v0.7.35
[INFO] [stderr]     Checking scrypt v0.11.0
[INFO] [stderr]     Checking calcard v0.3.5
[INFO] [stderr]     Checking pwhash v1.0.0
[INFO] [stderr]     Checking fancy-regex v0.18.0
[INFO] [stderr]     Checking opentelemetry_sdk v0.31.0 (https://github.com/stalwartlabs/opentelemetry-rust#274b4d32)
[INFO] [stderr]     Checking ghash v0.5.1
[INFO] [stderr]     Checking sha3 v0.11.0
[INFO] [stderr]     Checking generic-array v1.4.3
[INFO] [stderr]     Checking signature v3.0.0
[INFO] [stderr]     Checking kem v0.3.0
[INFO] [stderr]    Compiling proc_macros v0.16.12 (/opt/rustwide/workdir/crates/utils/proc-macros)
[INFO] [stderr]     Checking hybrid-array v0.3.1
[INFO] [stderr]    Compiling prometheus v0.14.0
[INFO] [stderr]    Compiling virtue v0.0.18
[INFO] [stderr]    Compiling decancer v3.3.3
[INFO] [stderr]     Checking slh-dsa v0.0.3
[INFO] [stderr]    Compiling bincode_derive v2.0.1
[INFO] [stderr]     Checking ml-kem v0.3.2
[INFO] [stderr]     Checking ml-dsa v0.1.1
[INFO] [stderr]     Checking aes-gcm v0.10.3
[INFO] [stderr]     Checking derive_builder v0.20.2
[INFO] [stderr]     Checking eax v0.5.0
[INFO] [stderr]     Checking rasn-pkix v0.28.13
[INFO] [stderr]     Checking cx448 v0.1.1
[INFO] [stderr]     Checking ocb3 v0.1.0
[INFO] [stderr]     Checking x25519-dalek v2.0.1
[INFO] [stderr]     Checking p521 v0.13.3
[INFO] [stderr]     Checking dsa v0.6.3
[INFO] [stderr]     Checking cfb v0.7.3
[INFO] [stderr]     Checking camellia v0.1.0
[INFO] [stderr]     Checking blowfish v0.9.1
[INFO] [stderr]     Checking cfb-mode v0.8.2
[INFO] [stderr]     Checking cbc v0.1.2
[INFO] [stderr]     Checking des v0.8.1
[INFO] [stderr]     Checking ecb v0.1.2
[INFO] [stderr]     Checking twofish v0.7.1
[INFO] [stderr]     Checking cast5 v0.11.1
[INFO] [stderr]     Checking idea v0.5.1
[INFO] [stderr]     Checking unicode-normalization v0.1.25
[INFO] [stderr]     Checking quick-xml v0.40.1
[INFO] [stderr]     Checking ripemd v0.1.3
[INFO] [stderr]     Checking md-5 v0.10.6
[INFO] [stderr]     Checking buffered-reader v1.4.1
[INFO] [stderr]     Checking unicode-script v0.5.8
[INFO] [stderr]    Compiling common v0.16.12 (/opt/rustwide/workdir/crates/common)
[INFO] [stderr]     Checking dyn-clone v1.0.20
[INFO] [stderr]     Checking memsec v0.7.0
[INFO] [stderr]     Checking unty v0.0.4
[INFO] [stderr]     Checking unicode-security v0.1.2
[INFO] [stderr]     Checking bincode v2.0.1
[INFO] [stderr]     Checking rasn-cms v0.28.13
[INFO] [stderr]     Checking infer v0.19.0
[INFO] [stderr]     Checking zxcvbn v3.1.1
[INFO] [stderr]     Checking sieve-rs v0.7.2
[INFO] [stderr]     Checking aes-gcm-siv v0.11.1
[INFO] [stderr]     Checking biscuit v0.8.0
[INFO] [stderr]     Checking proxy-header v0.1.2
[INFO] [stderr]     Checking hostname v0.4.2
[INFO] [stderr]     Checking opentelemetry-semantic-conventions v0.31.0 (https://github.com/stalwartlabs/opentelemetry-rust#274b4d32)
[INFO] [stderr]     Checking imagesize v0.14.0
[INFO] [stderr]    Compiling unicode-general-category v1.1.0
[INFO] [stderr]     Checking poly1305 v0.8.0
[INFO] [stderr]     Checking chacha20 v0.9.1
[INFO] [stderr]     Checking cbc v0.2.1
[INFO] [stderr]     Checking chacha20poly1305 v0.10.1
[INFO] [stderr]    Compiling async-stream-impl v0.3.6
[INFO] [stderr]    Compiling tiny-keccak v2.0.2
[INFO] [stderr]     Checking hkdf v0.13.0
[INFO] [stderr]     Checking memory-stats v1.2.0
[INFO] [stderr]     Checking async-stream v0.3.6
[INFO] [stderr]    Compiling jemalloc-sys v0.5.4+5.3.0-patched
[INFO] [stderr]    Compiling const-random-macro v0.1.16
[INFO] [stderr]     Checking const-random v0.1.18
[INFO] [stderr]    Compiling darling_core v0.23.0
[INFO] [stderr]     Checking ureq-proto v0.6.0
[INFO] [stderr]    Compiling openssl-sys v0.9.117
[INFO] [stderr]     Checking utf8-zero v0.8.1
[INFO] [stderr]    Compiling bollard-buildkit-proto v0.7.0
[INFO] [stderr]     Checking dlv-list v0.5.2
[INFO] [stderr]     Checking form-data v0.6.0
[INFO] [stderr]    Compiling structmeta-derive v0.3.0
[INFO] [stderr]    Compiling sequoia-openpgp v2.4.0
[INFO] [stderr]    Compiling rustix v0.38.44
[INFO] [stderr]     Checking hashbrown v0.14.5
[INFO] [stderr]     Checking home v0.5.12
[INFO] [stderr]     Checking ordered-multimap v0.7.3
[INFO] [stderr]    Compiling structmeta v0.3.0
[INFO] [stderr]     Checking num-rational v0.4.2
[INFO] [stderr]    Compiling serde_repr v0.1.20
[INFO] [stderr]     Checking rustls-webpki v0.103.13
[INFO] [stderr]     Checking hickory-proto v0.26.1
[INFO] [stderr]     Checking x509-parser v0.18.1
[INFO] [stderr]    Compiling darling_macro v0.23.0
[INFO] [stderr]     Checking num-complex v0.4.6
[INFO] [stderr]    Compiling darling v0.23.0
[INFO] [stderr]     Checking foreign-types-shared v0.1.1
[INFO] [stderr]    Compiling thiserror v1.0.69
[INFO] [stderr]     Checking linux-raw-sys v0.4.15
[INFO] [stderr]    Compiling openssl v0.10.81
[INFO] [stderr]     Checking num v0.4.3
[INFO] [stderr]     Checking foreign-types v0.3.2
[INFO] [stderr]    Compiling serde_with_macros v3.21.0
[INFO] [stderr]     Checking rust-ini v0.21.3
[INFO] [stderr]    Compiling parse-display-derive v0.9.1
[INFO] [stderr]     Checking hyperlocal v0.9.1
[INFO] [stderr]     Checking xattr v1.6.1
[INFO] [stderr]     Checking quick-xml v0.38.4
[INFO] [stderr]    Compiling maybe-async v0.2.11
[INFO] [stderr]     Checking tokio-rustls v0.26.4
[INFO] [stderr]     Checking rustls-platform-verifier v0.7.0
[INFO] [stderr]     Checking tungstenite v0.29.0
[INFO] [stderr]     Checking hyper-rustls v0.27.9
[INFO] [stderr]     Checking hickory-net v0.26.1
[INFO] [stderr]     Checking reqwest v0.13.4
[INFO] [stderr]     Checking tonic v0.14.6
[INFO] [stderr]     Checking ldap3 v0.12.1
[INFO] [stderr]     Checking tokio-tungstenite v0.29.0
[INFO] [stderr]     Checking opentelemetry-http v0.31.0 (https://github.com/stalwartlabs/opentelemetry-rust#274b4d32)
[INFO] [stderr]     Checking ureq v3.3.0
[INFO] [stderr]     Checking attohttpc v0.30.1
[INFO] [stderr]    Compiling thiserror-impl v1.0.69
[INFO] [stderr]    Compiling openssl-macros v0.1.1
[INFO] [stderr]     Checking tonic-prost v0.14.6
[INFO] [stderr]     Checking tonic-types v0.14.6
[INFO] [stderr]     Checking hickory-resolver v0.26.1
[INFO] [stderr]     Checking opentelemetry-proto v0.31.0 (https://github.com/stalwartlabs/opentelemetry-rust#274b4d32)
[INFO] [stderr]     Checking dns-update v0.5.3
[INFO] [stderr]     Checking mail-auth v0.11.1
[INFO] [stderr]     Checking opentelemetry-otlp v0.31.0 (https://github.com/stalwartlabs/opentelemetry-rust#274b4d32)
[INFO] [stderr]     Checking aws-creds v0.39.1
[INFO] [stderr]     Checking astral-tokio-tar v0.6.3
[INFO] [stderr]     Checking reqwest v0.12.28
[INFO] [stderr] error: failed to run custom build command for `jemalloc-sys v0.5.4+5.3.0-patched`
[INFO] [stderr] note: To improve backtraces for build dependencies, set the CARGO_PROFILE_DEV_BUILD_OVERRIDE_DEBUG=true environment variable to enable debug information generation.
[INFO] [stderr] 
[INFO] [stderr] Caused by:
[INFO] [stderr]   process didn't exit successfully: `/opt/rustwide/target/debug/build/jemalloc-sys/2cd2dc9bca5c83c2/out/build_script_build` (exit status: 101)
[INFO] [stderr]   --- stdout
[INFO] [stderr]   TARGET=x86_64-unknown-linux-gnu
[INFO] [stderr]   HOST=x86_64-unknown-linux-gnu
[INFO] [stderr]   NUM_JOBS=8
[INFO] [stderr]   OUT_DIR="/opt/rustwide/target/debug/build/jemalloc-sys/4f6811b47d847faa/out"
[INFO] [stderr]   BUILD_DIR="/opt/rustwide/target/debug/build/jemalloc-sys/4f6811b47d847faa/out/build"
[INFO] [stderr]   SRC_DIR="/opt/rustwide/cargo-home/registry/src/index.crates.io-1949cf8c6b5b557f/jemalloc-sys-0.5.4+5.3.0-patched"
[INFO] [stderr]   cargo:rustc-cfg=prefixed
[INFO] [stderr]   cargo:rerun-if-env-changed=JEMALLOC_OVERRIDE
[INFO] [stderr]   cargo:rerun-if-env-changed=CC_x86_64-unknown-linux-gnu
[INFO] [stderr]   CC_x86_64-unknown-linux-gnu = None
[INFO] [stderr]   cargo:rerun-if-env-changed=CC_x86_64_unknown_linux_gnu
[INFO] [stderr]   CC_x86_64_unknown_linux_gnu = None
[INFO] [stderr]   cargo:rerun-if-env-changed=HOST_CC
[INFO] [stderr]   HOST_CC = None
[INFO] [stderr]   cargo:rerun-if-env-changed=CC
[INFO] [stderr]   CC = None
[INFO] [stderr]   cargo:rerun-if-env-changed=CC_ENABLE_DEBUG_OUTPUT
[INFO] [stderr]   cargo:rerun-if-env-changed=CRATE_CC_NO_DEFAULTS
[INFO] [stderr]   CRATE_CC_NO_DEFAULTS = None
[INFO] [stderr]   cargo:rerun-if-env-changed=CFLAGS
[INFO] [stderr]   CFLAGS = None
[INFO] [stderr]   cargo:rerun-if-env-changed=HOST_CFLAGS
[INFO] [stderr]   HOST_CFLAGS = None
[INFO] [stderr]   cargo:rerun-if-env-changed=CFLAGS_x86_64_unknown_linux_gnu
[INFO] [stderr]   CFLAGS_x86_64_unknown_linux_gnu = None
[INFO] [stderr]   cargo:rerun-if-env-changed=CFLAGS_x86_64-unknown-linux-gnu
[INFO] [stderr]   CFLAGS_x86_64-unknown-linux-gnu = None
[INFO] [stderr]   CC="cc"
[INFO] [stderr]   CFLAGS="-O0 -ffunction-sections -fdata-sections -fPIC -g -gdwarf-4 -fno-omit-frame-pointer -m64 -Wall"
[INFO] [stderr]   JEMALLOC_REPO_DIR="jemalloc"
[INFO] [stderr]   cargo:rerun-if-env-changed=JEMALLOC_SYS_WITH_MALLOC_CONF
[INFO] [stderr]   cargo:rerun-if-env-changed=JEMALLOC_SYS_WITH_LG_PAGE
[INFO] [stderr]   cargo:rerun-if-env-changed=JEMALLOC_SYS_WITH_LG_HUGEPAGE
[INFO] [stderr]   cargo:rerun-if-env-changed=JEMALLOC_SYS_WITH_LG_QUANTUM
[INFO] [stderr]   cargo:rerun-if-env-changed=JEMALLOC_SYS_WITH_LG_VADDR
[INFO] [stderr]   --with-jemalloc-prefix=_rjem_
[INFO] [stderr]   running: cd "/opt/rustwide/target/debug/build/jemalloc-sys/4f6811b47d847faa/out/build" && CC="cc" CFLAGS="-O0 -ffunction-sections -fdata-sections -fPIC -g -gdwarf-4 -fno-omit-frame-pointer -m64 -Wall" CPPFLAGS="-O0 -ffunction-sections -fdata-sections -fPIC -g -gdwarf-4 -fno-omit-frame-pointer -m64 -Wall" LDFLAGS="-O0 -ffunction-sections -fdata-sections -fPIC -g -gdwarf-4 -fno-omit-frame-pointer -m64 -Wall" "sh" "/opt/rustwide/target/debug/build/jemalloc-sys/4f6811b47d847faa/out/build/configure" "--disable-cxx" "--enable-doc=no" "--enable-shared=no" "--with-jemalloc-prefix=_rjem_" "--with-private-namespace=_rjem_" "--host=x86_64-unknown-linux-gnu" "--build=x86_64-unknown-linux-gnu" "--prefix=/opt/rustwide/target/debug/build/jemalloc-sys/4f6811b47d847faa/out"
[INFO] [stderr]   checking for xsltproc... false
[INFO] [stderr]   checking for x86_64-unknown-linux-gnu-gcc... cc
[INFO] [stderr]   checking whether the C compiler works... yes
[INFO] [stderr]   checking for C compiler default output file name... a.out
[INFO] [stderr]   checking for suffix of executables... 
[INFO] [stderr]   checking whether we are cross compiling... no
[INFO] [stderr]   checking for suffix of object files... o
[INFO] [stderr]   checking whether we are using the GNU C compiler... yes
[INFO] [stderr]   checking whether cc accepts -g... yes
[INFO] [stderr]   checking for cc option to accept ISO C89... none needed
[INFO] [stderr]   checking whether compiler is cray... no
[INFO] [stderr]   checking whether compiler supports -std=gnu11... yes
[INFO] [stderr]   checking whether compiler supports -Werror=unknown-warning-option... no
[INFO] [stderr]   checking whether compiler supports -Wall... yes
[INFO] [stderr]   checking whether compiler supports -Wextra... yes
[INFO] [stderr]   checking whether compiler supports -Wshorten-64-to-32... no
[INFO] [stderr]   checking whether compiler supports -Wsign-compare... yes
[INFO] [stderr]   checking whether compiler supports -Wundef... yes
[INFO] [stderr]   checking whether compiler supports -Wno-format-zero-length... yes
[INFO] [stderr]   checking whether compiler supports -Wpointer-arith... yes
[INFO] [stderr]   checking whether compiler supports -Wno-missing-braces... yes
[INFO] [stderr]   checking whether compiler supports -Wno-missing-field-initializers... yes
[INFO] [stderr]   checking whether compiler supports -Wno-missing-attributes... yes
[INFO] [stderr]   checking whether compiler supports -pipe... yes
[INFO] [stderr]   checking whether compiler supports -g3... yes
[INFO] [stderr]   checking how to run the C preprocessor... cc -E
[INFO] [stderr]   checking for grep that handles long lines and -e... /usr/bin/grep
[INFO] [stderr]   checking for egrep... /usr/bin/grep -E
[INFO] [stderr]   checking for ANSI C header files... yes
[INFO] [stderr]   checking for sys/types.h... yes
[INFO] [stderr]   checking for sys/stat.h... yes
[INFO] [stderr]   checking for stdlib.h... yes
[INFO] [stderr]   checking for string.h... yes
[INFO] [stderr]   checking for memory.h... yes
[INFO] [stderr]   checking for strings.h... yes
[INFO] [stderr]   checking for inttypes.h... yes
[INFO] [stderr]   checking for stdint.h... yes
[INFO] [stderr]   checking for unistd.h... yes
[INFO] [stderr]   checking whether byte ordering is bigendian... no
[INFO] [stderr]   checking size of void *... 8
[INFO] [stderr]   checking size of int... 4
[INFO] [stderr]   checking size of long... 8
[INFO] [stderr]   checking size of long long... 8
[INFO] [stderr]   checking size of intmax_t... 8
[INFO] [stderr]   checking build system type... x86_64-unknown-linux-gnu
[INFO] [stderr]   checking host system type... x86_64-unknown-linux-gnu
[INFO] [stderr]   checking whether pause instruction is compilable... yes
[INFO] [stderr]   checking number of significant virtual address bits... 48
[INFO] [stderr]   checking for x86_64-unknown-linux-gnu-ar... no
[INFO] [stderr]   checking for ar... ar
[INFO] [stderr]   checking for x86_64-unknown-linux-gnu-nm... no
[INFO] [stderr]   checking for nm... nm
[INFO] [stderr]   checking for gawk... no
[INFO] [stderr]   checking for mawk... mawk
[INFO] [stderr]   checking malloc.h usability... yes
[INFO] [stderr]   checking malloc.h presence... yes
[INFO] [stderr]   checking for malloc.h... yes
[INFO] [stderr]   checking whether malloc_usable_size definition can use const argument... no
[INFO] [stderr]   checking for library containing log... -lm
[INFO] [stderr]   checking whether __attribute__ syntax is compilable... yes
[INFO] [stderr]   checking whether compiler supports -fvisibility=hidden... yes
[INFO] [stderr]   checking whether compiler supports -fvisibility=hidden... no
[INFO] [stderr]   checking whether compiler supports -Werror... yes
[INFO] [stderr]   checking whether compiler supports -herror_on_warning... no
[INFO] [stderr]   checking whether tls_model attribute is compilable... yes
[INFO] [stderr]   checking whether compiler supports -Werror... yes
[INFO] [stderr]   checking whether compiler supports -herror_on_warning... no
[INFO] [stderr]   checking whether alloc_size attribute is compilable... yes
[INFO] [stderr]   checking whether compiler supports -Werror... yes
[INFO] [stderr]   checking whether compiler supports -herror_on_warning... no
[INFO] [stderr]   checking whether format(gnu_printf, ...) attribute is compilable... yes
[INFO] [stderr]   checking whether compiler supports -Werror... yes
[INFO] [stderr]   checking whether compiler supports -herror_on_warning... no
[INFO] [stderr]   checking whether format(printf, ...) attribute is compilable... yes
[INFO] [stderr]   checking whether compiler supports -Werror... yes
[INFO] [stderr]   checking whether compiler supports -herror_on_warning... no
[INFO] [stderr]   checking whether format(printf, ...) attribute is compilable... yes
[INFO] [stderr]   checking whether compiler supports -Wimplicit-fallthrough... yes
[INFO] [stderr]   checking whether fallthrough attribute is compilable... yes
[INFO] [stderr]   checking whether compiler supports -Wimplicit-fallthrough... yes
[INFO] [stderr]   checking whether compiler supports -Wimplicit-fallthrough... no
[INFO] [stderr]   checking whether compiler supports -Werror... yes
[INFO] [stderr]   checking whether compiler supports -herror_on_warning... no
[INFO] [stderr]   checking whether cold attribute is compilable... yes
[INFO] [stderr]   checking whether vm_make_tag is compilable... no
[INFO] [stderr]   checking for a BSD-compatible install... /usr/bin/install -c
[INFO] [stderr]   checking for x86_64-unknown-linux-gnu-ranlib... no
[INFO] [stderr]   checking for ranlib... ranlib
[INFO] [stderr]   checking for ld... /usr/bin/ld
[INFO] [stderr]   checking for autoconf... /usr/bin/autoconf
[INFO] [stderr]   checking for memalign... yes
[INFO] [stderr]   checking for valloc... yes
[INFO] [stderr]   checking for malloc_size... no
[INFO] [stderr]   checking whether compiler supports -O3... yes
[INFO] [stderr]   checking whether compiler supports -O3... no
[INFO] [stderr]   checking whether compiler supports -funroll-loops... yes
[INFO] [stderr]   checking configured backtracing method... N/A
[INFO] [stderr]   checking for sbrk... yes
[INFO] [stderr]   checking whether utrace(2) is compilable... no
[INFO] [stderr]   checking whether utrace(2) with label is compilable... no
[INFO] [stderr]   checking whether a program using __builtin_unreachable is compilable... yes
[INFO] [stderr]   checking whether a program using __builtin_ffsl is compilable... yes
[INFO] [stderr]   checking whether a program using __builtin_popcountl is compilable... yes
[INFO] [stderr]   checking LG_PAGE... 12
[INFO] [stderr]   checking pthread.h usability... yes
[INFO] [stderr]   checking pthread.h presence... yes
[INFO] [stderr]   checking for pthread.h... yes
[INFO] [stderr]   checking for pthread_create in -lpthread... yes
[INFO] [stderr]   checking dlfcn.h usability... yes
[INFO] [stderr]   checking dlfcn.h presence... yes
[INFO] [stderr]   checking for dlfcn.h... yes
[INFO] [stderr]   checking for dlsym... yes
[INFO] [stderr]   checking whether pthread_atfork(3) is compilable... yes
[INFO] [stderr]   checking whether pthread_setname_np(3) is compilable... yes
[INFO] [stderr]   checking whether pthread_getname_np(3) is compilable... yes
[INFO] [stderr]   checking whether pthread_get_name_np(3) is compilable... no
[INFO] [stderr]   checking for library containing clock_gettime... none required
[INFO] [stderr]   checking whether clock_gettime(CLOCK_MONOTONIC_COARSE, ...) is compilable... yes
[INFO] [stderr]   checking whether clock_gettime(CLOCK_MONOTONIC, ...) is compilable... yes
[INFO] [stderr]   checking whether mach_absolute_time() is compilable... no
[INFO] [stderr]   checking whether clock_gettime(CLOCK_REALTIME, ...) is compilable... yes
[INFO] [stderr]   checking whether compiler supports -Werror... yes
[INFO] [stderr]   checking whether syscall(2) is compilable... yes
[INFO] [stderr]   checking for secure_getenv... yes
[INFO] [stderr]   checking for sched_getcpu... yes
[INFO] [stderr]   checking for sched_setaffinity... yes
[INFO] [stderr]   checking for issetugid... no
[INFO] [stderr]   checking for _malloc_thread_cleanup... no
[INFO] [stderr]   checking for _pthread_mutex_init_calloc_cb... no
[INFO] [stderr]   checking for memcntl... no
[INFO] [stderr]   checking for TLS... yes
[INFO] [stderr]   checking whether C11 atomics is compilable... yes
[INFO] [stderr]   checking whether GCC __atomic atomics is compilable... yes
[INFO] [stderr]   checking whether GCC 8-bit __atomic atomics is compilable... yes
[INFO] [stderr]   checking whether GCC __sync atomics is compilable... yes
[INFO] [stderr]   checking whether GCC 8-bit __sync atomics is compilable... yes
[INFO] [stderr]   checking whether Darwin OSAtomic*() is compilable... no
[INFO] [stderr]   checking whether madvise(2) is compilable... yes
[INFO] [stderr]   checking whether madvise(..., MADV_FREE) is compilable... yes
[INFO] [stderr]   checking whether madvise(..., MADV_DONTNEED) is compilable... yes
[INFO] [stderr]   checking whether madvise(..., MADV_DO[NT]DUMP) is compilable... yes
[INFO] [stderr]   checking whether madvise(..., MADV_[NO]HUGEPAGE) is compilable... yes
[INFO] [stderr]   checking whether madvise(..., MADV_[NO]CORE) is compilable... no
[INFO] [stderr]   checking whether mprotect(2) is compilable... yes
[INFO] [stderr]   checking for __builtin_clz... yes
[INFO] [stderr]   checking whether Darwin os_unfair_lock_*() is compilable... no
[INFO] [stderr]   checking whether glibc malloc hook is compilable... no
[INFO] [stderr]   checking whether glibc memalign hook is compilable... no
[INFO] [stderr]   checking whether pthreads adaptive mutexes is compilable... yes
[INFO] [stderr]   checking whether compiler supports -D_GNU_SOURCE... yes
[INFO] [stderr]   checking whether compiler supports -Werror... yes
[INFO] [stderr]   checking whether compiler supports -herror_on_warning... no
[INFO] [stderr]   checking whether strerror_r returns char with gnu source is compilable... yes
[INFO] [stderr]   checking for stdbool.h that conforms to C99... yes
[INFO] [stderr]   checking for _Bool... yes
[INFO] [stderr]   configure: creating ./config.status
[INFO] [stderr]   config.status: creating Makefile
[INFO] [stderr]   config.status: creating jemalloc.pc
[INFO] [stderr]   config.status: creating doc/html.xsl
[INFO] [stderr]   config.status: creating doc/manpages.xsl
[INFO] [stderr]   config.status: creating doc/jemalloc.xml
[INFO] [stderr]   config.status: creating include/jemalloc/jemalloc_macros.h
[INFO] [stderr]   config.status: creating include/jemalloc/jemalloc_protos.h
[INFO] [stderr]   config.status: creating include/jemalloc/jemalloc_typedefs.h
[INFO] [stderr]   config.status: creating include/jemalloc/internal/jemalloc_preamble.h
[INFO] [stderr]   config.status: creating test/test.sh
[INFO] [stderr]   config.status: creating test/include/test/jemalloc_test.h
[INFO] [stderr]   config.status: creating config.stamp
[INFO] [stderr]   config.status: creating bin/jemalloc-config
[INFO] [stderr]   config.status: creating bin/jemalloc.sh
[INFO] [stderr]   config.status: creating bin/jeprof
[INFO] [stderr]   config.status: creating include/jemalloc/jemalloc_defs.h
[INFO] [stderr]   config.status: creating include/jemalloc/internal/jemalloc_internal_defs.h
[INFO] [stderr]   config.status: creating test/include/test/jemalloc_test_defs.h
[INFO] [stderr]   config.status: executing include/jemalloc/internal/public_symbols.txt commands
[INFO] [stderr]   config.status: executing include/jemalloc/internal/private_symbols.awk commands
[INFO] [stderr]   config.status: executing include/jemalloc/internal/private_symbols_jet.awk commands
[INFO] [stderr]   config.status: executing include/jemalloc/internal/public_namespace.h commands
[INFO] [stderr]   config.status: executing include/jemalloc/internal/public_unnamespace.h commands
[INFO] [stderr]   config.status: executing include/jemalloc/jemalloc_protos_jet.h commands
[INFO] [stderr]   config.status: executing include/jemalloc/jemalloc_rename.h commands
[INFO] [stderr]   config.status: executing include/jemalloc/jemalloc_mangle.h commands
[INFO] [stderr]   config.status: executing include/jemalloc/jemalloc_mangle_jet.h commands
[INFO] [stderr]   config.status: executing include/jemalloc/jemalloc.h commands
[INFO] [stderr]   ===============================================================================
[INFO] [stderr]   jemalloc version   : 5.3.0-0-g54eaed1d8b56b1aa528be3bdd1877e59c56fa90c
[INFO] [stderr]   library revision   : 2
[INFO] [stderr] 
[INFO] [stderr]   CONFIG             : --disable-cxx --enable-doc=no --enable-shared=no --with-jemalloc-prefix=_rjem_ --with-private-namespace=_rjem_ --host=x86_64-unknown-linux-gnu --build=x86_64-unknown-linux-gnu --prefix=/opt/rustwide/target/debug/build/jemalloc-sys/4f6811b47d847faa/out build_alias=x86_64-unknown-linux-gnu host_alias=x86_64-unknown-linux-gnu CC=cc 'CFLAGS=-O0 -ffunction-sections -fdata-sections -fPIC -g -gdwarf-4 -fno-omit-frame-pointer -m64 -Wall' 'LDFLAGS=-O0 -ffunction-sections -fdata-sections -fPIC -g -gdwarf-4 -fno-omit-frame-pointer -m64 -Wall' 'CPPFLAGS=-O0 -ffunction-sections -fdata-sections -fPIC -g -gdwarf-4 -fno-omit-frame-pointer -m64 -Wall'
[INFO] [stderr]   CC                 : cc
[INFO] [stderr]   CONFIGURE_CFLAGS   : -std=gnu11 -Wall -Wextra -Wsign-compare -Wundef -Wno-format-zero-length -Wpointer-arith -Wno-missing-braces -Wno-missing-field-initializers -Wno-missing-attributes -pipe -g3 -fvisibility=hidden -Wimplicit-fallthrough -O3 -funroll-loops
[INFO] [stderr]   SPECIFIED_CFLAGS   : -O0 -ffunction-sections -fdata-sections -fPIC -g -gdwarf-4 -fno-omit-frame-pointer -m64 -Wall
[INFO] [stderr]   EXTRA_CFLAGS       : 
[INFO] [stderr]   CPPFLAGS           : -O0 -ffunction-sections -fdata-sections -fPIC -g -gdwarf-4 -fno-omit-frame-pointer -m64 -Wall -D_GNU_SOURCE -D_REENTRANT
[INFO] [stderr]   CXX                : 
[INFO] [stderr]   CONFIGURE_CXXFLAGS : 
[INFO] [stderr]   SPECIFIED_CXXFLAGS : 
[INFO] [stderr]   EXTRA_CXXFLAGS     : 
[INFO] [stderr]   LDFLAGS            : -O0 -ffunction-sections -fdata-sections -fPIC -g -gdwarf-4 -fno-omit-frame-pointer -m64 -Wall
[INFO] [stderr]   EXTRA_LDFLAGS      : 
[INFO] [stderr]   DSO_LDFLAGS        : -shared -Wl,-soname,$(@F)
[INFO] [stderr]   LIBS               : -lm  -pthread
[INFO] [stderr]   RPATH_EXTRA        : 
[INFO] [stderr] 
[INFO] [stderr]   XSLTPROC           : false
[INFO] [stderr]   XSLROOT            : 
[INFO] [stderr] 
[INFO] [stderr]   PREFIX             : /opt/rustwide/target/debug/build/jemalloc-sys/4f6811b47d847faa/out
[INFO] [stderr]   BINDIR             : /opt/rustwide/target/debug/build/jemalloc-sys/4f6811b47d847faa/out/bin
[INFO] [stderr]   DATADIR            : /opt/rustwide/target/debug/build/jemalloc-sys/4f6811b47d847faa/out/share
[INFO] [stderr]   INCLUDEDIR         : /opt/rustwide/target/debug/build/jemalloc-sys/4f6811b47d847faa/out/include
[INFO] [stderr]   LIBDIR             : /opt/rustwide/target/debug/build/jemalloc-sys/4f6811b47d847faa/out/lib
[INFO] [stderr]   MANDIR             : /opt/rustwide/target/debug/build/jemalloc-sys/4f6811b47d847faa/out/share/man
[INFO] [stderr] 
[INFO] [stderr]   srcroot            : 
[INFO] [stderr]   abs_srcroot        : /opt/rustwide/target/debug/build/jemalloc-sys/4f6811b47d847faa/out/build/
[INFO] [stderr]   objroot            : 
[INFO] [stderr]   abs_objroot        : /opt/rustwide/target/debug/build/jemalloc-sys/4f6811b47d847faa/out/build/
[INFO] [stderr] 
[INFO] [stderr]   JEMALLOC_PREFIX    : _rjem_
[INFO] [stderr]   JEMALLOC_PRIVATE_NAMESPACE
[INFO] [stderr]                      : _rjem_je_
[INFO] [stderr]   install_suffix     : 
[INFO] [stderr]   malloc_conf        : 
[INFO] [stderr]   documentation      : 0
[INFO] [stderr]   shared libs        : 0
[INFO] [stderr]   static libs        : 1
[INFO] [stderr]   autogen            : 0
[INFO] [stderr]   debug              : 0
[INFO] [stderr]   stats              : 1
[INFO] [stderr]   experimental_smallocx : 0
[INFO] [stderr]   prof               : 0
[INFO] [stderr]   prof-libunwind     : 0
[INFO] [stderr]   prof-libgcc        : 0
[INFO] [stderr]   prof-gcc           : 0
[INFO] [stderr]   fill               : 1
[INFO] [stderr]   utrace             : 0
[INFO] [stderr]   xmalloc            : 0
[INFO] [stderr]   log                : 0
[INFO] [stderr]   lazy_lock          : 0
[INFO] [stderr]   cache-oblivious    : 1
[INFO] [stderr]   cxx                : 0
[INFO] [stderr]   ===============================================================================
[INFO] [stderr]   running: cd "/opt/rustwide/target/debug/build/jemalloc-sys/4f6811b47d847faa/out/build" && "make" "-j" "8"
[INFO] [stderr]   cc -std=gnu11 -Wall -Wextra -Wsign-compare -Wundef -Wno-format-zero-length -Wpointer-arith -Wno-missing-braces -Wno-missing-field-initializers -Wno-missing-attributes -pipe -g3 -fvisibility=hidden -Wimplicit-fallthrough -O3 -funroll-loops -O0 -ffunction-sections -fdata-sections -fPIC -g -gdwarf-4 -fno-omit-frame-pointer -m64 -Wall -c -O0 -ffunction-sections -fdata-sections -fPIC -g -gdwarf-4 -fno-omit-frame-pointer -m64 -Wall -D_GNU_SOURCE -D_REENTRANT -Iinclude -Iinclude -DJEMALLOC_NO_PRIVATE_NAMESPACE -o src/background_thread.sym.o src/background_thread.c
[INFO] [stderr]   cc -std=gnu11 -Wall -Wextra -Wsign-compare -Wundef -Wno-format-zero-length -Wpointer-arith -Wno-missing-braces -Wno-missing-field-initializers -Wno-missing-attributes -pipe -g3 -fvisibility=hidden -Wimplicit-fallthrough -O3 -funroll-loops -O0 -ffunction-sections -fdata-sections -fPIC -g -gdwarf-4 -fno-omit-frame-pointer -m64 -Wall -c -O0 -ffunction-sections -fdata-sections -fPIC -g -gdwarf-4 -fno-omit-frame-pointer -m64 -Wall -D_GNU_SOURCE -D_REENTRANT -Iinclude -Iinclude -DJEMALLOC_NO_PRIVATE_NAMESPACE -o src/jemalloc.sym.o src/jemalloc.c
[INFO] [stderr]   cc -std=gnu11 -Wall -Wextra -Wsign-compare -Wundef -Wno-format-zero-length -Wpointer-arith -Wno-missing-braces -Wno-missing-field-initializers -Wno-missing-attributes -pipe -g3 -fvisibility=hidden -Wimplicit-fallthrough -O3 -funroll-loops -O0 -ffunction-sections -fdata-sections -fPIC -g -gdwarf-4 -fno-omit-frame-pointer -m64 -Wall -c -O0 -ffunction-sections -fdata-sections -fPIC -g -gdwarf-4 -fno-omit-frame-pointer -m64 -Wall -D_GNU_SOURCE -D_REENTRANT -Iinclude -Iinclude -DJEMALLOC_NO_PRIVATE_NAMESPACE -o src/bin.sym.o src/bin.c
[INFO] [stderr]   cc -std=gnu11 -Wall -Wextra -Wsign-compare -Wundef -Wno-format-zero-length -Wpointer-arith -Wno-missing-braces -Wno-missing-field-initializers -Wno-missing-attributes -pipe -g3 -fvisibility=hidden -Wimplicit-fallthrough -O3 -funroll-loops -O0 -ffunction-sections -fdata-sections -fPIC -g -gdwarf-4 -fno-omit-frame-pointer -m64 -Wall -c -O0 -ffunction-sections -fdata-sections -fPIC -g -gdwarf-4 -fno-omit-frame-pointer -m64 -Wall -D_GNU_SOURCE -D_REENTRANT -Iinclude -Iinclude -DJEMALLOC_NO_PRIVATE_NAMESPACE -o src/base.sym.o src/base.c
[INFO] [stderr]   cc -std=gnu11 -Wall -Wextra -Wsign-compare -Wundef -Wno-format-zero-length -Wpointer-arith -Wno-missing-braces -Wno-missing-field-initializers -Wno-missing-attributes -pipe -g3 -fvisibility=hidden -Wimplicit-fallthrough -O3 -funroll-loops -O0 -ffunction-sections -fdata-sections -fPIC -g -gdwarf-4 -fno-omit-frame-pointer -m64 -Wall -c -O0 -ffunction-sections -fdata-sections -fPIC -g -gdwarf-4 -fno-omit-frame-pointer -m64 -Wall -D_GNU_SOURCE -D_REENTRANT -Iinclude -Iinclude -DJEMALLOC_NO_PRIVATE_NAMESPACE -o src/arena.sym.o src/arena.c
[INFO] [stderr]   cc -std=gnu11 -Wall -Wextra -Wsign-compare -Wundef -Wno-format-zero-length -Wpointer-arith -Wno-missing-braces -Wno-missing-field-initializers -Wno-missing-attributes -pipe -g3 -fvisibility=hidden -Wimplicit-fallthrough -O3 -funroll-loops -O0 -ffunction-sections -fdata-sections -fPIC -g -gdwarf-4 -fno-omit-frame-pointer -m64 -Wall -c -O0 -ffunction-sections -fdata-sections -fPIC -g -gdwarf-4 -fno-omit-frame-pointer -m64 -Wall -D_GNU_SOURCE -D_REENTRANT -Iinclude -Iinclude -DJEMALLOC_NO_PRIVATE_NAMESPACE -o src/bin_info.sym.o src/bin_info.c
[INFO] [stderr]   cc -std=gnu11 -Wall -Wextra -Wsign-compare -Wundef -Wno-format-zero-length -Wpointer-arith -Wno-missing-braces -Wno-missing-field-initializers -Wno-missing-attributes -pipe -g3 -fvisibility=hidden -Wimplicit-fallthrough -O3 -funroll-loops -O0 -ffunction-sections -fdata-sections -fPIC -g -gdwarf-4 -fno-omit-frame-pointer -m64 -Wall -c -O0 -ffunction-sections -fdata-sections -fPIC -g -gdwarf-4 -fno-omit-frame-pointer -m64 -Wall -D_GNU_SOURCE -D_REENTRANT -Iinclude -Iinclude -DJEMALLOC_NO_PRIVATE_NAMESPACE -o src/bitmap.sym.o src/bitmap.c
[INFO] [stderr]   cc -std=gnu11 -Wall -Wextra -Wsign-compare -Wundef -Wno-format-zero-length -Wpointer-arith -Wno-missing-braces -Wno-missing-field-initializers -Wno-missing-attributes -pipe -g3 -fvisibility=hidden -Wimplicit-fallthrough -O3 -funroll-loops -O0 -ffunction-sections -fdata-sections -fPIC -g -gdwarf-4 -fno-omit-frame-pointer -m64 -Wall -c -O0 -ffunction-sections -fdata-sections -fPIC -g -gdwarf-4 -fno-omit-frame-pointer -m64 -Wall -D_GNU_SOURCE -D_REENTRANT -Iinclude -Iinclude -DJEMALLOC_NO_PRIVATE_NAMESPACE -o src/buf_writer.sym.o src/buf_writer.c
[INFO] [stderr]   cc -std=gnu11 -Wall -Wextra -Wsign-compare -Wundef -Wno-format-zero-length -Wpointer-arith -Wno-missing-braces -Wno-missing-field-initializers -Wno-missing-attributes -pipe -g3 -fvisibility=hidden -Wimplicit-fallthrough -O3 -funroll-loops -O0 -ffunction-sections -fdata-sections -fPIC -g -gdwarf-4 -fno-omit-frame-pointer -m64 -Wall -c -O0 -ffunction-sections -fdata-sections -fPIC -g -gdwarf-4 -fno-omit-frame-pointer -m64 -Wall -D_GNU_SOURCE -D_REENTRANT -Iinclude -Iinclude -DJEMALLOC_NO_PRIVATE_NAMESPACE -o src/cache_bin.sym.o src/cache_bin.c
[INFO] [stderr]   cc -std=gnu11 -Wall -Wextra -Wsign-compare -Wundef -Wno-format-zero-length -Wpointer-arith -Wno-missing-braces -Wno-missing-field-initializers -Wno-missing-attributes -pipe -g3 -fvisibility=hidden -Wimplicit-fallthrough -O3 -funroll-loops -O0 -ffunction-sections -fdata-sections -fPIC -g -gdwarf-4 -fno-omit-frame-pointer -m64 -Wall -c -O0 -ffunction-sections -fdata-sections -fPIC -g -gdwarf-4 -fno-omit-frame-pointer -m64 -Wall -D_GNU_SOURCE -D_REENTRANT -Iinclude -Iinclude -DJEMALLOC_NO_PRIVATE_NAMESPACE -o src/ckh.sym.o src/ckh.c
[INFO] [stderr]   cc -std=gnu11 -Wall -Wextra -Wsign-compare -Wundef -Wno-format-zero-length -Wpointer-arith -Wno-missing-braces -Wno-missing-field-initializers -Wno-missing-attributes -pipe -g3 -fvisibility=hidden -Wimplicit-fallthrough -O3 -funroll-loops -O0 -ffunction-sections -fdata-sections -fPIC -g -gdwarf-4 -fno-omit-frame-pointer -m64 -Wall -c -O0 -ffunction-sections -fdata-sections -fPIC -g -gdwarf-4 -fno-omit-frame-pointer -m64 -Wall -D_GNU_SOURCE -D_REENTRANT -Iinclude -Iinclude -DJEMALLOC_NO_PRIVATE_NAMESPACE -o src/counter.sym.o src/counter.c
[INFO] [stderr]   cc -std=gnu11 -Wall -Wextra -Wsign-compare -Wundef -Wno-format-zero-length -Wpointer-arith -Wno-missing-braces -Wno-missing-field-initializers -Wno-missing-attributes -pipe -g3 -fvisibility=hidden -Wimplicit-fallthrough -O3 -funroll-loops -O0 -ffunction-sections -fdata-sections -fPIC -g -gdwarf-4 -fno-omit-frame-pointer -m64 -Wall -c -O0 -ffunction-sections -fdata-sections -fPIC -g -gdwarf-4 -fno-omit-frame-pointer -m64 -Wall -D_GNU_SOURCE -D_REENTRANT -Iinclude -Iinclude -DJEMALLOC_NO_PRIVATE_NAMESPACE -o src/ctl.sym.o src/ctl.c
[INFO] [stderr]   cc -std=gnu11 -Wall -Wextra -Wsign-compare -Wundef -Wno-format-zero-length -Wpointer-arith -Wno-missing-braces -Wno-missing-field-initializers -Wno-missing-attributes -pipe -g3 -fvisibility=hidden -Wimplicit-fallthrough -O3 -funroll-loops -O0 -ffunction-sections -fdata-sections -fPIC -g -gdwarf-4 -fno-omit-frame-pointer -m64 -Wall -c -O0 -ffunction-sections -fdata-sections -fPIC -g -gdwarf-4 -fno-omit-frame-pointer -m64 -Wall -D_GNU_SOURCE -D_REENTRANT -Iinclude -Iinclude -DJEMALLOC_NO_PRIVATE_NAMESPACE -o src/decay.sym.o src/decay.c
[INFO] [stderr]   cc -std=gnu11 -Wall -Wextra -Wsign-compare -Wundef -Wno-format-zero-length -Wpointer-arith -Wno-missing-braces -Wno-missing-field-initializers -Wno-missing-attributes -pipe -g3 -fvisibility=hidden -Wimplicit-fallthrough -O3 -funroll-loops -O0 -ffunction-sections -fdata-sections -fPIC -g -gdwarf-4 -fno-omit-frame-pointer -m64 -Wall -c -O0 -ffunction-sections -fdata-sections -fPIC -g -gdwarf-4 -fno-omit-frame-pointer -m64 -Wall -D_GNU_SOURCE -D_REENTRANT -Iinclude -Iinclude -DJEMALLOC_NO_PRIVATE_NAMESPACE -o src/div.sym.o src/div.c
[INFO] [stderr]   cc -std=gnu11 -Wall -Wextra -Wsign-compare -Wundef -Wno-format-zero-length -Wpointer-arith -Wno-missing-braces -Wno-missing-field-initializers -Wno-missing-attributes -pipe -g3 -fvisibility=hidden -Wimplicit-fallthrough -O3 -funroll-loops -O0 -ffunction-sections -fdata-sections -fPIC -g -gdwarf-4 -fno-omit-frame-pointer -m64 -Wall -c -O0 -ffunction-sections -fdata-sections -fPIC -g -gdwarf-4 -fno-omit-frame-pointer -m64 -Wall -D_GNU_SOURCE -D_REENTRANT -Iinclude -Iinclude -DJEMALLOC_NO_PRIVATE_NAMESPACE -o src/ecache.sym.o src/ecache.c
[INFO] [stderr]   cc -std=gnu11 -Wall -Wextra -Wsign-compare -Wundef -Wno-format-zero-length -Wpointer-arith -Wno-missing-braces -Wno-missing-field-initializers -Wno-missing-attributes -pipe -g3 -fvisibility=hidden -Wimplicit-fallthrough -O3 -funroll-loops -O0 -ffunction-sections -fdata-sections -fPIC -g -gdwarf-4 -fno-omit-frame-pointer -m64 -Wall -c -O0 -ffunction-sections -fdata-sections -fPIC -g -gdwarf-4 -fno-omit-frame-pointer -m64 -Wall -D_GNU_SOURCE -D_REENTRANT -Iinclude -Iinclude -DJEMALLOC_NO_PRIVATE_NAMESPACE -o src/edata.sym.o src/edata.c
[INFO] [stderr]   cc -std=gnu11 -Wall -Wextra -Wsign-compare -Wundef -Wno-format-zero-length -Wpointer-arith -Wno-missing-braces -Wno-missing-field-initializers -Wno-missing-attributes -pipe -g3 -fvisibility=hidden -Wimplicit-fallthrough -O3 -funroll-loops -O0 -ffunction-sections -fdata-sections -fPIC -g -gdwarf-4 -fno-omit-frame-pointer -m64 -Wall -c -O0 -ffunction-sections -fdata-sections -fPIC -g -gdwarf-4 -fno-omit-frame-pointer -m64 -Wall -D_GNU_SOURCE -D_REENTRANT -Iinclude -Iinclude -DJEMALLOC_NO_PRIVATE_NAMESPACE -o src/edata_cache.sym.o src/edata_cache.c
[INFO] [stderr]   cc -std=gnu11 -Wall -Wextra -Wsign-compare -Wundef -Wno-format-zero-length -Wpointer-arith -Wno-missing-braces -Wno-missing-field-initializers -Wno-missing-attributes -pipe -g3 -fvisibility=hidden -Wimplicit-fallthrough -O3 -funroll-loops -O0 -ffunction-sections -fdata-sections -fPIC -g -gdwarf-4 -fno-omit-frame-pointer -m64 -Wall -c -O0 -ffunction-sections -fdata-sections -fPIC -g -gdwarf-4 -fno-omit-frame-pointer -m64 -Wall -D_GNU_SOURCE -D_REENTRANT -Iinclude -Iinclude -DJEMALLOC_NO_PRIVATE_NAMESPACE -o src/ehooks.sym.o src/ehooks.c
[INFO] [stderr]   cc -std=gnu11 -Wall -Wextra -Wsign-compare -Wundef -Wno-format-zero-length -Wpointer-arith -Wno-missing-braces -Wno-missing-field-initializers -Wno-missing-attributes -pipe -g3 -fvisibility=hidden -Wimplicit-fallthrough -O3 -funroll-loops -O0 -ffunction-sections -fdata-sections -fPIC -g -gdwarf-4 -fno-omit-frame-pointer -m64 -Wall -c -O0 -ffunction-sections -fdata-sections -fPIC -g -gdwarf-4 -fno-omit-frame-pointer -m64 -Wall -D_GNU_SOURCE -D_REENTRANT -Iinclude -Iinclude -DJEMALLOC_NO_PRIVATE_NAMESPACE -o src/emap.sym.o src/emap.c
[INFO] [stderr]   cc -std=gnu11 -Wall -Wextra -Wsign-compare -Wundef -Wno-format-zero-length -Wpointer-arith -Wno-missing-braces -Wno-missing-field-initializers -Wno-missing-attributes -pipe -g3 -fvisibility=hidden -Wimplicit-fallthrough -O3 -funroll-loops -O0 -ffunction-sections -fdata-sections -fPIC -g -gdwarf-4 -fno-omit-frame-pointer -m64 -Wall -c -O0 -ffunction-sections -fdata-sections -fPIC -g -gdwarf-4 -fno-omit-frame-pointer -m64 -Wall -D_GNU_SOURCE -D_REENTRANT -Iinclude -Iinclude -DJEMALLOC_NO_PRIVATE_NAMESPACE -o src/eset.sym.o src/eset.c
[INFO] [stderr]   cc -std=gnu11 -Wall -Wextra -Wsign-compare -Wundef -Wno-format-zero-length -Wpointer-arith -Wno-missing-braces -Wno-missing-field-initializers -Wno-missing-attributes -pipe -g3 -fvisibility=hidden -Wimplicit-fallthrough -O3 -funroll-loops -O0 -ffunction-sections -fdata-sections -fPIC -g -gdwarf-4 -fno-omit-frame-pointer -m64 -Wall -c -O0 -ffunction-sections -fdata-sections -fPIC -g -gdwarf-4 -fno-omit-frame-pointer -m64 -Wall -D_GNU_SOURCE -D_REENTRANT -Iinclude -Iinclude -DJEMALLOC_NO_PRIVATE_NAMESPACE -o src/exp_grow.sym.o src/exp_grow.c
[INFO] [stderr]   cc -std=gnu11 -Wall -Wextra -Wsign-compare -Wundef -Wno-format-zero-length -Wpointer-arith -Wno-missing-braces -Wno-missing-field-initializers -Wno-missing-attributes -pipe -g3 -fvisibility=hidden -Wimplicit-fallthrough -O3 -funroll-loops -O0 -ffunction-sections -fdata-sections -fPIC -g -gdwarf-4 -fno-omit-frame-pointer -m64 -Wall -c -O0 -ffunction-sections -fdata-sections -fPIC -g -gdwarf-4 -fno-omit-frame-pointer -m64 -Wall -D_GNU_SOURCE -D_REENTRANT -Iinclude -Iinclude -DJEMALLOC_NO_PRIVATE_NAMESPACE -o src/extent.sym.o src/extent.c
[INFO] [stderr]   cc -std=gnu11 -Wall -Wextra -Wsign-compare -Wundef -Wno-format-zero-length -Wpointer-arith -Wno-missing-braces -Wno-missing-field-initializers -Wno-missing-attributes -pipe -g3 -fvisibility=hidden -Wimplicit-fallthrough -O3 -funroll-loops -O0 -ffunction-sections -fdata-sections -fPIC -g -gdwarf-4 -fno-omit-frame-pointer -m64 -Wall -c -O0 -ffunction-sections -fdata-sections -fPIC -g -gdwarf-4 -fno-omit-frame-pointer -m64 -Wall -D_GNU_SOURCE -D_REENTRANT -Iinclude -Iinclude -DJEMALLOC_NO_PRIVATE_NAMESPACE -o src/extent_dss.sym.o src/extent_dss.c
[INFO] [stderr]   cc -std=gnu11 -Wall -Wextra -Wsign-compare -Wundef -Wno-format-zero-length -Wpointer-arith -Wno-missing-braces -Wno-missing-field-initializers -Wno-missing-attributes -pipe -g3 -fvisibility=hidden -Wimplicit-fallthrough -O3 -funroll-loops -O0 -ffunction-sections -fdata-sections -fPIC -g -gdwarf-4 -fno-omit-frame-pointer -m64 -Wall -c -O0 -ffunction-sections -fdata-sections -fPIC -g -gdwarf-4 -fno-omit-frame-pointer -m64 -Wall -D_GNU_SOURCE -D_REENTRANT -Iinclude -Iinclude -DJEMALLOC_NO_PRIVATE_NAMESPACE -o src/extent_mmap.sym.o src/extent_mmap.c
[INFO] [stderr]   cc -std=gnu11 -Wall -Wextra -Wsign-compare -Wundef -Wno-format-zero-length -Wpointer-arith -Wno-missing-braces -Wno-missing-field-initializers -Wno-missing-attributes -pipe -g3 -fvisibility=hidden -Wimplicit-fallthrough -O3 -funroll-loops -O0 -ffunction-sections -fdata-sections -fPIC -g -gdwarf-4 -fno-omit-frame-pointer -m64 -Wall -c -O0 -ffunction-sections -fdata-sections -fPIC -g -gdwarf-4 -fno-omit-frame-pointer -m64 -Wall -D_GNU_SOURCE -D_REENTRANT -Iinclude -Iinclude -DJEMALLOC_NO_PRIVATE_NAMESPACE -o src/fxp.sym.o src/fxp.c
[INFO] [stderr]   cc -std=gnu11 -Wall -Wextra -Wsign-compare -Wundef -Wno-format-zero-length -Wpointer-arith -Wno-missing-braces -Wno-missing-field-initializers -Wno-missing-attributes -pipe -g3 -fvisibility=hidden -Wimplicit-fallthrough -O3 -funroll-loops -O0 -ffunction-sections -fdata-sections -fPIC -g -gdwarf-4 -fno-omit-frame-pointer -m64 -Wall -c -O0 -ffunction-sections -fdata-sections -fPIC -g -gdwarf-4 -fno-omit-frame-pointer -m64 -Wall -D_GNU_SOURCE -D_REENTRANT -Iinclude -Iinclude -DJEMALLOC_NO_PRIVATE_NAMESPACE -o src/san.sym.o src/san.c
[INFO] [stderr]   cc -std=gnu11 -Wall -Wextra -Wsign-compare -Wundef -Wno-format-zero-length -Wpointer-arith -Wno-missing-braces -Wno-missing-field-initializers -Wno-missing-attributes -pipe -g3 -fvisibility=hidden -Wimplicit-fallthrough -O3 -funroll-loops -O0 -ffunction-sections -fdata-sections -fPIC -g -gdwarf-4 -fno-omit-frame-pointer -m64 -Wall -c -O0 -ffunction-sections -fdata-sections -fPIC -g -gdwarf-4 -fno-omit-frame-pointer -m64 -Wall -D_GNU_SOURCE -D_REENTRANT -Iinclude -Iinclude -DJEMALLOC_NO_PRIVATE_NAMESPACE -o src/san_bump.sym.o src/san_bump.c
[INFO] [stderr]   cc -std=gnu11 -Wall -Wextra -Wsign-compare -Wundef -Wno-format-zero-length -Wpointer-arith -Wno-missing-braces -Wno-missing-field-initializers -Wno-missing-attributes -pipe -g3 -fvisibility=hidden -Wimplicit-fallthrough -O3 -funroll-loops -O0 -ffunction-sections -fdata-sections -fPIC -g -gdwarf-4 -fno-omit-frame-pointer -m64 -Wall -c -O0 -ffunction-sections -fdata-sections -fPIC -g -gdwarf-4 -fno-omit-frame-pointer -m64 -Wall -D_GNU_SOURCE -D_REENTRANT -Iinclude -Iinclude -DJEMALLOC_NO_PRIVATE_NAMESPACE -o src/hook.sym.o src/hook.c
[INFO] [stderr] 
[INFO] [stderr]   --- stderr
[INFO] [stderr]   /opt/rustwide/target/debug/build/jemalloc-sys/4f6811b47d847faa/out/build/configure: line 8271: cd: null directory
[INFO] [stderr]   cc: fatal error: Killed signal terminated program cc1
[INFO] [stderr]   compilation terminated.
[INFO] [stderr]   make: *** [Makefile:480: src/jemalloc.sym.o] Error 1
[INFO] [stderr]   make: *** Waiting for unfinished jobs....
[INFO] [stderr] 
[INFO] [stderr]   thread 'main' (6666) panicked at /opt/rustwide/cargo-home/registry/src/index.crates.io-1949cf8c6b5b557f/jemalloc-sys-0.5.4+5.3.0-patched/build.rs:351:9:
[INFO] [stderr]   command did not execute successfully: cd "/opt/rustwide/target/debug/build/jemalloc-sys/4f6811b47d847faa/out/build" && "make" "-j" "8"
[INFO] [stderr]   expected success, got: exit status: 2
[INFO] [stderr]   stack backtrace:
[INFO] [stderr]      0:     0x566bb41ee2a1 - std[3164a59e47d3bde]::backtrace_rs::backtrace::libunwind::trace
[INFO] [stderr]                                  at /rustc/3154cc1a3e6424e44f438a95007d043ed5ceaaf6/library/std/src/../../backtrace/src/backtrace/libunwind.rs:117:9
[INFO] [stderr]      1:     0x566bb41ee2a1 - std[3164a59e47d3bde]::backtrace_rs::backtrace::trace_unsynchronized::<std[3164a59e47d3bde]::sys::backtrace::_print_fmt::{closure#1}>
[INFO] [stderr]                                  at /rustc/3154cc1a3e6424e44f438a95007d043ed5ceaaf6/library/std/src/../../backtrace/src/backtrace/mod.rs:66:14
[INFO] [stderr]      2:     0x566bb41ee2a1 - std[3164a59e47d3bde]::sys::backtrace::_print_fmt
[INFO] [stderr]                                  at /rustc/3154cc1a3e6424e44f438a95007d043ed5ceaaf6/library/std/src/sys/backtrace.rs:74:9
[INFO] [stderr]      3:     0x566bb41ee2a1 - <<std[3164a59e47d3bde]::sys::backtrace::BacktraceLock>::print::DisplayBacktrace as core[934024a1e6126fb4]::fmt::Display>::fmt
[INFO] [stderr]                                  at /rustc/3154cc1a3e6424e44f438a95007d043ed5ceaaf6/library/std/src/sys/backtrace.rs:44:26
[INFO] [stderr]      4:     0x566bb4201bea - <core[934024a1e6126fb4]::fmt::rt::Argument>::fmt
[INFO] [stderr]                                  at /rustc/3154cc1a3e6424e44f438a95007d043ed5ceaaf6/library/core/src/fmt/rt.rs:152:76
[INFO] [stderr]      5:     0x566bb4201bea - core[934024a1e6126fb4]::fmt::write
[INFO] [stderr]      6:     0x566bb41f3c8c - core[934024a1e6126fb4]::io::write::default_write_fmt::<std[3164a59e47d3bde]::sys::stdio::unix::Stderr>
[INFO] [stderr]                                  at /rustc/3154cc1a3e6424e44f438a95007d043ed5ceaaf6/library/core/src/io/write.rs:402:11
[INFO] [stderr]      7:     0x566bb41f3c8c - <std[3164a59e47d3bde]::sys::stdio::unix::Stderr as core[934024a1e6126fb4]::io::write::Write>::write_fmt
[INFO] [stderr]                                  at /rustc/3154cc1a3e6424e44f438a95007d043ed5ceaaf6/library/core/src/io/write.rs:335:13
[INFO] [stderr]      8:     0x566bb41cca46 - <std[3164a59e47d3bde]::sys::backtrace::BacktraceLock>::print
[INFO] [stderr]                                  at /rustc/3154cc1a3e6424e44f438a95007d043ed5ceaaf6/library/std/src/sys/backtrace.rs:47:9
[INFO] [stderr]      9:     0x566bb41cca46 - std[3164a59e47d3bde]::panicking::default_hook::{closure#0}
[INFO] [stderr]                                  at /rustc/3154cc1a3e6424e44f438a95007d043ed5ceaaf6/library/std/src/panicking.rs:289:27
[INFO] [stderr]     10:     0x566bb41e8181 - std[3164a59e47d3bde]::panicking::default_hook
[INFO] [stderr]                                  at /rustc/3154cc1a3e6424e44f438a95007d043ed5ceaaf6/library/std/src/panicking.rs:316:9
[INFO] [stderr]     11:     0x566bb41e833b - std[3164a59e47d3bde]::panicking::panic_with_hook
[INFO] [stderr]                                  at /rustc/3154cc1a3e6424e44f438a95007d043ed5ceaaf6/library/std/src/panicking.rs:811:13
[INFO] [stderr]     12:     0x566bb41ccaf2 - std[3164a59e47d3bde]::panicking::panic_handler::{closure#0}
[INFO] [stderr]                                  at /rustc/3154cc1a3e6424e44f438a95007d043ed5ceaaf6/library/std/src/panicking.rs:685:13
[INFO] [stderr]     13:     0x566bb41c56f9 - std[3164a59e47d3bde]::sys::backtrace::__rust_end_short_backtrace::<std[3164a59e47d3bde]::panicking::panic_handler::{closure#0}, !>
[INFO] [stderr]                                  at /rustc/3154cc1a3e6424e44f438a95007d043ed5ceaaf6/library/std/src/sys/backtrace.rs:182:18
[INFO] [stderr]     14:     0x566bb41cd2dd - __rustc[2e7b49d4226056d3]::rust_begin_unwind
[INFO] [stderr]                                  at /rustc/3154cc1a3e6424e44f438a95007d043ed5ceaaf6/library/std/src/panicking.rs:676:5
[INFO] [stderr]     15:     0x566bb42023dc - core[934024a1e6126fb4]::panicking::panic_fmt
[INFO] [stderr]                                  at /rustc/3154cc1a3e6424e44f438a95007d043ed5ceaaf6/library/core/src/panicking.rs:80:14
[INFO] [stderr]     16:     0x566bb4154a8f - build_script_build[1be9bb638148ce9]::execute::<build_script_build[1be9bb638148ce9]::run::{closure#0}>
[INFO] [stderr]     17:     0x566bb4158056 - build_script_build[1be9bb638148ce9]::run
[INFO] [stderr]     18:     0x566bb415b58d - build_script_build[1be9bb638148ce9]::main
[INFO] [stderr]     19:     0x566bb415e143 - <fn() as core[934024a1e6126fb4]::ops::function::FnOnce<()>>::call_once
[INFO] [stderr]     20:     0x566bb4156c8e - std[3164a59e47d3bde]::sys::backtrace::__rust_begin_short_backtrace::<fn(), ()>
[INFO] [stderr]     21:     0x566bb4157289 - std[3164a59e47d3bde]::rt::lang_start::<()>::{closure#0}
[INFO] [stderr]     22:     0x566bb41e7488 - <&dyn core[934024a1e6126fb4]::ops::function::Fn<(), Output = i32> + core[934024a1e6126fb4]::marker::Sync + core[934024a1e6126fb4]::panic::unwind_safe::RefUnwindSafe as core[934024a1e6126fb4]::ops::function::FnOnce<()>>::call_once
[INFO] [stderr]                                  at /rustc/3154cc1a3e6424e44f438a95007d043ed5ceaaf6/library/core/src/ops/function.rs:287:21
[INFO] [stderr]     23:     0x566bb41e7488 - std[3164a59e47d3bde]::panicking::catch_unwind::do_call::<&dyn core[934024a1e6126fb4]::ops::function::Fn<(), Output = i32> + core[934024a1e6126fb4]::marker::Sync + core[934024a1e6126fb4]::panic::unwind_safe::RefUnwindSafe, i32>
[INFO] [stderr]                                  at /rustc/3154cc1a3e6424e44f438a95007d043ed5ceaaf6/library/std/src/panicking.rs:573:43
[INFO] [stderr]     24:     0x566bb41e7488 - std[3164a59e47d3bde]::panicking::catch_unwind::<i32, &dyn core[934024a1e6126fb4]::ops::function::Fn<(), Output = i32> + core[934024a1e6126fb4]::marker::Sync + core[934024a1e6126fb4]::panic::unwind_safe::RefUnwindSafe>
[INFO] [stderr]                                  at /rustc/3154cc1a3e6424e44f438a95007d043ed5ceaaf6/library/std/src/panicking.rs:541:19
[INFO] [stderr]     25:     0x566bb41e7488 - std[3164a59e47d3bde]::panic::catch_unwind::<&dyn core[934024a1e6126fb4]::ops::function::Fn<(), Output = i32> + core[934024a1e6126fb4]::marker::Sync + core[934024a1e6126fb4]::panic::unwind_safe::RefUnwindSafe, i32>
[INFO] [stderr]                                  at /rustc/3154cc1a3e6424e44f438a95007d043ed5ceaaf6/library/std/src/panic.rs:359:14
[INFO] [stderr]     26:     0x566bb41e7488 - std[3164a59e47d3bde]::rt::lang_start_internal::{closure#0}
[INFO] [stderr]                                  at /rustc/3154cc1a3e6424e44f438a95007d043ed5ceaaf6/library/std/src/rt.rs:175:24
[INFO] [stderr]     27:     0x566bb41e7488 - std[3164a59e47d3bde]::panicking::catch_unwind::do_call::<std[3164a59e47d3bde]::rt::lang_start_internal::{closure#0}, isize>
[INFO] [stderr]                                  at /rustc/3154cc1a3e6424e44f438a95007d043ed5ceaaf6/library/std/src/panicking.rs:573:43
[INFO] [stderr]     28:     0x566bb41e7488 - std[3164a59e47d3bde]::panicking::catch_unwind::<isize, std[3164a59e47d3bde]::rt::lang_start_internal::{closure#0}>
[INFO] [stderr]                                  at /rustc/3154cc1a3e6424e44f438a95007d043ed5ceaaf6/library/std/src/panicking.rs:541:19
[INFO] [stderr]     29:     0x566bb41e7488 - std[3164a59e47d3bde]::panic::catch_unwind::<std[3164a59e47d3bde]::rt::lang_start_internal::{closure#0}, isize>
[INFO] [stderr]                                  at /rustc/3154cc1a3e6424e44f438a95007d043ed5ceaaf6/library/std/src/panic.rs:359:14
[INFO] [stderr]     30:     0x566bb41e7488 - std[3164a59e47d3bde]::rt::lang_start_internal
[INFO] [stderr]                                  at /rustc/3154cc1a3e6424e44f438a95007d043ed5ceaaf6/library/std/src/rt.rs:171:5
[INFO] [stderr]     31:     0x566bb4156c81 - std[3164a59e47d3bde]::rt::lang_start::<()>
[INFO] [stderr]     32:     0x566bb415e1b5 - main
[INFO] [stderr]     33:     0x7d309812f601 - <unknown>
[INFO] [stderr]     34:     0x7d309812f718 - __libc_start_main
[INFO] [stderr]     35:     0x566bb4154615 - _start
[INFO] [stderr]     36:                0x0 - <unknown>
[INFO] [stderr] warning: build failed, waiting for other jobs to finish...
[INFO] [stderr] error: could not compile `dns-update` (lib)
[INFO] [stderr] 
[INFO] [stderr] Caused by:
[INFO] [stderr]   process didn't exit successfully: `/opt/rustwide/rustup-home/toolchains/3154cc1a3e6424e44f438a95007d043ed5ceaaf6/bin/rustc --crate-name dns_update --edition=2024 /opt/rustwide/cargo-home/registry/src/index.crates.io-1949cf8c6b5b557f/dns-update-0.5.3/src/lib.rs --error-format=json --json=diagnostic-rendered-ansi,artifacts,future-incompat,unused-externs-silent --crate-type lib --emit=dep-info,metadata -C embed-bitcode=no -C debuginfo=1 -C overflow-checks=off --cfg 'feature="aws-lc-rs"' --cfg 'feature="default"' --cfg 'feature="rustls"' --cfg 'feature="test_provider"' --check-cfg 'cfg(docsrs,test)' --check-cfg 'cfg(feature, values("aws-lc-rs", "default", "ring", "rustls", "test_provider"))' -C metadata=3e4d0be8458ccd4f -C extra-filename=-b91740b1f03d9161 --out-dir /opt/rustwide/target/debug/build/dns-update/b91740b1f03d9161/out -L dependency=/opt/rustwide/target/debug/build/adler2/5885fcb56fb9dbdf/out -L dependency=/opt/rustwide/target/debug/build/async-compression/0fd21ca37ed15fff/out -L dependency=/opt/rustwide/target/debug/build/async-trait/b1b8aff0c3b6bd15/out -L dependency=/opt/rustwide/target/debug/build/atomic-waker/6fc736f93f04864e/out -L dependency=/opt/rustwide/target/debug/build/aws-lc-rs/dcb22d33044165b7/out -L dependency=/opt/rustwide/target/debug/build/aws-lc-sys/96463ce63b840372/out -L dependency=/opt/rustwide/target/debug/build/base64/bfb947b285101571/out -L dependency=/opt/rustwide/target/debug/build/bitflags/c89310a69db090bf/out -L dependency=/opt/rustwide/target/debug/build/bytes/ab11554e71f5c065/out -L dependency=/opt/rustwide/target/debug/build/cfg-if/6e10d1ecf0d3b2cf/out -L dependency=/opt/rustwide/target/debug/build/chacha20/9816de76d91852ad/out -L dependency=/opt/rustwide/target/debug/build/compression-codecs/8288faefb323c7b5/out -L dependency=/opt/rustwide/target/debug/build/compression-core/98206475eca5c722/out -L dependency=/opt/rustwide/target/debug/build/cpufeatures/a9dbb96e5b0fe25b/out -L dependency=/opt/rustwide/target/debug/build/crc32fast/0fa1c2e5f881c4ce/out -L dependency=/opt/rustwide/target/debug/build/critical-section/f1b7c1f4c1d2a647/out -L dependency=/opt/rustwide/target/debug/build/data-encoding/089a33385648f6bd/out -L dependency=/opt/rustwide/target/debug/build/deranged/7afee6bdc4a2b570/out -L dependency=/opt/rustwide/target/debug/build/displaydoc/9694e60c60c86673/out -L dependency=/opt/rustwide/target/debug/build/either/fe82ac6c81adb9dc/out -L dependency=/opt/rustwide/target/debug/build/equivalent/15081c6f38f5669c/out -L dependency=/opt/rustwide/target/debug/build/errno/215befd4b0ce2c64/out -L dependency=/opt/rustwide/target/debug/build/flate2/8b5e700a6c38ceaf/out -L dependency=/opt/rustwide/target/debug/build/fnv/647ff45eb516ab44/out -L dependency=/opt/rustwide/target/debug/build/foldhash/eea1c4bc147c6b00/out -L dependency=/opt/rustwide/target/debug/build/form_urlencoded/eca9e5f297ba942f/out -L dependency=/opt/rustwide/target/debug/build/futures-channel/a87fc92918f703a6/out -L dependency=/opt/rustwide/target/debug/build/futures-core/5de7f8d00907c274/out -L dependency=/opt/rustwide/target/debug/build/futures-io/61835063db271a78/out -L dependency=/opt/rustwide/target/debug/build/futures-macro/1b2ed5557ece265e/out -L dependency=/opt/rustwide/target/debug/build/futures-sink/c3460c6be29fcbfc/out -L dependency=/opt/rustwide/target/debug/build/futures-task/5de480e69ce405db/out -L dependency=/opt/rustwide/target/debug/build/futures-util/9d764099eb9554df/out -L dependency=/opt/rustwide/target/debug/build/getrandom/47691f93e3e33a86/out -L dependency=/opt/rustwide/target/debug/build/getrandom/a6093a660c669471/out -L dependency=/opt/rustwide/target/debug/build/h2/5a75b008fb953743/out -L dependency=/opt/rustwide/target/debug/build/hashbrown/2aca8680a4e8a7e8/out -L dependency=/opt/rustwide/target/debug/build/hickory-proto/52d3e10a129061d1/out -L dependency=/opt/rustwide/target/debug/build/http-body-util/fb5b13841793584e/out -L dependency=/opt/rustwide/target/debug/build/http-body/c51aaac0fc2a6141/out -L dependency=/opt/rustwide/target/debug/build/http/a33b6c1444514bb0/out -L dependency=/opt/rustwide/target/debug/build/httparse/837b350124e82620/out -L dependency=/opt/rustwide/target/debug/build/httpdate/073c699a207fda51/out -L dependency=/opt/rustwide/target/debug/build/hyper-rustls/c7a29ee7b334bca9/out -L dependency=/opt/rustwide/target/debug/build/hyper-util/f8819202d70043ec/out -L dependency=/opt/rustwide/target/debug/build/hyper/0097a06b72f4b1d9/out -L dependency=/opt/rustwide/target/debug/build/iana-time-zone/582b44758896d6e2/out -L dependency=/opt/rustwide/target/debug/build/icu_collections/d8ad86becb4cf57f/out -L dependency=/opt/rustwide/target/debug/build/icu_locale_core/fd90094039397773/out -L dependency=/opt/rustwide/target/debug/build/icu_normalizer/51cb9cd8adf0b28c/out -L dependency=/opt/rustwide/target/debug/build/icu_normalizer_data/189f57167ee1ebb9/out -L dependency=/opt/rustwide/target/debug/build/icu_properties/7296d3864213352d/out -L dependency=/opt/rustwide/target/debug/build/icu_properties_data/83d87e094cf9a3bf/out -L dependency=/opt/rustwide/target/debug/build/icu_provider/f7f68c8f163be44e/out -L dependency=/opt/rustwide/target/debug/build/idna/d985822fd9cf3ede/out -L dependency=/opt/rustwide/target/debug/build/idna_adapter/3f1c8f4568e186df/out -L dependency=/opt/rustwide/target/debug/build/indexmap/6cc4b9c2a3eae760/out -L dependency=/opt/rustwide/target/debug/build/ipnet/27ac8f322f6f51ec/out -L dependency=/opt/rustwide/target/debug/build/itoa/f54bad3106fa2bf6/out -L dependency=/opt/rustwide/target/debug/build/libc/59702ed1612c183d/out -L dependency=/opt/rustwide/target/debug/build/libm/008fd8fd714cdcdd/out -L dependency=/opt/rustwide/target/debug/build/libz-sys/ed48577f29eab534/out -L dependency=/opt/rustwide/target/debug/build/linked-hash-map/b09f74377d6ced30/out -L dependency=/opt/rustwide/target/debug/build/litemap/a397e05f5ef6beeb/out -L dependency=/opt/rustwide/target/debug/build/lock_api/86b91516641031e8/out -L dependency=/opt/rustwide/target/debug/build/log/a2e8b43fd06dba7c/out -L dependency=/opt/rustwide/target/debug/build/lru-cache/9eeca6d62c99c2a3/out -L dependency=/opt/rustwide/target/debug/build/memchr/9f28087141e13436/out -L dependency=/opt/rustwide/target/debug/build/mime/c3b9c1e97bf7ebea/out -L dependency=/opt/rustwide/target/debug/build/mime_guess/7909451869df643f/out -L dependency=/opt/rustwide/target/debug/build/miniz_oxide/14d6c7ef0d33d868/out -L dependency=/opt/rustwide/target/debug/build/mio/fe20e5aa8658dfb6/out -L dependency=/opt/rustwide/target/debug/build/num-conv/f3e127b8da58a94d/out -L dependency=/opt/rustwide/target/debug/build/num-traits/ef87885391c8c1cc/out -L dependency=/opt/rustwide/target/debug/build/once_cell/1ba2d20621a488eb/out -L dependency=/opt/rustwide/target/debug/build/openssl-probe/7418a16dd4b48f2a/out -L dependency=/opt/rustwide/target/debug/build/parking_lot/c8a9f8826d50b1d7/out -L dependency=/opt/rustwide/target/debug/build/parking_lot_core/73143a30dd8d3f53/out -L dependency=/opt/rustwide/target/debug/build/percent-encoding/a0c9f6c7459ece35/out -L dependency=/opt/rustwide/target/debug/build/pin-project-lite/e7cb4703a81a2e49/out -L dependency=/opt/rustwide/target/debug/build/portable-atomic/de66851ce2f64f92/out -L dependency=/opt/rustwide/target/debug/build/potential_utf/626498950324b853/out -L dependency=/opt/rustwide/target/debug/build/powerfmt/f72714079e613d79/out -L dependency=/opt/rustwide/target/debug/build/prefix-trie/ade13bdf319cee8f/out -L dependency=/opt/rustwide/target/debug/build/pure-rust-locales/d9247296d1c407c8/out -L dependency=/opt/rustwide/target/debug/build/rand/c99376d93ad18efd/out -L dependency=/opt/rustwide/target/debug/build/rand_core/de0d22150c4663d1/out -L dependency=/opt/rustwide/target/debug/build/ring/5fce13f8ddae5b9f/out -L dependency=/opt/rustwide/target/debug/build/rustls-native-certs/b56006caa7042530/out -L dependency=/opt/rustwide/target/debug/build/rustls-pki-types/2da8b9880b313772/out -L dependency=/opt/rustwide/target/debug/build/rustls-platform-verifier/40a677096331e6dc/out -L dependency=/opt/rustwide/target/debug/build/rustls-webpki/316d876a60b95b21/out -L dependency=/opt/rustwide/target/debug/build/rustls/3d797a78d68a2e6f/out -L dependency=/opt/rustwide/target/debug/build/ryu/beb66dbd1d16c960/out -L dependency=/opt/rustwide/target/debug/build/scopeguard/cb19bec77ddbf255/out -L dependency=/opt/rustwide/target/debug/build/serde/d99b91f88fd0e7a6/out -L dependency=/opt/rustwide/target/debug/build/serde_core/3866da517c884ed3/out -L dependency=/opt/rustwide/target/debug/build/serde_derive/1fdb18ec26831211/out -L dependency=/opt/rustwide/target/debug/build/serde_json/30881aa44edc2dc2/out -L dependency=/opt/rustwide/target/debug/build/serde_urlencoded/f69f6a2f8d5dcadf/out -L dependency=/opt/rustwide/target/debug/build/signal-hook-registry/78b1eb02dd81550c/out -L dependency=/opt/rustwide/target/debug/build/simd-adler32/3c6c0361224108fb/out -L dependency=/opt/rustwide/target/debug/build/slab/578de642efafe808/out -L dependency=/opt/rustwide/target/debug/build/smallvec/963df89351cea073/out -L dependency=/opt/rustwide/target/debug/build/socket2/e0da7949427fc403/out -L dependency=/opt/rustwide/target/debug/build/stable_deref_trait/39fb3de69dbb3f14/out -L dependency=/opt/rustwide/target/debug/build/subtle/24d813a4ebcc8c94/out -L dependency=/opt/rustwide/target/debug/build/sync_wrapper/1d93fcdae30f4055/out -L dependency=/opt/rustwide/target/debug/build/thiserror-impl/93938727e50271df/out -L dependency=/opt/rustwide/target/debug/build/thiserror/e2488dad7fba7ebe/out -L dependency=/opt/rustwide/target/debug/build/time-core/581fb4bc3cc5f598/out -L dependency=/opt/rustwide/target/debug/build/time-macros/6003afa89c8d0aa5/out -L dependency=/opt/rustwide/target/debug/build/time/3420ca5f4e6f0e15/out -L dependency=/opt/rustwide/target/debug/build/tinystr/9f8d4bf24d089cd4/out -L dependency=/opt/rustwide/target/debug/build/tinyvec/fabf7710c1ea60ca/out -L dependency=/opt/rustwide/target/debug/build/tinyvec_macros/dfa4243c31ac4ddb/out -L dependency=/opt/rustwide/target/debug/build/tokio-macros/be6695aa3b896c5b/out -L dependency=/opt/rustwide/target/debug/build/tokio-rustls/bbd5e3f5084f9aea/out -L dependency=/opt/rustwide/target/debug/build/tokio-util/e65c737156bad553/out -L dependency=/opt/rustwide/target/debug/build/tokio/6f08a27ff674e3cb/out -L dependency=/opt/rustwide/target/debug/build/tower-http/fd07c654d02318e3/out -L dependency=/opt/rustwide/target/debug/build/tower-layer/7c8a6c4c6d4a4ef3/out -L dependency=/opt/rustwide/target/debug/build/tower-service/251cbce44f7c0bd6/out -L dependency=/opt/rustwide/target/debug/build/tower/3ab6a68426919a92/out -L dependency=/opt/rustwide/target/debug/build/tracing-attributes/e90dfd7f63044be7/out -L dependency=/opt/rustwide/target/debug/build/tracing-core/93e26f5a22fbebac/out -L dependency=/opt/rustwide/target/debug/build/tracing/b1630cb2c84cb058/out -L dependency=/opt/rustwide/target/debug/build/try-lock/7fe1d37053324015/out -L dependency=/opt/rustwide/target/debug/build/unicase/057b9e419696cd5b/out -L dependency=/opt/rustwide/target/debug/build/untrusted/1cd5d17cbca19ffc/out -L dependency=/opt/rustwide/target/debug/build/untrusted/4257d1769aee20ff/out -L dependency=/opt/rustwide/target/debug/build/url/f02460a9b25b4087/out -L dependency=/opt/rustwide/target/debug/build/utf8_iter/c878e8e653e84291/out -L dependency=/opt/rustwide/target/debug/build/want/52abe8494e54eb35/out -L dependency=/opt/rustwide/target/debug/build/webpki-roots/c3df9caaa545f47f/out -L dependency=/opt/rustwide/target/debug/build/writeable/7494d17e35082e34/out -L dependency=/opt/rustwide/target/debug/build/yoke-derive/11146d16c589bc6a/out -L dependency=/opt/rustwide/target/debug/build/yoke/c65d60a6e14b00dd/out -L dependency=/opt/rustwide/target/debug/build/zerofrom-derive/b039e449a3353dce/out -L dependency=/opt/rustwide/target/debug/build/zerofrom/15d72460edadd6d0/out -L dependency=/opt/rustwide/target/debug/build/zeroize/1880ae601df267d3/out -L dependency=/opt/rustwide/target/debug/build/zeroize_derive/7dd30966ffbb689b/out -L dependency=/opt/rustwide/target/debug/build/zerotrie/bf3a6d0f6c69696a/out -L dependency=/opt/rustwide/target/debug/build/zerovec-derive/cf3fabb19029e4e1/out -L dependency=/opt/rustwide/target/debug/build/zerovec/4f694d1d060e1abe/out -L dependency=/opt/rustwide/target/debug/build/zlib-rs/5747f4137d71ca74/out -L dependency=/opt/rustwide/target/debug/build/zmij/b63ffaf6717255d8/out --extern aws_lc_rs=/opt/rustwide/target/debug/build/aws-lc-rs/dcb22d33044165b7/out/libaws_lc_rs-dcb22d33044165b7.rmeta --extern base64=/opt/rustwide/target/debug/build/base64/bfb947b285101571/out/libbase64-bfb947b285101571.rmeta --extern chrono=/opt/rustwide/target/debug/build/chrono/e3a8eb5882889a96/out/libchrono-e3a8eb5882889a96.rmeta --extern hex=/opt/rustwide/target/debug/build/hex/c359c73f2e5ba199/out/libhex-c359c73f2e5ba199.rmeta --extern hickory_net=/opt/rustwide/target/debug/build/hickory-net/1971a51b4975a73b/out/libhickory_net-1971a51b4975a73b.rmeta --extern hickory_proto=/opt/rustwide/target/debug/build/hickory-proto/52d3e10a129061d1/out/libhickory_proto-52d3e10a129061d1.rmeta --extern quick_xml=/opt/rustwide/target/debug/build/quick-xml/6ace4db3956b6e45/out/libquick_xml-6ace4db3956b6e45.rmeta --extern reqwest=/opt/rustwide/target/debug/build/reqwest/9cda0f30b52a9a22/out/libreqwest-9cda0f30b52a9a22.rmeta --extern rustls=/opt/rustwide/target/debug/build/rustls/3d797a78d68a2e6f/out/librustls-3d797a78d68a2e6f.rmeta --extern serde=/opt/rustwide/target/debug/build/serde/d99b91f88fd0e7a6/out/libserde-d99b91f88fd0e7a6.rmeta --extern serde_json=/opt/rustwide/target/debug/build/serde_json/30881aa44edc2dc2/out/libserde_json-30881aa44edc2dc2.rmeta --extern serde_urlencoded=/opt/rustwide/target/debug/build/serde_urlencoded/f69f6a2f8d5dcadf/out/libserde_urlencoded-f69f6a2f8d5dcadf.rmeta --extern tokio=/opt/rustwide/target/debug/build/tokio/6f08a27ff674e3cb/out/libtokio-6f08a27ff674e3cb.rmeta --cap-lints allow --cap-lints=forbid --force-warn=unused_crate_dependencies -L native=/opt/rustwide/target/debug/build/aws-lc-sys/35115a74e29e170d/out -L native=/opt/rustwide/target/debug/build/ring/538c724b2d4e9347/out -L native=/opt/rustwide/target/debug/build/libz-sys/a9e75c01be84c937/out/lib -L native=/opt/rustwide/target/debug/build/libz-sys/a9e75c01be84c937/out/lib` (signal: 9, SIGKILL: kill)
[INFO] running `Command { std: "docker" "inspect" "7d53734db4ff8de30756fac7f627cb1c1b91ce8e9e0aa391a13d879f2080f4f7", kill_on_drop: false }`
[INFO] running `Command { std: "docker" "rm" "-f" "7d53734db4ff8de30756fac7f627cb1c1b91ce8e9e0aa391a13d879f2080f4f7", kill_on_drop: false }`
[INFO] [stdout] 7d53734db4ff8de30756fac7f627cb1c1b91ce8e9e0aa391a13d879f2080f4f7
