[INFO] cloning repository https://github.com/0ctacity/scompress
[INFO] running `Command { std: "git" "-c" "credential.helper=" "-c" "credential.helper=/workspace/cargo-home/bin/git-credential-null" "clone" "--bare" "https://github.com/0ctacity/scompress" "/workspace/cache/git-repos/https%3A%2F%2Fgithub.com%2F0ctacity%2Fscompress", kill_on_drop: false }`
[INFO] [stderr] Cloning into bare repository '/workspace/cache/git-repos/https%3A%2F%2Fgithub.com%2F0ctacity%2Fscompress'...
[INFO] running `Command { std: "git" "rev-parse" "HEAD", kill_on_drop: false }`
[INFO] [stdout] 722ba11e0ba32c990809a522063760c29b0a68c3
[INFO] checking 0ctacity/scompress against 3154cc1a3e6424e44f438a95007d043ed5ceaaf6+rustflags=-Znext-solver=coherence for pr-133502-30
[INFO] running `Command { std: "git" "clone" "/workspace/cache/git-repos/https%3A%2F%2Fgithub.com%2F0ctacity%2Fscompress" "/workspace/builds/worker-2-tc1/source", kill_on_drop: false }`
[INFO] [stderr] Cloning into '/workspace/builds/worker-2-tc1/source'...
[INFO] [stderr] done.
[INFO] started tweaking git repo https://github.com/0ctacity/scompress
[INFO] finished tweaking git repo https://github.com/0ctacity/scompress
[INFO] tweaked toml for git repo https://github.com/0ctacity/scompress written to /workspace/builds/worker-2-tc1/source/Cargo.toml
[INFO] validating manifest of git repo https://github.com/0ctacity/scompress on toolchain 3154cc1a3e6424e44f438a95007d043ed5ceaaf6
[INFO] running `Command { std: CARGO_HOME="/workspace/cargo-home" RUSTUP_HOME="/workspace/rustup-home" "/workspace/cargo-home/bin/cargo" "+3154cc1a3e6424e44f438a95007d043ed5ceaaf6" "metadata" "--manifest-path" "Cargo.toml" "--no-deps", kill_on_drop: false }`
[INFO] crate git repo https://github.com/0ctacity/scompress already has a lockfile, it will not be regenerated
[INFO] running `Command { std: CARGO_HOME="/workspace/cargo-home" RUSTUP_HOME="/workspace/rustup-home" "/workspace/cargo-home/bin/cargo" "+3154cc1a3e6424e44f438a95007d043ed5ceaaf6" "fetch" "--manifest-path" "Cargo.toml", kill_on_drop: false }`
[INFO] [stderr]     Updating crates.io index
[INFO] [stderr]  Downloading crates ...
[INFO] [stderr]   Downloaded strum v0.28.0
[INFO] [stderr]   Downloaded strum_macros v0.28.0
[INFO] [stderr]   Downloaded phf_codegen v0.11.3
[INFO] [stderr]   Downloaded mac_address v1.1.8
[INFO] [stderr]   Downloaded palette_math v0.7.7
[INFO] [stderr]   Downloaded ratatui-termina v0.1.0
[INFO] [stderr]   Downloaded wezterm-dynamic-derive v0.1.1
[INFO] [stderr]   Downloaded darling_macro v0.24.1
[INFO] [stderr]   Downloaded ratatui v0.30.2
[INFO] [stderr]   Downloaded kasuari v0.4.12
[INFO] [stderr]   Downloaded lab v0.11.0
[INFO] [stderr]   Downloaded vtparse v0.6.2
[INFO] [stderr]   Downloaded memmem v0.1.1
[INFO] [stderr]   Downloaded resource-fork v0.3.10
[INFO] [stderr]   Downloaded wezterm-color-types v0.3.0
[INFO] [stderr]   Downloaded wezterm-blob-leases v0.1.1
[INFO] [stderr]   Downloaded instability v0.3.13
[INFO] [stderr]   Downloaded wezterm-dynamic v0.2.1
[INFO] [stderr]   Downloaded ratatui-macros v0.7.2
[INFO] [stderr]   Downloaded unicode-truncate v2.0.1
[INFO] [stderr]   Downloaded critical-section v1.2.0
[INFO] [stderr]   Downloaded line-clipping v0.3.8
[INFO] [stderr]   Downloaded ratatui-termwiz v0.1.2
[INFO] [stderr]   Downloaded wezterm-input-types v0.1.0
[INFO] [stderr]   Downloaded csscolorparser v0.6.2
[INFO] [stderr]   Downloaded atomic v0.6.1
[INFO] [stderr]   Downloaded termios v0.3.3
[INFO] [stderr]   Downloaded pest_derive v2.9.0
[INFO] [stderr]   Downloaded pest_generator v2.9.0
[INFO] [stderr]   Downloaded ratatui-crossterm v0.1.2
[INFO] [stderr]   Downloaded applesauce v0.8.8
[INFO] [stderr]   Downloaded crossbeam-queue v0.3.13
[INFO] [stderr]   Downloaded dashmap v6.2.1
[INFO] [stderr]   Downloaded applesauce-core v0.4.12
[INFO] [stderr]   Downloaded palette_derive v0.7.7
[INFO] [stderr]   Downloaded ordered-float v4.6.0
[INFO] [stderr]   Downloaded terminfo v0.9.0
[INFO] [stderr]   Downloaded pest_meta v2.9.0
[INFO] [stderr]   Downloaded oneshot v0.2.1
[INFO] [stderr]   Downloaded jwalk v0.8.1
[INFO] [stderr]   Downloaded libdeflater v1.26.0
[INFO] [stderr]   Downloaded darling v0.24.1
[INFO] [stderr]   Downloaded clap v4.6.6
[INFO] [stderr]   Downloaded clap_derive v4.6.4
[INFO] [stderr]   Downloaded lzfse-sys v2.0.0
[INFO] [stderr]   Downloaded lru v0.18.2
[INFO] [stderr]   Downloaded wezterm-bidi v0.2.3
[INFO] [stderr]   Downloaded finl_unicode v1.4.0
[INFO] [stderr]   Downloaded darling_core v0.24.1
[INFO] [stderr]   Downloaded rand v0.8.8
[INFO] [stderr]   Downloaded fancy-regex v0.11.0
[INFO] [stderr]   Downloaded termina v0.3.3
[INFO] [stderr]   Downloaded ratatui-core v0.1.2
[INFO] [stderr]   Downloaded pest v2.9.0
[INFO] [stderr]   Downloaded clap_builder v4.6.6
[INFO] [stderr]   Downloaded libdeflate-sys v1.26.0
[INFO] [stderr]   Downloaded ratatui-widgets v0.3.2
[INFO] [stderr]   Downloaded palette v0.7.7
[INFO] [stderr]   Downloaded nix v0.29.0
[INFO] [stderr]   Downloaded termwiz v0.23.3
[INFO] [stderr]   Downloaded deltae v0.3.2
[INFO] running `Command { std: "docker" "create" "-v" "/var/lib/crater-agent-workspace/builds/worker-2-tc1/source:/opt/rustwide/workdir:ro,Z" "-v" "/var/lib/crater-agent-workspace/builds/worker-2-tc1/target:/opt/rustwide/target:rw,Z" "-v" "/var/lib/crater-agent-workspace/cargo-home:/opt/rustwide/cargo-home:ro,Z" "-v" "/var/lib/crater-agent-workspace/rustup-home:/opt/rustwide/rustup-home:ro,Z" "-m" "1610612736" "--network" "none" "ghcr.io/rust-lang/crates-build-env/linux@sha256:77db811e55d90add9212f6832c23229e3de5f1c1f9905e8cb07319ea15df73ac" "sleep" "infinity", kill_on_drop: false }`
[INFO] [stdout] da0b0a4f35f6706b1bc4c53ab33839bf29972cca2320f2542eac893112112653
[INFO] running `Command { std: "docker" "start" "da0b0a4f35f6706b1bc4c53ab33839bf29972cca2320f2542eac893112112653", kill_on_drop: false }`
[INFO] running `Command { std: "docker" "inspect" "da0b0a4f35f6706b1bc4c53ab33839bf29972cca2320f2542eac893112112653", kill_on_drop: false }`
[INFO] running `Command { std: "docker" "exec" "-e" "SOURCE_DIR=/opt/rustwide/workdir" "-e" "CARGO_HOME=/opt/rustwide/cargo-home" "-e" "RUSTUP_HOME=/opt/rustwide/rustup-home" "-e" "CARGO_TARGET_DIR=/opt/rustwide/target" "-w" "/opt/rustwide/workdir" "--user" "0:0" "da0b0a4f35f6706b1bc4c53ab33839bf29972cca2320f2542eac893112112653" "/opt/rustwide/cargo-home/bin/cargo" "+3154cc1a3e6424e44f438a95007d043ed5ceaaf6" "metadata" "--no-deps" "--format-version=1", kill_on_drop: false }`
[INFO] running `Command { std: "docker" "inspect" "da0b0a4f35f6706b1bc4c53ab33839bf29972cca2320f2542eac893112112653", kill_on_drop: false }`
[INFO] running `Command { std: "docker" "exec" "-e" "SOURCE_DIR=/opt/rustwide/workdir" "-e" "CARGO_HOME=/opt/rustwide/cargo-home" "-e" "RUSTUP_HOME=/opt/rustwide/rustup-home" "-e" "CARGO_TARGET_DIR=/opt/rustwide/target" "-e" "CARGO_INCREMENTAL=0" "-e" "RUST_BACKTRACE=full" "-e" "RUSTFLAGS=--cap-lints=forbid -Znext-solver=coherence" "-e" "RUSTDOCFLAGS=--cap-lints=forbid" "-w" "/opt/rustwide/workdir" "--user" "0:0" "da0b0a4f35f6706b1bc4c53ab33839bf29972cca2320f2542eac893112112653" "/opt/rustwide/cargo-home/bin/cargo" "+3154cc1a3e6424e44f438a95007d043ed5ceaaf6" "check" "--frozen" "--all" "--all-targets" "--message-format=json", kill_on_drop: false }`
[INFO] [stderr]    Compiling proc-macro2 v1.0.107
[INFO] [stderr]    Compiling crossbeam-utils v0.8.22
[INFO] [stderr]     Checking bitflags v2.13.1
[INFO] [stderr]    Compiling quote v1.0.47
[INFO] [stderr]    Compiling rustix v1.1.4
[INFO] [stderr]     Checking either v1.18.0
[INFO] [stderr]     Checking foldhash v0.2.0
[INFO] [stderr]    Compiling rustversion v1.0.23
[INFO] [stderr]    Compiling crossbeam-epoch v0.9.20
[INFO] [stderr]    Compiling thiserror v2.0.20
[INFO] [stderr]     Checking event-listener-strategy v0.5.4
[INFO] [stderr]     Checking smallvec v1.15.2
[INFO] [stderr]    Compiling crossbeam-deque v0.8.7
[INFO] [stderr]    Compiling async-io v2.6.0
[INFO] [stderr]     Checking itertools v0.14.0
[INFO] [stderr]     Checking hashbrown v0.17.1
[INFO] [stderr]     Checking parking_lot_core v0.9.12
[INFO] [stderr]     Checking hashbrown v0.16.1
[INFO] [stderr]     Checking concurrent-queue v2.5.0
[INFO] [stderr]    Compiling syn v3.0.4
[INFO] [stderr]    Compiling syn v2.0.119
[INFO] [stderr]     Checking castaway v0.2.4
[INFO] [stderr]     Checking async-task v4.7.1
[INFO] [stderr]    Compiling signal-hook v0.3.18
[INFO] [stderr]     Checking unicode-width v0.2.0
[INFO] [stderr]     Checking ryu v1.0.23
[INFO] [stderr]     Checking static_assertions v1.1.0
[INFO] [stderr]    Compiling instability v0.3.13
[INFO] [stderr]    Compiling unicode-segmentation v1.13.3
[INFO] [stderr]     Checking compact_str v0.9.1
[INFO] [stderr]     Checking lru v0.18.2
[INFO] [stderr]     Checking async-channel v2.5.0
[INFO] [stderr]    Compiling libdeflate-sys v1.26.0
[INFO] [stderr]     Checking atomic-waker v1.1.2
[INFO] [stderr]    Compiling rayon-core v1.13.0
[INFO] [stderr]     Checking critical-section v1.2.0
[INFO] [stderr]     Checking log v0.4.34
[INFO] [stderr]    Compiling indoc v2.0.7
[INFO] [stderr]     Checking mio v1.2.2
[INFO] [stderr]    Compiling convert_case v0.10.0
[INFO] [stderr]     Checking piper v0.2.5
[INFO] [stderr]    Compiling lzfse-sys v2.0.0
[INFO] [stderr]     Checking utf8parse v0.2.2
[INFO] [stderr]    Compiling litrs v1.0.0
[INFO] [stderr]    Compiling serde_core v1.0.229
[INFO] [stderr]     Checking anstyle-parse v1.0.0
[INFO] [stderr]     Checking unicode-truncate v2.0.1
[INFO] [stderr]     Checking time v0.3.55
[INFO] [stderr]    Compiling getrandom v0.4.3
[INFO] [stderr]     Checking signal-hook-mio v0.2.5
[INFO] [stderr]     Checking blocking v1.7.0
[INFO] [stderr]    Compiling document-features v0.2.12
[INFO] [stderr]     Checking tracing-core v0.1.36
[INFO] [stderr]     Checking crossbeam-channel v0.5.16
[INFO] [stderr]     Checking crossbeam-queue v0.3.13
[INFO] [stderr]     Checking parking_lot v0.12.5
[INFO] [stderr]     Checking line-clipping v0.3.8
[INFO] [stderr]     Checking async-lock v3.4.2
[INFO] [stderr]     Checking anstyle-query v1.1.5
[INFO] [stderr]     Checking colorchoice v1.0.5
[INFO] [stderr]     Checking is_terminal_polyfill v1.70.2
[INFO] [stderr]     Checking anstyle v1.0.14
[INFO] [stderr]     Checking crossbeam v0.8.4
[INFO] [stderr]     Checking rayon v1.12.0
[INFO] [stderr]     Checking anstream v1.0.0
[INFO] [stderr]    Compiling serde_json v1.0.151
[INFO] [stderr]     Checking clap_lex v1.1.0
[INFO] [stderr]    Compiling serde v1.0.229
[INFO] [stderr]     Checking strsim v0.11.1
[INFO] [stderr]     Checking hashbrown v0.14.5
[INFO] [stderr]     Checking clap_builder v4.6.6
[INFO] [stderr]     Checking dashmap v6.2.1
[INFO] [stderr]    Compiling darling_core v0.24.1
[INFO] [stderr]     Checking polling v3.11.0
[INFO] [stderr]     Checking async-signal v0.2.14
[INFO] [stderr]     Checking async-process v2.5.0
[INFO] [stderr]     Checking jwalk v0.8.1
[INFO] [stderr]     Checking async-net v2.0.0
[INFO] [stderr]     Checking tempfile v3.27.0
[INFO] [stderr]     Checking async-fs v2.2.0
[INFO] [stderr]     Checking async-executor v1.14.0
[INFO] [stderr]     Checking resource-fork v0.3.10
[INFO] [stderr]     Checking oneshot v0.2.1
[INFO] [stderr]     Checking smol v2.0.2
[INFO] [stdout] error[E0432]: unresolved import `libc::XATTR_SHOWCOMPRESSION`
[INFO] [stdout]  --> /opt/rustwide/cargo-home/registry/src/index.crates.io-1949cf8c6b5b557f/resource-fork-0.3.10/src/lib.rs:7:5
[INFO] [stdout]   |
[INFO] [stdout] 7 | use libc::XATTR_SHOWCOMPRESSION;
[INFO] [stdout]   |     ^^^^^^---------------------
[INFO] [stdout]   |           |
[INFO] [stdout]   |           no `XATTR_SHOWCOMPRESSION` in the root
[INFO] [stdout] 
[INFO] [stdout] 
[INFO] [stdout] error[E0061]: this function takes 2 arguments but 3 arguments were supplied
[INFO] [stdout]     --> /opt/rustwide/cargo-home/registry/src/index.crates.io-1949cf8c6b5b557f/resource-fork-0.3.10/src/lib.rs:59:13
[INFO] [stdout]      |
[INFO] [stdout]   59 |             libc::fremovexattr(
[INFO] [stdout]      |             ^^^^^^^^^^^^^^^^^^
[INFO] [stdout] ...
[INFO] [stdout]   62 |                 XATTR_SHOWCOMPRESSION,
[INFO] [stdout]      |                 --------------------- unexpected argument #3
[INFO] [stdout]      |
[INFO] [stdout] note: function defined here
[INFO] [stdout]     --> /opt/rustwide/cargo-home/registry/src/index.crates.io-1949cf8c6b5b557f/libc-0.2.189/src/unix/linux_like/linux/mod.rs:3576:12
[INFO] [stdout]      |
[INFO] [stdout] 3576 |     pub fn fremovexattr(filedes: c_int, name: *const c_char) -> c_int;
[INFO] [stdout]      |            ^^^^^^^^^^^^
[INFO] [stdout] help: remove the extra argument
[INFO] [stdout]      |
[INFO] [stdout]   61 -                 XATTR_NAME.as_ptr(),
[INFO] [stdout]   62 -                 XATTR_SHOWCOMPRESSION,
[INFO] [stdout]   61 +                 XATTR_NAME.as_ptr(),
[INFO] [stdout]      |
[INFO] [stdout] 
[INFO] [stdout] 
[INFO] [stdout] error[E0061]: this function takes 5 arguments but 6 arguments were supplied
[INFO] [stdout]     --> /opt/rustwide/cargo-home/registry/src/index.crates.io-1949cf8c6b5b557f/resource-fork-0.3.10/src/lib.rs:86:13
[INFO] [stdout]      |
[INFO] [stdout]   86 |             libc::fsetxattr(
[INFO] [stdout]      |             ^^^^^^^^^^^^^^^
[INFO] [stdout] ...
[INFO] [stdout]   91 |                 self.position,
[INFO] [stdout]      |                 ------------- expected `i32`, found `u32`
[INFO] [stdout]   92 |                 XATTR_SHOWCOMPRESSION,
[INFO] [stdout]      |                 --------------------- unexpected argument #6
[INFO] [stdout]      |
[INFO] [stdout] note: function defined here
[INFO] [stdout]     --> /opt/rustwide/cargo-home/registry/src/index.crates.io-1949cf8c6b5b557f/libc-0.2.189/src/unix/linux_like/linux/mod.rs:3564:12
[INFO] [stdout]      |
[INFO] [stdout] 3564 |     pub fn fsetxattr(
[INFO] [stdout]      |            ^^^^^^^^^
[INFO] [stdout] help: you can convert a `u32` to an `i32` and panic if the converted value doesn't fit
[INFO] [stdout]      |
[INFO] [stdout]   91 |                 self.position.try_into().unwrap(),
[INFO] [stdout]      |                              ++++++++++++++++++++
[INFO] [stdout] help: remove the extra argument
[INFO] [stdout]      |
[INFO] [stdout]   91 -                 self.position,
[INFO] [stdout]   92 -                 XATTR_SHOWCOMPRESSION,
[INFO] [stdout]   91 +                 /* i32 */,
[INFO] [stdout]      |
[INFO] [stdout] 
[INFO] [stdout] 
[INFO] [stdout] error[E0061]: this function takes 4 arguments but 6 arguments were supplied
[INFO] [stdout]     --> /opt/rustwide/cargo-home/registry/src/index.crates.io-1949cf8c6b5b557f/resource-fork-0.3.10/src/lib.rs:118:13
[INFO] [stdout]      |
[INFO] [stdout]  118 |             libc::fgetxattr(
[INFO] [stdout]      |             ^^^^^^^^^^^^^^^
[INFO] [stdout] ...
[INFO] [stdout]  123 |                 self.position,
[INFO] [stdout]      |                 ------------- unexpected argument #5 of type `u32`
[INFO] [stdout]  124 |                 XATTR_SHOWCOMPRESSION,
[INFO] [stdout]      |                 --------------------- unexpected argument #6
[INFO] [stdout]      |
[INFO] [stdout] note: function defined here
[INFO] [stdout]     --> /opt/rustwide/cargo-home/registry/src/index.crates.io-1949cf8c6b5b557f/libc-0.2.189/src/unix/linux_like/linux/mod.rs:3544:12
[INFO] [stdout]      |
[INFO] [stdout] 3544 |     pub fn fgetxattr(
[INFO] [stdout]      |            ^^^^^^^^^
[INFO] [stdout] help: remove the extra arguments
[INFO] [stdout]      |
[INFO] [stdout]  122 -                 buf.len(),
[INFO] [stdout]  123 -                 self.position,
[INFO] [stdout]  124 -                 XATTR_SHOWCOMPRESSION,
[INFO] [stdout]  122 +                 buf.len(),
[INFO] [stdout]      |
[INFO] [stdout] 
[INFO] [stdout] 
[INFO] [stdout] error[E0061]: this function takes 4 arguments but 6 arguments were supplied
[INFO] [stdout]     --> /opt/rustwide/cargo-home/registry/src/index.crates.io-1949cf8c6b5b557f/resource-fork-0.3.10/src/lib.rs:153:21
[INFO] [stdout]      |
[INFO] [stdout]  153 |                     libc::fgetxattr(
[INFO] [stdout]      |                     ^^^^^^^^^^^^^^^
[INFO] [stdout] ...
[INFO] [stdout]  158 |                         0,
[INFO] [stdout]      |                         - unexpected argument #5 of type `{integer}`
[INFO] [stdout]  159 |                         XATTR_SHOWCOMPRESSION,
[INFO] [stdout]      |                         --------------------- unexpected argument #6
[INFO] [stdout]      |
[INFO] [stdout] note: function defined here
[INFO] [stdout]     --> /opt/rustwide/cargo-home/registry/src/index.crates.io-1949cf8c6b5b557f/libc-0.2.189/src/unix/linux_like/linux/mod.rs:3544:12
[INFO] [stdout]      |
[INFO] [stdout] 3544 |     pub fn fgetxattr(
[INFO] [stdout]      |            ^^^^^^^^^
[INFO] [stdout] help: remove the extra arguments
[INFO] [stdout]      |
[INFO] [stdout]  157 -                         0,
[INFO] [stdout]  158 -                         0,
[INFO] [stdout]  159 -                         XATTR_SHOWCOMPRESSION,
[INFO] [stdout]  157 +                         0,
[INFO] [stdout]      |
[INFO] [stdout] 
[INFO] [stdout] 
[INFO] [stdout] Some errors have detailed explanations: E0061, E0432.
[INFO] [stdout] 
[INFO] [stdout] For more information about an error, try `rustc --explain E0061`.
[INFO] [stdout] 
[INFO] [stderr] error: could not compile `resource-fork` (lib) due to 5 previous errors
[INFO] [stderr] warning: build failed, waiting for other jobs to finish...
[INFO] running `Command { std: "docker" "inspect" "da0b0a4f35f6706b1bc4c53ab33839bf29972cca2320f2542eac893112112653", kill_on_drop: false }`
[INFO] running `Command { std: "docker" "rm" "-f" "da0b0a4f35f6706b1bc4c53ab33839bf29972cca2320f2542eac893112112653", kill_on_drop: false }`
[INFO] [stdout] da0b0a4f35f6706b1bc4c53ab33839bf29972cca2320f2542eac893112112653
