[INFO] cloning repository https://github.com/Serophots/rbf-interpolation
[INFO] running `Command { std: "git" "-c" "credential.helper=" "-c" "credential.helper=/workspace/cargo-home/bin/git-credential-null" "clone" "--bare" "https://github.com/Serophots/rbf-interpolation" "/workspace/cache/git-repos/https%3A%2F%2Fgithub.com%2FSerophots%2Frbf-interpolation", kill_on_drop: false }`
[INFO] [stderr] Cloning into bare repository '/workspace/cache/git-repos/https%3A%2F%2Fgithub.com%2FSerophots%2Frbf-interpolation'...
[INFO] running `Command { std: "git" "rev-parse" "HEAD", kill_on_drop: false }`
[INFO] [stdout] af51c8af18ebc97999a4655cd0098eeac4be4c2c
[INFO] checking Serophots/rbf-interpolation against 3154cc1a3e6424e44f438a95007d043ed5ceaaf6 for pr-133502-30
[INFO] running `Command { std: "git" "clone" "/workspace/cache/git-repos/https%3A%2F%2Fgithub.com%2FSerophots%2Frbf-interpolation" "/workspace/builds/worker-3-tc2/source", kill_on_drop: false }`
[INFO] [stderr] Cloning into '/workspace/builds/worker-3-tc2/source'...
[INFO] [stderr] done.
[INFO] started tweaking git repo https://github.com/Serophots/rbf-interpolation
[INFO] finished tweaking git repo https://github.com/Serophots/rbf-interpolation
[INFO] tweaked toml for git repo https://github.com/Serophots/rbf-interpolation written to /workspace/builds/worker-3-tc2/source/Cargo.toml
[INFO] validating manifest of git repo https://github.com/Serophots/rbf-interpolation on toolchain 3154cc1a3e6424e44f438a95007d043ed5ceaaf6
[INFO] running `Command { std: CARGO_HOME="/workspace/cargo-home" RUSTUP_HOME="/workspace/rustup-home" "/workspace/cargo-home/bin/cargo" "+3154cc1a3e6424e44f438a95007d043ed5ceaaf6" "metadata" "--manifest-path" "Cargo.toml" "--no-deps", kill_on_drop: false }`
[INFO] crate git repo https://github.com/Serophots/rbf-interpolation already has a lockfile, it will not be regenerated
[INFO] running `Command { std: CARGO_HOME="/workspace/cargo-home" RUSTUP_HOME="/workspace/rustup-home" "/workspace/cargo-home/bin/cargo" "+3154cc1a3e6424e44f438a95007d043ed5ceaaf6" "fetch" "--manifest-path" "Cargo.toml", kill_on_drop: false }`
[INFO] [stderr]     Blocking waiting for file lock on package cache
[INFO] [stderr]     Blocking waiting for file lock on package cache
[INFO] running `Command { std: "docker" "create" "-v" "/var/lib/crater-agent-workspace/builds/worker-3-tc2/source:/opt/rustwide/workdir:ro,Z" "-v" "/var/lib/crater-agent-workspace/builds/worker-3-tc2/target:/opt/rustwide/target:rw,Z" "-v" "/var/lib/crater-agent-workspace/cargo-home:/opt/rustwide/cargo-home:ro,Z" "-v" "/var/lib/crater-agent-workspace/rustup-home:/opt/rustwide/rustup-home:ro,Z" "-m" "1610612736" "--network" "none" "ghcr.io/rust-lang/crates-build-env/linux@sha256:77db811e55d90add9212f6832c23229e3de5f1c1f9905e8cb07319ea15df73ac" "sleep" "infinity", kill_on_drop: false }`
[INFO] [stdout] 6ec95908ea84e9afd7cf2d4a8ec5583ad78a5cf055c82601fb34ed8051538e29
[INFO] running `Command { std: "docker" "start" "6ec95908ea84e9afd7cf2d4a8ec5583ad78a5cf055c82601fb34ed8051538e29", kill_on_drop: false }`
[INFO] running `Command { std: "docker" "inspect" "6ec95908ea84e9afd7cf2d4a8ec5583ad78a5cf055c82601fb34ed8051538e29", kill_on_drop: false }`
[INFO] running `Command { std: "docker" "exec" "-e" "SOURCE_DIR=/opt/rustwide/workdir" "-e" "CARGO_HOME=/opt/rustwide/cargo-home" "-e" "RUSTUP_HOME=/opt/rustwide/rustup-home" "-e" "CARGO_TARGET_DIR=/opt/rustwide/target" "-w" "/opt/rustwide/workdir" "--user" "0:0" "6ec95908ea84e9afd7cf2d4a8ec5583ad78a5cf055c82601fb34ed8051538e29" "/opt/rustwide/cargo-home/bin/cargo" "+3154cc1a3e6424e44f438a95007d043ed5ceaaf6" "metadata" "--no-deps" "--format-version=1", kill_on_drop: false }`
[INFO] running `Command { std: "docker" "inspect" "6ec95908ea84e9afd7cf2d4a8ec5583ad78a5cf055c82601fb34ed8051538e29", kill_on_drop: false }`
[INFO] running `Command { std: "docker" "exec" "-e" "SOURCE_DIR=/opt/rustwide/workdir" "-e" "CARGO_HOME=/opt/rustwide/cargo-home" "-e" "RUSTUP_HOME=/opt/rustwide/rustup-home" "-e" "CARGO_TARGET_DIR=/opt/rustwide/target" "-e" "CARGO_INCREMENTAL=0" "-e" "RUST_BACKTRACE=full" "-e" "RUSTFLAGS=--cap-lints=forbid" "-e" "RUSTDOCFLAGS=--cap-lints=forbid" "-w" "/opt/rustwide/workdir" "--user" "0:0" "6ec95908ea84e9afd7cf2d4a8ec5583ad78a5cf055c82601fb34ed8051538e29" "/opt/rustwide/cargo-home/bin/cargo" "+3154cc1a3e6424e44f438a95007d043ed5ceaaf6" "check" "--frozen" "--all" "--all-targets" "--message-format=json", kill_on_drop: false }`
[INFO] [stderr]    Compiling num-traits v0.2.19
[INFO] [stderr]    Compiling libc v0.2.182
[INFO] [stderr]    Compiling quote v1.0.44
[INFO] [stderr]     Checking bytemuck v1.25.0
[INFO] [stderr]    Compiling zerocopy v0.8.39
[INFO] [stderr]    Compiling matrixmultiply v0.3.10
[INFO] [stderr]    Compiling typenum v1.19.0
[INFO] [stderr]    Compiling getrandom v0.4.1
[INFO] [stderr]     Checking bitflags v2.11.0
[INFO] [stderr]     Checking safe_arch v0.7.4
[INFO] [stderr]     Checking rustix v1.1.4
[INFO] [stderr]    Compiling syn v2.0.117
[INFO] [stderr]     Checking once_cell v1.21.3
[INFO] [stderr]     Checking wide v0.7.33
[INFO] [stderr]     Checking num-complex v0.4.6
[INFO] [stderr]     Checking num-integer v0.1.46
[INFO] [stderr]     Checking approx v0.5.1
[INFO] [stderr]     Checking num-rational v0.4.2
[INFO] [stderr]     Checking getrandom v0.3.4
[INFO] [stderr]     Checking rand_core v0.9.5
[INFO] [stderr]     Checking tempfile v3.26.0
[INFO] [stderr]     Checking simba v0.9.1
[INFO] [stderr]     Checking gnuplot v0.0.46
[INFO] [stderr]    Compiling nalgebra-macros v0.2.2
[INFO] [stderr]     Checking ppv-lite86 v0.2.21
[INFO] [stderr]     Checking rand_chacha v0.9.0
[INFO] [stderr]     Checking rand v0.9.2
[INFO] [stderr]     Checking nalgebra v0.33.2
[INFO] [stderr]     Checking rbf-interpolation v0.1.1 (/opt/rustwide/workdir)
[INFO] [stdout] warning: `feature(generic_const_exprs)` is not supported with the next-generation trait solver
[INFO] [stdout]  --> src/lib.rs:1:12
[INFO] [stdout]   |
[INFO] [stdout] 1 | #![feature(generic_const_exprs)]
[INFO] [stdout]   |            ^^^^^^^^^^^^^^^^^^^
[INFO] [stdout]   |
[INFO] [stdout]   = note: `-Znext-solver=globally` is currently enabled by default for testing
[INFO] [stdout]   = note: reverted the setting to `-Znext-solver=coherence` for this crate
[INFO] [stdout]   = note: the currently stable trait solver will be used for this crate
[INFO] [stdout]   = note: see issues #160895 <https://github.com/rust-lang/rust/issues/160895> for more information
[INFO] [stdout] 
[INFO] [stdout] 
[INFO] [stdout] warning: `feature(generic_const_exprs)` is not supported with the next-generation trait solver
[INFO] [stdout]  --> src/lib.rs:1:12
[INFO] [stdout]   |
[INFO] [stdout] 1 | #![feature(generic_const_exprs)]
[INFO] [stdout]   |            ^^^^^^^^^^^^^^^^^^^
[INFO] [stdout]   |
[INFO] [stdout]   = note: `-Znext-solver=globally` is currently enabled by default for testing
[INFO] [stdout]   = note: reverted the setting to `-Znext-solver=coherence` for this crate
[INFO] [stdout]   = note: the currently stable trait solver will be used for this crate
[INFO] [stdout]   = note: see issues #160895 <https://github.com/rust-lang/rust/issues/160895> for more information
[INFO] [stdout] 
[INFO] [stdout] 
[INFO] [stderr] 
[INFO] [stderr] thread 'rustc' (380) panicked at /rustc-dev/3154cc1a3e6424e44f438a95007d043ed5ceaaf6/compiler/rustc_infer/src/infer/mod.rs:1705:64:
[INFO] [stderr] internal error: entered unreachable code
[INFO] [stderr] stack backtrace:
[INFO] [stderr]    0:     0x7f9d423fda86 - <<std[3164a59e47d3bde]::sys::backtrace::BacktraceLock>::print::DisplayBacktrace as core[934024a1e6126fb4]::fmt::Display>::fmt
[INFO] [stderr]    1:     0x7f9d42a0b58f - core[934024a1e6126fb4]::fmt::write
[INFO] [stderr]    2:     0x7f9d4241407c - <std[3164a59e47d3bde]::sys::stdio::unix::Stderr as core[934024a1e6126fb4]::io::write::Write>::write_fmt
[INFO] [stderr]    3:     0x7f9d423ced4a - std[3164a59e47d3bde]::panicking::default_hook::{closure#0}
[INFO] [stderr]    4:     0x7f9d423f12c3 - std[3164a59e47d3bde]::panicking::default_hook
[INFO] [stderr]    5:     0x7f9d4116d915 - std[3164a59e47d3bde]::panicking::update_hook::<alloc[b96ed41a801e996d]::boxed::Box<rustc_driver_impl[4d41c45c6d37fa8c]::install_ice_hook::{closure#1}>>::{closure#0}
[INFO] [stderr]    6:     0x7f9d423f1762 - std[3164a59e47d3bde]::panicking::panic_with_hook
[INFO] [stderr]    7:     0x7f9d423cee34 - std[3164a59e47d3bde]::panicking::panic_handler::{closure#0}
[INFO] [stderr]    8:     0x7f9d423c63a9 - std[3164a59e47d3bde]::sys::backtrace::__rust_end_short_backtrace::<std[3164a59e47d3bde]::panicking::panic_handler::{closure#0}, !>
[INFO] [stderr]    9:     0x7f9d423d09dd - __rustc[2e7b49d4226056d3]::rust_begin_unwind
[INFO] [stderr]   10:     0x7f9d3ee45a5c - core[934024a1e6126fb4]::panicking::panic_fmt
[INFO] [stderr]   11:     0x7f9d3f419492 - core[934024a1e6126fb4]::panicking::panic
[INFO] [stderr]   12:     0x7f9d42d7852e - <rustc_next_trait_solver[b3acf562f09fbe6a]::solve::eval_ctxt::EvalCtxt<rustc_trait_selection[579280d4a5e4d181]::solve::delegate::SolverDelegate, rustc_middle[9749cded0b0e17c3]::ty::context::TyCtxt>>::evaluate_const
[INFO] [stderr]   13:     0x7f9d42d47bb9 - <rustc_next_trait_solver[b3acf562f09fbe6a]::solve::eval_ctxt::EvalCtxt<rustc_trait_selection[579280d4a5e4d181]::solve::delegate::SolverDelegate, rustc_middle[9749cded0b0e17c3]::ty::context::TyCtxt>>::evaluate_const_and_instantiate_projection_term
[INFO] [stderr]   14:     0x7f9d438c2651 - <rustc_next_trait_solver[b3acf562f09fbe6a]::solve::eval_ctxt::EvalCtxt<rustc_trait_selection[579280d4a5e4d181]::solve::delegate::SolverDelegate, rustc_middle[9749cded0b0e17c3]::ty::context::TyCtxt>>::evaluate_goal_no_fast_paths
[INFO] [stderr]   15:     0x7f9d42e746c0 - <rustc_trait_selection[579280d4a5e4d181]::solve::delegate::SolverDelegate as rustc_next_trait_solver[b3acf562f09fbe6a]::solve::eval_ctxt::SolverDelegateEvalExt>::evaluate_root_goal
[INFO] [stderr]   16:     0x7f9d42e74e3a - <rustc_next_trait_solver[b3acf562f09fbe6a]::normalize::NormalizationFolder<rustc_infer[378f9c2af57772fb]::infer::InferCtxt, rustc_middle[9749cded0b0e17c3]::ty::context::TyCtxt, rustc_trait_selection[579280d4a5e4d181]::solve::normalize::normalize_with_universes<rustc_type_ir[aff52ad0bd0f686]::binder::Binder<rustc_middle[9749cded0b0e17c3]::ty::context::TyCtxt, rustc_type_ir[aff52ad0bd0f686]::ty_kind::FnSig<rustc_middle[9749cded0b0e17c3]::ty::context::TyCtxt>>>::{closure#0}>>::normalize_alias_term
[INFO] [stderr]   17:     0x7f9d438956ee - <rustc_next_trait_solver[b3acf562f09fbe6a]::normalize::NormalizationFolder<rustc_infer[378f9c2af57772fb]::infer::InferCtxt, rustc_middle[9749cded0b0e17c3]::ty::context::TyCtxt, rustc_trait_selection[579280d4a5e4d181]::solve::normalize::normalize_with_universes<core[934024a1e6126fb4]::option::Option<rustc_middle[9749cded0b0e17c3]::ty::Ty>>::{closure#0}> as rustc_type_ir[aff52ad0bd0f686]::fold::FallibleTypeFolder<rustc_middle[9749cded0b0e17c3]::ty::context::TyCtxt>>::try_fold_const::{closure#0}
[INFO] [stderr]   18:     0x7f9d4389537b - <&rustc_middle[9749cded0b0e17c3]::ty::list::RawList<(), rustc_middle[9749cded0b0e17c3]::ty::generic_args::GenericArg> as rustc_type_ir[aff52ad0bd0f686]::fold::TypeFoldable<rustc_middle[9749cded0b0e17c3]::ty::context::TyCtxt>>::try_fold_with::<rustc_next_trait_solver[b3acf562f09fbe6a]::normalize::NormalizationFolder<rustc_infer[378f9c2af57772fb]::infer::InferCtxt, rustc_middle[9749cded0b0e17c3]::ty::context::TyCtxt, rustc_trait_selection[579280d4a5e4d181]::solve::normalize::normalize_with_universes<core[934024a1e6126fb4]::option::Option<rustc_middle[9749cded0b0e17c3]::ty::Ty>>::{closure#0}>>
[INFO] [stderr]   19:     0x7f9d43894793 - <rustc_next_trait_solver[b3acf562f09fbe6a]::normalize::NormalizationFolder<rustc_infer[378f9c2af57772fb]::infer::InferCtxt, rustc_middle[9749cded0b0e17c3]::ty::context::TyCtxt, rustc_trait_selection[579280d4a5e4d181]::solve::normalize::normalize_with_universes<core[934024a1e6126fb4]::option::Option<rustc_middle[9749cded0b0e17c3]::ty::Ty>>::{closure#0}> as rustc_type_ir[aff52ad0bd0f686]::fold::FallibleTypeFolder<rustc_middle[9749cded0b0e17c3]::ty::context::TyCtxt>>::try_fold_ty::{closure#0}
[INFO] [stderr]   20:     0x7f9d438950e7 - <&rustc_middle[9749cded0b0e17c3]::ty::list::RawList<(), rustc_middle[9749cded0b0e17c3]::ty::generic_args::GenericArg> as rustc_type_ir[aff52ad0bd0f686]::fold::TypeFoldable<rustc_middle[9749cded0b0e17c3]::ty::context::TyCtxt>>::try_fold_with::<rustc_next_trait_solver[b3acf562f09fbe6a]::normalize::NormalizationFolder<rustc_infer[378f9c2af57772fb]::infer::InferCtxt, rustc_middle[9749cded0b0e17c3]::ty::context::TyCtxt, rustc_trait_selection[579280d4a5e4d181]::solve::normalize::normalize_with_universes<core[934024a1e6126fb4]::option::Option<rustc_middle[9749cded0b0e17c3]::ty::Ty>>::{closure#0}>>
[INFO] [stderr]   21:     0x7f9d43894793 - <rustc_next_trait_solver[b3acf562f09fbe6a]::normalize::NormalizationFolder<rustc_infer[378f9c2af57772fb]::infer::InferCtxt, rustc_middle[9749cded0b0e17c3]::ty::context::TyCtxt, rustc_trait_selection[579280d4a5e4d181]::solve::normalize::normalize_with_universes<core[934024a1e6126fb4]::option::Option<rustc_middle[9749cded0b0e17c3]::ty::Ty>>::{closure#0}> as rustc_type_ir[aff52ad0bd0f686]::fold::FallibleTypeFolder<rustc_middle[9749cded0b0e17c3]::ty::context::TyCtxt>>::try_fold_ty::{closure#0}
[INFO] [stderr]   22:     0x7f9d43894f50 - <&rustc_middle[9749cded0b0e17c3]::ty::list::RawList<(), rustc_middle[9749cded0b0e17c3]::ty::generic_args::GenericArg> as rustc_type_ir[aff52ad0bd0f686]::fold::TypeFoldable<rustc_middle[9749cded0b0e17c3]::ty::context::TyCtxt>>::try_fold_with::<rustc_next_trait_solver[b3acf562f09fbe6a]::normalize::NormalizationFolder<rustc_infer[378f9c2af57772fb]::infer::InferCtxt, rustc_middle[9749cded0b0e17c3]::ty::context::TyCtxt, rustc_trait_selection[579280d4a5e4d181]::solve::normalize::normalize_with_universes<core[934024a1e6126fb4]::option::Option<rustc_middle[9749cded0b0e17c3]::ty::Ty>>::{closure#0}>>
[INFO] [stderr]   23:     0x7f9d43894793 - <rustc_next_trait_solver[b3acf562f09fbe6a]::normalize::NormalizationFolder<rustc_infer[378f9c2af57772fb]::infer::InferCtxt, rustc_middle[9749cded0b0e17c3]::ty::context::TyCtxt, rustc_trait_selection[579280d4a5e4d181]::solve::normalize::normalize_with_universes<core[934024a1e6126fb4]::option::Option<rustc_middle[9749cded0b0e17c3]::ty::Ty>>::{closure#0}> as rustc_type_ir[aff52ad0bd0f686]::fold::FallibleTypeFolder<rustc_middle[9749cded0b0e17c3]::ty::context::TyCtxt>>::try_fold_ty::{closure#0}
[INFO] [stderr]   24:     0x7f9d42e88179 - <rustc_hir_typeck[52f5caf1595d1c05]::method::probe::ProbeContext>::consider_probe::{closure#0}
[INFO] [stderr]   25:     0x7f9d42e7b112 - <rustc_hir_typeck[52f5caf1595d1c05]::method::probe::ProbeContext>::pick_all_method
[INFO] [stderr]   26:     0x7f9d43c48b7a - <rustc_hir_typeck[52f5caf1595d1c05]::fn_ctxt::FnCtxt>::lookup_probe
[INFO] [stderr]   27:     0x7f9d42bf397c - <rustc_hir_typeck[52f5caf1595d1c05]::fn_ctxt::FnCtxt>::check_expr_method_call
[INFO] [stderr]   28:     0x7f9d42ca8df5 - <rustc_hir_typeck[52f5caf1595d1c05]::fn_ctxt::FnCtxt>::check_expr_with_expectation_and_args
[INFO] [stderr]   29:     0x7f9d42bf3913 - <rustc_hir_typeck[52f5caf1595d1c05]::fn_ctxt::FnCtxt>::check_expr_method_call
[INFO] [stderr]   30:     0x7f9d42ca8df5 - <rustc_hir_typeck[52f5caf1595d1c05]::fn_ctxt::FnCtxt>::check_expr_with_expectation_and_args
[INFO] [stderr]   31:     0x7f9d42c93a60 - <rustc_hir_typeck[52f5caf1595d1c05]::fn_ctxt::FnCtxt>::check_decl
[INFO] [stderr]   32:     0x7f9d42c9bb7e - <rustc_hir_typeck[52f5caf1595d1c05]::fn_ctxt::FnCtxt>::check_expr_block
[INFO] [stderr]   33:     0x7f9d42ca8dc9 - <rustc_hir_typeck[52f5caf1595d1c05]::fn_ctxt::FnCtxt>::check_expr_with_expectation_and_args
[INFO] [stderr]   34:     0x7f9d42c73716 - rustc_hir_typeck[52f5caf1595d1c05]::check::check_fn
[INFO] [stderr]   35:     0x7f9d43e45da8 - rustc_hir_typeck[52f5caf1595d1c05]::typeck_with_inspect::{closure#0}
[INFO] [stderr]   36:     0x7f9d43e441f0 - rustc_query_impl[d183d205595bb26e]::query_vtables::typeck_root::invoke_provider_fn::__rust_begin_short_backtrace
[INFO] [stderr]   37:     0x7f9d42fa1fd3 - rustc_query_impl[d183d205595bb26e]::execution::try_execute_query::<rustc_data_structures[beb512ccbba93d65]::vec_cache::VecCache<rustc_span[86848bd09168975a]::def_id::LocalDefId, rustc_middle[9749cded0b0e17c3]::query::erase::ErasedData<[u8; 8usize]>, rustc_middle[9749cded0b0e17c3]::dep_graph::graph::DepNodeIndex>, false>
[INFO] [stderr]   38:     0x7f9d42fa1c27 - rustc_query_impl[d183d205595bb26e]::query_vtables::typeck_root::execute_query_non_incr::__rust_end_short_backtrace
[INFO] [stderr]   39:     0x7f9d43116634 - <rustc_middle[9749cded0b0e17c3]::ty::context::TyCtxt>::par_hir_body_owners::<rustc_hir_analysis[13793032b16b77dc]::check_crate::{closure#1}>::{closure#0}
[INFO] [stderr]   40:     0x7f9d43115ce5 - rustc_hir_analysis[13793032b16b77dc]::check_crate
[INFO] [stderr]   41:     0x7f9d42f9e8b9 - rustc_interface[7316318c9ebc3ad]::passes::analysis
[INFO] [stderr]   42:     0x7f9d43c1b847 - rustc_query_impl[d183d205595bb26e]::execution::try_execute_query::<rustc_middle[9749cded0b0e17c3]::query::caches::SingleCache<rustc_middle[9749cded0b0e17c3]::query::erase::ErasedData<[u8; 0usize]>>, false>
[INFO] [stderr]   43:     0x7f9d43c1b62b - rustc_query_impl[d183d205595bb26e]::query_vtables::analysis::execute_query_non_incr::__rust_end_short_backtrace
[INFO] [stderr]   44:     0x7f9d43ce1490 - rustc_interface[7316318c9ebc3ad]::interface::run_compiler::<(), rustc_driver_impl[4d41c45c6d37fa8c]::compiler_entrypoint::{closure#0}>::{closure#2}
[INFO] [stderr]   45:     0x7f9d43d11782 - std[3164a59e47d3bde]::sys::backtrace::__rust_begin_short_backtrace::<rustc_interface[7316318c9ebc3ad]::util::run_in_thread_with_globals<rustc_interface[7316318c9ebc3ad]::util::run_in_thread_pool_with_globals<rustc_interface[7316318c9ebc3ad]::interface::run_compiler<(), rustc_driver_impl[4d41c45c6d37fa8c]::compiler_entrypoint::{closure#0}>::{closure#2}, ()>::{closure#0}, ()>::{closure#0}::{closure#0}, ()>
[INFO] [stderr]   46:     0x7f9d43d1152d - <std[3164a59e47d3bde]::thread::lifecycle::spawn_unchecked<rustc_interface[7316318c9ebc3ad]::util::run_in_thread_with_globals<rustc_interface[7316318c9ebc3ad]::util::run_in_thread_pool_with_globals<rustc_interface[7316318c9ebc3ad]::interface::run_compiler<(), rustc_driver_impl[4d41c45c6d37fa8c]::compiler_entrypoint::{closure#0}>::{closure#2}, ()>::{closure#0}, ()>::{closure#0}::{closure#0}, ()>::{closure#1} as core[934024a1e6126fb4]::ops::function::FnOnce<()>>::call_once::{shim:vtable#0}
[INFO] [stderr]   47:     0x7f9d43d0fa5b - <std[3164a59e47d3bde]::sys::thread::unix::Thread>::new::thread_start
[INFO] [stderr]   48:     0x7f9d3ce82dfa - <unknown>
[INFO] [stderr]   49:     0x7f9d3cf163d4 - clone
[INFO] [stderr]   50:                0x0 - <unknown>
[INFO] [stderr] 
[INFO] [stderr] error: the compiler unexpectedly panicked. This is a bug
[INFO] [stderr] 
[INFO] [stderr] note: we would appreciate a bug report: https://github.com/rust-lang/rust/issues/new?labels=C-bug%2C+I-ICE%2C+T-compiler&template=ice.md
[INFO] [stderr] 
[INFO] [stderr] note: please make sure that you have updated to the latest nightly
[INFO] [stderr] 
[INFO] [stderr] warning: the ICE couldn't be written to `/opt/rustwide/workdir/rustc-ice-2026-10-11T01_58_07-377.txt`: Read-only file system (os error 30)
[INFO] [stderr] 
[INFO] [stderr] note: rustc 1.101.0-nightly (3154cc1a3 2026-10-09) running on x86_64-unknown-linux-gnu
[INFO] [stderr] 
[INFO] [stderr] note: compiler flags: --crate-type bin -C embed-bitcode=no -C debuginfo=2
[INFO] [stderr] 
[INFO] [stderr] note: some of the compiler flags provided by cargo are hidden
[INFO] [stderr] 
[INFO] [stderr] query stack during panic:
[INFO] [stderr] #0 [typeck_root] type-checking `main`
[INFO] [stderr] #1 [analysis] running analysis passes on crate `simple`
[INFO] [stderr] end of query stack
[INFO] [stderr] error: could not compile `rbf-interpolation` (example "simple")
[INFO] [stderr] 
[INFO] [stderr] Caused by:
[INFO] [stderr]   process didn't exit successfully: `/opt/rustwide/rustup-home/toolchains/3154cc1a3e6424e44f438a95007d043ed5ceaaf6/bin/rustc --crate-name simple --edition=2024 examples/simple.rs --error-format=json --json=diagnostic-rendered-ansi,artifacts,future-incompat,unused-externs-silent --crate-type bin --emit=dep-info,metadata -C embed-bitcode=no -C debuginfo=2 --check-cfg 'cfg(docsrs,test)' --check-cfg 'cfg(feature, values())' -C metadata=b516882a9da30464 -C extra-filename=-a02585c95a8f9599 --out-dir /opt/rustwide/target/debug/build/rbf-interpolation/a02585c95a8f9599/out -L dependency=/opt/rustwide/target/debug/build/approx/828469e4f0b47831/out -L dependency=/opt/rustwide/target/debug/build/bitflags/924610f47dcb2cb8/out -L dependency=/opt/rustwide/target/debug/build/bytemuck/8c7b3eddc18c84c9/out -L dependency=/opt/rustwide/target/debug/build/byteorder/d92705dd1d5353b1/out -L dependency=/opt/rustwide/target/debug/build/cfg-if/190c9021fd162845/out -L dependency=/opt/rustwide/target/debug/build/fastrand/a6b04798eb47a00f/out -L dependency=/opt/rustwide/target/debug/build/getrandom/1704ca59879d13f2/out -L dependency=/opt/rustwide/target/debug/build/getrandom/3b1fa4e94bc98220/out -L dependency=/opt/rustwide/target/debug/build/libc/dfaee1a237627e20/out -L dependency=/opt/rustwide/target/debug/build/linux-raw-sys/069649a5354d504b/out -L dependency=/opt/rustwide/target/debug/build/matrixmultiply/948f83bf4c3b1cf4/out -L dependency=/opt/rustwide/target/debug/build/nalgebra-macros/8955e005e0d74baa/out -L dependency=/opt/rustwide/target/debug/build/nalgebra/a87512f53e7768cb/out -L dependency=/opt/rustwide/target/debug/build/num-complex/8ea1330a4d480acf/out -L dependency=/opt/rustwide/target/debug/build/num-integer/0fb0e996bf37432f/out -L dependency=/opt/rustwide/target/debug/build/num-rational/5b315c35edcc51cc/out -L dependency=/opt/rustwide/target/debug/build/num-traits/3f20bdcfe3eb0a45/out -L dependency=/opt/rustwide/target/debug/build/once_cell/1e33ca8b3d236051/out -L dependency=/opt/rustwide/target/debug/build/paste/c5e5e8a2bd161c29/out -L dependency=/opt/rustwide/target/debug/build/ppv-lite86/5ec82b32ed383664/out -L dependency=/opt/rustwide/target/debug/build/rand_chacha/6427f39ce3ee04e5/out -L dependency=/opt/rustwide/target/debug/build/rand_core/0144de13002ab77e/out -L dependency=/opt/rustwide/target/debug/build/rawpointer/1161d966db9d7afd/out -L dependency=/opt/rustwide/target/debug/build/rustix/c148517b41e4b287/out -L dependency=/opt/rustwide/target/debug/build/safe_arch/6b5043594606cc69/out -L dependency=/opt/rustwide/target/debug/build/simba/cdb3f904b9f0977e/out -L dependency=/opt/rustwide/target/debug/build/tempfile/64d98fda06b02b6f/out -L dependency=/opt/rustwide/target/debug/build/typenum/2001cc7989580d48/out -L dependency=/opt/rustwide/target/debug/build/wide/b207c96f36afbdad/out -L dependency=/opt/rustwide/target/debug/build/zerocopy/46d85773dc52aabd/out --extern gnuplot=/opt/rustwide/target/debug/build/gnuplot/65a736e719914919/out/libgnuplot-65a736e719914919.rmeta --extern nalgebra=/opt/rustwide/target/debug/build/nalgebra/a87512f53e7768cb/out/libnalgebra-a87512f53e7768cb.rmeta --extern num_traits=/opt/rustwide/target/debug/build/num-traits/3f20bdcfe3eb0a45/out/libnum_traits-3f20bdcfe3eb0a45.rmeta --extern rand=/opt/rustwide/target/debug/build/rand/aad62c028f618059/out/librand-aad62c028f618059.rmeta --extern rbf_interpolation=/opt/rustwide/target/debug/build/rbf-interpolation/e0c9e0dd88778380/out/librbf_interpolation-e0c9e0dd88778380.rmeta --cap-lints=forbid --force-warn=unused_crate_dependencies` (exit status: 101)
[INFO] [stderr] warning: build failed, waiting for other jobs to finish...
[INFO] [stderr] 
[INFO] [stderr] thread 'rustc' (382) panicked at /rustc-dev/3154cc1a3e6424e44f438a95007d043ed5ceaaf6/compiler/rustc_infer/src/infer/mod.rs:1705:64:
[INFO] [stderr] internal error: entered unreachable code
[INFO] [stderr] stack backtrace:
[INFO] [stderr] 
[INFO] [stderr] thread 'rustc' (384) panicked at /rustc-dev/3154cc1a3e6424e44f438a95007d043ed5ceaaf6/compiler/rustc_infer/src/infer/mod.rs:1705:64:
[INFO] [stderr] internal error: entered unreachable code
[INFO] [stderr] stack backtrace:
[INFO] [stderr]    0:     0x700f6c7fda86 - <<std[3164a59e47d3bde]::sys::backtrace::BacktraceLock>::print::DisplayBacktrace as core[934024a1e6126fb4]::fmt::Display>::fmt
[INFO] [stderr]    1:     0x700f6ce0b58f - core[934024a1e6126fb4]::fmt::write
[INFO] [stderr]    2:     0x700f6c81407c - <std[3164a59e47d3bde]::sys::stdio::unix::Stderr as core[934024a1e6126fb4]::io::write::Write>::write_fmt
[INFO] [stderr]    3:     0x700f6c7ced4a - std[3164a59e47d3bde]::panicking::default_hook::{closure#0}
[INFO] [stderr]    4:     0x700f6c7f12c3 - std[3164a59e47d3bde]::panicking::default_hook
[INFO] [stderr]    5:     0x700f6b56d915 - std[3164a59e47d3bde]::panicking::update_hook::<alloc[b96ed41a801e996d]::boxed::Box<rustc_driver_impl[4d41c45c6d37fa8c]::install_ice_hook::{closure#1}>>::{closure#0}
[INFO] [stderr]    6:     0x700f6c7f1762 - std[3164a59e47d3bde]::panicking::panic_with_hook
[INFO] [stderr]    7:     0x700f6c7cee34 - std[3164a59e47d3bde]::panicking::panic_handler::{closure#0}
[INFO] [stderr]    8:     0x700f6c7c63a9 - std[3164a59e47d3bde]::sys::backtrace::__rust_end_short_backtrace::<std[3164a59e47d3bde]::panicking::panic_handler::{closure#0}, !>
[INFO] [stderr]    9:     0x700f6c7d09dd - __rustc[2e7b49d4226056d3]::rust_begin_unwind
[INFO] [stderr]   10:     0x700f69245a5c - core[934024a1e6126fb4]::panicking::panic_fmt
[INFO] [stderr]   11:     0x700f69819492 - core[934024a1e6126fb4]::panicking::panic
[INFO] [stderr]   12:     0x700f6d17852e - <rustc_next_trait_solver[b3acf562f09fbe6a]::solve::eval_ctxt::EvalCtxt<rustc_trait_selection[579280d4a5e4d181]::solve::delegate::SolverDelegate, rustc_middle[9749cded0b0e17c3]::ty::context::TyCtxt>>::evaluate_const
[INFO] [stderr]   13:     0x700f6d147bb9 - <rustc_next_trait_solver[b3acf562f09fbe6a]::solve::eval_ctxt::EvalCtxt<rustc_trait_selection[579280d4a5e4d181]::solve::delegate::SolverDelegate, rustc_middle[9749cded0b0e17c3]::ty::context::TyCtxt>>::evaluate_const_and_instantiate_projection_term
[INFO] [stderr]   14:     0x700f6dcc2651 - <rustc_next_trait_solver[b3acf562f09fbe6a]::solve::eval_ctxt::EvalCtxt<rustc_trait_selection[579280d4a5e4d181]::solve::delegate::SolverDelegate, rustc_middle[9749cded0b0e17c3]::ty::context::TyCtxt>>::evaluate_goal_no_fast_paths
[INFO] [stderr]   15:     0x700f6d2746c0 - <rustc_trait_selection[579280d4a5e4d181]::solve::delegate::SolverDelegate as rustc_next_trait_solver[b3acf562f09fbe6a]::solve::eval_ctxt::SolverDelegateEvalExt>::evaluate_root_goal
[INFO] [stderr]   16:     0x700f6d274e3a - <rustc_next_trait_solver[b3acf562f09fbe6a]::normalize::NormalizationFolder<rustc_infer[378f9c2af57772fb]::infer::InferCtxt, rustc_middle[9749cded0b0e17c3]::ty::context::TyCtxt, rustc_trait_selection[579280d4a5e4d181]::solve::normalize::normalize_with_universes<rustc_type_ir[aff52ad0bd0f686]::binder::Binder<rustc_middle[9749cded0b0e17c3]::ty::context::TyCtxt, rustc_type_ir[aff52ad0bd0f686]::ty_kind::FnSig<rustc_middle[9749cded0b0e17c3]::ty::context::TyCtxt>>>::{closure#0}>>::normalize_alias_term
[INFO] [stderr]   17:     0x700f6dc956ee - <rustc_next_trait_solver[b3acf562f09fbe6a]::normalize::NormalizationFolder<rustc_infer[378f9c2af57772fb]::infer::InferCtxt, rustc_middle[9749cded0b0e17c3]::ty::context::TyCtxt, rustc_trait_selection[579280d4a5e4d181]::solve::normalize::normalize_with_universes<core[934024a1e6126fb4]::option::Option<rustc_middle[9749cded0b0e17c3]::ty::Ty>>::{closure#0}> as rustc_type_ir[aff52ad0bd0f686]::fold::FallibleTypeFolder<rustc_middle[9749cded0b0e17c3]::ty::context::TyCtxt>>::try_fold_const::{closure#0}
[INFO] [stderr]   18:     0x700f6dc9537b - <&rustc_middle[9749cded0b0e17c3]::ty::list::RawList<(), rustc_middle[9749cded0b0e17c3]::ty::generic_args::GenericArg> as rustc_type_ir[aff52ad0bd0f686]::fold::TypeFoldable<rustc_middle[9749cded0b0e17c3]::ty::context::TyCtxt>>::try_fold_with::<rustc_next_trait_solver[b3acf562f09fbe6a]::normalize::NormalizationFolder<rustc_infer[378f9c2af57772fb]::infer::InferCtxt, rustc_middle[9749cded0b0e17c3]::ty::context::TyCtxt, rustc_trait_selection[579280d4a5e4d181]::solve::normalize::normalize_with_universes<core[934024a1e6126fb4]::option::Option<rustc_middle[9749cded0b0e17c3]::ty::Ty>>::{closure#0}>>
[INFO] [stderr]   19:     0x700f6dc94793 - <rustc_next_trait_solver[b3acf562f09fbe6a]::normalize::NormalizationFolder<rustc_infer[378f9c2af57772fb]::infer::InferCtxt, rustc_middle[9749cded0b0e17c3]::ty::context::TyCtxt, rustc_trait_selection[579280d4a5e4d181]::solve::normalize::normalize_with_universes<core[934024a1e6126fb4]::option::Option<rustc_middle[9749cded0b0e17c3]::ty::Ty>>::{closure#0}> as rustc_type_ir[aff52ad0bd0f686]::fold::FallibleTypeFolder<rustc_middle[9749cded0b0e17c3]::ty::context::TyCtxt>>::try_fold_ty::{closure#0}
[INFO] [stderr]   20:     0x700f6dc950e7 - <&rustc_middle[9749cded0b0e17c3]::ty::list::RawList<(), rustc_middle[9749cded0b0e17c3]::ty::generic_args::GenericArg> as rustc_type_ir[aff52ad0bd0f686]::fold::TypeFoldable<rustc_middle[9749cded0b0e17c3]::ty::context::TyCtxt>>::try_fold_with::<rustc_next_trait_solver[b3acf562f09fbe6a]::normalize::NormalizationFolder<rustc_infer[378f9c2af57772fb]::infer::InferCtxt, rustc_middle[9749cded0b0e17c3]::ty::context::TyCtxt, rustc_trait_selection[579280d4a5e4d181]::solve::normalize::normalize_with_universes<core[934024a1e6126fb4]::option::Option<rustc_middle[9749cded0b0e17c3]::ty::Ty>>::{closure#0}>>
[INFO] [stderr]   21:     0x700f6dc94793 - <rustc_next_trait_solver[b3acf562f09fbe6a]::normalize::NormalizationFolder<rustc_infer[378f9c2af57772fb]::infer::InferCtxt, rustc_middle[9749cded0b0e17c3]::ty::context::TyCtxt, rustc_trait_selection[579280d4a5e4d181]::solve::normalize::normalize_with_universes<core[934024a1e6126fb4]::option::Option<rustc_middle[9749cded0b0e17c3]::ty::Ty>>::{closure#0}> as rustc_type_ir[aff52ad0bd0f686]::fold::FallibleTypeFolder<rustc_middle[9749cded0b0e17c3]::ty::context::TyCtxt>>::try_fold_ty::{closure#0}
[INFO] [stderr]   22:     0x700f6dc94f50 - <&rustc_middle[9749cded0b0e17c3]::ty::list::RawList<(), rustc_middle[9749cded0b0e17c3]::ty::generic_args::GenericArg> as rustc_type_ir[aff52ad0bd0f686]::fold::TypeFoldable<rustc_middle[9749cded0b0e17c3]::ty::context::TyCtxt>>::try_fold_with::<rustc_next_trait_solver[b3acf562f09fbe6a]::normalize::NormalizationFolder<rustc_infer[378f9c2af57772fb]::infer::InferCtxt, rustc_middle[9749cded0b0e17c3]::ty::context::TyCtxt, rustc_trait_selection[579280d4a5e4d181]::solve::normalize::normalize_with_universes<core[934024a1e6126fb4]::option::Option<rustc_middle[9749cded0b0e17c3]::ty::Ty>>::{closure#0}>>
[INFO] [stderr]   23:     0x700f6dc94793 - <rustc_next_trait_solver[b3acf562f09fbe6a]::normalize::NormalizationFolder<rustc_infer[378f9c2af57772fb]::infer::InferCtxt, rustc_middle[9749cded0b0e17c3]::ty::context::TyCtxt, rustc_trait_selection[579280d4a5e4d181]::solve::normalize::normalize_with_universes<core[934024a1e6126fb4]::option::Option<rustc_middle[9749cded0b0e17c3]::ty::Ty>>::{closure#0}> as rustc_type_ir[aff52ad0bd0f686]::fold::FallibleTypeFolder<rustc_middle[9749cded0b0e17c3]::ty::context::TyCtxt>>::try_fold_ty::{closure#0}
[INFO] [stderr]   24:     0x700f6d288179 - <rustc_hir_typeck[52f5caf1595d1c05]::method::probe::ProbeContext>::consider_probe::{closure#0}
[INFO] [stderr]    0:     0x754f8b5fda86 - <<std[3164a59e47d3bde]::sys::backtrace::BacktraceLock>::print::DisplayBacktrace as core[934024a1e6126fb4]::fmt::Display>::fmt
[INFO] [stderr]    1:     0x754f8bc0b58f - core[934024a1e6126fb4]::fmt::write
[INFO] [stderr]   25:     0x700f6d27b112 - <rustc_hir_typeck[52f5caf1595d1c05]::method::probe::ProbeContext>::pick_all_method
[INFO] [stderr]   26:     0x700f6e048b7a - <rustc_hir_typeck[52f5caf1595d1c05]::fn_ctxt::FnCtxt>::lookup_probe
[INFO] [stderr]   27:     0x700f6cff397c - <rustc_hir_typeck[52f5caf1595d1c05]::fn_ctxt::FnCtxt>::check_expr_method_call
[INFO] [stderr]   28:     0x700f6d0a8df5 - <rustc_hir_typeck[52f5caf1595d1c05]::fn_ctxt::FnCtxt>::check_expr_with_expectation_and_args
[INFO] [stderr]   29:     0x700f6cff3913 - <rustc_hir_typeck[52f5caf1595d1c05]::fn_ctxt::FnCtxt>::check_expr_method_call
[INFO] [stderr]   30:     0x700f6d0a8df5 - <rustc_hir_typeck[52f5caf1595d1c05]::fn_ctxt::FnCtxt>::check_expr_with_expectation_and_args
[INFO] [stderr]   31:     0x700f6d093a60 - <rustc_hir_typeck[52f5caf1595d1c05]::fn_ctxt::FnCtxt>::check_decl
[INFO] [stderr]   32:     0x700f6d09bb7e - <rustc_hir_typeck[52f5caf1595d1c05]::fn_ctxt::FnCtxt>::check_expr_block
[INFO] [stderr]   33:     0x700f6d0a8dc9 - <rustc_hir_typeck[52f5caf1595d1c05]::fn_ctxt::FnCtxt>::check_expr_with_expectation_and_args
[INFO] [stderr]   34:     0x700f6d073716 - rustc_hir_typeck[52f5caf1595d1c05]::check::check_fn
[INFO] [stderr]   35:     0x700f6e245da8 - rustc_hir_typeck[52f5caf1595d1c05]::typeck_with_inspect::{closure#0}
[INFO] [stderr]   36:     0x700f6e2441f0 - rustc_query_impl[d183d205595bb26e]::query_vtables::typeck_root::invoke_provider_fn::__rust_begin_short_backtrace
[INFO] [stderr]   37:     0x700f6d3a1fd3 - rustc_query_impl[d183d205595bb26e]::execution::try_execute_query::<rustc_data_structures[beb512ccbba93d65]::vec_cache::VecCache<rustc_span[86848bd09168975a]::def_id::LocalDefId, rustc_middle[9749cded0b0e17c3]::query::erase::ErasedData<[u8; 8usize]>, rustc_middle[9749cded0b0e17c3]::dep_graph::graph::DepNodeIndex>, false>
[INFO] [stderr]   38:     0x700f6d3a1c27 - rustc_query_impl[d183d205595bb26e]::query_vtables::typeck_root::execute_query_non_incr::__rust_end_short_backtrace
[INFO] [stderr]   39:     0x700f6d516634 - <rustc_middle[9749cded0b0e17c3]::ty::context::TyCtxt>::par_hir_body_owners::<rustc_hir_analysis[13793032b16b77dc]::check_crate::{closure#1}>::{closure#0}
[INFO] [stderr]   40:     0x700f6d515ce5 - rustc_hir_analysis[13793032b16b77dc]::check_crate
[INFO] [stderr]   41:     0x700f6d39e8b9 - rustc_interface[7316318c9ebc3ad]::passes::analysis
[INFO] [stderr]   42:     0x700f6e01b847 - rustc_query_impl[d183d205595bb26e]::execution::try_execute_query::<rustc_middle[9749cded0b0e17c3]::query::caches::SingleCache<rustc_middle[9749cded0b0e17c3]::query::erase::ErasedData<[u8; 0usize]>>, false>
[INFO] [stderr]   43:     0x700f6e01b62b - rustc_query_impl[d183d205595bb26e]::query_vtables::analysis::execute_query_non_incr::__rust_end_short_backtrace
[INFO] [stderr]   44:     0x700f6e0e1490 - rustc_interface[7316318c9ebc3ad]::interface::run_compiler::<(), rustc_driver_impl[4d41c45c6d37fa8c]::compiler_entrypoint::{closure#0}>::{closure#2}
[INFO] [stderr]    2:     0x754f8b61407c - <std[3164a59e47d3bde]::sys::stdio::unix::Stderr as core[934024a1e6126fb4]::io::write::Write>::write_fmt
[INFO] [stderr]   45:     0x700f6e111782 - std[3164a59e47d3bde]::sys::backtrace::__rust_begin_short_backtrace::<rustc_interface[7316318c9ebc3ad]::util::run_in_thread_with_globals<rustc_interface[7316318c9ebc3ad]::util::run_in_thread_pool_with_globals<rustc_interface[7316318c9ebc3ad]::interface::run_compiler<(), rustc_driver_impl[4d41c45c6d37fa8c]::compiler_entrypoint::{closure#0}>::{closure#2}, ()>::{closure#0}, ()>::{closure#0}::{closure#0}, ()>
[INFO] [stderr]    3:     0x754f8b5ced4a - std[3164a59e47d3bde]::panicking::default_hook::{closure#0}
[INFO] [stderr]    4:     0x754f8b5f12c3 - std[3164a59e47d3bde]::panicking::default_hook
[INFO] [stderr]    5:     0x754f8a36d915 - std[3164a59e47d3bde]::panicking::update_hook::<alloc[b96ed41a801e996d]::boxed::Box<rustc_driver_impl[4d41c45c6d37fa8c]::install_ice_hook::{closure#1}>>::{closure#0}
[INFO] [stderr]    6:     0x754f8b5f1762 - std[3164a59e47d3bde]::panicking::panic_with_hook
[INFO] [stderr]    7:     0x754f8b5cee34 - std[3164a59e47d3bde]::panicking::panic_handler::{closure#0}
[INFO] [stderr]    8:     0x754f8b5c63a9 - std[3164a59e47d3bde]::sys::backtrace::__rust_end_short_backtrace::<std[3164a59e47d3bde]::panicking::panic_handler::{closure#0}, !>
[INFO] [stderr]    9:     0x754f8b5d09dd - __rustc[2e7b49d4226056d3]::rust_begin_unwind
[INFO] [stderr]   10:     0x754f88045a5c - core[934024a1e6126fb4]::panicking::panic_fmt
[INFO] [stderr]   11:     0x754f88619492 - core[934024a1e6126fb4]::panicking::panic
[INFO] [stderr]   12:     0x754f8bf7852e - <rustc_next_trait_solver[b3acf562f09fbe6a]::solve::eval_ctxt::EvalCtxt<rustc_trait_selection[579280d4a5e4d181]::solve::delegate::SolverDelegate, rustc_middle[9749cded0b0e17c3]::ty::context::TyCtxt>>::evaluate_const
[INFO] [stderr]   13:     0x754f8bf47bb9 - <rustc_next_trait_solver[b3acf562f09fbe6a]::solve::eval_ctxt::EvalCtxt<rustc_trait_selection[579280d4a5e4d181]::solve::delegate::SolverDelegate, rustc_middle[9749cded0b0e17c3]::ty::context::TyCtxt>>::evaluate_const_and_instantiate_projection_term
[INFO] [stderr]   14:     0x754f8cac2651 - <rustc_next_trait_solver[b3acf562f09fbe6a]::solve::eval_ctxt::EvalCtxt<rustc_trait_selection[579280d4a5e4d181]::solve::delegate::SolverDelegate, rustc_middle[9749cded0b0e17c3]::ty::context::TyCtxt>>::evaluate_goal_no_fast_paths
[INFO] [stderr]   15:     0x754f8c0746c0 - <rustc_trait_selection[579280d4a5e4d181]::solve::delegate::SolverDelegate as rustc_next_trait_solver[b3acf562f09fbe6a]::solve::eval_ctxt::SolverDelegateEvalExt>::evaluate_root_goal
[INFO] [stderr]   16:     0x754f8c074e3a - <rustc_next_trait_solver[b3acf562f09fbe6a]::normalize::NormalizationFolder<rustc_infer[378f9c2af57772fb]::infer::InferCtxt, rustc_middle[9749cded0b0e17c3]::ty::context::TyCtxt, rustc_trait_selection[579280d4a5e4d181]::solve::normalize::normalize_with_universes<rustc_type_ir[aff52ad0bd0f686]::binder::Binder<rustc_middle[9749cded0b0e17c3]::ty::context::TyCtxt, rustc_type_ir[aff52ad0bd0f686]::ty_kind::FnSig<rustc_middle[9749cded0b0e17c3]::ty::context::TyCtxt>>>::{closure#0}>>::normalize_alias_term
[INFO] [stderr]   17:     0x754f8ca956ee - <rustc_next_trait_solver[b3acf562f09fbe6a]::normalize::NormalizationFolder<rustc_infer[378f9c2af57772fb]::infer::InferCtxt, rustc_middle[9749cded0b0e17c3]::ty::context::TyCtxt, rustc_trait_selection[579280d4a5e4d181]::solve::normalize::normalize_with_universes<core[934024a1e6126fb4]::option::Option<rustc_middle[9749cded0b0e17c3]::ty::Ty>>::{closure#0}> as rustc_type_ir[aff52ad0bd0f686]::fold::FallibleTypeFolder<rustc_middle[9749cded0b0e17c3]::ty::context::TyCtxt>>::try_fold_const::{closure#0}
[INFO] [stderr]   46:     0x700f6e11152d - <std[3164a59e47d3bde]::thread::lifecycle::spawn_unchecked<rustc_interface[7316318c9ebc3ad]::util::run_in_thread_with_globals<rustc_interface[7316318c9ebc3ad]::util::run_in_thread_pool_with_globals<rustc_interface[7316318c9ebc3ad]::interface::run_compiler<(), rustc_driver_impl[4d41c45c6d37fa8c]::compiler_entrypoint::{closure#0}>::{closure#2}, ()>::{closure#0}, ()>::{closure#0}::{closure#0}, ()>::{closure#1} as core[934024a1e6126fb4]::ops::function::FnOnce<()>>::call_once::{shim:vtable#0}
[INFO] [stderr]   47:     0x700f6e10fa5b - <std[3164a59e47d3bde]::sys::thread::unix::Thread>::new::thread_start
[INFO] [stderr]   48:     0x700f67282dfa - <unknown>
[INFO] [stderr]   49:     0x700f673163d4 - clone
[INFO] [stderr]   50:                0x0 - <unknown>
[INFO] [stderr] 
[INFO] [stderr] error: the compiler unexpectedly panicked. This is a bug
[INFO] [stderr] 
[INFO] [stderr] note: we would appreciate a bug report: https://github.com/rust-lang/rust/issues/new?labels=C-bug%2C+I-ICE%2C+T-compiler&template=ice.md
[INFO] [stderr] 
[INFO] [stderr] note: please make sure that you have updated to the latest nightly
[INFO] [stderr] 
[INFO] [stderr] warning: the ICE couldn't be written to `/opt/rustwide/workdir/rustc-ice-2026-10-11T01_58_07-376.txt`: Read-only file system (os error 30)
[INFO] [stderr] 
[INFO] [stderr] note: rustc 1.101.0-nightly (3154cc1a3 2026-10-09) running on x86_64-unknown-linux-gnu
[INFO] [stderr] 
[INFO] [stderr] note: compiler flags: --crate-type bin -C embed-bitcode=no -C debuginfo=2
[INFO] [stderr] 
[INFO] [stderr] note: some of the compiler flags provided by cargo are hidden
[INFO] [stderr] 
[INFO] [stderr] query stack during panic:
[INFO] [stderr] #0 [typeck_root] type-checking `main`
[INFO] [stderr] #1 [analysis] running analysis passes on crate `big`
[INFO] [stderr] end of query stack
[INFO] [stderr]   18:     0x754f8ca9537b - <&rustc_middle[9749cded0b0e17c3]::ty::list::RawList<(), rustc_middle[9749cded0b0e17c3]::ty::generic_args::GenericArg> as rustc_type_ir[aff52ad0bd0f686]::fold::TypeFoldable<rustc_middle[9749cded0b0e17c3]::ty::context::TyCtxt>>::try_fold_with::<rustc_next_trait_solver[b3acf562f09fbe6a]::normalize::NormalizationFolder<rustc_infer[378f9c2af57772fb]::infer::InferCtxt, rustc_middle[9749cded0b0e17c3]::ty::context::TyCtxt, rustc_trait_selection[579280d4a5e4d181]::solve::normalize::normalize_with_universes<core[934024a1e6126fb4]::option::Option<rustc_middle[9749cded0b0e17c3]::ty::Ty>>::{closure#0}>>
[INFO] [stderr]   19:     0x754f8ca94793 - <rustc_next_trait_solver[b3acf562f09fbe6a]::normalize::NormalizationFolder<rustc_infer[378f9c2af57772fb]::infer::InferCtxt, rustc_middle[9749cded0b0e17c3]::ty::context::TyCtxt, rustc_trait_selection[579280d4a5e4d181]::solve::normalize::normalize_with_universes<core[934024a1e6126fb4]::option::Option<rustc_middle[9749cded0b0e17c3]::ty::Ty>>::{closure#0}> as rustc_type_ir[aff52ad0bd0f686]::fold::FallibleTypeFolder<rustc_middle[9749cded0b0e17c3]::ty::context::TyCtxt>>::try_fold_ty::{closure#0}
[INFO] [stderr]   20:     0x754f8ca950e7 - <&rustc_middle[9749cded0b0e17c3]::ty::list::RawList<(), rustc_middle[9749cded0b0e17c3]::ty::generic_args::GenericArg> as rustc_type_ir[aff52ad0bd0f686]::fold::TypeFoldable<rustc_middle[9749cded0b0e17c3]::ty::context::TyCtxt>>::try_fold_with::<rustc_next_trait_solver[b3acf562f09fbe6a]::normalize::NormalizationFolder<rustc_infer[378f9c2af57772fb]::infer::InferCtxt, rustc_middle[9749cded0b0e17c3]::ty::context::TyCtxt, rustc_trait_selection[579280d4a5e4d181]::solve::normalize::normalize_with_universes<core[934024a1e6126fb4]::option::Option<rustc_middle[9749cded0b0e17c3]::ty::Ty>>::{closure#0}>>
[INFO] [stderr]   21:     0x754f8ca94793 - <rustc_next_trait_solver[b3acf562f09fbe6a]::normalize::NormalizationFolder<rustc_infer[378f9c2af57772fb]::infer::InferCtxt, rustc_middle[9749cded0b0e17c3]::ty::context::TyCtxt, rustc_trait_selection[579280d4a5e4d181]::solve::normalize::normalize_with_universes<core[934024a1e6126fb4]::option::Option<rustc_middle[9749cded0b0e17c3]::ty::Ty>>::{closure#0}> as rustc_type_ir[aff52ad0bd0f686]::fold::FallibleTypeFolder<rustc_middle[9749cded0b0e17c3]::ty::context::TyCtxt>>::try_fold_ty::{closure#0}
[INFO] [stderr]   22:     0x754f8ca94f50 - <&rustc_middle[9749cded0b0e17c3]::ty::list::RawList<(), rustc_middle[9749cded0b0e17c3]::ty::generic_args::GenericArg> as rustc_type_ir[aff52ad0bd0f686]::fold::TypeFoldable<rustc_middle[9749cded0b0e17c3]::ty::context::TyCtxt>>::try_fold_with::<rustc_next_trait_solver[b3acf562f09fbe6a]::normalize::NormalizationFolder<rustc_infer[378f9c2af57772fb]::infer::InferCtxt, rustc_middle[9749cded0b0e17c3]::ty::context::TyCtxt, rustc_trait_selection[579280d4a5e4d181]::solve::normalize::normalize_with_universes<core[934024a1e6126fb4]::option::Option<rustc_middle[9749cded0b0e17c3]::ty::Ty>>::{closure#0}>>
[INFO] [stderr]   23:     0x754f8ca94793 - <rustc_next_trait_solver[b3acf562f09fbe6a]::normalize::NormalizationFolder<rustc_infer[378f9c2af57772fb]::infer::InferCtxt, rustc_middle[9749cded0b0e17c3]::ty::context::TyCtxt, rustc_trait_selection[579280d4a5e4d181]::solve::normalize::normalize_with_universes<core[934024a1e6126fb4]::option::Option<rustc_middle[9749cded0b0e17c3]::ty::Ty>>::{closure#0}> as rustc_type_ir[aff52ad0bd0f686]::fold::FallibleTypeFolder<rustc_middle[9749cded0b0e17c3]::ty::context::TyCtxt>>::try_fold_ty::{closure#0}
[INFO] [stderr]   24:     0x754f8c088179 - <rustc_hir_typeck[52f5caf1595d1c05]::method::probe::ProbeContext>::consider_probe::{closure#0}
[INFO] [stderr]   25:     0x754f8c07b112 - <rustc_hir_typeck[52f5caf1595d1c05]::method::probe::ProbeContext>::pick_all_method
[INFO] [stderr]   26:     0x754f8ce48b7a - <rustc_hir_typeck[52f5caf1595d1c05]::fn_ctxt::FnCtxt>::lookup_probe
[INFO] [stderr]   27:     0x754f8bdf397c - <rustc_hir_typeck[52f5caf1595d1c05]::fn_ctxt::FnCtxt>::check_expr_method_call
[INFO] [stderr]   28:     0x754f8bea8df5 - <rustc_hir_typeck[52f5caf1595d1c05]::fn_ctxt::FnCtxt>::check_expr_with_expectation_and_args
[INFO] [stderr]   29:     0x754f8bdf3913 - <rustc_hir_typeck[52f5caf1595d1c05]::fn_ctxt::FnCtxt>::check_expr_method_call
[INFO] [stderr]   30:     0x754f8bea8df5 - <rustc_hir_typeck[52f5caf1595d1c05]::fn_ctxt::FnCtxt>::check_expr_with_expectation_and_args
[INFO] [stderr]   31:     0x754f8be93a60 - <rustc_hir_typeck[52f5caf1595d1c05]::fn_ctxt::FnCtxt>::check_decl
[INFO] [stderr]   32:     0x754f8be9bb7e - <rustc_hir_typeck[52f5caf1595d1c05]::fn_ctxt::FnCtxt>::check_expr_block
[INFO] [stderr]   33:     0x754f8bea8dc9 - <rustc_hir_typeck[52f5caf1595d1c05]::fn_ctxt::FnCtxt>::check_expr_with_expectation_and_args
[INFO] [stderr]   34:     0x754f8be73716 - rustc_hir_typeck[52f5caf1595d1c05]::check::check_fn
[INFO] [stderr]   35:     0x754f8d045da8 - rustc_hir_typeck[52f5caf1595d1c05]::typeck_with_inspect::{closure#0}
[INFO] [stderr]   36:     0x754f8d0441f0 - rustc_query_impl[d183d205595bb26e]::query_vtables::typeck_root::invoke_provider_fn::__rust_begin_short_backtrace
[INFO] [stderr]   37:     0x754f8c1a1fd3 - rustc_query_impl[d183d205595bb26e]::execution::try_execute_query::<rustc_data_structures[beb512ccbba93d65]::vec_cache::VecCache<rustc_span[86848bd09168975a]::def_id::LocalDefId, rustc_middle[9749cded0b0e17c3]::query::erase::ErasedData<[u8; 8usize]>, rustc_middle[9749cded0b0e17c3]::dep_graph::graph::DepNodeIndex>, false>
[INFO] [stderr]   38:     0x754f8c1a1c27 - rustc_query_impl[d183d205595bb26e]::query_vtables::typeck_root::execute_query_non_incr::__rust_end_short_backtrace
[INFO] [stderr]   39:     0x754f8c316634 - <rustc_middle[9749cded0b0e17c3]::ty::context::TyCtxt>::par_hir_body_owners::<rustc_hir_analysis[13793032b16b77dc]::check_crate::{closure#1}>::{closure#0}
[INFO] [stderr]   40:     0x754f8c315ce5 - rustc_hir_analysis[13793032b16b77dc]::check_crate
[INFO] [stderr]   41:     0x754f8c19e8b9 - rustc_interface[7316318c9ebc3ad]::passes::analysis
[INFO] [stderr]   42:     0x754f8ce1b847 - rustc_query_impl[d183d205595bb26e]::execution::try_execute_query::<rustc_middle[9749cded0b0e17c3]::query::caches::SingleCache<rustc_middle[9749cded0b0e17c3]::query::erase::ErasedData<[u8; 0usize]>>, false>
[INFO] [stderr]   43:     0x754f8ce1b62b - rustc_query_impl[d183d205595bb26e]::query_vtables::analysis::execute_query_non_incr::__rust_end_short_backtrace
[INFO] [stderr]   44:     0x754f8cee1490 - rustc_interface[7316318c9ebc3ad]::interface::run_compiler::<(), rustc_driver_impl[4d41c45c6d37fa8c]::compiler_entrypoint::{closure#0}>::{closure#2}
[INFO] [stderr]   45:     0x754f8cf11782 - std[3164a59e47d3bde]::sys::backtrace::__rust_begin_short_backtrace::<rustc_interface[7316318c9ebc3ad]::util::run_in_thread_with_globals<rustc_interface[7316318c9ebc3ad]::util::run_in_thread_pool_with_globals<rustc_interface[7316318c9ebc3ad]::interface::run_compiler<(), rustc_driver_impl[4d41c45c6d37fa8c]::compiler_entrypoint::{closure#0}>::{closure#2}, ()>::{closure#0}, ()>::{closure#0}::{closure#0}, ()>
[INFO] [stderr]   46:     0x754f8cf1152d - <std[3164a59e47d3bde]::thread::lifecycle::spawn_unchecked<rustc_interface[7316318c9ebc3ad]::util::run_in_thread_with_globals<rustc_interface[7316318c9ebc3ad]::util::run_in_thread_pool_with_globals<rustc_interface[7316318c9ebc3ad]::interface::run_compiler<(), rustc_driver_impl[4d41c45c6d37fa8c]::compiler_entrypoint::{closure#0}>::{closure#2}, ()>::{closure#0}, ()>::{closure#0}::{closure#0}, ()>::{closure#1} as core[934024a1e6126fb4]::ops::function::FnOnce<()>>::call_once::{shim:vtable#0}
[INFO] [stderr]   47:     0x754f8cf0fa5b - <std[3164a59e47d3bde]::sys::thread::unix::Thread>::new::thread_start
[INFO] [stderr]   48:     0x754f86082dfa - <unknown>
[INFO] [stderr]   49:     0x754f861163d4 - clone
[INFO] [stderr]   50:                0x0 - <unknown>
[INFO] [stderr] 
[INFO] [stderr] error: the compiler unexpectedly panicked. This is a bug
[INFO] [stderr] 
[INFO] [stderr] note: we would appreciate a bug report: https://github.com/rust-lang/rust/issues/new?labels=C-bug%2C+I-ICE%2C+T-compiler&template=ice.md
[INFO] [stderr] 
[INFO] [stderr] note: please make sure that you have updated to the latest nightly
[INFO] [stderr] 
[INFO] [stderr] warning: the ICE couldn't be written to `/opt/rustwide/workdir/rustc-ice-2026-10-11T01_58_07-378.txt`: Read-only file system (os error 30)
[INFO] [stderr] 
[INFO] [stderr] note: rustc 1.101.0-nightly (3154cc1a3 2026-10-09) running on x86_64-unknown-linux-gnu
[INFO] [stderr] 
[INFO] [stderr] note: compiler flags: --crate-type bin -C embed-bitcode=no -C debuginfo=2
[INFO] [stderr] 
[INFO] [stderr] note: some of the compiler flags provided by cargo are hidden
[INFO] [stderr] 
[INFO] [stderr] query stack during panic:
[INFO] [stderr] #0 [typeck_root] type-checking `main`
[INFO] [stderr] #1 [analysis] running analysis passes on crate `thin_plate_spline`
[INFO] [stderr] end of query stack
[INFO] [stderr] error: could not compile `rbf-interpolation` (example "thin_plate_spline")
[INFO] [stderr] 
[INFO] [stderr] Caused by:
[INFO] [stderr]   process didn't exit successfully: `/opt/rustwide/rustup-home/toolchains/3154cc1a3e6424e44f438a95007d043ed5ceaaf6/bin/rustc --crate-name thin_plate_spline --edition=2024 examples/thin_plate_spline.rs --error-format=json --json=diagnostic-rendered-ansi,artifacts,future-incompat,unused-externs-silent --crate-type bin --emit=dep-info,metadata -C embed-bitcode=no -C debuginfo=2 --check-cfg 'cfg(docsrs,test)' --check-cfg 'cfg(feature, values())' -C metadata=2f1bd4fdf8ed860d -C extra-filename=-b2add022fdd33ecb --out-dir /opt/rustwide/target/debug/build/rbf-interpolation/b2add022fdd33ecb/out -L dependency=/opt/rustwide/target/debug/build/approx/828469e4f0b47831/out -L dependency=/opt/rustwide/target/debug/build/bitflags/924610f47dcb2cb8/out -L dependency=/opt/rustwide/target/debug/build/bytemuck/8c7b3eddc18c84c9/out -L dependency=/opt/rustwide/target/debug/build/byteorder/d92705dd1d5353b1/out -L dependency=/opt/rustwide/target/debug/build/cfg-if/190c9021fd162845/out -L dependency=/opt/rustwide/target/debug/build/fastrand/a6b04798eb47a00f/out -L dependency=/opt/rustwide/target/debug/build/getrandom/1704ca59879d13f2/out -L dependency=/opt/rustwide/target/debug/build/getrandom/3b1fa4e94bc98220/out -L dependency=/opt/rustwide/target/debug/build/libc/dfaee1a237627e20/out -L dependency=/opt/rustwide/target/debug/build/linux-raw-sys/069649a5354d504b/out -L dependency=/opt/rustwide/target/debug/build/matrixmultiply/948f83bf4c3b1cf4/out -L dependency=/opt/rustwide/target/debug/build/nalgebra-macros/8955e005e0d74baa/out -L dependency=/opt/rustwide/target/debug/build/nalgebra/a87512f53e7768cb/out -L dependency=/opt/rustwide/target/debug/build/num-complex/8ea1330a4d480acf/out -L dependency=/opt/rustwide/target/debug/build/num-integer/0fb0e996bf37432f/out -L dependency=/opt/rustwide/target/debug/build/num-rational/5b315c35edcc51cc/out -L dependency=/opt/rustwide/target/debug/build/num-traits/3f20bdcfe3eb0a45/out -L dependency=/opt/rustwide/target/debug/build/once_cell/1e33ca8b3d236051/out -L dependency=/opt/rustwide/target/debug/build/paste/c5e5e8a2bd161c29/out -L dependency=/opt/rustwide/target/debug/build/ppv-lite86/5ec82b32ed383664/out -L dependency=/opt/rustwide/target/debug/build/rand_chacha/6427f39ce3ee04e5/out -L dependency=/opt/rustwide/target/debug/build/rand_core/0144de13002ab77e/out -L dependency=/opt/rustwide/target/debug/build/rawpointer/1161d966db9d7afd/out -L dependency=/opt/rustwide/target/debug/build/rustix/c148517b41e4b287/out -L dependency=/opt/rustwide/target/debug/build/safe_arch/6b5043594606cc69/out -L dependency=/opt/rustwide/target/debug/build/simba/cdb3f904b9f0977e/out -L dependency=/opt/rustwide/target/debug/build/tempfile/64d98fda06b02b6f/out -L dependency=/opt/rustwide/target/debug/build/typenum/2001cc7989580d48/out -L dependency=/opt/rustwide/target/debug/build/wide/b207c96f36afbdad/out -L dependency=/opt/rustwide/target/debug/build/zerocopy/46d85773dc52aabd/out --extern gnuplot=/opt/rustwide/target/debug/build/gnuplot/65a736e719914919/out/libgnuplot-65a736e719914919.rmeta --extern nalgebra=/opt/rustwide/target/debug/build/nalgebra/a87512f53e7768cb/out/libnalgebra-a87512f53e7768cb.rmeta --extern num_traits=/opt/rustwide/target/debug/build/num-traits/3f20bdcfe3eb0a45/out/libnum_traits-3f20bdcfe3eb0a45.rmeta --extern rand=/opt/rustwide/target/debug/build/rand/aad62c028f618059/out/librand-aad62c028f618059.rmeta --extern rbf_interpolation=/opt/rustwide/target/debug/build/rbf-interpolation/e0c9e0dd88778380/out/librbf_interpolation-e0c9e0dd88778380.rmeta --cap-lints=forbid --force-warn=unused_crate_dependencies` (exit status: 101)
[INFO] [stderr] error: could not compile `rbf-interpolation` (example "big")
[INFO] [stderr] 
[INFO] [stderr] Caused by:
[INFO] [stderr]   process didn't exit successfully: `/opt/rustwide/rustup-home/toolchains/3154cc1a3e6424e44f438a95007d043ed5ceaaf6/bin/rustc --crate-name big --edition=2024 examples/big.rs --error-format=json --json=diagnostic-rendered-ansi,artifacts,future-incompat,unused-externs-silent --crate-type bin --emit=dep-info,metadata -C embed-bitcode=no -C debuginfo=2 --check-cfg 'cfg(docsrs,test)' --check-cfg 'cfg(feature, values())' -C metadata=43d537142ae82d90 -C extra-filename=-596c27b5a2ecb5d7 --out-dir /opt/rustwide/target/debug/build/rbf-interpolation/596c27b5a2ecb5d7/out -L dependency=/opt/rustwide/target/debug/build/approx/828469e4f0b47831/out -L dependency=/opt/rustwide/target/debug/build/bitflags/924610f47dcb2cb8/out -L dependency=/opt/rustwide/target/debug/build/bytemuck/8c7b3eddc18c84c9/out -L dependency=/opt/rustwide/target/debug/build/byteorder/d92705dd1d5353b1/out -L dependency=/opt/rustwide/target/debug/build/cfg-if/190c9021fd162845/out -L dependency=/opt/rustwide/target/debug/build/fastrand/a6b04798eb47a00f/out -L dependency=/opt/rustwide/target/debug/build/getrandom/1704ca59879d13f2/out -L dependency=/opt/rustwide/target/debug/build/getrandom/3b1fa4e94bc98220/out -L dependency=/opt/rustwide/target/debug/build/libc/dfaee1a237627e20/out -L dependency=/opt/rustwide/target/debug/build/linux-raw-sys/069649a5354d504b/out -L dependency=/opt/rustwide/target/debug/build/matrixmultiply/948f83bf4c3b1cf4/out -L dependency=/opt/rustwide/target/debug/build/nalgebra-macros/8955e005e0d74baa/out -L dependency=/opt/rustwide/target/debug/build/nalgebra/a87512f53e7768cb/out -L dependency=/opt/rustwide/target/debug/build/num-complex/8ea1330a4d480acf/out -L dependency=/opt/rustwide/target/debug/build/num-integer/0fb0e996bf37432f/out -L dependency=/opt/rustwide/target/debug/build/num-rational/5b315c35edcc51cc/out -L dependency=/opt/rustwide/target/debug/build/num-traits/3f20bdcfe3eb0a45/out -L dependency=/opt/rustwide/target/debug/build/once_cell/1e33ca8b3d236051/out -L dependency=/opt/rustwide/target/debug/build/paste/c5e5e8a2bd161c29/out -L dependency=/opt/rustwide/target/debug/build/ppv-lite86/5ec82b32ed383664/out -L dependency=/opt/rustwide/target/debug/build/rand_chacha/6427f39ce3ee04e5/out -L dependency=/opt/rustwide/target/debug/build/rand_core/0144de13002ab77e/out -L dependency=/opt/rustwide/target/debug/build/rawpointer/1161d966db9d7afd/out -L dependency=/opt/rustwide/target/debug/build/rustix/c148517b41e4b287/out -L dependency=/opt/rustwide/target/debug/build/safe_arch/6b5043594606cc69/out -L dependency=/opt/rustwide/target/debug/build/simba/cdb3f904b9f0977e/out -L dependency=/opt/rustwide/target/debug/build/tempfile/64d98fda06b02b6f/out -L dependency=/opt/rustwide/target/debug/build/typenum/2001cc7989580d48/out -L dependency=/opt/rustwide/target/debug/build/wide/b207c96f36afbdad/out -L dependency=/opt/rustwide/target/debug/build/zerocopy/46d85773dc52aabd/out --extern gnuplot=/opt/rustwide/target/debug/build/gnuplot/65a736e719914919/out/libgnuplot-65a736e719914919.rmeta --extern nalgebra=/opt/rustwide/target/debug/build/nalgebra/a87512f53e7768cb/out/libnalgebra-a87512f53e7768cb.rmeta --extern num_traits=/opt/rustwide/target/debug/build/num-traits/3f20bdcfe3eb0a45/out/libnum_traits-3f20bdcfe3eb0a45.rmeta --extern rand=/opt/rustwide/target/debug/build/rand/aad62c028f618059/out/librand-aad62c028f618059.rmeta --extern rbf_interpolation=/opt/rustwide/target/debug/build/rbf-interpolation/e0c9e0dd88778380/out/librbf_interpolation-e0c9e0dd88778380.rmeta --cap-lints=forbid --force-warn=unused_crate_dependencies` (exit status: 101)
[INFO] running `Command { std: "docker" "inspect" "6ec95908ea84e9afd7cf2d4a8ec5583ad78a5cf055c82601fb34ed8051538e29", kill_on_drop: false }`
[INFO] running `Command { std: "docker" "rm" "-f" "6ec95908ea84e9afd7cf2d4a8ec5583ad78a5cf055c82601fb34ed8051538e29", kill_on_drop: false }`
[INFO] [stdout] 6ec95908ea84e9afd7cf2d4a8ec5583ad78a5cf055c82601fb34ed8051538e29
