[INFO] cloning repository https://github.com/AlgorithmLX/OBSMusicBridge
[INFO] running `Command { std: "git" "-c" "credential.helper=" "-c" "credential.helper=/workspace/cargo-home/bin/git-credential-null" "clone" "--bare" "https://github.com/AlgorithmLX/OBSMusicBridge" "/workspace/cache/git-repos/https%3A%2F%2Fgithub.com%2FAlgorithmLX%2FOBSMusicBridge", kill_on_drop: false }`
[INFO] [stderr] Cloning into bare repository '/workspace/cache/git-repos/https%3A%2F%2Fgithub.com%2FAlgorithmLX%2FOBSMusicBridge'...
[INFO] running `Command { std: "git" "rev-parse" "HEAD", kill_on_drop: false }`
[INFO] [stdout] c82f53def830ae8174e90d2bdbca533ed4f77f2c
[INFO] checking AlgorithmLX/OBSMusicBridge against 3154cc1a3e6424e44f438a95007d043ed5ceaaf6+rustflags=-Znext-solver=coherence for pr-133502-30
[INFO] running `Command { std: "git" "clone" "/workspace/cache/git-repos/https%3A%2F%2Fgithub.com%2FAlgorithmLX%2FOBSMusicBridge" "/workspace/builds/worker-1-tc1/source", kill_on_drop: false }`
[INFO] [stderr] Cloning into '/workspace/builds/worker-1-tc1/source'...
[INFO] [stderr] done.
[INFO] started tweaking git repo https://github.com/AlgorithmLX/OBSMusicBridge
[INFO] finished tweaking git repo https://github.com/AlgorithmLX/OBSMusicBridge
[INFO] tweaked toml for git repo https://github.com/AlgorithmLX/OBSMusicBridge written to /workspace/builds/worker-1-tc1/source/Cargo.toml
[INFO] validating manifest of git repo https://github.com/AlgorithmLX/OBSMusicBridge on toolchain 3154cc1a3e6424e44f438a95007d043ed5ceaaf6
[INFO] running `Command { std: CARGO_HOME="/workspace/cargo-home" RUSTUP_HOME="/workspace/rustup-home" "/workspace/cargo-home/bin/cargo" "+3154cc1a3e6424e44f438a95007d043ed5ceaaf6" "metadata" "--manifest-path" "Cargo.toml" "--no-deps", kill_on_drop: false }`
[INFO] crate git repo https://github.com/AlgorithmLX/OBSMusicBridge already has a lockfile, it will not be regenerated
[INFO] running `Command { std: CARGO_HOME="/workspace/cargo-home" RUSTUP_HOME="/workspace/rustup-home" "/workspace/cargo-home/bin/cargo" "+3154cc1a3e6424e44f438a95007d043ed5ceaaf6" "fetch" "--manifest-path" "Cargo.toml", kill_on_drop: false }`
[INFO] [stderr]  Downloading crates ...
[INFO] [stderr]   Downloaded cc v1.4.2
[INFO] [stderr]   Downloaded find-msvc-tools v0.1.10
[INFO] [stderr]   Downloaded aws-lc-rs v1.18.0
[INFO] [stderr]   Downloaded quinn-proto v0.11.16
[INFO] [stderr]   Downloaded aws-lc-sys v0.44.0
[INFO] running `Command { std: "docker" "create" "-v" "/var/lib/crater-agent-workspace/builds/worker-1-tc1/source:/opt/rustwide/workdir:ro,Z" "-v" "/var/lib/crater-agent-workspace/builds/worker-1-tc1/target:/opt/rustwide/target:rw,Z" "-v" "/var/lib/crater-agent-workspace/cargo-home:/opt/rustwide/cargo-home:ro,Z" "-v" "/var/lib/crater-agent-workspace/rustup-home:/opt/rustwide/rustup-home:ro,Z" "-m" "1610612736" "--network" "none" "ghcr.io/rust-lang/crates-build-env/linux@sha256:77db811e55d90add9212f6832c23229e3de5f1c1f9905e8cb07319ea15df73ac" "sleep" "infinity", kill_on_drop: false }`
[INFO] [stdout] 8e34865077af93db00cd6a9d2691015d7e9f40edd6374d08749d5bef2ae64076
[INFO] running `Command { std: "docker" "start" "8e34865077af93db00cd6a9d2691015d7e9f40edd6374d08749d5bef2ae64076", kill_on_drop: false }`
[INFO] running `Command { std: "docker" "inspect" "8e34865077af93db00cd6a9d2691015d7e9f40edd6374d08749d5bef2ae64076", kill_on_drop: false }`
[INFO] running `Command { std: "docker" "exec" "-e" "SOURCE_DIR=/opt/rustwide/workdir" "-e" "CARGO_HOME=/opt/rustwide/cargo-home" "-e" "RUSTUP_HOME=/opt/rustwide/rustup-home" "-e" "CARGO_TARGET_DIR=/opt/rustwide/target" "-w" "/opt/rustwide/workdir" "--user" "0:0" "8e34865077af93db00cd6a9d2691015d7e9f40edd6374d08749d5bef2ae64076" "/opt/rustwide/cargo-home/bin/cargo" "+3154cc1a3e6424e44f438a95007d043ed5ceaaf6" "metadata" "--no-deps" "--format-version=1", kill_on_drop: false }`
[INFO] running `Command { std: "docker" "inspect" "8e34865077af93db00cd6a9d2691015d7e9f40edd6374d08749d5bef2ae64076", kill_on_drop: false }`
[INFO] running `Command { std: "docker" "exec" "-e" "SOURCE_DIR=/opt/rustwide/workdir" "-e" "CARGO_HOME=/opt/rustwide/cargo-home" "-e" "RUSTUP_HOME=/opt/rustwide/rustup-home" "-e" "CARGO_TARGET_DIR=/opt/rustwide/target" "-e" "CARGO_INCREMENTAL=0" "-e" "RUST_BACKTRACE=full" "-e" "RUSTFLAGS=--cap-lints=forbid -Znext-solver=coherence" "-e" "RUSTDOCFLAGS=--cap-lints=forbid" "-w" "/opt/rustwide/workdir" "--user" "0:0" "8e34865077af93db00cd6a9d2691015d7e9f40edd6374d08749d5bef2ae64076" "/opt/rustwide/cargo-home/bin/cargo" "+3154cc1a3e6424e44f438a95007d043ed5ceaaf6" "check" "--frozen" "--all" "--all-targets" "--message-format=json", kill_on_drop: false }`
[INFO] [stderr]    Compiling libc v0.2.189
[INFO] [stderr]     Checking bytes v1.12.1
[INFO] [stderr]    Compiling proc-macro2 v1.0.107
[INFO] [stderr]     Checking typenum v1.20.1
[INFO] [stderr]     Checking log v0.4.33
[INFO] [stderr]    Compiling find-msvc-tools v0.1.10
[INFO] [stderr]    Compiling pkg-config v0.3.33
[INFO] [stderr]     Checking smallvec v1.15.2
[INFO] [stderr]    Compiling serde_core v1.0.229
[INFO] [stderr]     Checking zeroize v1.9.0
[INFO] [stderr]    Compiling aws-lc-rs v1.18.0
[INFO] [stderr]     Checking litemap v0.8.2
[INFO] [stderr]    Compiling quote v1.0.47
[INFO] [stderr]     Checking http v1.5.0
[INFO] [stderr]     Checking writeable v0.6.3
[INFO] [stderr]     Checking slab v0.4.12
[INFO] [stderr]    Compiling syn v2.0.119
[INFO] [stderr]    Compiling syn v3.0.3
[INFO] [stderr]     Checking futures-sink v0.3.34
[INFO] [stderr]    Compiling zerocopy v0.8.56
[INFO] [stderr]     Checking http-body v1.1.0
[INFO] [stderr]     Checking generic-array v0.14.7
[INFO] [stderr]     Checking rustls-pki-types v1.15.1
[INFO] [stderr]     Checking errno v0.3.14
[INFO] [stderr]     Checking signal-hook-registry v1.4.8
[INFO] [stderr]     Checking socket2 v0.6.5
[INFO] [stderr]     Checking mio v1.2.2
[INFO] [stderr]    Compiling jobserver v0.1.35
[INFO] [stderr]    Compiling hybrid-array v0.4.14
[INFO] [stderr]     Checking getrandom v0.3.4
[INFO] [stderr]    Compiling cc v1.4.2
[INFO] [stderr]    Compiling rustls v0.23.43
[INFO] [stderr]     Checking rand_core v0.9.5
[INFO] [stderr]     Checking block-buffer v0.10.4
[INFO] [stderr]     Checking crypto-common v0.1.7
[INFO] [stderr]    Compiling block-buffer v0.12.1
[INFO] [stderr]    Compiling crypto-common v0.2.2
[INFO] [stderr]     Checking futures-channel v0.3.34
[INFO] [stderr]    Compiling thiserror v2.0.20
[INFO] [stderr]    Compiling const-oid v0.10.2
[INFO] [stderr]    Compiling unicase v2.9.0
[INFO] [stderr]    Compiling serde v1.0.229
[INFO] [stderr]    Compiling cmake v0.1.58
[INFO] [stderr]    Compiling mime_guess v2.0.5
[INFO] [stderr]     Checking digest v0.10.7
[INFO] [stderr]    Compiling digest v0.11.3
[INFO] [stderr]    Compiling cpufeatures v0.3.0
[INFO] [stderr]    Compiling serde_json v1.0.151
[INFO] [stderr]    Compiling aws-lc-sys v0.44.0
[INFO] [stderr]     Checking ipnet v2.12.1
[INFO] [stderr]    Compiling sha2 v0.11.0
[INFO] [stderr]     Checking sha1 v0.10.7
[INFO] [stderr]     Checking http-body-util v0.1.5
[INFO] [stderr]     Checking bitflags v2.13.1
[INFO] [stderr]    Compiling mime v0.3.17
[INFO] [stderr]     Checking regex-automata v0.4.18
[INFO] [stderr]    Compiling rust-embed-utils v8.12.0
[INFO] [stderr]     Checking rustls-native-certs v0.8.4
[INFO] [stderr]     Checking winnow v1.0.4
[INFO] [stderr]     Checking serde_path_to_error v0.1.20
[INFO] [stderr]    Compiling synstructure v0.13.2
[INFO] [stderr]     Checking toml_parser v1.1.3+spec-1.1.0
[INFO] [stderr]     Checking toml_datetime v1.1.1+spec-1.1.0
[INFO] [stderr]    Compiling displaydoc v0.2.7
[INFO] [stderr]    Compiling tokio-macros v2.7.2
[INFO] [stderr]    Compiling futures-macro v0.3.34
[INFO] [stderr]    Compiling thiserror-impl v2.0.20
[INFO] [stderr]     Checking tokio v1.53.1
[INFO] [stderr]    Compiling serde_derive v1.0.229
[INFO] [stderr]     Checking matchers v0.2.0
[INFO] [stderr]     Checking serde_spanned v1.1.1
[INFO] [stderr]     Checking tracing-log v0.2.0
[INFO] [stderr]     Checking thread_local v1.1.10
[INFO] [stderr]     Checking futures-util v0.3.34
[INFO] [stderr]     Checking toml_writer v1.1.2+spec-1.1.0
[INFO] [stderr]     Checking ppv-lite86 v0.2.21
[INFO] [stderr]     Checking matchit v0.8.4
[INFO] [stderr]     Checking toml v1.1.4+spec-1.1.0
[INFO] [stderr]     Checking rand_chacha v0.9.0
[INFO] [stderr]     Checking rand v0.9.5
[INFO] [stderr]    Compiling zerofrom-derive v0.1.7
[INFO] [stderr]    Compiling yoke-derive v0.8.2
[INFO] [stderr]    Compiling zerovec-derive v0.11.3
[INFO] [stderr]    Compiling tracing-attributes v0.1.31
[INFO] [stderr]     Checking zerofrom v0.1.8
[INFO] [stderr]     Checking tungstenite v0.29.0
[INFO] [stderr]     Checking yoke v0.8.3
[INFO] [stderr]     Checking zerotrie v0.2.4
[INFO] [stderr]     Checking zerovec v0.11.6
[INFO] [stderr]     Checking tracing v0.1.44
[INFO] [stderr]    Compiling rust-embed-impl v8.12.0
[INFO] [stderr]     Checking semver v1.0.28
[INFO] [stderr]     Checking axum-core v0.5.6
[INFO] [stderr]     Checking tracing-subscriber v0.3.23
[INFO] [stderr]     Checking tower-http v0.7.0
[INFO] [stderr]     Checking tinystr v0.8.3
[INFO] [stderr]     Checking potential_utf v0.1.5
[INFO] [stderr]     Checking icu_collections v2.1.1
[INFO] [stderr]     Checking icu_locale_core v2.1.1
[INFO] [stderr]     Checking rust-embed v8.12.0
[INFO] [stderr]     Checking icu_provider v2.1.1
[INFO] [stderr]     Checking icu_properties v2.1.2
[INFO] [stderr]     Checking icu_normalizer v2.1.1
[INFO] [stderr]     Checking serde_urlencoded v0.7.1
[INFO] [stderr]     Checking hyper v1.11.0
[INFO] [stderr]     Checking tower v0.5.3
[INFO] [stderr]     Checking tokio-tungstenite v0.29.0
[INFO] [stderr]     Checking idna_adapter v1.2.1
[INFO] [stderr]     Checking idna v1.1.0
[INFO] [stderr]     Checking url v2.5.8
[INFO] [stderr]     Checking hyper-util v0.1.20
[INFO] [stderr]     Checking tower-http v0.6.11
[INFO] [stderr]     Checking axum v0.8.9
[INFO] [stderr]     Checking rustls-webpki v0.103.14
[INFO] [stderr]     Checking tokio-rustls v0.26.4
[INFO] [stderr]     Checking rustls-platform-verifier v0.7.0
[INFO] [stderr]     Checking hyper-rustls v0.27.9
[INFO] [stderr]     Checking reqwest v0.13.4
[INFO] [stderr]     Checking obs-music-bridge v0.2.0 (/opt/rustwide/workdir)
[INFO] [stdout] error: #[derive(RustEmbed)] folder '/opt/rustwide/workdir/web/dist/' does not exist. cwd: '/opt/rustwide/workdir'
[INFO] [stdout]   --> src/api.rs:28:1
[INFO] [stdout]    |
[INFO] [stdout] 28 | / #[folder = "web/dist/"]
[INFO] [stdout] 29 | | struct WebAssets;
[INFO] [stdout]    | |_________________^
[INFO] [stdout] 
[INFO] [stdout] 
[INFO] [stdout] error: #[derive(RustEmbed)] folder '/opt/rustwide/workdir/web/dist/' does not exist. cwd: '/opt/rustwide/workdir'
[INFO] [stdout]   --> src/api.rs:28:1
[INFO] [stdout]    |
[INFO] [stdout] 28 | / #[folder = "web/dist/"]
[INFO] [stdout] 29 | | struct WebAssets;
[INFO] [stdout]    | |_________________^
[INFO] [stdout] 
[INFO] [stdout] 
[INFO] [stdout] error[E0599]: no associated function or constant named `get` found for struct `WebAssets` in the current scope
[INFO] [stdout]    --> src/api.rs:110:34
[INFO] [stdout]     |
[INFO] [stdout]  29 | struct WebAssets;
[INFO] [stdout]     | ---------------- associated function or constant `get` not found for this struct
[INFO] [stdout] ...
[INFO] [stdout] 110 |     let Some(asset) = WebAssets::get(path) else {
[INFO] [stdout]     |                                  ^^^ associated function or constant not found in `WebAssets`
[INFO] [stdout]     |
[INFO] [stdout]     = help: items from traits can only be used if the trait is implemented and in scope
[INFO] [stdout]     = note: the following traits define an item `get`, perhaps you need to implement one of them:
[INFO] [stdout]             candidate #1: `Embed`
[INFO] [stdout]             candidate #2: `SliceIndex`
[INFO] [stdout]             candidate #3: `icu_collections::codepointtrie::cptrie::TypedCodePointTrie`
[INFO] [stdout]             candidate #4: `icu_properties::names::PropertyEnumToValueNameLookup`
[INFO] [stdout]             candidate #5: `icu_provider::baked::DataStore`
[INFO] [stdout]             candidate #6: `rustls::server::server_conn::StoresServerSessions`
[INFO] [stdout]             candidate #7: `toml_parser::source::SourceIndex`
[INFO] [stdout] 
[INFO] [stdout] 
[INFO] [stdout] error[E0599]: no associated function or constant named `get` found for struct `api::WebAssets` in the current scope
[INFO] [stdout]    --> src/api.rs:110:34
[INFO] [stdout]     |
[INFO] [stdout]  29 | struct WebAssets;
[INFO] [stdout]     | ---------------- associated function or constant `get` not found for this struct
[INFO] [stdout] ...
[INFO] [stdout] 110 |     let Some(asset) = WebAssets::get(path) else {
[INFO] [stdout]     |                                  ^^^ associated function or constant not found in `api::WebAssets`
[INFO] [stdout]     |
[INFO] [stdout]     = help: items from traits can only be used if the trait is implemented and in scope
[INFO] [stdout]     = note: the following traits define an item `get`, perhaps you need to implement one of them:
[INFO] [stdout]             candidate #1: `Embed`
[INFO] [stdout]             candidate #2: `SliceIndex`
[INFO] [stdout]             candidate #3: `icu_collections::codepointtrie::cptrie::TypedCodePointTrie`
[INFO] [stdout]             candidate #4: `icu_properties::names::PropertyEnumToValueNameLookup`
[INFO] [stdout]             candidate #5: `icu_provider::baked::DataStore`
[INFO] [stdout]             candidate #6: `rustls::server::server_conn::StoresServerSessions`
[INFO] [stdout]             candidate #7: `toml_parser::source::SourceIndex`
[INFO] [stdout] 
[INFO] [stdout] 
[INFO] [stdout] error[E0599]: no associated function or constant named `get` found for struct `api::WebAssets` in the current scope
[INFO] [stdout]    --> src/api.rs:560:32
[INFO] [stdout]     |
[INFO] [stdout]  29 | struct WebAssets;
[INFO] [stdout]     | ---------------- associated function or constant `get` not found for this struct
[INFO] [stdout] ...
[INFO] [stdout] 560 |             assert!(WebAssets::get(path).is_some(), "missing {path}");
[INFO] [stdout]     |                                ^^^ associated function or constant not found in `api::WebAssets`
[INFO] [stdout]     |
[INFO] [stdout]     = help: items from traits can only be used if the trait is implemented and in scope
[INFO] [stdout]     = note: the following traits define an item `get`, perhaps you need to implement one of them:
[INFO] [stdout]             candidate #1: `Embed`
[INFO] [stdout]             candidate #2: `SliceIndex`
[INFO] [stdout]             candidate #3: `icu_collections::codepointtrie::cptrie::TypedCodePointTrie`
[INFO] [stdout]             candidate #4: `icu_properties::names::PropertyEnumToValueNameLookup`
[INFO] [stdout]             candidate #5: `icu_provider::baked::DataStore`
[INFO] [stdout]             candidate #6: `rustls::server::server_conn::StoresServerSessions`
[INFO] [stdout]             candidate #7: `toml_parser::source::SourceIndex`
[INFO] [stdout] 
[INFO] [stdout] 
[INFO] [stdout] warning: unused variable: `debug_requested`
[INFO] [stdout]   --> src/main.rs:27:9
[INFO] [stdout]    |
[INFO] [stdout] 27 |     let debug_requested = raw_args.iter().any(|arg| arg == "--debug");
[INFO] [stdout]    |         ^^^^^^^^^^^^^^^ help: if this is intentional, prefix it with an underscore: `_debug_requested`
[INFO] [stdout]    |
[INFO] [stdout]    = note: `#[warn(unused_variables)]` (part of `#[warn(unused)]`) on by default
[INFO] [stdout] 
[INFO] [stdout] 
[INFO] [stdout] For more information about this error, try `rustc --explain E0599`.
[INFO] [stdout] 
[INFO] [stderr] error: could not compile `obs-music-bridge` (bin "obs-music-bridge") due to 2 previous errors; 1 warning emitted
[INFO] [stderr] warning: build failed, waiting for other jobs to finish...
[INFO] [stdout] warning: unused variable: `debug_requested`
[INFO] [stdout]   --> src/main.rs:27:9
[INFO] [stdout]    |
[INFO] [stdout] 27 |     let debug_requested = raw_args.iter().any(|arg| arg == "--debug");
[INFO] [stdout]    |         ^^^^^^^^^^^^^^^ help: if this is intentional, prefix it with an underscore: `_debug_requested`
[INFO] [stdout]    |
[INFO] [stdout]    = note: `#[warn(unused_variables)]` (part of `#[warn(unused)]`) on by default
[INFO] [stdout] 
[INFO] [stdout] 
[INFO] [stdout] For more information about this error, try `rustc --explain E0599`.
[INFO] [stdout] 
[INFO] [stderr] error: could not compile `obs-music-bridge` (bin "obs-music-bridge" test) due to 3 previous errors; 1 warning emitted
[INFO] running `Command { std: "docker" "inspect" "8e34865077af93db00cd6a9d2691015d7e9f40edd6374d08749d5bef2ae64076", kill_on_drop: false }`
[INFO] running `Command { std: "docker" "rm" "-f" "8e34865077af93db00cd6a9d2691015d7e9f40edd6374d08749d5bef2ae64076", kill_on_drop: false }`
[INFO] [stdout] 8e34865077af93db00cd6a9d2691015d7e9f40edd6374d08749d5bef2ae64076
