[INFO] cloning repository https://github.com/AlRodriguezGar14/afterprint
[INFO] running `Command { std: "git" "-c" "credential.helper=" "-c" "credential.helper=/workspace/cargo-home/bin/git-credential-null" "clone" "--bare" "https://github.com/AlRodriguezGar14/afterprint" "/workspace/cache/git-repos/https%3A%2F%2Fgithub.com%2FAlRodriguezGar14%2Fafterprint", kill_on_drop: false }`
[INFO] [stderr] Cloning into bare repository '/workspace/cache/git-repos/https%3A%2F%2Fgithub.com%2FAlRodriguezGar14%2Fafterprint'...
[INFO] running `Command { std: "git" "rev-parse" "HEAD", kill_on_drop: false }`
[INFO] [stdout] 7e15996e045378cdec241a1e2b1bece52a5abcad
[INFO] checking AlRodriguezGar14/afterprint against 3154cc1a3e6424e44f438a95007d043ed5ceaaf6+rustflags=-Znext-solver=coherence for pr-133502-30
[INFO] running `Command { std: "git" "clone" "/workspace/cache/git-repos/https%3A%2F%2Fgithub.com%2FAlRodriguezGar14%2Fafterprint" "/workspace/builds/worker-7-tc1/source", kill_on_drop: false }`
[INFO] [stderr] Cloning into '/workspace/builds/worker-7-tc1/source'...
[INFO] [stderr] done.
[INFO] started tweaking git repo https://github.com/AlRodriguezGar14/afterprint
[INFO] finished tweaking git repo https://github.com/AlRodriguezGar14/afterprint
[INFO] tweaked toml for git repo https://github.com/AlRodriguezGar14/afterprint written to /workspace/builds/worker-7-tc1/source/Cargo.toml
[INFO] validating manifest of git repo https://github.com/AlRodriguezGar14/afterprint on toolchain 3154cc1a3e6424e44f438a95007d043ed5ceaaf6
[INFO] running `Command { std: CARGO_HOME="/workspace/cargo-home" RUSTUP_HOME="/workspace/rustup-home" "/workspace/cargo-home/bin/cargo" "+3154cc1a3e6424e44f438a95007d043ed5ceaaf6" "metadata" "--manifest-path" "Cargo.toml" "--no-deps", kill_on_drop: false }`
[INFO] crate git repo https://github.com/AlRodriguezGar14/afterprint already has a lockfile, it will not be regenerated
[INFO] running `Command { std: CARGO_HOME="/workspace/cargo-home" RUSTUP_HOME="/workspace/rustup-home" "/workspace/cargo-home/bin/cargo" "+3154cc1a3e6424e44f438a95007d043ed5ceaaf6" "fetch" "--manifest-path" "Cargo.toml", kill_on_drop: false }`
[INFO] [stderr]     Updating crates.io index
[INFO] [stderr]  Downloading crates ...
[INFO] [stderr]   Downloaded leptonica-sys v0.4.9
[INFO] [stderr]   Downloaded num-conv v0.2.2
[INFO] [stderr]   Downloaded quote v1.0.46
[INFO] [stderr]   Downloaded xmlwriter v0.1.0
[INFO] [stderr]   Downloaded block-buffer v0.12.1
[INFO] [stderr]   Downloaded unit-prefix v0.5.2
[INFO] [stderr]   Downloaded unicode-canonical-combining-class v1.0.0
[INFO] [stderr]   Downloaded ouroboros v0.18.5
[INFO] [stderr]   Downloaded inout v0.2.2
[INFO] [stderr]   Downloaded block-padding v0.4.2
[INFO] [stderr]   Downloaded derive_builder v0.20.2
[INFO] [stderr]   Downloaded enumflags2_derive v0.7.12
[INFO] [stderr]   Downloaded crypto-common v0.2.2
[INFO] [stderr]   Downloaded ecb v0.2.0
[INFO] [stderr]   Downloaded hyphenation_commons v0.8.4
[INFO] [stderr]   Downloaded monostate-impl v0.1.18
[INFO] [stderr]   Downloaded aliasable v0.1.3
[INFO] [stderr]   Downloaded alloc-stdlib v0.2.4
[INFO] [stderr]   Downloaded rayon-cond v0.4.0
[INFO] [stderr]   Downloaded cpubits v0.1.1
[INFO] [stderr]   Downloaded pocket-resources v0.3.2
[INFO] [stderr]   Downloaded time-core v0.1.9
[INFO] [stderr]   Downloaded pathfinder_geometry v0.5.1
[INFO] [stderr]   Downloaded enumflags2 v0.7.12
[INFO] [stderr]   Downloaded thiserror v2.0.18
[INFO] [stderr]   Downloaded digest v0.11.3
[INFO] [stderr]   Downloaded azul-simplecss v0.2.0
[INFO] [stderr]   Downloaded natord v1.0.9
[INFO] [stderr]   Downloaded crossbeam-deque v0.8.7
[INFO] [stderr]   Downloaded rand_core v0.9.5
[INFO] [stderr]   Downloaded monostate v0.1.18
[INFO] [stderr]   Downloaded console v0.16.4
[INFO] [stderr]   Downloaded scratch v1.0.9
[INFO] [stderr]   Downloaded link-cplusplus v1.0.12
[INFO] [stderr]   Downloaded clap_lex v1.1.0
[INFO] [stderr]   Downloaded tesseract-sys v0.6.3
[INFO] [stderr]   Downloaded which v4.4.2
[INFO] [stderr]   Downloaded either v1.16.0
[INFO] [stderr]   Downloaded glob v0.3.3
[INFO] [stderr]   Downloaded tesseract-plumbing v0.11.1
[INFO] [stderr]   Downloaded leptonica-plumbing v1.4.0
[INFO] [stderr]   Downloaded zmij v1.0.23
[INFO] [stderr]   Downloaded xmlparser v0.13.6
[INFO] [stderr]   Downloaded deranged v0.5.8
[INFO] [stderr]   Downloaded mmapio v0.9.1
[INFO] [stderr]   Downloaded unicode-joining-type v1.0.0
[INFO] [stderr]   Downloaded ouroboros_macro v0.18.5
[INFO] [stderr]   Downloaded proc-macro2-diagnostics v0.10.1
[INFO] [stderr]   Downloaded thiserror-impl v2.0.18
[INFO] [stderr]   Downloaded sha2 v0.11.0
[INFO] [stderr]   Downloaded hybrid-array v0.4.13
[INFO] [stderr]   Downloaded cipher v0.5.2
[INFO] [stderr]   Downloaded cbc v0.2.1
[INFO] [stderr]   Downloaded grid v1.0.1
[INFO] [stderr]   Downloaded lru v0.16.4
[INFO] [stderr]   Downloaded gl-context-loader v0.1.10
[INFO] [stderr]   Downloaded crossbeam-epoch v0.9.20
[INFO] [stderr]   Downloaded onig v6.5.3
[INFO] [stderr]   Downloaded indicatif v0.18.6
[INFO] [stderr]   Downloaded castaway v0.2.4
[INFO] [stderr]   Downloaded cxxbridge-flags v1.0.198
[INFO] [stderr]   Downloaded clang-sys v1.8.1
[INFO] [stderr]   Downloaded serde_yaml v0.9.34+deprecated
[INFO] [stderr]   Downloaded unsafe-libyaml v0.2.11
[INFO] [stderr]   Downloaded unicode-general-category v1.1.0
[INFO] [stderr]   Downloaded ucd-trie v0.1.7
[INFO] [stderr]   Downloaded tinyvec v1.12.0
[INFO] [stderr]   Downloaded pathfinder_simd v0.5.6
[INFO] [stderr]   Downloaded unicode-properties v0.1.4
[INFO] [stderr]   Downloaded const-oid v0.10.2
[INFO] [stderr]   Downloaded rangemap v1.7.1
[INFO] [stderr]   Downloaded md-5 v0.11.0
[INFO] [stderr]   Downloaded roxmltree v0.21.1
[INFO] [stderr]   Downloaded derive_builder_macro v0.20.2
[INFO] [stderr]   Downloaded derive_builder_core v0.20.2
[INFO] [stderr]   Downloaded dary_heap v0.3.9
[INFO] [stderr]   Downloaded prost-derive v0.14.4
[INFO] [stderr]   Downloaded anyhow v1.0.103
[INFO] [stderr]   Downloaded prost v0.14.4
[INFO] [stderr]   Downloaded camino v1.2.4
[INFO] [stderr]   Downloaded ryu v1.0.23
[INFO] [stderr]   Downloaded yansi v1.0.1
[INFO] [stderr]   Downloaded glyph-names v0.2.0
[INFO] [stderr]   Downloaded unicode_categories v0.1.1
[INFO] [stderr]   Downloaded rayon-core v1.13.0
[INFO] [stderr]   Downloaded clap v4.6.2
[INFO] [stderr]   Downloaded clap_derive v4.6.1
[INFO] [stderr]   Downloaded weezl v0.2.1
[INFO] [stderr]   Downloaded flate2 v1.1.9
[INFO] [stderr]   Downloaded unicode-normalization-alignments v0.1.12
[INFO] [stderr]   Downloaded rand v0.9.5
[INFO] [stderr]   Downloaded cxxbridge-macro v1.0.198
[INFO] [stderr]   Downloaded tesseract v0.15.2
[INFO] [stderr]   Downloaded typenum v1.20.1
[INFO] [stderr]   Downloaded compact_str v0.9.1
[INFO] [stderr]   Downloaded cxxbridge-cmd v1.0.198
[INFO] [stderr]   Downloaded unicode-normalization v0.1.25
[INFO] [stderr]   Downloaded cxx-build v1.0.198
[INFO] [stderr]   Downloaded nom v8.0.0
[INFO] [stderr]   Downloaded serde_json v1.0.150
[INFO] [stderr]   Downloaded rust-fontconfig v4.4.6
[INFO] [stderr]   Downloaded rayon v1.12.0
[INFO] [stderr]   Downloaded itertools v0.14.0
[INFO] [stderr]   Downloaded esaxx-rs v0.1.10
[INFO] [stderr]   Downloaded clap_builder v4.6.2
[INFO] [stderr]   Downloaded regex v1.13.1
[INFO] [stderr]   Downloaded brotli-decompressor v5.0.3
[INFO] [stderr]   Downloaded aes v0.9.1
[INFO] [stderr]   Downloaded taffy v0.10.1
[INFO] [stderr]   Downloaded bindgen v0.64.0
[INFO] [stderr]   Downloaded tokenizers v0.22.2
[INFO] [stderr]   Downloaded sentencepiece v0.13.1
[INFO] [stderr]   Downloaded lopdf v0.44.0
[INFO] [stderr]   Downloaded time v0.3.53
[INFO] [stderr]   Downloaded cxx v1.0.198
[INFO] [stderr]   Downloaded syn v3.0.2
[INFO] [stderr]   Downloaded azul-css v0.0.9
[INFO] [stderr]   Downloaded allsorts-azul v0.17.1
[INFO] [stderr]   Downloaded spm_precompiled v0.1.4
[INFO] [stderr]   Downloaded onig_sys v69.9.3
[INFO] [stderr]   Downloaded libc v0.2.186
[INFO] [stderr]   Downloaded azul-core v0.0.9
[INFO] [stderr]   Downloaded fst v0.4.7
[INFO] [stderr]   Downloaded azul-layout v0.0.10
[INFO] [stderr]   Downloaded sentencepiece-sys v0.13.1
[INFO] [stderr]   Downloaded hyphenation v0.8.4
[INFO] [stderr]   Downloaded ct2rs v0.9.22
[INFO] [stderr]   Downloaded printpdf v0.12.0
[INFO] running `Command { std: "docker" "create" "-v" "/var/lib/crater-agent-workspace/builds/worker-7-tc1/source:/opt/rustwide/workdir:ro,Z" "-v" "/var/lib/crater-agent-workspace/builds/worker-7-tc1/target:/opt/rustwide/target:rw,Z" "-v" "/var/lib/crater-agent-workspace/cargo-home:/opt/rustwide/cargo-home:ro,Z" "-v" "/var/lib/crater-agent-workspace/rustup-home:/opt/rustwide/rustup-home:ro,Z" "-m" "1610612736" "--network" "none" "ghcr.io/rust-lang/crates-build-env/linux@sha256:77db811e55d90add9212f6832c23229e3de5f1c1f9905e8cb07319ea15df73ac" "sleep" "infinity", kill_on_drop: false }`
[INFO] [stdout] 8ac15d607fa1342da350697f6f285198189fb1d2c32da1e9b9ee8012f5cdf0f7
[INFO] running `Command { std: "docker" "start" "8ac15d607fa1342da350697f6f285198189fb1d2c32da1e9b9ee8012f5cdf0f7", kill_on_drop: false }`
[INFO] running `Command { std: "docker" "inspect" "8ac15d607fa1342da350697f6f285198189fb1d2c32da1e9b9ee8012f5cdf0f7", kill_on_drop: false }`
[INFO] running `Command { std: "docker" "exec" "-e" "SOURCE_DIR=/opt/rustwide/workdir" "-e" "CARGO_HOME=/opt/rustwide/cargo-home" "-e" "RUSTUP_HOME=/opt/rustwide/rustup-home" "-e" "CARGO_TARGET_DIR=/opt/rustwide/target" "-w" "/opt/rustwide/workdir" "--user" "0:0" "8ac15d607fa1342da350697f6f285198189fb1d2c32da1e9b9ee8012f5cdf0f7" "/opt/rustwide/cargo-home/bin/cargo" "+3154cc1a3e6424e44f438a95007d043ed5ceaaf6" "metadata" "--no-deps" "--format-version=1", kill_on_drop: false }`
[INFO] running `Command { std: "docker" "inspect" "8ac15d607fa1342da350697f6f285198189fb1d2c32da1e9b9ee8012f5cdf0f7", kill_on_drop: false }`
[INFO] running `Command { std: "docker" "exec" "-e" "SOURCE_DIR=/opt/rustwide/workdir" "-e" "CARGO_HOME=/opt/rustwide/cargo-home" "-e" "RUSTUP_HOME=/opt/rustwide/rustup-home" "-e" "CARGO_TARGET_DIR=/opt/rustwide/target" "-e" "CARGO_INCREMENTAL=0" "-e" "RUST_BACKTRACE=full" "-e" "RUSTFLAGS=--cap-lints=forbid -Znext-solver=coherence" "-e" "RUSTDOCFLAGS=--cap-lints=forbid" "-w" "/opt/rustwide/workdir" "--user" "0:0" "8ac15d607fa1342da350697f6f285198189fb1d2c32da1e9b9ee8012f5cdf0f7" "/opt/rustwide/cargo-home/bin/cargo" "+3154cc1a3e6424e44f438a95007d043ed5ceaaf6" "check" "--frozen" "--all" "--all-targets" "--message-format=json", kill_on_drop: false }`
[INFO] [stderr]    Compiling proc-macro2 v1.0.106
[INFO] [stderr]    Compiling quote v1.0.46
[INFO] [stderr]    Compiling unicode-ident v1.0.24
[INFO] [stderr]    Compiling shlex v2.0.1
[INFO] [stderr]    Compiling find-msvc-tools v0.1.9
[INFO] [stderr]    Compiling libc v0.2.186
[INFO] [stderr]     Checking cfg-if v1.0.4
[INFO] [stderr]    Compiling pkg-config v0.3.33
[INFO] [stderr]    Compiling version_check v0.9.5
[INFO] [stderr]    Compiling serde_core v1.0.228
[INFO] [stderr]    Compiling serde v1.0.228
[INFO] [stderr]    Compiling either v1.16.0
[INFO] [stderr]    Compiling cc v1.3.0
[INFO] [stderr]     Checking typenum v1.20.1
[INFO] [stderr]    Compiling glob v0.3.3
[INFO] [stderr]     Checking memchr v2.8.3
[INFO] [stderr]    Compiling rustix v0.38.44
[INFO] [stderr]    Compiling clang-sys v1.8.1
[INFO] [stderr]    Compiling minimal-lexical v0.2.1
[INFO] [stderr]    Compiling bitflags v2.13.1
[INFO] [stderr]    Compiling linux-raw-sys v0.4.15
[INFO] [stderr]    Compiling syn v2.0.119
[INFO] [stderr]    Compiling syn v1.0.109
[INFO] [stderr]    Compiling regex-syntax v0.8.11
[INFO] [stderr]     Checking hybrid-array v0.4.13
[INFO] [stderr]    Compiling nom v7.1.3
[INFO] [stderr]    Compiling libloading v0.8.9
[INFO] [stderr]    Compiling bindgen v0.64.0
[INFO] [stderr]    Compiling home v0.5.12
[INFO] [stderr]    Compiling rustc-hash v1.1.0
[INFO] [stderr]    Compiling log v0.4.33
[INFO] [stderr]    Compiling lazy_static v1.5.0
[INFO] [stderr]    Compiling fst v0.4.7
[INFO] [stderr]    Compiling semver v1.0.28
[INFO] [stderr]    Compiling shlex v1.3.0
[INFO] [stderr]    Compiling peeking_take_while v0.1.2
[INFO] [stderr]    Compiling lazycell v1.3.0
[INFO] [stderr]    Compiling bitflags v1.3.2
[INFO] [stderr]    Compiling rustc_version v0.4.1
[INFO] [stderr]     Checking crypto-common v0.2.2
[INFO] [stderr]    Compiling proc-macro2-diagnostics v0.10.1
[INFO] [stderr]     Checking tinyvec_macros v0.1.1
[INFO] [stderr]    Compiling crc32fast v1.5.0
[INFO] [stderr]    Compiling crossbeam-utils v0.8.22
[INFO] [stderr]    Compiling cexpr v0.6.0
[INFO] [stderr]    Compiling regex-automata v0.4.16
[INFO] [stderr]     Checking static_assertions v1.1.0
[INFO] [stderr]     Checking tinyvec v1.12.0
[INFO] [stderr]    Compiling which v4.4.2
[INFO] [stderr]    Compiling pathfinder_simd v0.5.6
[INFO] [stderr]    Compiling zerocopy v0.8.55
[INFO] [stderr]     Checking simd-adler32 v0.3.10
[INFO] [stderr]    Compiling strsim v0.11.1
[INFO] [stderr]    Compiling ident_case v1.0.1
[INFO] [stderr]    Compiling yansi v1.0.1
[INFO] [stderr]    Compiling thiserror v2.0.18
[INFO] [stderr]    Compiling getrandom v0.3.4
[INFO] [stderr]    Compiling crossbeam-epoch v0.9.20
[INFO] [stderr]    Compiling fnv v1.0.7
[INFO] [stderr]     Checking adler2 v2.0.1
[INFO] [stderr]    Compiling darling_core v0.20.11
[INFO] [stderr]     Checking miniz_oxide v0.8.9
[INFO] [stderr]     Checking block-padding v0.4.2
[INFO] [stderr]    Compiling regex v1.13.1
[INFO] [stderr]    Compiling cmake v0.1.58
[INFO] [stderr]    Compiling hashbrown v0.17.1
[INFO] [stderr]     Checking itoa v1.0.18
[INFO] [stderr]    Compiling equivalent v1.0.2
[INFO] [stderr]    Compiling heck v0.4.1
[INFO] [stderr]    Compiling unicode-canonical-combining-class v1.0.0
[INFO] [stderr]    Compiling serde_derive v1.0.228
[INFO] [stderr]    Compiling thiserror-impl v2.0.18
[INFO] [stderr]     Checking alloc-no-stdlib v2.0.4
[INFO] [stderr]    Compiling anyhow v1.0.103
[INFO] [stderr]    Compiling unicode-general-category v1.1.0
[INFO] [stderr]    Compiling crossbeam-deque v0.8.7
[INFO] [stderr]    Compiling unicode-joining-type v1.0.0
[INFO] [stderr]     Checking alloc-stdlib v0.2.4
[INFO] [stderr]    Compiling indexmap v2.14.0
[INFO] [stderr]    Compiling ouroboros_macro v0.18.5
[INFO] [stderr]    Compiling enumflags2_derive v0.7.12
[INFO] [stderr]    Compiling darling_macro v0.20.11
[INFO] [stderr]     Checking inout v0.2.2
[INFO] [stderr]     Checking flate2 v1.1.9
[INFO] [stderr]    Compiling link-cplusplus v1.0.12
[INFO] [stderr]    Compiling syn v3.0.2
[INFO] [stderr]     Checking encoding_rs v0.8.35
[INFO] [stderr]     Checking aliasable v0.1.3
[INFO] [stderr]    Compiling libm v0.2.16
[INFO] [stderr]    Compiling zmij v1.0.23
[INFO] [stderr]    Compiling scratch v1.0.9
[INFO] [stderr]    Compiling rayon-core v1.13.0
[INFO] [stderr]     Checking cpufeatures v0.3.0
[INFO] [stderr]    Compiling rustversion v1.0.23
[INFO] [stderr]     Checking ouroboros v0.18.5
[INFO] [stderr]     Checking pathfinder_geometry v0.5.1
[INFO] [stderr]     Checking enumflags2 v0.7.12
[INFO] [stderr]    Compiling darling v0.20.11
[INFO] [stderr]     Checking cipher v0.5.2
[INFO] [stderr]     Checking brotli-decompressor v5.0.3
[INFO] [stderr]     Checking block-buffer v0.12.1
[INFO] [stderr]    Compiling onig_sys v69.9.3
[INFO] [stderr]    Compiling slotmap v1.1.1
[INFO] [stderr]     Checking rustc-hash v2.1.3
[INFO] [stderr]     Checking unicode-segmentation v1.13.3
[INFO] [stderr]    Compiling unicode-width v0.2.2
[INFO] [stderr]    Compiling serde_json v1.0.150
[INFO] [stderr]    Compiling paste v1.0.15
[INFO] [stderr]    Compiling cxxbridge-flags v1.0.198
[INFO] [stderr]    Compiling thiserror v1.0.69
[INFO] [stderr]    Compiling termcolor v1.4.1
[INFO] [stderr]     Checking rand_core v0.10.1
[INFO] [stderr]    Compiling pocket-resources v0.3.2
[INFO] [stderr]    Compiling autocfg v1.5.1
[INFO] [stderr]    Compiling portable-atomic v1.14.0
[INFO] [stderr]     Checking const-oid v0.10.2
[INFO] [stderr]     Checking smallvec v1.15.2
[INFO] [stderr]     Checking glyph-names v0.2.0
[INFO] [stderr]    Compiling hyphenation_commons v0.8.4
[INFO] [stderr]    Compiling bincode v1.3.3
[INFO] [stderr]    Compiling getrandom v0.4.3
[INFO] [stderr]     Checking ucd-trie v0.1.7
[INFO] [stderr]    Compiling num-traits v0.2.19
[INFO] [stderr]     Checking allsorts-azul v0.17.1
[INFO] [stderr]     Checking digest v0.11.3
[INFO] [stderr]    Compiling codespan-reporting v0.13.1
[INFO] [stderr]    Compiling cxx v1.0.198
[INFO] [stderr]    Compiling hyphenation v0.8.4
[INFO] [stderr]    Compiling derive_builder_core v0.20.2
[INFO] [stderr]     Checking rand_core v0.9.5
[INFO] [stderr]    Compiling thiserror-impl v1.0.69
[INFO] [stderr]    Compiling sentencepiece-sys v0.13.1
[INFO] [stderr]    Compiling leptonica-sys v0.4.9
[INFO] [stderr]     Checking ppv-lite86 v0.2.21
[INFO] [stderr]    Compiling tesseract-sys v0.6.3
[INFO] [stderr]     Checking unicode-normalization v0.1.25
[INFO] [stderr]    Compiling esaxx-rs v0.1.10
[INFO] [stderr]     Checking mmapio v0.9.1
[INFO] [stderr]     Checking aho-corasick v1.1.4
[INFO] [stderr]    Compiling ahash v0.8.12
[INFO] [stderr]    Compiling itertools v0.14.0
[INFO] [stderr]     Checking once_cell v1.21.4
[INFO] [stderr]     Checking utf8parse v0.2.2
[INFO] [stderr]     Checking ryu v1.0.23
[INFO] [stderr]     Checking unicode-bidi v0.3.18
[INFO] [stderr]     Checking xmlparser v0.13.6
[INFO] [stderr]     Checking azul-simplecss v0.2.0
[INFO] [stderr]    Compiling same-file v1.0.6
[INFO] [stderr]     Checking azul-css v0.0.9
[INFO] [stderr]     Checking console v0.16.4
[INFO] [stderr]    Compiling walkdir v2.5.0
[INFO] [stderr]    Compiling prost-derive v0.14.4
[INFO] [stderr]     Checking anstyle-parse v1.0.0
[INFO] [stderr]     Checking rand_chacha v0.9.0
[INFO] [stderr]    Compiling derive_builder_macro v0.20.2
[INFO] [stderr]    Compiling cxx-build v1.0.198
[INFO] [stderr]     Checking castaway v0.2.4
[INFO] [stderr]     Checking rayon v1.12.0
[INFO] [stderr]     Checking rust-fontconfig v4.4.6
[INFO] [stderr]     Checking chacha20 v0.10.1
[INFO] [stderr]    Compiling monostate-impl v0.1.18
[INFO] [stderr]     Checking colorchoice v1.0.5
[INFO] [stderr]     Checking bytes v1.12.1
[INFO] [stderr]     Checking grid v1.0.1
[INFO] [stderr]     Checking unicode-properties v0.1.4
[INFO] [stderr]     Checking is_terminal_polyfill v1.70.2
[INFO] [stderr]     Checking base64 v0.13.1
[INFO] [stderr]     Checking arrayvec v0.7.8
[INFO] [stderr]     Checking anstyle v1.0.14
[INFO] [stderr]    Compiling macro_rules_attribute-proc_macro v0.2.2
[INFO] [stderr]     Checking unit-prefix v0.5.2
[INFO] [stderr]     Checking anstyle-query v1.1.5
[INFO] [stderr]     Checking cpubits v0.1.1
[INFO] [stderr]     Checking gl-context-loader v0.1.10
[INFO] [stderr]     Checking indicatif v0.18.6
[INFO] [stderr]     Checking rayon-cond v0.4.0
[INFO] [stderr]     Checking aes v0.9.1
[INFO] [stderr]     Checking anstream v1.0.0
[INFO] [stderr]     Checking macro_rules_attribute v0.2.2
[INFO] [stderr]     Checking taffy v0.10.1
[INFO] [stderr]     Checking prost v0.14.4
[INFO] [stderr]     Checking stringprep v0.1.5
[INFO] [stderr]     Checking spm_precompiled v0.1.4
[INFO] [stderr]    Compiling ct2rs v0.9.22
[INFO] [stderr]     Checking monostate v0.1.18
[INFO] [stderr]     Checking rand v0.10.2
[INFO] [stderr]     Checking leptonica-plumbing v1.4.0
[INFO] [stderr]     Checking compact_str v0.9.1
[INFO] [stderr]     Checking derive_builder v0.20.2
[INFO] [stderr]     Checking rand v0.9.5
[INFO] [stderr]     Checking onig v6.5.3
[INFO] [stderr]    Compiling cxxbridge-macro v1.0.198
[INFO] [stderr]     Checking md-5 v0.11.0
[INFO] [stderr]     Checking sha2 v0.11.0
[INFO] [stderr]     Checking unicode-normalization-alignments v0.1.12
[INFO] [stderr]     Checking dary_heap v0.3.9
[INFO] [stderr]     Checking ecb v0.2.0
[INFO] [stderr]     Checking cbc v0.2.1
[INFO] [stderr]    Compiling num-derive v0.4.2
[INFO] [stderr]     Checking roxmltree v0.21.1
[INFO] [stderr]     Checking nom v8.0.0
[INFO] [stderr]     Checking clap_lex v1.1.0
[INFO] [stderr]    Compiling heck v0.5.0
[INFO] [stderr]     Checking foldhash v0.2.0
[INFO] [stderr]     Checking lru v0.16.4
[INFO] [stderr]     Checking rangemap v1.7.1
[INFO] [stderr]     Checking num-conv v0.2.2
[INFO] [stderr]     Checking powerfmt v0.2.0
[INFO] [stderr]     Checking base64 v0.22.1
[INFO] [stderr]     Checking time-core v0.1.9
[INFO] [stderr]     Checking weezl v0.2.1
[INFO] [stderr]    Compiling camino v1.2.4
[INFO] [stderr]     Checking unicode_categories v0.1.1
[INFO] [stderr]     Checking deranged v0.5.8
[INFO] [stderr]     Checking xmlwriter v0.1.0
[INFO] [stderr]     Checking tokenizers v0.22.2
[INFO] [stderr]     Checking clap_builder v4.6.2
[INFO] [stderr]    Compiling clap_derive v4.6.1
[INFO] [stderr]     Checking azul-core v0.0.9
[INFO] [stderr]     Checking time v0.3.53
[INFO] [stderr]     Checking tesseract-plumbing v0.11.1
[INFO] [stderr]     Checking lopdf v0.44.0
[INFO] [stderr]     Checking unsafe-libyaml v0.2.11
[INFO] [stderr]     Checking tesseract v0.15.2
[INFO] [stderr]     Checking clap v4.6.2
[INFO] [stderr]     Checking serde_yaml v0.9.34+deprecated
[INFO] [stderr]     Checking natord v1.0.9
[INFO] [stderr] error: could not compile `azul-core` (lib)
[INFO] [stderr] 
[INFO] [stderr] Caused by:
[INFO] [stderr]   process didn't exit successfully: `/opt/rustwide/rustup-home/toolchains/3154cc1a3e6424e44f438a95007d043ed5ceaaf6/bin/rustc --crate-name azul_core --edition=2021 /opt/rustwide/cargo-home/registry/src/index.crates.io-1949cf8c6b5b557f/azul-core-0.0.9/src/lib.rs --error-format=json --json=diagnostic-rendered-ansi,artifacts,future-incompat,unused-externs-silent --crate-type lib --emit=dep-info,metadata -C embed-bitcode=no -C debuginfo=2 --cfg 'feature="css_parser"' --cfg 'feature="std"' --check-cfg 'cfg(docsrs,test)' --check-cfg 'cfg(feature, values("css_parser", "default", "font_parsing", "serde-json", "std", "url", "web_lift"))' -C metadata=a071ec9108d29328 -C extra-filename=-ad1d3085f32f31b1 --out-dir /opt/rustwide/target/debug/build/azul-core/ad1d3085f32f31b1/out -L dependency=/opt/rustwide/target/debug/build/adler2/146a96abf593f074/out -L dependency=/opt/rustwide/target/debug/build/aliasable/da5d274637652191/out -L dependency=/opt/rustwide/target/debug/build/alloc-no-stdlib/d0275f613220f52b/out -L dependency=/opt/rustwide/target/debug/build/alloc-stdlib/556925a7212869b5/out -L dependency=/opt/rustwide/target/debug/build/allsorts-azul/d0ed08317295395d/out -L dependency=/opt/rustwide/target/debug/build/azul-simplecss/3424fdc3a5e55e5f/out -L dependency=/opt/rustwide/target/debug/build/bitflags/c70b3282788e9324/out -L dependency=/opt/rustwide/target/debug/build/brotli-decompressor/974255ec97963499/out -L dependency=/opt/rustwide/target/debug/build/cfg-if/455a21b2886a1534/out -L dependency=/opt/rustwide/target/debug/build/crc32fast/59b7cdb19678a957/out -L dependency=/opt/rustwide/target/debug/build/encoding_rs/2d47d0f786b9d762/out -L dependency=/opt/rustwide/target/debug/build/enumflags2/afdd020fe1b57f10/out -L dependency=/opt/rustwide/target/debug/build/enumflags2_derive/d4bbc3606044bf7f/out -L dependency=/opt/rustwide/target/debug/build/flate2/f0fd41c0e50c5341/out -L dependency=/opt/rustwide/target/debug/build/glyph-names/721d253d4153630c/out -L dependency=/opt/rustwide/target/debug/build/libc/46c6b83d1bc81e80/out -L dependency=/opt/rustwide/target/debug/build/libm/98e41f8a94cb17dc/out -L dependency=/opt/rustwide/target/debug/build/log/a82153776ac6715c/out -L dependency=/opt/rustwide/target/debug/build/miniz_oxide/a7eff9504b0f3ce9/out -L dependency=/opt/rustwide/target/debug/build/mmapio/3209806f8c72b049/out -L dependency=/opt/rustwide/target/debug/build/ouroboros/8c8689ecbdaca1ee/out -L dependency=/opt/rustwide/target/debug/build/ouroboros_macro/e327c686ee3f2c75/out -L dependency=/opt/rustwide/target/debug/build/pathfinder_geometry/ec6466e5853b7504/out -L dependency=/opt/rustwide/target/debug/build/pathfinder_simd/7487317d145c6899/out -L dependency=/opt/rustwide/target/debug/build/rustc-hash/5059890c48f909f1/out -L dependency=/opt/rustwide/target/debug/build/simd-adler32/86ff8b85693163f9/out -L dependency=/opt/rustwide/target/debug/build/static_assertions/ccbe326b41a234c7/out -L dependency=/opt/rustwide/target/debug/build/tinyvec/743d79eee2adb329/out -L dependency=/opt/rustwide/target/debug/build/tinyvec_macros/124a72ced85adfc8/out -L dependency=/opt/rustwide/target/debug/build/ucd-trie/717482bac54c1e78/out -L dependency=/opt/rustwide/target/debug/build/unicode-canonical-combining-class/c70903a9e2659372/out -L dependency=/opt/rustwide/target/debug/build/unicode-general-category/abde4c654a098e73/out -L dependency=/opt/rustwide/target/debug/build/unicode-joining-type/68b0936e5764059a/out -L dependency=/opt/rustwide/target/debug/build/xmlparser/99b1e54391b60309/out --extern azul_css=/opt/rustwide/target/debug/build/azul-css/4cfb20b58477e53e/out/libazul_css-4cfb20b58477e53e.rmeta --extern gl_context_loader=/opt/rustwide/target/debug/build/gl-context-loader/b56d76b5414d5d76/out/libgl_context_loader-b56d76b5414d5d76.rmeta --extern libm=/opt/rustwide/target/debug/build/libm/98e41f8a94cb17dc/out/liblibm-98e41f8a94cb17dc.rmeta --extern rust_fontconfig=/opt/rustwide/target/debug/build/rust-fontconfig/f29600714f98ae47/out/librust_fontconfig-f29600714f98ae47.rmeta --cap-lints allow --cap-lints=forbid -Znext-solver=coherence --force-warn=unused_crate_dependencies` (signal: 9, SIGKILL: kill)
[INFO] [stderr] warning: build failed, waiting for other jobs to finish...
[INFO] [stderr] error: failed to run custom build command for `sentencepiece-sys v0.13.1`
[INFO] [stderr] note: To improve backtraces for build dependencies, set the CARGO_PROFILE_DEV_BUILD_OVERRIDE_DEBUG=true environment variable to enable debug information generation.
[INFO] [stderr] 
[INFO] [stderr] Caused by:
[INFO] [stderr]   process didn't exit successfully: `/opt/rustwide/target/debug/build/sentencepiece-sys/41215d5d273b6ba2/out/build_script_build` (exit status: 101)
[INFO] [stderr]   --- stdout
[INFO] [stderr]   cargo:rerun-if-env-changed=SENTENCEPIECE_NO_PKG_CONFIG
[INFO] [stderr]   cargo:rerun-if-env-changed=PKG_CONFIG_x86_64-unknown-linux-gnu
[INFO] [stderr]   cargo:rerun-if-env-changed=PKG_CONFIG_x86_64_unknown_linux_gnu
[INFO] [stderr]   cargo:rerun-if-env-changed=HOST_PKG_CONFIG
[INFO] [stderr]   cargo:rerun-if-env-changed=PKG_CONFIG
[INFO] [stderr]   cargo:rerun-if-env-changed=SENTENCEPIECE_STATIC
[INFO] [stderr]   cargo:rerun-if-env-changed=SENTENCEPIECE_DYNAMIC
[INFO] [stderr]   cargo:rerun-if-env-changed=PKG_CONFIG_ALL_STATIC
[INFO] [stderr]   cargo:rerun-if-env-changed=PKG_CONFIG_ALL_DYNAMIC
[INFO] [stderr]   cargo:rerun-if-env-changed=PKG_CONFIG_PATH_x86_64-unknown-linux-gnu
[INFO] [stderr]   cargo:rerun-if-env-changed=PKG_CONFIG_PATH_x86_64_unknown_linux_gnu
[INFO] [stderr]   cargo:rerun-if-env-changed=HOST_PKG_CONFIG_PATH
[INFO] [stderr]   cargo:rerun-if-env-changed=PKG_CONFIG_PATH
[INFO] [stderr]   cargo:rerun-if-env-changed=PKG_CONFIG_LIBDIR_x86_64-unknown-linux-gnu
[INFO] [stderr]   cargo:rerun-if-env-changed=PKG_CONFIG_LIBDIR_x86_64_unknown_linux_gnu
[INFO] [stderr]   cargo:rerun-if-env-changed=HOST_PKG_CONFIG_LIBDIR
[INFO] [stderr]   cargo:rerun-if-env-changed=PKG_CONFIG_LIBDIR
[INFO] [stderr]   cargo:rerun-if-env-changed=PKG_CONFIG_SYSROOT_DIR_x86_64-unknown-linux-gnu
[INFO] [stderr]   cargo:rerun-if-env-changed=PKG_CONFIG_SYSROOT_DIR_x86_64_unknown_linux_gnu
[INFO] [stderr]   cargo:rerun-if-env-changed=HOST_PKG_CONFIG_SYSROOT_DIR
[INFO] [stderr]   cargo:rerun-if-env-changed=PKG_CONFIG_SYSROOT_DIR
[INFO] [stderr]   cargo:rerun-if-env-changed=CC_x86_64-unknown-linux-gnu
[INFO] [stderr]   CC_x86_64-unknown-linux-gnu = None
[INFO] [stderr]   cargo:rerun-if-env-changed=CC_x86_64_unknown_linux_gnu
[INFO] [stderr]   CC_x86_64_unknown_linux_gnu = None
[INFO] [stderr]   cargo:rerun-if-env-changed=HOST_CC
[INFO] [stderr]   HOST_CC = None
[INFO] [stderr]   cargo:rerun-if-env-changed=CC
[INFO] [stderr]   CC = None
[INFO] [stderr]   cargo:rerun-if-env-changed=CC_ENABLE_DEBUG_OUTPUT
[INFO] [stderr]   cargo:rerun-if-env-changed=CRATE_CC_NO_DEFAULTS
[INFO] [stderr]   CRATE_CC_NO_DEFAULTS = None
[INFO] [stderr]   cargo:rerun-if-env-changed=CFLAGS
[INFO] [stderr]   CFLAGS = None
[INFO] [stderr]   cargo:rerun-if-env-changed=HOST_CFLAGS
[INFO] [stderr]   HOST_CFLAGS = None
[INFO] [stderr]   cargo:rerun-if-env-changed=CFLAGS_x86_64_unknown_linux_gnu
[INFO] [stderr]   CFLAGS_x86_64_unknown_linux_gnu = None
[INFO] [stderr]   cargo:rerun-if-env-changed=CFLAGS_x86_64-unknown-linux-gnu
[INFO] [stderr]   CFLAGS_x86_64-unknown-linux-gnu = None
[INFO] [stderr]   CMAKE_TOOLCHAIN_FILE_x86_64-unknown-linux-gnu = None
[INFO] [stderr]   CMAKE_TOOLCHAIN_FILE_x86_64_unknown_linux_gnu = None
[INFO] [stderr]   HOST_CMAKE_TOOLCHAIN_FILE = None
[INFO] [stderr]   CMAKE_TOOLCHAIN_FILE = None
[INFO] [stderr]   CMAKE_GENERATOR_x86_64-unknown-linux-gnu = None
[INFO] [stderr]   CMAKE_GENERATOR_x86_64_unknown_linux_gnu = None
[INFO] [stderr]   HOST_CMAKE_GENERATOR = None
[INFO] [stderr]   CMAKE_GENERATOR = None
[INFO] [stderr]   CMAKE_PREFIX_PATH_x86_64-unknown-linux-gnu = None
[INFO] [stderr]   CMAKE_PREFIX_PATH_x86_64_unknown_linux_gnu = None
[INFO] [stderr]   HOST_CMAKE_PREFIX_PATH = None
[INFO] [stderr]   CMAKE_PREFIX_PATH = None
[INFO] [stderr]   CMAKE_x86_64-unknown-linux-gnu = None
[INFO] [stderr]   CMAKE_x86_64_unknown_linux_gnu = None
[INFO] [stderr]   HOST_CMAKE = None
[INFO] [stderr]   CMAKE = None
[INFO] [stderr]   -- VERSION: 0.2.1
[INFO] [stderr]   -- The C compiler identification is GNU 15.2.0
[INFO] [stderr]   -- The CXX compiler identification is GNU 15.2.0
[INFO] [stderr]   -- Detecting C compiler ABI info
[INFO] [stderr]   -- Detecting C compiler ABI info - done
[INFO] [stderr]   -- Check for working C compiler: /usr/bin/cc - skipped
[INFO] [stderr]   -- Detecting C compile features
[INFO] [stderr]   -- Detecting C compile features - done
[INFO] [stderr]   -- Detecting CXX compiler ABI info
[INFO] [stderr]   -- Detecting CXX compiler ABI info - done
[INFO] [stderr]   -- Check for working CXX compiler: /usr/bin/c++ - skipped
[INFO] [stderr]   -- Detecting CXX compile features
[INFO] [stderr]   -- Detecting CXX compile features - done
[INFO] [stderr]   -- Performing Test CMAKE_HAVE_LIBC_PTHREAD
[INFO] [stderr]   -- Performing Test CMAKE_HAVE_LIBC_PTHREAD - Success
[INFO] [stderr]   -- Found Threads: TRUE
[INFO] [stderr]   -- Not Found TCMalloc: TCMALLOC_LIB-NOTFOUND
[INFO] [stderr]   -- Configuring done (5.4s)
[INFO] [stderr]   -- Generating done (0.4s)
[INFO] [stderr]   -- Build files have been written to: /opt/rustwide/target/debug/build/sentencepiece-sys/d589aae822f8fa56/out/build
[INFO] [stderr]   [  0%] Building CXX object src/CMakeFiles/sentencepiece.dir/__/third_party/protobuf-lite/arena.cc.o
[INFO] [stderr]   [  1%] Building CXX object src/CMakeFiles/sentencepiece.dir/__/third_party/protobuf-lite/arenastring.cc.o
[INFO] [stderr]   [  2%] Building CXX object src/CMakeFiles/sentencepiece.dir/__/third_party/protobuf-lite/bytestream.cc.o
[INFO] [stderr]   [  3%] Building CXX object src/CMakeFiles/sentencepiece.dir/__/third_party/protobuf-lite/coded_stream.cc.o
[INFO] [stderr]   [  4%] Building CXX object src/CMakeFiles/sentencepiece.dir/__/third_party/protobuf-lite/common.cc.o
[INFO] [stderr]   [  5%] Building CXX object src/CMakeFiles/sentencepiece.dir/__/third_party/protobuf-lite/extension_set.cc.o
[INFO] [stderr]   [  6%] Building CXX object src/CMakeFiles/sentencepiece.dir/__/third_party/protobuf-lite/generated_enum_util.cc.o
[INFO] [stderr]   [  7%] Building CXX object src/CMakeFiles/sentencepiece.dir/__/third_party/protobuf-lite/generated_message_table_driven_lite.cc.o
[INFO] [stderr]   [  8%] Building CXX object src/CMakeFiles/sentencepiece-static.dir/__/third_party/protobuf-lite/arena.cc.o
[INFO] [stderr]   [  9%] Building CXX object src/CMakeFiles/sentencepiece_train-static.dir/builder.cc.o
[INFO] [stderr]   [  9%] Building CXX object src/CMakeFiles/sentencepiece.dir/__/third_party/protobuf-lite/generated_message_util.cc.o
[INFO] [stderr]   [ 10%] Building CXX object src/CMakeFiles/sentencepiece-static.dir/__/third_party/protobuf-lite/arenastring.cc.o
[INFO] [stderr]   [ 11%] Building CXX object src/CMakeFiles/sentencepiece_train-static.dir/unicode_script.cc.o
[INFO] [stderr]   [ 12%] Building CXX object src/CMakeFiles/sentencepiece.dir/__/third_party/protobuf-lite/implicit_weak_message.cc.o
[INFO] [stderr]   [ 13%] Building CXX object src/CMakeFiles/sentencepiece-static.dir/__/third_party/protobuf-lite/bytestream.cc.o
[INFO] [stderr]   [ 14%] Building CXX object src/CMakeFiles/sentencepiece-static.dir/__/third_party/protobuf-lite/coded_stream.cc.o
[INFO] [stderr]   [ 15%] Building CXX object src/CMakeFiles/sentencepiece_train-static.dir/trainer_factory.cc.o
[INFO] [stderr]   [ 16%] Building CXX object src/CMakeFiles/sentencepiece-static.dir/__/third_party/protobuf-lite/common.cc.o
[INFO] [stderr]   [ 17%] Building CXX object src/CMakeFiles/sentencepiece-static.dir/__/third_party/protobuf-lite/extension_set.cc.o
[INFO] [stderr]   [ 18%] Building CXX object src/CMakeFiles/sentencepiece_train-static.dir/trainer_interface.cc.o
[INFO] [stderr]   [ 19%] Building CXX object src/CMakeFiles/sentencepiece.dir/__/third_party/protobuf-lite/int128.cc.o
[INFO] [stderr]   [ 20%] Building CXX object src/CMakeFiles/sentencepiece.dir/__/third_party/protobuf-lite/io_win32.cc.o
[INFO] [stderr]   [ 21%] Building CXX object src/CMakeFiles/sentencepiece-static.dir/__/third_party/protobuf-lite/generated_enum_util.cc.o
[INFO] [stderr]   [ 22%] Building CXX object src/CMakeFiles/sentencepiece.dir/__/third_party/protobuf-lite/message_lite.cc.o
[INFO] [stderr]   [ 23%] Building CXX object src/CMakeFiles/sentencepiece.dir/__/third_party/protobuf-lite/parse_context.cc.o
[INFO] [stderr]   [ 23%] Building CXX object src/CMakeFiles/sentencepiece-static.dir/__/third_party/protobuf-lite/generated_message_table_driven_lite.cc.o
[INFO] [stderr]   [ 24%] Building CXX object src/CMakeFiles/sentencepiece-static.dir/__/third_party/protobuf-lite/generated_message_util.cc.o
[INFO] [stderr]   [ 25%] Building CXX object src/CMakeFiles/sentencepiece-static.dir/__/third_party/protobuf-lite/implicit_weak_message.cc.o
[INFO] [stderr]   [ 26%] Building CXX object src/CMakeFiles/sentencepiece.dir/__/third_party/protobuf-lite/repeated_field.cc.o
[INFO] [stderr]   [ 27%] Building CXX object src/CMakeFiles/sentencepiece-static.dir/__/third_party/protobuf-lite/int128.cc.o
[INFO] [stderr]   [ 28%] Building CXX object src/CMakeFiles/sentencepiece.dir/__/third_party/protobuf-lite/status.cc.o
[INFO] [stderr]   [ 28%] Building CXX object src/CMakeFiles/sentencepiece.dir/__/third_party/protobuf-lite/statusor.cc.o
[INFO] [stderr]   [ 29%] Building CXX object src/CMakeFiles/sentencepiece.dir/__/third_party/protobuf-lite/stringpiece.cc.o
[INFO] [stderr]   [ 30%] Building CXX object src/CMakeFiles/sentencepiece.dir/__/third_party/protobuf-lite/stringprintf.cc.o
[INFO] [stderr]   [ 31%] Building CXX object src/CMakeFiles/sentencepiece.dir/__/third_party/protobuf-lite/structurally_valid.cc.o
[INFO] [stderr]   [ 32%] Building CXX object src/CMakeFiles/sentencepiece.dir/__/third_party/protobuf-lite/strutil.cc.o
[INFO] [stderr]   [ 33%] Building CXX object src/CMakeFiles/sentencepiece.dir/__/third_party/protobuf-lite/time.cc.o
[INFO] [stderr]   [ 34%] Building CXX object src/CMakeFiles/sentencepiece.dir/__/third_party/protobuf-lite/wire_format_lite.cc.o
[INFO] [stderr]   [ 35%] Building CXX object src/CMakeFiles/sentencepiece.dir/__/third_party/protobuf-lite/zero_copy_stream.cc.o
[INFO] [stderr]   [ 35%] Building CXX object src/CMakeFiles/sentencepiece.dir/__/third_party/protobuf-lite/zero_copy_stream_impl.cc.o
[INFO] [stderr]   [ 36%] Building CXX object src/CMakeFiles/sentencepiece.dir/__/third_party/protobuf-lite/zero_copy_stream_impl_lite.cc.o
[INFO] [stderr]   [ 37%] Building CXX object src/CMakeFiles/sentencepiece.dir/builtin_pb/sentencepiece.pb.cc.o
[INFO] [stderr]   [ 38%] Building CXX object src/CMakeFiles/sentencepiece.dir/builtin_pb/sentencepiece_model.pb.cc.o
[INFO] [stderr]   [ 39%] Building CXX object src/CMakeFiles/sentencepiece.dir/bpe_model.cc.o
[INFO] [stderr]   [ 40%] Building CXX object src/CMakeFiles/sentencepiece.dir/char_model.cc.o
[INFO] [stderr]   [ 41%] Building CXX object src/CMakeFiles/sentencepiece.dir/error.cc.o
[INFO] [stderr]   [ 42%] Building CXX object src/CMakeFiles/sentencepiece.dir/filesystem.cc.o
[INFO] [stderr]   [ 42%] Building CXX object src/CMakeFiles/sentencepiece.dir/model_factory.cc.o
[INFO] [stderr]   [ 43%] Building CXX object src/CMakeFiles/sentencepiece.dir/model_interface.cc.o
[INFO] [stderr]   [ 44%] Building CXX object src/CMakeFiles/sentencepiece.dir/normalizer.cc.o
[INFO] [stderr]   [ 45%] Building CXX object src/CMakeFiles/sentencepiece.dir/sentencepiece_processor.cc.o
[INFO] [stderr]   [ 46%] Building CXX object src/CMakeFiles/sentencepiece.dir/unigram_model.cc.o
[INFO] [stderr]   [ 47%] Building CXX object src/CMakeFiles/sentencepiece.dir/util.cc.o
[INFO] [stderr]   [ 48%] Building CXX object src/CMakeFiles/sentencepiece.dir/word_model.cc.o
[INFO] [stderr]   [ 49%] Building CXX object src/CMakeFiles/sentencepiece.dir/__/third_party/absl/flags/flag.cc.o
[INFO] [stderr] 
[INFO] [stderr]   --- stderr
[INFO] [stderr]   running: cd "/opt/rustwide/target/debug/build/sentencepiece-sys/d589aae822f8fa56/out/build" && CMAKE_PREFIX_PATH="" LC_ALL="C" "cmake" "/opt/rustwide/cargo-home/registry/src/index.crates.io-1949cf8c6b5b557f/sentencepiece-sys-0.13.1/source" "-B" "/opt/rustwide/target/debug/build/sentencepiece-sys/d589aae822f8fa56/out/build" "-DCMAKE_POLICY_VERSION_MINIMUM=3.10" "-DCMAKE_INSTALL_PREFIX=/opt/rustwide/target/debug/build/sentencepiece-sys/d589aae822f8fa56/out" "-DCMAKE_C_FLAGS= -ffunction-sections -fdata-sections -fPIC -m64 -w" "-DCMAKE_C_COMPILER=/usr/bin/cc" "-DCMAKE_CXX_FLAGS= -ffunction-sections -fdata-sections -fPIC -m64 -w" "-DCMAKE_CXX_COMPILER=/usr/bin/c++" "-DCMAKE_ASM_FLAGS= -ffunction-sections -fdata-sections -fPIC -m64 -w" "-DCMAKE_ASM_COMPILER=/usr/bin/cc" "-DCMAKE_BUILD_TYPE=Debug"
[INFO] [stderr]   CMake Warning:
[INFO] [stderr]     Manually-specified variables were not used by the project:
[INFO] [stderr] 
[INFO] [stderr]       CMAKE_ASM_COMPILER
[INFO] [stderr]       CMAKE_ASM_FLAGS
[INFO] [stderr] 
[INFO] [stderr] 
[INFO] [stderr]   running: cd "/opt/rustwide/target/debug/build/sentencepiece-sys/d589aae822f8fa56/out/build" && LC_ALL="C" MAKEFLAGS="-j --jobserver-fds=4,5 --jobserver-auth=4,5" "cmake" "--build" "/opt/rustwide/target/debug/build/sentencepiece-sys/d589aae822f8fa56/out/build" "--target" "install" "--config" "Debug"
[INFO] [stderr]   c++: fatal error: Killed signal terminated program cc1plus
[INFO] [stderr]   compilation terminated.
[INFO] [stderr]   gmake[2]: *** [src/CMakeFiles/sentencepiece_train-static.dir/build.make:79: src/CMakeFiles/sentencepiece_train-static.dir/builder.cc.o] Error 1
[INFO] [stderr]   gmake[2]: *** Waiting for unfinished jobs....
[INFO] [stderr]   c++: fatal error: Killed signal terminated program cc1plus
[INFO] [stderr]   compilation terminated.
[INFO] [stderr]   gmake[2]: *** [src/CMakeFiles/sentencepiece-static.dir/build.make:177: src/CMakeFiles/sentencepiece-static.dir/__/third_party/protobuf-lite/generated_message_table_driven_lite.cc.o] Error 1
[INFO] [stderr]   gmake[2]: *** Waiting for unfinished jobs....
[INFO] [stderr]   c++: fatal error: Killed signal terminated program cc1plus
[INFO] [stderr]   compilation terminated.
[INFO] [stderr]   gmake[2]: *** [src/CMakeFiles/sentencepiece-static.dir/build.make:191: src/CMakeFiles/sentencepiece-static.dir/__/third_party/protobuf-lite/generated_message_util.cc.o] Error 1
[INFO] [stderr]   c++: fatal error: Killed signal terminated program cc1plus
[INFO] [stderr]   compilation terminated.
[INFO] [stderr]   gmake[2]: *** [src/CMakeFiles/sentencepiece-static.dir/build.make:149: src/CMakeFiles/sentencepiece-static.dir/__/third_party/protobuf-lite/extension_set.cc.o] Error 1
[INFO] [stderr]   gmake[1]: *** [CMakeFiles/Makefile2:217: src/CMakeFiles/sentencepiece-static.dir/all] Error 2
[INFO] [stderr]   gmake[1]: *** Waiting for unfinished jobs....
[INFO] [stderr]   c++: fatal error: Killed signal terminated program cc1plus
[INFO] [stderr]   compilation terminated.
[INFO] [stderr]   gmake[2]: *** [src/CMakeFiles/sentencepiece_train-static.dir/build.make:121: src/CMakeFiles/sentencepiece_train-static.dir/trainer_interface.cc.o] Error 1
[INFO] [stderr]   gmake[1]: *** [CMakeFiles/Makefile2:249: src/CMakeFiles/sentencepiece_train-static.dir/all] Error 2
[INFO] [stderr]   c++: fatal error: Killed signal terminated program cc1plus
[INFO] [stderr]   compilation terminated.
[INFO] [stderr]   gmake[2]: *** [src/CMakeFiles/sentencepiece.dir/build.make:569: src/CMakeFiles/sentencepiece.dir/sentencepiece_processor.cc.o] Error 1
[INFO] [stderr]   gmake[2]: *** Waiting for unfinished jobs....
[INFO] [stderr]   c++: fatal error: Killed signal terminated program cc1plus
[INFO] [stderr]   compilation terminated.
[INFO] [stderr]   gmake[2]: *** [src/CMakeFiles/sentencepiece.dir/build.make:583: src/CMakeFiles/sentencepiece.dir/unigram_model.cc.o] Error 1
[INFO] [stderr]   gmake[1]: *** [CMakeFiles/Makefile2:153: src/CMakeFiles/sentencepiece.dir/all] Error 2
[INFO] [stderr]   gmake: *** [Makefile:156: all] Error 2
[INFO] [stderr] 
[INFO] [stderr]   thread 'main' (2411) panicked at /opt/rustwide/cargo-home/registry/src/index.crates.io-1949cf8c6b5b557f/cmake-0.1.58/src/lib.rs:1132:5:
[INFO] [stderr] 
[INFO] [stderr]   command did not execute successfully, got: exit status: 2
[INFO] [stderr] 
[INFO] [stderr]   build script failed, must exit now
[INFO] [stderr]   stack backtrace:
[INFO] [stderr]      0:     0x5a681c27c951 - std[3164a59e47d3bde]::backtrace_rs::backtrace::libunwind::trace
[INFO] [stderr]                                  at /rustc/3154cc1a3e6424e44f438a95007d043ed5ceaaf6/library/std/src/../../backtrace/src/backtrace/libunwind.rs:117:9
[INFO] [stderr]      1:     0x5a681c27c951 - std[3164a59e47d3bde]::backtrace_rs::backtrace::trace_unsynchronized::<std[3164a59e47d3bde]::sys::backtrace::_print_fmt::{closure#1}>
[INFO] [stderr]                                  at /rustc/3154cc1a3e6424e44f438a95007d043ed5ceaaf6/library/std/src/../../backtrace/src/backtrace/mod.rs:66:14
[INFO] [stderr]      2:     0x5a681c27c951 - std[3164a59e47d3bde]::sys::backtrace::_print_fmt
[INFO] [stderr]                                  at /rustc/3154cc1a3e6424e44f438a95007d043ed5ceaaf6/library/std/src/sys/backtrace.rs:74:9
[INFO] [stderr]      3:     0x5a681c27c951 - <<std[3164a59e47d3bde]::sys::backtrace::BacktraceLock>::print::DisplayBacktrace as core[934024a1e6126fb4]::fmt::Display>::fmt
[INFO] [stderr]                                  at /rustc/3154cc1a3e6424e44f438a95007d043ed5ceaaf6/library/std/src/sys/backtrace.rs:44:26
[INFO] [stderr]      4:     0x5a681c29174a - <core[934024a1e6126fb4]::fmt::rt::Argument>::fmt
[INFO] [stderr]                                  at /rustc/3154cc1a3e6424e44f438a95007d043ed5ceaaf6/library/core/src/fmt/rt.rs:152:76
[INFO] [stderr]      5:     0x5a681c29174a - core[934024a1e6126fb4]::fmt::write
[INFO] [stderr]      6:     0x5a681c2823ac - core[934024a1e6126fb4]::io::write::default_write_fmt::<std[3164a59e47d3bde]::sys::stdio::unix::Stderr>
[INFO] [stderr]                                  at /rustc/3154cc1a3e6424e44f438a95007d043ed5ceaaf6/library/core/src/io/write.rs:402:11
[INFO] [stderr]      7:     0x5a681c2823ac - <std[3164a59e47d3bde]::sys::stdio::unix::Stderr as core[934024a1e6126fb4]::io::write::Write>::write_fmt
[INFO] [stderr]                                  at /rustc/3154cc1a3e6424e44f438a95007d043ed5ceaaf6/library/core/src/io/write.rs:335:13
[INFO] [stderr]      8:     0x5a681c25a6a6 - <std[3164a59e47d3bde]::sys::backtrace::BacktraceLock>::print
[INFO] [stderr]                                  at /rustc/3154cc1a3e6424e44f438a95007d043ed5ceaaf6/library/std/src/sys/backtrace.rs:47:9
[INFO] [stderr]      9:     0x5a681c25a6a6 - std[3164a59e47d3bde]::panicking::default_hook::{closure#0}
[INFO] [stderr]                                  at /rustc/3154cc1a3e6424e44f438a95007d043ed5ceaaf6/library/std/src/panicking.rs:289:27
[INFO] [stderr]     10:     0x5a681c276831 - std[3164a59e47d3bde]::panicking::default_hook
[INFO] [stderr]                                  at /rustc/3154cc1a3e6424e44f438a95007d043ed5ceaaf6/library/std/src/panicking.rs:316:9
[INFO] [stderr]     11:     0x5a681c2769eb - std[3164a59e47d3bde]::panicking::panic_with_hook
[INFO] [stderr]                                  at /rustc/3154cc1a3e6424e44f438a95007d043ed5ceaaf6/library/std/src/panicking.rs:811:13
[INFO] [stderr]     12:     0x5a681c25a752 - std[3164a59e47d3bde]::panicking::panic_handler::{closure#0}
[INFO] [stderr]                                  at /rustc/3154cc1a3e6424e44f438a95007d043ed5ceaaf6/library/std/src/panicking.rs:685:13
[INFO] [stderr]     13:     0x5a681c253389 - std[3164a59e47d3bde]::sys::backtrace::__rust_end_short_backtrace::<std[3164a59e47d3bde]::panicking::panic_handler::{closure#0}, !>
[INFO] [stderr]                                  at /rustc/3154cc1a3e6424e44f438a95007d043ed5ceaaf6/library/std/src/sys/backtrace.rs:182:18
[INFO] [stderr]     14:     0x5a681c25b02d - __rustc[2e7b49d4226056d3]::rust_begin_unwind
[INFO] [stderr]                                  at /rustc/3154cc1a3e6424e44f438a95007d043ed5ceaaf6/library/std/src/panicking.rs:676:5
[INFO] [stderr]     15:     0x5a681c291f3c - core[934024a1e6126fb4]::panicking::panic_fmt
[INFO] [stderr]                                  at /rustc/3154cc1a3e6424e44f438a95007d043ed5ceaaf6/library/core/src/panicking.rs:80:14
[INFO] [stderr]     16:     0x5a681c1d2d07 - cmake[d92f7a11167a2d7]::fail
[INFO] [stderr]     17:     0x5a681c1d2993 - cmake[d92f7a11167a2d7]::run
[INFO] [stderr]     18:     0x5a681c1d8975 - <cmake[d92f7a11167a2d7]::Config>::build
[INFO] [stderr]     19:     0x5a681c1a59ae - build_script_build[bda7ff8ace33e95b]::build_sentencepiece
[INFO] [stderr]     20:     0x5a681c1a608e - build_script_build[bda7ff8ace33e95b]::main
[INFO] [stderr]     21:     0x5a681c1a68f3 - <fn() as core[934024a1e6126fb4]::ops::function::FnOnce<()>>::call_once
[INFO] [stderr]     22:     0x5a681c1a55ee - std[3164a59e47d3bde]::sys::backtrace::__rust_begin_short_backtrace::<fn(), ()>
[INFO] [stderr]     23:     0x5a681c1a55f9 - std[3164a59e47d3bde]::rt::lang_start::<()>::{closure#0}
[INFO] [stderr]     24:     0x5a681c275b38 - <&dyn core[934024a1e6126fb4]::ops::function::Fn<(), Output = i32> + core[934024a1e6126fb4]::marker::Sync + core[934024a1e6126fb4]::panic::unwind_safe::RefUnwindSafe as core[934024a1e6126fb4]::ops::function::FnOnce<()>>::call_once
[INFO] [stderr]                                  at /rustc/3154cc1a3e6424e44f438a95007d043ed5ceaaf6/library/core/src/ops/function.rs:287:21
[INFO] [stderr]     25:     0x5a681c275b38 - std[3164a59e47d3bde]::panicking::catch_unwind::do_call::<&dyn core[934024a1e6126fb4]::ops::function::Fn<(), Output = i32> + core[934024a1e6126fb4]::marker::Sync + core[934024a1e6126fb4]::panic::unwind_safe::RefUnwindSafe, i32>
[INFO] [stderr]                                  at /rustc/3154cc1a3e6424e44f438a95007d043ed5ceaaf6/library/std/src/panicking.rs:573:43
[INFO] [stderr]     26:     0x5a681c275b38 - std[3164a59e47d3bde]::panicking::catch_unwind::<i32, &dyn core[934024a1e6126fb4]::ops::function::Fn<(), Output = i32> + core[934024a1e6126fb4]::marker::Sync + core[934024a1e6126fb4]::panic::unwind_safe::RefUnwindSafe>
[INFO] [stderr]                                  at /rustc/3154cc1a3e6424e44f438a95007d043ed5ceaaf6/library/std/src/panicking.rs:541:19
[INFO] [stderr]     27:     0x5a681c275b38 - std[3164a59e47d3bde]::panic::catch_unwind::<&dyn core[934024a1e6126fb4]::ops::function::Fn<(), Output = i32> + core[934024a1e6126fb4]::marker::Sync + core[934024a1e6126fb4]::panic::unwind_safe::RefUnwindSafe, i32>
[INFO] [stderr]                                  at /rustc/3154cc1a3e6424e44f438a95007d043ed5ceaaf6/library/std/src/panic.rs:359:14
[INFO] [stderr]     28:     0x5a681c275b38 - std[3164a59e47d3bde]::rt::lang_start_internal::{closure#0}
[INFO] [stderr]                                  at /rustc/3154cc1a3e6424e44f438a95007d043ed5ceaaf6/library/std/src/rt.rs:175:24
[INFO] [stderr]     29:     0x5a681c275b38 - std[3164a59e47d3bde]::panicking::catch_unwind::do_call::<std[3164a59e47d3bde]::rt::lang_start_internal::{closure#0}, isize>
[INFO] [stderr]                                  at /rustc/3154cc1a3e6424e44f438a95007d043ed5ceaaf6/library/std/src/panicking.rs:573:43
[INFO] [stderr]     30:     0x5a681c275b38 - std[3164a59e47d3bde]::panicking::catch_unwind::<isize, std[3164a59e47d3bde]::rt::lang_start_internal::{closure#0}>
[INFO] [stderr]                                  at /rustc/3154cc1a3e6424e44f438a95007d043ed5ceaaf6/library/std/src/panicking.rs:541:19
[INFO] [stderr]     31:     0x5a681c275b38 - std[3164a59e47d3bde]::panic::catch_unwind::<std[3164a59e47d3bde]::rt::lang_start_internal::{closure#0}, isize>
[INFO] [stderr]                                  at /rustc/3154cc1a3e6424e44f438a95007d043ed5ceaaf6/library/std/src/panic.rs:359:14
[INFO] [stderr]     32:     0x5a681c275b38 - std[3164a59e47d3bde]::rt::lang_start_internal
[INFO] [stderr]                                  at /rustc/3154cc1a3e6424e44f438a95007d043ed5ceaaf6/library/std/src/rt.rs:171:5
[INFO] [stderr]     33:     0x5a681c1a55e1 - std[3164a59e47d3bde]::rt::lang_start::<()>
[INFO] [stderr]     34:     0x5a681c1a6965 - main
[INFO] [stderr]     35:     0x71b27fc5e601 - <unknown>
[INFO] [stderr]     36:     0x71b27fc5e718 - __libc_start_main
[INFO] [stderr]     37:     0x5a681c1a4355 - _start
[INFO] [stderr]     38:                0x0 - <unknown>
[INFO] [stderr] error: failed to run custom build command for `ct2rs v0.9.22`
[INFO] [stderr] note: To improve backtraces for build dependencies, set the CARGO_PROFILE_DEV_BUILD_OVERRIDE_DEBUG=true environment variable to enable debug information generation.
[INFO] [stderr] 
[INFO] [stderr] Caused by:
[INFO] [stderr]   process didn't exit successfully: `/opt/rustwide/target/debug/build/ct2rs/ef3f9671d0a53ece/out/build_script_build` (exit status: 101)
[INFO] [stderr]   --- stdout
[INFO] [stderr]   cargo:rerun-if-changed=build.rs
[INFO] [stderr]   cargo:rerun-if-changed=src/sys
[INFO] [stderr]   cargo:rerun-if-changed=include
[INFO] [stderr]   cargo:rerun-if-changed=CTranslate2
[INFO] [stderr]   cargo:rerun-if-env-changed=LIBRARY_PATH
[INFO] [stderr]   cargo:rerun-if-env-changed=CMAKE_INCLUDE_PATH
[INFO] [stderr]   cargo:rerun-if-env-changed=CMAKE_LIBRARY_PATH
[INFO] [stderr]   CMAKE_TOOLCHAIN_FILE_x86_64-unknown-linux-gnu = None
[INFO] [stderr]   CMAKE_TOOLCHAIN_FILE_x86_64_unknown_linux_gnu = None
[INFO] [stderr]   HOST_CMAKE_TOOLCHAIN_FILE = None
[INFO] [stderr]   CMAKE_TOOLCHAIN_FILE = None
[INFO] [stderr]   CMAKE_GENERATOR_x86_64-unknown-linux-gnu = None
[INFO] [stderr]   CMAKE_GENERATOR_x86_64_unknown_linux_gnu = None
[INFO] [stderr]   HOST_CMAKE_GENERATOR = None
[INFO] [stderr]   CMAKE_GENERATOR = None
[INFO] [stderr]   CMAKE_PREFIX_PATH_x86_64-unknown-linux-gnu = None
[INFO] [stderr]   CMAKE_PREFIX_PATH_x86_64_unknown_linux_gnu = None
[INFO] [stderr]   HOST_CMAKE_PREFIX_PATH = None
[INFO] [stderr]   CMAKE_PREFIX_PATH = None
[INFO] [stderr]   CMAKE_x86_64-unknown-linux-gnu = None
[INFO] [stderr]   CMAKE_x86_64_unknown_linux_gnu = None
[INFO] [stderr]   HOST_CMAKE = None
[INFO] [stderr]   CMAKE = None
[INFO] [stderr]   -- The C compiler identification is GNU 15.2.0
[INFO] [stderr]   -- The CXX compiler identification is GNU 15.2.0
[INFO] [stderr]   -- Detecting C compiler ABI info
[INFO] [stderr]   -- Detecting C compiler ABI info - done
[INFO] [stderr]   -- Check for working C compiler: /usr/bin/cc - skipped
[INFO] [stderr]   -- Detecting C compile features
[INFO] [stderr]   -- Detecting C compile features - done
[INFO] [stderr]   -- Detecting CXX compiler ABI info
[INFO] [stderr]   -- Detecting CXX compiler ABI info - done
[INFO] [stderr]   -- Check for working CXX compiler: /usr/bin/c++ - skipped
[INFO] [stderr]   -- Detecting CXX compile features
[INFO] [stderr]   -- Detecting CXX compile features - done
[INFO] [stderr]   -- Compiler Id: GNU
[INFO] [stderr]   -- Compiler Version: 15.2.0
[INFO] [stderr]   -- Performing Test CMAKE_HAVE_LIBC_PTHREAD
[INFO] [stderr]   -- Performing Test CMAKE_HAVE_LIBC_PTHREAD - Success
[INFO] [stderr]   -- Found Threads: TRUE
[INFO] [stderr]   -- Build spdlog: 1.10.0
[INFO] [stderr]   -- Build type: Debug
[INFO] [stderr]   -- Looking for dlfcn.h
[INFO] [stderr]   -- Looking for dlfcn.h - found
[INFO] [stderr]   -- Looking for getauxval
[INFO] [stderr]   -- Looking for getauxval - found
[INFO] [stderr]   -- Compiling for multiple CPU ISA and enabling runtime dispatch
[INFO] [stderr]   -- Performing Test COMPILER_HAS_HIDDEN_VISIBILITY
[INFO] [stderr]   -- Performing Test COMPILER_HAS_HIDDEN_VISIBILITY - Success
[INFO] [stderr]   -- Performing Test COMPILER_HAS_HIDDEN_INLINE_VISIBILITY
[INFO] [stderr]   -- Performing Test COMPILER_HAS_HIDDEN_INLINE_VISIBILITY - Success
[INFO] [stderr]   -- Performing Test COMPILER_HAS_DEPRECATED_ATTR
[INFO] [stderr]   -- Performing Test COMPILER_HAS_DEPRECATED_ATTR - Success
[INFO] [stderr]   -- Configuring done (9.2s)
[INFO] [stderr]   -- Generating done (0.6s)
[INFO] [stderr]   -- Build files have been written to: /opt/rustwide/target/debug/build/ct2rs/e5134069be954170/out/build
[INFO] [stderr]   [  0%] Building CXX object third_party/ruy/ruy/profiler/CMakeFiles/ruy_profiler_instrumentation.dir/instrumentation.cc.o
[INFO] [stderr]   [  1%] Linking CXX static library libruy_profiler_instrumentation.a
[INFO] [stderr]   [  1%] Built target ruy_profiler_instrumentation
[INFO] [stderr]   [  1%] Building CXX object third_party/ruy/ruy/CMakeFiles/ruy_denormal.dir/denormal.cc.o
[INFO] [stderr]   [  1%] Linking CXX static library libruy_denormal.a
[INFO] [stderr]   [  1%] Built target ruy_denormal
[INFO] [stderr]   [  2%] Building C object third_party/ruy/third_party/cpuinfo/deps/clog/CMakeFiles/clog.dir/src/clog.c.o
[INFO] [stderr]   [  2%] Linking C static library libclog.a
[INFO] [stderr]   [  2%] Built target clog
[INFO] [stderr]   [  2%] Building CXX object third_party/ruy/ruy/CMakeFiles/ruy_apply_multiplier.dir/apply_multiplier.cc.o
[INFO] [stderr]   [  3%] Linking CXX static library libruy_apply_multiplier.a
[INFO] [stderr]   [  3%] Built target ruy_apply_multiplier
[INFO] [stderr]   [  3%] Building CXX object third_party/ruy/ruy/CMakeFiles/ruy_have_built_path_for_avx512.dir/have_built_path_for_avx512.cc.o
[INFO] [stderr]   [  4%] Linking CXX static library libruy_have_built_path_for_avx512.a
[INFO] [stderr]   [  4%] Built target ruy_have_built_path_for_avx512
[INFO] [stderr]   [  4%] Building CXX object third_party/ruy/ruy/CMakeFiles/ruy_have_built_path_for_avx2_fma.dir/have_built_path_for_avx2_fma.cc.o
[INFO] [stderr]   [  5%] Linking CXX static library libruy_have_built_path_for_avx2_fma.a
[INFO] [stderr]   [  5%] Built target ruy_have_built_path_for_avx2_fma
[INFO] [stderr]   [  7%] Building CXX object third_party/ruy/ruy/CMakeFiles/ruy_have_built_path_for_avx.dir/have_built_path_for_avx.cc.o
[INFO] [stderr]   [  7%] Linking CXX static library libruy_have_built_path_for_avx.a
[INFO] [stderr]   [  7%] Built target ruy_have_built_path_for_avx
[INFO] [stderr]   [  7%] Building CXX object third_party/ruy/ruy/CMakeFiles/ruy_system_aligned_alloc.dir/system_aligned_alloc.cc.o
[INFO] [stderr]   [  8%] Linking CXX static library libruy_system_aligned_alloc.a
[INFO] [stderr]   [  8%] Built target ruy_system_aligned_alloc
[INFO] [stderr]   [  8%] Building CXX object third_party/ruy/ruy/CMakeFiles/ruy_wait.dir/wait.cc.o
[INFO] [stderr]   [  9%] Linking CXX static library libruy_wait.a
[INFO] [stderr]   [  9%] Built target ruy_wait
[INFO] [stderr]   [  9%] Building CXX object third_party/ruy/ruy/CMakeFiles/ruy_block_map.dir/block_map.cc.o
[INFO] [stderr]   [ 10%] Linking CXX static library libruy_block_map.a
[INFO] [stderr]   [ 10%] Built target ruy_block_map
[INFO] [stderr]   [ 11%] Building C object third_party/cpu_features/CMakeFiles/utils.dir/src/filesystem.c.o
[INFO] [stderr]   [ 11%] Building C object third_party/cpu_features/CMakeFiles/utils.dir/src/stack_line_reader.c.o
[INFO] [stderr]   [ 12%] Building C object third_party/cpu_features/CMakeFiles/utils.dir/src/string_view.c.o
[INFO] [stderr]   [ 12%] Built target utils
[INFO] [stderr]   [ 14%] Building C object third_party/ruy/third_party/cpuinfo/CMakeFiles/cpuinfo.dir/src/init.c.o
[INFO] [stderr]   [ 14%] Building C object third_party/ruy/third_party/cpuinfo/CMakeFiles/cpuinfo.dir/src/api.c.o
[INFO] [stderr]   [ 14%] Building C object third_party/ruy/third_party/cpuinfo/CMakeFiles/cpuinfo.dir/src/cache.c.o
[INFO] [stderr]   [ 15%] Building C object third_party/ruy/third_party/cpuinfo/CMakeFiles/cpuinfo.dir/src/x86/init.c.o
[INFO] [stderr]   [ 15%] Building C object third_party/ruy/third_party/cpuinfo/CMakeFiles/cpuinfo.dir/src/x86/info.c.o
[INFO] [stderr]   [ 16%] Building C object third_party/ruy/third_party/cpuinfo/CMakeFiles/cpuinfo.dir/src/x86/vendor.c.o
[INFO] [stderr]   [ 16%] Building C object third_party/ruy/third_party/cpuinfo/CMakeFiles/cpuinfo.dir/src/x86/uarch.c.o
[INFO] [stderr]   [ 16%] Building C object third_party/ruy/third_party/cpuinfo/CMakeFiles/cpuinfo.dir/src/x86/name.c.o
[INFO] [stderr]   [ 17%] Building C object third_party/ruy/third_party/cpuinfo/CMakeFiles/cpuinfo.dir/src/x86/topology.c.o
[INFO] [stderr]   [ 17%] Building C object third_party/ruy/third_party/cpuinfo/CMakeFiles/cpuinfo.dir/src/x86/isa.c.o
[INFO] [stderr]   [ 18%] Building C object third_party/ruy/third_party/cpuinfo/CMakeFiles/cpuinfo.dir/src/x86/cache/init.c.o
[INFO] [stderr]   [ 18%] Building C object third_party/ruy/third_party/cpuinfo/CMakeFiles/cpuinfo.dir/src/x86/cache/descriptor.c.o
[INFO] [stderr]   [ 18%] Building C object third_party/ruy/third_party/cpuinfo/CMakeFiles/cpuinfo.dir/src/x86/cache/deterministic.c.o
[INFO] [stderr]   [ 20%] Building C object third_party/ruy/third_party/cpuinfo/CMakeFiles/cpuinfo.dir/src/x86/linux/init.c.o
[INFO] [stderr]   [ 20%] Building C object third_party/ruy/third_party/cpuinfo/CMakeFiles/cpuinfo.dir/src/x86/linux/cpuinfo.c.o
[INFO] [stderr]   [ 21%] Building C object third_party/ruy/third_party/cpuinfo/CMakeFiles/cpuinfo.dir/src/linux/smallfile.c.o
[INFO] [stderr]   [ 21%] Building C object third_party/ruy/third_party/cpuinfo/CMakeFiles/cpuinfo.dir/src/linux/multiline.c.o
[INFO] [stderr]   [ 21%] Building C object third_party/ruy/third_party/cpuinfo/CMakeFiles/cpuinfo.dir/src/linux/cpulist.c.o
[INFO] [stderr]   [ 22%] Building C object third_party/ruy/third_party/cpuinfo/CMakeFiles/cpuinfo.dir/src/linux/processors.c.o
[INFO] [stderr]   [ 22%] Linking C static library libcpuinfo.a
[INFO] [stderr]   [ 22%] Built target cpuinfo
[INFO] [stderr]   [ 23%] Building CXX object third_party/ruy/ruy/CMakeFiles/ruy_prepacked_cache.dir/prepacked_cache.cc.o
[INFO] [stderr]   [ 23%] Linking CXX static library libruy_prepacked_cache.a
[INFO] [stderr]   [ 24%] Building CXX object third_party/ruy/ruy/CMakeFiles/ruy_allocator.dir/allocator.cc.o
[INFO] [stderr]   [ 24%] Built target ruy_prepacked_cache
[INFO] [stderr]   [ 24%] Linking CXX static library libruy_allocator.a
[INFO] [stderr]   [ 24%] Built target ruy_allocator
[INFO] [stderr]   [ 24%] Building CXX object third_party/ruy/ruy/CMakeFiles/ruy_blocking_counter.dir/blocking_counter.cc.o
[INFO] [stderr]   [ 24%] Linking CXX static library libruy_blocking_counter.a
[INFO] [stderr]   [ 24%] Built target ruy_blocking_counter
[INFO] [stderr]   [ 24%] Building C object third_party/cpu_features/CMakeFiles/cpu_features.dir/src/impl_aarch64_linux_or_android.c.o
[INFO] [stderr]   [ 25%] Building C object third_party/cpu_features/CMakeFiles/cpu_features.dir/src/impl_arm_linux_or_android.c.o
[INFO] [stderr]   [ 25%] Building C object third_party/cpu_features/CMakeFiles/cpu_features.dir/src/impl_mips_linux_or_android.c.o
[INFO] [stderr]   [ 25%] Building C object third_party/cpu_features/CMakeFiles/cpu_features.dir/src/impl_ppc_linux.c.o
[INFO] [stderr]   [ 27%] Building C object third_party/cpu_features/CMakeFiles/cpu_features.dir/src/impl_x86_freebsd.c.o
[INFO] [stderr]   [ 27%] Building C object third_party/cpu_features/CMakeFiles/cpu_features.dir/src/impl_x86_linux_or_android.c.o
[INFO] [stderr]   [ 28%] Building C object third_party/cpu_features/CMakeFiles/cpu_features.dir/src/impl_x86_macos.c.o
[INFO] [stderr]   [ 28%] Building C object third_party/cpu_features/CMakeFiles/cpu_features.dir/src/impl_x86_windows.c.o
[INFO] [stderr]   [ 28%] Linking C static library libcpu_features.a
[INFO] [stderr]   [ 28%] Built target cpu_features
[INFO] [stderr]   [ 28%] Building CXX object third_party/ruy/ruy/CMakeFiles/ruy_cpuinfo.dir/cpuinfo.cc.o
[INFO] [stderr]   [ 29%] Linking CXX static library libruy_cpuinfo.a
[INFO] [stderr]   [ 29%] Built target ruy_cpuinfo
[INFO] [stderr]   [ 29%] Building CXX object third_party/ruy/ruy/CMakeFiles/ruy_thread_pool.dir/thread_pool.cc.o
[INFO] [stderr]   [ 29%] Linking CXX static library libruy_thread_pool.a
[INFO] [stderr]   [ 29%] Built target ruy_thread_pool
[INFO] [stderr]   [ 30%] Building CXX object third_party/ruy/ruy/CMakeFiles/ruy_tune.dir/tune.cc.o
[INFO] [stderr]   [ 30%] Linking CXX static library libruy_tune.a
[INFO] [stderr]   [ 30%] Built target ruy_tune
[INFO] [stderr]   [ 30%] Building CXX object third_party/ruy/ruy/CMakeFiles/ruy_pack_arm.dir/pack_arm.cc.o
[INFO] [stderr]   [ 31%] Linking CXX static library libruy_pack_arm.a
[INFO] [stderr]   [ 31%] Built target ruy_pack_arm
[INFO] [stderr]   [ 32%] Building CXX object third_party/ruy/ruy/CMakeFiles/ruy_kernel_avx512.dir/kernel_avx512.cc.o
[INFO] [stderr]   [ 32%] Linking CXX static library libruy_kernel_avx512.a
[INFO] [stderr]   [ 32%] Built target ruy_kernel_avx512
[INFO] [stderr]   [ 34%] Building CXX object third_party/ruy/ruy/CMakeFiles/ruy_pack_avx512.dir/pack_avx512.cc.o
[INFO] [stderr]   [ 34%] Linking CXX static library libruy_pack_avx512.a
[INFO] [stderr]   [ 34%] Built target ruy_pack_avx512
[INFO] [stderr]   [ 34%] Building CXX object third_party/ruy/ruy/CMakeFiles/ruy_kernel_avx2_fma.dir/kernel_avx2_fma.cc.o
[INFO] [stderr]   [ 34%] Building CXX object third_party/ruy/ruy/CMakeFiles/ruy_pack_avx2_fma.dir/pack_avx2_fma.cc.o
[INFO] [stderr]   [ 34%] Building CXX object third_party/ruy/ruy/CMakeFiles/ruy_kernel_avx.dir/kernel_avx.cc.o
[INFO] [stderr]   [ 34%] Building CXX object third_party/ruy/ruy/CMakeFiles/ruy_pack_avx.dir/pack_avx.cc.o
[INFO] [stderr]   [ 34%] Building CXX object third_party/ruy/ruy/CMakeFiles/ruy_ctx.dir/ctx.cc.o
[INFO] [stderr]   [ 34%] Linking CXX static library libruy_pack_avx2_fma.a
[INFO] [stderr]   [ 34%] Built target ruy_pack_avx2_fma
[INFO] [stderr]   [ 34%] Linking CXX static library libruy_kernel_avx2_fma.a
[INFO] [stderr]   [ 34%] Building CXX object third_party/ruy/ruy/CMakeFiles/ruy_kernel_arm.dir/kernel_arm32.cc.o
[INFO] [stderr]   [ 34%] Built target ruy_kernel_avx2_fma
[INFO] [stderr]   [ 34%] Building CXX object third_party/ruy/ruy/CMakeFiles/ruy_kernel_arm.dir/kernel_arm64.cc.o
[INFO] [stderr]   [ 35%] Linking CXX static library libruy_ctx.a
[INFO] [stderr]   [ 36%] Linking CXX static library libruy_kernel_arm.a
[INFO] [stderr]   [ 36%] Built target ruy_ctx
[INFO] [stderr]   [ 37%] Building CXX object third_party/ruy/ruy/CMakeFiles/ruy_context.dir/context.cc.o
[INFO] [stderr]   [ 37%] Built target ruy_kernel_arm
[INFO] [stderr]   [ 38%] Building CXX object third_party/ruy/ruy/CMakeFiles/ruy_trmul.dir/trmul.cc.o
[INFO] [stderr]   [ 40%] Linking CXX static library libruy_pack_avx.a
[INFO] [stderr]   [ 40%] Built target ruy_pack_avx
[INFO] [stderr]   [ 41%] Linking CXX static library libruy_kernel_avx.a
[INFO] [stderr]   [ 41%] Built target ruy_kernel_avx
[INFO] [stderr]   [ 41%] Building CXX object third_party/ruy/ruy/CMakeFiles/ruy_prepare_packed_matrices.dir/prepare_packed_matrices.cc.o
[INFO] [stderr]   [ 41%] Linking CXX static library libruy_trmul.a
[INFO] [stderr]   [ 41%] Linking CXX static library libruy_context.a
[INFO] [stderr]   [ 41%] Built target ruy_trmul
[INFO] [stderr]   [ 41%] Built target ruy_context
[INFO] [stderr]   [ 42%] Building CXX object third_party/ruy/ruy/CMakeFiles/ruy_context_get_ctx.dir/context_get_ctx.cc.o
[INFO] [stderr]   [ 43%] Linking CXX static library libruy_prepare_packed_matrices.a
[INFO] [stderr]   [ 43%] Built target ruy_prepare_packed_matrices
[INFO] [stderr]   [ 44%] Building CXX object third_party/ruy/ruy/CMakeFiles/ruy_frontend.dir/frontend.cc.o
[INFO] [stderr]   [ 44%] Linking CXX static library libruy_context_get_ctx.a
[INFO] [stderr]   [ 44%] Built target ruy_context_get_ctx
[INFO] [stderr]   [ 44%] Linking CXX static library libruy_frontend.a
[INFO] [stderr]   [ 44%] Built target ruy_frontend
[INFO] [stderr]   [ 44%] Building CXX object CMakeFiles/ctranslate2.dir/src/allocator.cc.o
[INFO] [stderr]   [ 45%] Building CXX object CMakeFiles/ctranslate2.dir/src/batch_reader.cc.o
[INFO] [stderr]   [ 45%] Building CXX object CMakeFiles/ctranslate2.dir/src/buffered_translation_wrapper.cc.o
[INFO] [stderr]   [ 47%] Building CXX object CMakeFiles/ctranslate2.dir/src/cpu/allocator.cc.o
[INFO] [stderr]   [ 47%] Building CXX object CMakeFiles/ctranslate2.dir/src/cpu/backend.cc.o
[INFO] [stderr]   [ 47%] Building CXX object CMakeFiles/ctranslate2.dir/src/cpu/cpu_info.cc.o
[INFO] [stderr]   [ 48%] Building CXX object CMakeFiles/ctranslate2.dir/src/cpu/cpu_isa.cc.o
[INFO] [stderr]   [ 48%] Building CXX object CMakeFiles/ctranslate2.dir/src/cpu/kernels.cc.o
[INFO] [stderr]   [ 49%] Building CXX object CMakeFiles/ctranslate2.dir/src/cpu/parallel.cc.o
[INFO] [stderr]   [ 49%] Building CXX object CMakeFiles/ctranslate2.dir/src/cpu/primitives.cc.o
[INFO] [stderr]   [ 49%] Building CXX object CMakeFiles/ctranslate2.dir/src/decoding.cc.o
[INFO] [stderr]   [ 50%] Building CXX object CMakeFiles/ctranslate2.dir/src/decoding_utils.cc.o
[INFO] [stderr]   [ 50%] Building CXX object CMakeFiles/ctranslate2.dir/src/devices.cc.o
[INFO] [stderr]   [ 51%] Building CXX object CMakeFiles/ctranslate2.dir/src/dtw.cc.o
[INFO] [stderr]   [ 51%] Building CXX object CMakeFiles/ctranslate2.dir/src/encoder.cc.o
[INFO] [stderr]   [ 51%] Building CXX object CMakeFiles/ctranslate2.dir/src/env.cc.o
[INFO] [stderr]   [ 52%] Building CXX object CMakeFiles/ctranslate2.dir/src/filesystem.cc.o
[INFO] [stderr]   [ 52%] Building CXX object CMakeFiles/ctranslate2.dir/src/generator.cc.o
[INFO] [stderr]   [ 54%] Building CXX object CMakeFiles/ctranslate2.dir/src/layers/attention_layer.cc.o
[INFO] [stderr]   [ 54%] Building CXX object CMakeFiles/ctranslate2.dir/src/layers/attention.cc.o
[INFO] [stderr]   [ 54%] Building CXX object CMakeFiles/ctranslate2.dir/src/layers/flash_attention.cc.o
[INFO] [stderr] 
[INFO] [stderr]   --- stderr
[INFO] [stderr]   running: cd "/opt/rustwide/target/debug/build/ct2rs/e5134069be954170/out/build" && CMAKE_PREFIX_PATH="" LC_ALL="C" "cmake" "/opt/rustwide/cargo-home/registry/src/index.crates.io-1949cf8c6b5b557f/ct2rs-0.9.22/CTranslate2" "-B" "/opt/rustwide/target/debug/build/ct2rs/e5134069be954170/out/build" "-DBUILD_CLI=OFF" "-DBUILD_SHARED_LIBS=OFF" "-DWITH_MKL=OFF" "-DOPENMP_RUNTIME=NONE" "-DCMAKE_POLICY_VERSION_MINIMUM=3.5" "-DWITH_RUY=ON" "-DCMAKE_INSTALL_PREFIX=/opt/rustwide/target/debug/build/ct2rs/e5134069be954170/out" "-DCMAKE_C_FLAGS= -ffunction-sections -fdata-sections -fPIC -m64 -w" "-DCMAKE_C_COMPILER=/usr/bin/cc" "-DCMAKE_CXX_FLAGS= -ffunction-sections -fdata-sections -fPIC -m64 -w" "-DCMAKE_CXX_COMPILER=/usr/bin/c++" "-DCMAKE_ASM_FLAGS= -ffunction-sections -fdata-sections -fPIC -m64 -w" "-DCMAKE_ASM_COMPILER=/usr/bin/cc" "-DCMAKE_BUILD_TYPE=Debug"
[INFO] [stderr]   CMake Deprecation Warning at CMakeLists.txt:1 (cmake_minimum_required):
[INFO] [stderr]     Compatibility with CMake < 3.10 will be removed from a future version of
[INFO] [stderr]     CMake.
[INFO] [stderr] 
[INFO] [stderr]     Update the VERSION argument <min> value.  Or, use the <min>...<max> syntax
[INFO] [stderr]     to tell CMake that the project requires at least <min> but has been updated
[INFO] [stderr]     to work with policies introduced by <max> or earlier.
[INFO] [stderr] 
[INFO] [stderr] 
[INFO] [stderr]   CMake Deprecation Warning at third_party/cpu_features/CMakeLists.txt:1 (cmake_minimum_required):
[INFO] [stderr]     Compatibility with CMake < 3.10 will be removed from a future version of
[INFO] [stderr]     CMake.
[INFO] [stderr] 
[INFO] [stderr]     Update the VERSION argument <min> value.  Or, use the <min>...<max> syntax
[INFO] [stderr]     to tell CMake that the project requires at least <min> but has been updated
[INFO] [stderr]     to work with policies introduced by <max> or earlier.
[INFO] [stderr] 
[INFO] [stderr] 
[INFO] [stderr]   CMake Deprecation Warning at third_party/ruy/third_party/cpuinfo/CMakeLists.txt:1 (CMAKE_MINIMUM_REQUIRED):
[INFO] [stderr]     Compatibility with CMake < 3.10 will be removed from a future version of
[INFO] [stderr]     CMake.
[INFO] [stderr] 
[INFO] [stderr]     Update the VERSION argument <min> value.  Or, use the <min>...<max> syntax
[INFO] [stderr]     to tell CMake that the project requires at least <min> but has been updated
[INFO] [stderr]     to work with policies introduced by <max> or earlier.
[INFO] [stderr] 
[INFO] [stderr] 
[INFO] [stderr]   CMake Deprecation Warning at third_party/ruy/third_party/cpuinfo/deps/clog/CMakeLists.txt:1 (CMAKE_MINIMUM_REQUIRED):
[INFO] [stderr]     Compatibility with CMake < 3.10 will be removed from a future version of
[INFO] [stderr]     CMake.
[INFO] [stderr] 
[INFO] [stderr]     Update the VERSION argument <min> value.  Or, use the <min>...<max> syntax
[INFO] [stderr]     to tell CMake that the project requires at least <min> but has been updated
[INFO] [stderr]     to work with policies introduced by <max> or earlier.
[INFO] [stderr] 
[INFO] [stderr] 
[INFO] [stderr]   CMake Warning:
[INFO] [stderr]     Manually-specified variables were not used by the project:
[INFO] [stderr] 
[INFO] [stderr]       CMAKE_ASM_COMPILER
[INFO] [stderr]       CMAKE_ASM_FLAGS
[INFO] [stderr] 
[INFO] [stderr] 
[INFO] [stderr]   running: cd "/opt/rustwide/target/debug/build/ct2rs/e5134069be954170/out/build" && LC_ALL="C" MAKEFLAGS="-j --jobserver-fds=4,5 --jobserver-auth=4,5" "cmake" "--build" "/opt/rustwide/target/debug/build/ct2rs/e5134069be954170/out/build" "--target" "install" "--config" "Debug"
[INFO] [stderr]   c++: fatal error: Killed signal terminated program cc1plus
[INFO] [stderr]   compilation terminated.
[INFO] [stderr]   gmake[2]: *** [CMakeFiles/ctranslate2.dir/build.make:205: CMakeFiles/ctranslate2.dir/src/cpu/primitives.cc.o] Error 1
[INFO] [stderr]   gmake[2]: *** Waiting for unfinished jobs....
[INFO] [stderr]   c++: fatal error: Killed signal terminated program cc1plus
[INFO] [stderr]   compilation terminated.
[INFO] [stderr]   gmake[2]: *** [CMakeFiles/ctranslate2.dir/build.make:219: CMakeFiles/ctranslate2.dir/src/decoding.cc.o] Error 1
[INFO] [stderr]   gmake[1]: *** [CMakeFiles/Makefile2:369: CMakeFiles/ctranslate2.dir/all] Error 2
[INFO] [stderr]   gmake: *** [Makefile:136: all] Error 2
[INFO] [stderr] 
[INFO] [stderr]   thread 'main' (3526) panicked at /opt/rustwide/cargo-home/registry/src/index.crates.io-1949cf8c6b5b557f/cmake-0.1.58/src/lib.rs:1132:5:
[INFO] [stderr] 
[INFO] [stderr]   command did not execute successfully, got: exit status: 2
[INFO] [stderr] 
[INFO] [stderr]   build script failed, must exit now
[INFO] [stderr]   stack backtrace:
[INFO] [stderr]      0:     0x61536c276c51 - std[3164a59e47d3bde]::backtrace_rs::backtrace::libunwind::trace
[INFO] [stderr]                                  at /rustc/3154cc1a3e6424e44f438a95007d043ed5ceaaf6/library/std/src/../../backtrace/src/backtrace/libunwind.rs:117:9
[INFO] [stderr]      1:     0x61536c276c51 - std[3164a59e47d3bde]::backtrace_rs::backtrace::trace_unsynchronized::<std[3164a59e47d3bde]::sys::backtrace::_print_fmt::{closure#1}>
[INFO] [stderr]                                  at /rustc/3154cc1a3e6424e44f438a95007d043ed5ceaaf6/library/std/src/../../backtrace/src/backtrace/mod.rs:66:14
[INFO] [stderr]      2:     0x61536c276c51 - std[3164a59e47d3bde]::sys::backtrace::_print_fmt
[INFO] [stderr]                                  at /rustc/3154cc1a3e6424e44f438a95007d043ed5ceaaf6/library/std/src/sys/backtrace.rs:74:9
[INFO] [stderr]      3:     0x61536c276c51 - <<std[3164a59e47d3bde]::sys::backtrace::BacktraceLock>::print::DisplayBacktrace as core[934024a1e6126fb4]::fmt::Display>::fmt
[INFO] [stderr]                                  at /rustc/3154cc1a3e6424e44f438a95007d043ed5ceaaf6/library/std/src/sys/backtrace.rs:44:26
[INFO] [stderr]      4:     0x61536c28ccaa - <core[934024a1e6126fb4]::fmt::rt::Argument>::fmt
[INFO] [stderr]                                  at /rustc/3154cc1a3e6424e44f438a95007d043ed5ceaaf6/library/core/src/fmt/rt.rs:152:76
[INFO] [stderr]      5:     0x61536c28ccaa - core[934024a1e6126fb4]::fmt::write
[INFO] [stderr]      6:     0x61536c27d1ec - core[934024a1e6126fb4]::io::write::default_write_fmt::<std[3164a59e47d3bde]::sys::stdio::unix::Stderr>
[INFO] [stderr]                                  at /rustc/3154cc1a3e6424e44f438a95007d043ed5ceaaf6/library/core/src/io/write.rs:402:11
[INFO] [stderr]      7:     0x61536c27d1ec - <std[3164a59e47d3bde]::sys::stdio::unix::Stderr as core[934024a1e6126fb4]::io::write::Write>::write_fmt
[INFO] [stderr]                                  at /rustc/3154cc1a3e6424e44f438a95007d043ed5ceaaf6/library/core/src/io/write.rs:335:13
[INFO] [stderr]      8:     0x61536c2533a6 - <std[3164a59e47d3bde]::sys::backtrace::BacktraceLock>::print
[INFO] [stderr]                                  at /rustc/3154cc1a3e6424e44f438a95007d043ed5ceaaf6/library/std/src/sys/backtrace.rs:47:9
[INFO] [stderr]      9:     0x61536c2533a6 - std[3164a59e47d3bde]::panicking::default_hook::{closure#0}
[INFO] [stderr]                                  at /rustc/3154cc1a3e6424e44f438a95007d043ed5ceaaf6/library/std/src/panicking.rs:289:27
[INFO] [stderr]     10:     0x61536c26fce1 - std[3164a59e47d3bde]::panicking::default_hook
[INFO] [stderr]                                  at /rustc/3154cc1a3e6424e44f438a95007d043ed5ceaaf6/library/std/src/panicking.rs:316:9
[INFO] [stderr]     11:     0x61536c27000b - std[3164a59e47d3bde]::panicking::panic_with_hook
[INFO] [stderr]                                  at /rustc/3154cc1a3e6424e44f438a95007d043ed5ceaaf6/library/std/src/panicking.rs:811:13
[INFO] [stderr]     12:     0x61536c253452 - std[3164a59e47d3bde]::panicking::panic_handler::{closure#0}
[INFO] [stderr]                                  at /rustc/3154cc1a3e6424e44f438a95007d043ed5ceaaf6/library/std/src/panicking.rs:685:13
[INFO] [stderr]     13:     0x61536c24bb99 - std[3164a59e47d3bde]::sys::backtrace::__rust_end_short_backtrace::<std[3164a59e47d3bde]::panicking::panic_handler::{closure#0}, !>
[INFO] [stderr]                                  at /rustc/3154cc1a3e6424e44f438a95007d043ed5ceaaf6/library/std/src/sys/backtrace.rs:182:18
[INFO] [stderr]     14:     0x61536c253eed - __rustc[2e7b49d4226056d3]::rust_begin_unwind
[INFO] [stderr]                                  at /rustc/3154cc1a3e6424e44f438a95007d043ed5ceaaf6/library/std/src/panicking.rs:676:5
[INFO] [stderr]     15:     0x61536c28d54c - core[934024a1e6126fb4]::panicking::panic_fmt
[INFO] [stderr]                                  at /rustc/3154cc1a3e6424e44f438a95007d043ed5ceaaf6/library/core/src/panicking.rs:80:14
[INFO] [stderr]     16:     0x61536c1cabb7 - cmake[d92f7a11167a2d7]::fail
[INFO] [stderr]     17:     0x61536c1ca843 - cmake[d92f7a11167a2d7]::run
[INFO] [stderr]     18:     0x61536c1d0825 - <cmake[d92f7a11167a2d7]::Config>::build
[INFO] [stderr]     19:     0x61536bf59cd2 - build_script_build[53b124c39c1ec570]::build_ctranslate2
[INFO] [stderr]     20:     0x61536bf5a000 - build_script_build[53b124c39c1ec570]::main
[INFO] [stderr]     21:     0x61536bf5c383 - <fn() as core[934024a1e6126fb4]::ops::function::FnOnce<()>>::call_once
[INFO] [stderr]     22:     0x61536bf5826e - std[3164a59e47d3bde]::sys::backtrace::__rust_begin_short_backtrace::<fn(), ()>
[INFO] [stderr]     23:     0x61536bf58d99 - std[3164a59e47d3bde]::rt::lang_start::<()>::{closure#0}
[INFO] [stderr]     24:     0x61536c26efd8 - <&dyn core[934024a1e6126fb4]::ops::function::Fn<(), Output = i32> + core[934024a1e6126fb4]::marker::Sync + core[934024a1e6126fb4]::panic::unwind_safe::RefUnwindSafe as core[934024a1e6126fb4]::ops::function::FnOnce<()>>::call_once
[INFO] [stderr]                                  at /rustc/3154cc1a3e6424e44f438a95007d043ed5ceaaf6/library/core/src/ops/function.rs:287:21
[INFO] [stderr]     25:     0x61536c26efd8 - std[3164a59e47d3bde]::panicking::catch_unwind::do_call::<&dyn core[934024a1e6126fb4]::ops::function::Fn<(), Output = i32> + core[934024a1e6126fb4]::marker::Sync + core[934024a1e6126fb4]::panic::unwind_safe::RefUnwindSafe, i32>
[INFO] [stderr]                                  at /rustc/3154cc1a3e6424e44f438a95007d043ed5ceaaf6/library/std/src/panicking.rs:573:43
[INFO] [stderr]     26:     0x61536c26efd8 - std[3164a59e47d3bde]::panicking::catch_unwind::<i32, &dyn core[934024a1e6126fb4]::ops::function::Fn<(), Output = i32> + core[934024a1e6126fb4]::marker::Sync + core[934024a1e6126fb4]::panic::unwind_safe::RefUnwindSafe>
[INFO] [stderr]                                  at /rustc/3154cc1a3e6424e44f438a95007d043ed5ceaaf6/library/std/src/panicking.rs:541:19
[INFO] [stderr]     27:     0x61536c26efd8 - std[3164a59e47d3bde]::panic::catch_unwind::<&dyn core[934024a1e6126fb4]::ops::function::Fn<(), Output = i32> + core[934024a1e6126fb4]::marker::Sync + core[934024a1e6126fb4]::panic::unwind_safe::RefUnwindSafe, i32>
[INFO] [stderr]                                  at /rustc/3154cc1a3e6424e44f438a95007d043ed5ceaaf6/library/std/src/panic.rs:359:14
[INFO] [stderr]     28:     0x61536c26efd8 - std[3164a59e47d3bde]::rt::lang_start_internal::{closure#0}
[INFO] [stderr]                                  at /rustc/3154cc1a3e6424e44f438a95007d043ed5ceaaf6/library/std/src/rt.rs:175:24
[INFO] [stderr]     29:     0x61536c26efd8 - std[3164a59e47d3bde]::panicking::catch_unwind::do_call::<std[3164a59e47d3bde]::rt::lang_start_internal::{closure#0}, isize>
[INFO] [stderr]                                  at /rustc/3154cc1a3e6424e44f438a95007d043ed5ceaaf6/library/std/src/panicking.rs:573:43
[INFO] [stderr]     30:     0x61536c26efd8 - std[3164a59e47d3bde]::panicking::catch_unwind::<isize, std[3164a59e47d3bde]::rt::lang_start_internal::{closure#0}>
[INFO] [stderr]                                  at /rustc/3154cc1a3e6424e44f438a95007d043ed5ceaaf6/library/std/src/panicking.rs:541:19
[INFO] [stderr]     31:     0x61536c26efd8 - std[3164a59e47d3bde]::panic::catch_unwind::<std[3164a59e47d3bde]::rt::lang_start_internal::{closure#0}, isize>
[INFO] [stderr]                                  at /rustc/3154cc1a3e6424e44f438a95007d043ed5ceaaf6/library/std/src/panic.rs:359:14
[INFO] [stderr]     32:     0x61536c26efd8 - std[3164a59e47d3bde]::rt::lang_start_internal
[INFO] [stderr]                                  at /rustc/3154cc1a3e6424e44f438a95007d043ed5ceaaf6/library/std/src/rt.rs:171:5
[INFO] [stderr]     33:     0x61536bf58111 - std[3164a59e47d3bde]::rt::lang_start::<()>
[INFO] [stderr]     34:     0x61536bf5c545 - main
[INFO] [stderr]     35:     0x715c0377f601 - <unknown>
[INFO] [stderr]     36:     0x715c0377f718 - __libc_start_main
[INFO] [stderr]     37:     0x61536bf55415 - _start
[INFO] [stderr]     38:                0x0 - <unknown>
[INFO] running `Command { std: "docker" "inspect" "8ac15d607fa1342da350697f6f285198189fb1d2c32da1e9b9ee8012f5cdf0f7", kill_on_drop: false }`
[INFO] running `Command { std: "docker" "rm" "-f" "8ac15d607fa1342da350697f6f285198189fb1d2c32da1e9b9ee8012f5cdf0f7", kill_on_drop: false }`
[INFO] [stdout] 8ac15d607fa1342da350697f6f285198189fb1d2c32da1e9b9ee8012f5cdf0f7
