[INFO] cloning repository https://github.com/Akasiek/sarme
[INFO] running `Command { std: "git" "-c" "credential.helper=" "-c" "credential.helper=/workspace/cargo-home/bin/git-credential-null" "clone" "--bare" "https://github.com/Akasiek/sarme" "/workspace/cache/git-repos/https%3A%2F%2Fgithub.com%2FAkasiek%2Fsarme", kill_on_drop: false }`
[INFO] [stderr] Cloning into bare repository '/workspace/cache/git-repos/https%3A%2F%2Fgithub.com%2FAkasiek%2Fsarme'...
[INFO] running `Command { std: "git" "rev-parse" "HEAD", kill_on_drop: false }`
[INFO] [stdout] c1e91159c366baffe5d370e42db0ac2fd355f4a6
[INFO] checking Akasiek/sarme against 3154cc1a3e6424e44f438a95007d043ed5ceaaf6+rustflags=-Znext-solver=coherence for pr-133502-30
[INFO] running `Command { std: "git" "clone" "/workspace/cache/git-repos/https%3A%2F%2Fgithub.com%2FAkasiek%2Fsarme" "/workspace/builds/worker-3-tc1/source", kill_on_drop: false }`
[INFO] [stderr] Cloning into '/workspace/builds/worker-3-tc1/source'...
[INFO] [stderr] done.
[INFO] started tweaking git repo https://github.com/Akasiek/sarme
[INFO] finished tweaking git repo https://github.com/Akasiek/sarme
[INFO] tweaked toml for git repo https://github.com/Akasiek/sarme written to /workspace/builds/worker-3-tc1/source/Cargo.toml
[INFO] validating manifest of git repo https://github.com/Akasiek/sarme on toolchain 3154cc1a3e6424e44f438a95007d043ed5ceaaf6
[INFO] running `Command { std: CARGO_HOME="/workspace/cargo-home" RUSTUP_HOME="/workspace/rustup-home" "/workspace/cargo-home/bin/cargo" "+3154cc1a3e6424e44f438a95007d043ed5ceaaf6" "metadata" "--manifest-path" "Cargo.toml" "--no-deps", kill_on_drop: false }`
[INFO] crate git repo https://github.com/Akasiek/sarme already has a lockfile, it will not be regenerated
[INFO] running `Command { std: CARGO_HOME="/workspace/cargo-home" RUSTUP_HOME="/workspace/rustup-home" "/workspace/cargo-home/bin/cargo" "+3154cc1a3e6424e44f438a95007d043ed5ceaaf6" "fetch" "--manifest-path" "Cargo.toml", kill_on_drop: false }`
[INFO] [stderr]     Blocking waiting for file lock on package cache
[INFO] [stderr]     Updating crates.io index
[INFO] [stderr]     Blocking waiting for file lock on package cache
[INFO] [stderr]  Downloading crates ...
[INFO] [stderr]   Downloaded lofty_attr v0.13.0
[INFO] [stderr]   Downloaded listenfd v1.0.2
[INFO] [stderr]   Downloaded askama v0.16.1
[INFO] [stderr]   Downloaded ogg_pager v0.7.2
[INFO] [stderr]   Downloaded askama_macros v0.16.1
[INFO] [stderr]   Downloaded askama_parser v0.16.1
[INFO] [stderr]   Downloaded askama_derive v0.16.1
[INFO] [stderr]   Downloaded lofty v0.25.1
[INFO] running `Command { std: "docker" "create" "-v" "/var/lib/crater-agent-workspace/builds/worker-3-tc1/source:/opt/rustwide/workdir:ro,Z" "-v" "/var/lib/crater-agent-workspace/builds/worker-3-tc1/target:/opt/rustwide/target:rw,Z" "-v" "/var/lib/crater-agent-workspace/cargo-home:/opt/rustwide/cargo-home:ro,Z" "-v" "/var/lib/crater-agent-workspace/rustup-home:/opt/rustwide/rustup-home:ro,Z" "-m" "1610612736" "--network" "none" "ghcr.io/rust-lang/crates-build-env/linux@sha256:77db811e55d90add9212f6832c23229e3de5f1c1f9905e8cb07319ea15df73ac" "sleep" "infinity", kill_on_drop: false }`
[INFO] [stdout] a28b532655859e526f381d16e1d9453c179bb3cfe49cca66742bc6c67bfa97db
[INFO] running `Command { std: "docker" "start" "a28b532655859e526f381d16e1d9453c179bb3cfe49cca66742bc6c67bfa97db", kill_on_drop: false }`
[INFO] running `Command { std: "docker" "inspect" "a28b532655859e526f381d16e1d9453c179bb3cfe49cca66742bc6c67bfa97db", kill_on_drop: false }`
[INFO] running `Command { std: "docker" "exec" "-e" "SOURCE_DIR=/opt/rustwide/workdir" "-e" "CARGO_HOME=/opt/rustwide/cargo-home" "-e" "RUSTUP_HOME=/opt/rustwide/rustup-home" "-e" "CARGO_TARGET_DIR=/opt/rustwide/target" "-w" "/opt/rustwide/workdir" "--user" "0:0" "a28b532655859e526f381d16e1d9453c179bb3cfe49cca66742bc6c67bfa97db" "/opt/rustwide/cargo-home/bin/cargo" "+3154cc1a3e6424e44f438a95007d043ed5ceaaf6" "metadata" "--no-deps" "--format-version=1", kill_on_drop: false }`
[INFO] running `Command { std: "docker" "inspect" "a28b532655859e526f381d16e1d9453c179bb3cfe49cca66742bc6c67bfa97db", kill_on_drop: false }`
[INFO] running `Command { std: "docker" "exec" "-e" "SOURCE_DIR=/opt/rustwide/workdir" "-e" "CARGO_HOME=/opt/rustwide/cargo-home" "-e" "RUSTUP_HOME=/opt/rustwide/rustup-home" "-e" "CARGO_TARGET_DIR=/opt/rustwide/target" "-e" "CARGO_INCREMENTAL=0" "-e" "RUST_BACKTRACE=full" "-e" "RUSTFLAGS=--cap-lints=forbid -Znext-solver=coherence" "-e" "RUSTDOCFLAGS=--cap-lints=forbid" "-w" "/opt/rustwide/workdir" "--user" "0:0" "a28b532655859e526f381d16e1d9453c179bb3cfe49cca66742bc6c67bfa97db" "/opt/rustwide/cargo-home/bin/cargo" "+3154cc1a3e6424e44f438a95007d043ed5ceaaf6" "check" "--frozen" "--all" "--all-targets" "--message-format=json", kill_on_drop: false }`
[INFO] [stderr]    Compiling syn v3.0.5
[INFO] [stderr]    Compiling find-msvc-tools v0.1.12
[INFO] [stderr]    Compiling serde v1.0.229
[INFO] [stderr]    Compiling icu_properties_data v2.3.0
[INFO] [stderr]    Compiling icu_normalizer_data v2.3.0
[INFO] [stderr]    Compiling jobserver v0.1.35
[INFO] [stderr]    Compiling zerofrom v0.1.8
[INFO] [stderr]    Compiling generic-array v0.14.9
[INFO] [stderr]     Checking smallvec v1.16.0
[INFO] [stderr]    Compiling serde_core v1.0.229
[INFO] [stderr]    Compiling yoke v0.8.3
[INFO] [stderr]     Checking futures-sink v0.3.34
[INFO] [stderr]    Compiling cc v1.4.5
[INFO] [stderr]     Checking mio v1.2.3
[INFO] [stderr]     Checking tracing v0.1.44
[INFO] [stderr]    Compiling writeable v0.6.4
[INFO] [stderr]     Checking litemap v0.8.3
[INFO] [stderr]    Compiling crossbeam-utils v0.8.23
[INFO] [stderr]     Checking futures-task v0.3.34
[INFO] [stderr]    Compiling futures-core v0.3.34
[INFO] [stderr]     Checking http v1.5.0
[INFO] [stderr]    Compiling num-traits v0.2.19
[INFO] [stderr]    Compiling aws-lc-rs v1.18.1
[INFO] [stderr]    Compiling parking_lot_core v0.9.12
[INFO] [stderr]     Checking futures-channel v0.3.34
[INFO] [stderr]    Compiling cmake v0.1.58
[INFO] [stderr]     Checking http-body v1.1.0
[INFO] [stderr]    Compiling crypto-common v0.1.6
[INFO] [stderr]    Compiling block-buffer v0.10.4
[INFO] [stderr]    Compiling socket2 v0.6.5
[INFO] [stderr]    Compiling futures-io v0.3.34
[INFO] [stderr]    Compiling thiserror v2.0.20
[INFO] [stderr]    Compiling digest v0.10.7
[INFO] [stderr]    Compiling hashbrown v0.16.1
[INFO] [stderr]    Compiling futures-util v0.3.34
[INFO] [stderr]    Compiling tokio v1.53.1
[INFO] [stderr]    Compiling form_urlencoded v1.2.2
[INFO] [stderr]    Compiling aws-lc-sys v0.45.0
[INFO] [stderr]    Compiling libsqlite3-sys v0.37.0
[INFO] [stderr]    Compiling parking_lot v0.12.5
[INFO] [stderr]    Compiling log v0.4.34
[INFO] [stderr]    Compiling rustls v0.23.43
[INFO] [stderr]    Compiling indexmap v2.14.2
[INFO] [stderr]    Compiling crossbeam-queue v0.3.14
[INFO] [stderr]    Compiling sha2 v0.10.9
[INFO] [stderr]    Compiling event-listener v5.4.2
[INFO] [stderr]    Compiling hashlink v0.11.1
[INFO] [stderr]    Compiling futures-intrusive v0.5.0
[INFO] [stderr]    Compiling spin v0.9.9
[INFO] [stderr]     Checking sync_wrapper v1.0.2
[INFO] [stderr]    Compiling base64 v0.22.1
[INFO] [stderr]    Compiling flume v0.12.0
[INFO] [stderr]    Compiling atoi v2.0.0
[INFO] [stderr]    Compiling winnow v1.0.4
[INFO] [stderr]    Compiling rustc-hash v2.1.3
[INFO] [stderr]    Compiling crc32fast v1.5.1
[INFO] [stderr]    Compiling serde_json v1.0.151
[INFO] [stderr]    Compiling futures-executor v0.3.34
[INFO] [stderr]     Checking ipnet v2.12.2
[INFO] [stderr]    Compiling zerovec-derive v0.11.6
[INFO] [stderr]    Compiling displaydoc v0.2.7
[INFO] [stderr]    Compiling serde_derive v1.0.229
[INFO] [stderr]    Compiling tokio-macros v2.7.2
[INFO] [stderr]    Compiling futures-macro v0.3.34
[INFO] [stderr]    Compiling zerotrie v0.2.5
[INFO] [stderr]    Compiling zerovec v0.11.8
[INFO] [stderr]    Compiling tinystr v0.8.4
[INFO] [stderr]     Checking icu_locale_core v2.3.0
[INFO] [stderr]     Checking potential_utf v0.1.6
[INFO] [stderr]     Checking icu_provider v2.3.1
[INFO] [stderr]    Compiling icu_collections v2.3.0
[INFO] [stderr]    Compiling thiserror-impl v2.0.20
[INFO] [stderr]    Compiling icu_properties v2.3.0
[INFO] [stderr]     Checking icu_normalizer v2.3.0
[INFO] [stderr]    Compiling either v1.18.0
[INFO] [stderr]    Compiling tokio-stream v0.1.19
[INFO] [stderr]    Compiling idna_adapter v1.2.2
[INFO] [stderr]    Compiling basic-toml v0.1.10
[INFO] [stderr]     Checking hyper v1.11.1
[INFO] [stderr]    Compiling idna v1.1.0
[INFO] [stderr]     Checking tower v0.5.3
[INFO] [stderr]    Compiling url v2.5.8
[INFO] [stderr]    Compiling askama_parser v0.16.1
[INFO] [stderr]     Checking hyper-util v0.1.20
[INFO] [stderr]    Compiling sqlx-core v0.9.0
[INFO] [stderr]     Checking http-body-util v0.1.5
[INFO] [stderr]     Checking simd-adler32 v0.3.10
[INFO] [stderr]     Checking miniz_oxide v0.9.1
[INFO] [stderr]     Checking serde_urlencoded v0.7.1
[INFO] [stderr]     Checking rustls-native-certs v0.8.4
[INFO] [stderr]     Checking regex-automata v0.4.18
[INFO] [stderr]     Checking tinyvec v1.13.2
[INFO] [stderr]     Checking flate2 v1.1.10
[INFO] [stderr]     Checking axum-core v0.5.6
[INFO] [stderr]     Checking ogg_pager v0.7.2
[INFO] [stderr]    Compiling askama_derive v0.16.1
[INFO] [stderr]    Compiling sqlx-sqlite v0.9.0
[INFO] [stderr]     Checking rustix v1.1.4
[INFO] [stderr]     Checking matchers v0.2.0
[INFO] [stderr]     Checking tower-http v0.6.11
[INFO] [stderr]    Compiling lofty_attr v0.13.0
[INFO] [stderr]     Checking serde_path_to_error v0.1.20
[INFO] [stderr]     Checking tracing-log v0.2.0
[INFO] [stderr]    Compiling sarme v0.1.0 (/opt/rustwide/workdir)
[INFO] [stderr]     Checking data-encoding v2.11.1
[INFO] [stderr]     Checking time v0.3.55
[INFO] [stderr]     Checking axum v0.8.9
[INFO] [stderr]     Checking tracing-subscriber v0.3.23
[INFO] [stderr]     Checking lofty v0.25.1
[INFO] [stderr]    Compiling sqlx-macros-core v0.9.0
[INFO] [stderr]     Checking unicode-normalization v0.1.25
[INFO] [stderr]     Checking tokio-util v0.7.19
[INFO] [stderr]     Checking tower-http v0.7.1
[INFO] [stderr]     Checking listenfd v1.0.2
[INFO] [stderr]     Checking tempfile v3.27.0
[INFO] [stderr]    Compiling sqlx-macros v0.9.0
[INFO] [stderr]    Compiling askama_macros v0.16.1
[INFO] [stderr]     Checking askama v0.16.1
[INFO] [stderr]     Checking sqlx v0.9.0
[INFO] [stderr]     Checking rustls-webpki v0.103.15
[INFO] [stderr]     Checking tokio-rustls v0.26.5
[INFO] [stderr]     Checking rustls-platform-verifier v0.7.0
[INFO] [stderr]     Checking hyper-rustls v0.27.9
[INFO] [stderr]     Checking reqwest v0.13.4
[INFO] [stdout] error: template "node_modules/htmx.org/dist/htmx.min.js" not found in directories ["/opt/rustwide/workdir/templates"]
[INFO] [stdout]  --> src/web/routes/index.rs:6:19
[INFO] [stdout]   |
[INFO] [stdout] 6 | #[template(path = "pages/index.html")]
[INFO] [stdout]   |                   ^^^^^^^^^^^^^^^^^^
[INFO] [stdout] 
[INFO] [stdout] 
[INFO] [stdout] error[E0432]: unresolved import `crate::scanner::summary::ScanProgress`
[INFO] [stdout]   --> src/processing/worker.rs:14:5
[INFO] [stdout]    |
[INFO] [stdout] 14 | use crate::scanner::summary::ScanProgress;
[INFO] [stdout]    |     ^^^^^^^^^^^^^^^^^^^^^^^^^------------
[INFO] [stdout]    |                              |
[INFO] [stdout]    |                              no `ScanProgress` in `scanner::summary`
[INFO] [stdout] 
[INFO] [stdout] 
[INFO] [stdout] error: template "node_modules/htmx.org/dist/htmx.min.js" not found in directories ["/opt/rustwide/workdir/templates"]
[INFO] [stdout]  --> src/web/routes/index.rs:6:19
[INFO] [stdout]   |
[INFO] [stdout] 6 | #[template(path = "pages/index.html")]
[INFO] [stdout]   |                   ^^^^^^^^^^^^^^^^^^
[INFO] [stdout] 
[INFO] [stdout] 
[INFO] [stdout] error[E0432]: unresolved import `crate::scanner::summary::ScanProgress`
[INFO] [stdout]   --> src/processing/worker.rs:14:5
[INFO] [stdout]    |
[INFO] [stdout] 14 | use crate::scanner::summary::ScanProgress;
[INFO] [stdout]    |     ^^^^^^^^^^^^^^^^^^^^^^^^^------------
[INFO] [stdout]    |                              |
[INFO] [stdout]    |                              no `ScanProgress` in `scanner::summary`
[INFO] [stdout] 
[INFO] [stdout] 
[INFO] [stdout] error[E0599]: no method named `scan_cancellable_with_progress` found for struct `Scanner` in the current scope
[INFO] [stdout]    --> src/processing/worker.rs:123:14
[INFO] [stdout]     |
[INFO] [stdout] 121 |         let scan = self
[INFO] [stdout] 122 |             .scanner
[INFO] [stdout] 123 |             .scan_cancellable_with_progress(cancellation, progress_sender);
[INFO] [stdout]     |              ^^^^^^^^^^^^^^^^^^^^^^^^^^^^^^
[INFO] [stdout]     |
[INFO] [stdout]    ::: src/scanner/runner.rs:10:1
[INFO] [stdout]     |
[INFO] [stdout]  10 | pub(crate) struct Scanner {
[INFO] [stdout]     | ------------------------- method `scan_cancellable_with_progress` not found for this struct
[INFO] [stdout]     |
[INFO] [stdout] help: there is a method `scan_cancellable` with a similar name, but with different arguments
[INFO] [stdout]    --> src/scanner/runner.rs:30:5
[INFO] [stdout]     |
[INFO] [stdout]  30 | /     pub(crate) async fn scan_cancellable(
[INFO] [stdout]  31 | |         &self,
[INFO] [stdout]  32 | |         cancellation: &CancellationToken,
[INFO] [stdout]  33 | |     ) -> Result<Option<ScanSummary>, ScanError> {
[INFO] [stdout]     | |_______________________________________________^
[INFO] [stdout] 
[INFO] [stdout] 
[INFO] [stdout] error[E0599]: no method named `update_progress` found for struct `Scanner` in the current scope
[INFO] [stdout]    --> src/processing/worker.rs:155:22
[INFO] [stdout]     |
[INFO] [stdout] 155 |         self.scanner.update_progress(progress).await
[INFO] [stdout]     |                      ^^^^^^^^^^^^^^^ method not found in `Scanner`
[INFO] [stdout]     |
[INFO] [stdout]    ::: src/scanner/runner.rs:10:1
[INFO] [stdout]     |
[INFO] [stdout]  10 | pub(crate) struct Scanner {
[INFO] [stdout]     | ------------------------- method `update_progress` not found for this struct
[INFO] [stdout] 
[INFO] [stdout] 
[INFO] [stdout] error[E0599]: no method named `scan_cancellable_with_progress` found for struct `Scanner` in the current scope
[INFO] [stdout]    --> src/processing/worker.rs:123:14
[INFO] [stdout]     |
[INFO] [stdout] 121 |         let scan = self
[INFO] [stdout] 122 |             .scanner
[INFO] [stdout] 123 |             .scan_cancellable_with_progress(cancellation, progress_sender);
[INFO] [stdout]     |              ^^^^^^^^^^^^^^^^^^^^^^^^^^^^^^
[INFO] [stdout]     |
[INFO] [stdout]    ::: src/scanner/runner.rs:10:1
[INFO] [stdout]     |
[INFO] [stdout]  10 | pub(crate) struct Scanner {
[INFO] [stdout]     | ------------------------- method `scan_cancellable_with_progress` not found for this struct
[INFO] [stdout]     |
[INFO] [stdout] help: there is a method `scan_cancellable` with a similar name, but with different arguments
[INFO] [stdout]    --> src/scanner/runner.rs:30:5
[INFO] [stdout]     |
[INFO] [stdout]  30 | /     pub(crate) async fn scan_cancellable(
[INFO] [stdout]  31 | |         &self,
[INFO] [stdout]  32 | |         cancellation: &CancellationToken,
[INFO] [stdout]  33 | |     ) -> Result<Option<ScanSummary>, ScanError> {
[INFO] [stdout]     | |_______________________________________________^
[INFO] [stdout] 
[INFO] [stdout] 
[INFO] [stdout] error[E0061]: this function takes 7 arguments but 6 arguments were supplied
[INFO] [stdout]   --> src/app_state.rs:57:12
[INFO] [stdout]    |
[INFO] [stdout] 57 |           Ok(ProcessingQueue::new(
[INFO] [stdout]    |  ____________^^^^^^^^^^^^^^^^^^^^-
[INFO] [stdout] 58 | |             JobRepository::new(database.clone()),
[INFO] [stdout] 59 | |             LookupRepository::new(database.clone()),
[INFO] [stdout] 60 | |             scanner.clone(),
[INFO] [stdout] ...  |
[INFO] [stdout] 63 | |             PROCESSING_WORKER_COUNT,
[INFO] [stdout] 64 | |         ))
[INFO] [stdout]    | |_________- argument #7 of type `u16` is missing
[INFO] [stdout]    |
[INFO] [stdout] note: associated function defined here
[INFO] [stdout]   --> src/processing/queue.rs:19:19
[INFO] [stdout]    |
[INFO] [stdout] 19 |     pub(crate) fn new(
[INFO] [stdout]    |                   ^^^
[INFO] [stdout] ...
[INFO] [stdout] 26 |         auto_match_min_score: u16,
[INFO] [stdout]    |         -------------------------
[INFO] [stdout] help: provide the argument
[INFO] [stdout]    |
[INFO] [stdout] 57 |         Ok(ProcessingQueue::new(
[INFO] [stdout] ...
[INFO] [stdout] 63 |             PROCESSING_WORKER_COUNT,
[INFO] [stdout] 64 ~             /* u16 */,
[INFO] [stdout] 65 ~         ))
[INFO] [stdout]    |
[INFO] [stdout] 
[INFO] [stdout] 
[INFO] [stdout] error[E0599]: no method named `update_progress` found for struct `Scanner` in the current scope
[INFO] [stdout]    --> src/processing/worker.rs:155:22
[INFO] [stdout]     |
[INFO] [stdout] 155 |         self.scanner.update_progress(progress).await
[INFO] [stdout]     |                      ^^^^^^^^^^^^^^^ method not found in `Scanner`
[INFO] [stdout]     |
[INFO] [stdout]    ::: src/scanner/runner.rs:10:1
[INFO] [stdout]     |
[INFO] [stdout]  10 | pub(crate) struct Scanner {
[INFO] [stdout]     | ------------------------- method `update_progress` not found for this struct
[INFO] [stdout] 
[INFO] [stdout] 
[INFO] [stdout] error[E0599]: no variant named `IntegerOutOfRange` found for enum `ConfigError`
[INFO] [stdout]    --> src/config/loader.rs:127:33
[INFO] [stdout]     |
[INFO] [stdout] 127 |         return Err(ConfigError::IntegerOutOfRange {
[INFO] [stdout]     |                                 ^^^^^^^^^^^^^^^^^ variant not found in `ConfigError`
[INFO] [stdout]     |
[INFO] [stdout]    ::: src/config/error.rs:6:1
[INFO] [stdout]     |
[INFO] [stdout]   6 | pub(crate) enum ConfigError {
[INFO] [stdout]     | --------------------------- variant `IntegerOutOfRange` not found here
[INFO] [stdout] 
[INFO] [stdout] 
[INFO] [stdout] error[E0061]: this function takes 7 arguments but 6 arguments were supplied
[INFO] [stdout]   --> src/app_state.rs:57:12
[INFO] [stdout]    |
[INFO] [stdout] 57 |           Ok(ProcessingQueue::new(
[INFO] [stdout]    |  ____________^^^^^^^^^^^^^^^^^^^^-
[INFO] [stdout] 58 | |             JobRepository::new(database.clone()),
[INFO] [stdout] 59 | |             LookupRepository::new(database.clone()),
[INFO] [stdout] 60 | |             scanner.clone(),
[INFO] [stdout] ...  |
[INFO] [stdout] 63 | |             PROCESSING_WORKER_COUNT,
[INFO] [stdout] 64 | |         ))
[INFO] [stdout]    | |_________- argument #7 of type `u16` is missing
[INFO] [stdout]    |
[INFO] [stdout] note: associated function defined here
[INFO] [stdout]   --> src/processing/queue.rs:19:19
[INFO] [stdout]    |
[INFO] [stdout] 19 |     pub(crate) fn new(
[INFO] [stdout]    |                   ^^^
[INFO] [stdout] ...
[INFO] [stdout] 26 |         auto_match_min_score: u16,
[INFO] [stdout]    |         -------------------------
[INFO] [stdout] help: provide the argument
[INFO] [stdout]    |
[INFO] [stdout] 57 |         Ok(ProcessingQueue::new(
[INFO] [stdout] ...
[INFO] [stdout] 63 |             PROCESSING_WORKER_COUNT,
[INFO] [stdout] 64 ~             /* u16 */,
[INFO] [stdout] 65 ~         ))
[INFO] [stdout]    |
[INFO] [stdout] 
[INFO] [stdout] 
[INFO] [stdout] error[E0599]: no variant named `IntegerOutOfRange` found for enum `ConfigError`
[INFO] [stdout]    --> src/config/loader.rs:127:33
[INFO] [stdout]     |
[INFO] [stdout] 127 |         return Err(ConfigError::IntegerOutOfRange {
[INFO] [stdout]     |                                 ^^^^^^^^^^^^^^^^^ variant not found in `ConfigError`
[INFO] [stdout]     |
[INFO] [stdout]    ::: src/config/error.rs:6:1
[INFO] [stdout]     |
[INFO] [stdout]   6 | pub(crate) enum ConfigError {
[INFO] [stdout]     | --------------------------- variant `IntegerOutOfRange` not found here
[INFO] [stdout] 
[INFO] [stdout] 
[INFO] [stdout] error[E0599]: no variant named `IntegerOutOfRange` found for enum `ConfigError`
[INFO] [stdout]    --> src/config/tests.rs:154:26
[INFO] [stdout]     |
[INFO] [stdout] 154 |         Err(ConfigError::IntegerOutOfRange {
[INFO] [stdout]     |                          ^^^^^^^^^^^^^^^^^ variant not found in `ConfigError`
[INFO] [stdout]     |
[INFO] [stdout]    ::: src/config/error.rs:6:1
[INFO] [stdout]     |
[INFO] [stdout]   6 | pub(crate) enum ConfigError {
[INFO] [stdout]     | --------------------------- variant `IntegerOutOfRange` not found here
[INFO] [stdout] 
[INFO] [stdout] 
[INFO] [stdout] Some errors have detailed explanations: E0061, E0432, E0599.
[INFO] [stdout] 
[INFO] [stdout] For more information about an error, try `rustc --explain E0061`.
[INFO] [stdout] 
[INFO] [stderr] error: could not compile `sarme` (lib) due to 6 previous errors
[INFO] [stderr] warning: build failed, waiting for other jobs to finish...
[INFO] [stdout] Some errors have detailed explanations: E0061, E0432, E0599.
[INFO] [stdout] 
[INFO] [stdout] For more information about an error, try `rustc --explain E0061`.
[INFO] [stdout] 
[INFO] [stderr] error: could not compile `sarme` (lib test) due to 7 previous errors
[INFO] running `Command { std: "docker" "inspect" "a28b532655859e526f381d16e1d9453c179bb3cfe49cca66742bc6c67bfa97db", kill_on_drop: false }`
[INFO] running `Command { std: "docker" "rm" "-f" "a28b532655859e526f381d16e1d9453c179bb3cfe49cca66742bc6c67bfa97db", kill_on_drop: false }`
[INFO] [stdout] a28b532655859e526f381d16e1d9453c179bb3cfe49cca66742bc6c67bfa97db
