[INFO] cloning repository https://github.com/AkashiSN/spindle
[INFO] running `Command { std: "git" "-c" "credential.helper=" "-c" "credential.helper=/workspace/cargo-home/bin/git-credential-null" "clone" "--bare" "https://github.com/AkashiSN/spindle" "/workspace/cache/git-repos/https%3A%2F%2Fgithub.com%2FAkashiSN%2Fspindle", kill_on_drop: false }`
[INFO] [stderr] Cloning into bare repository '/workspace/cache/git-repos/https%3A%2F%2Fgithub.com%2FAkashiSN%2Fspindle'...
[INFO] running `Command { std: "git" "rev-parse" "HEAD", kill_on_drop: false }`
[INFO] [stdout] 5ab8169c97674bd2e43c3132e957eb4af1a9ca5d
[INFO] checking AkashiSN/spindle against 3154cc1a3e6424e44f438a95007d043ed5ceaaf6+rustflags=-Znext-solver=coherence for pr-133502-30
[INFO] running `Command { std: "git" "clone" "/workspace/cache/git-repos/https%3A%2F%2Fgithub.com%2FAkashiSN%2Fspindle" "/workspace/builds/worker-0-tc1/source", kill_on_drop: false }`
[INFO] [stderr] Cloning into '/workspace/builds/worker-0-tc1/source'...
[INFO] [stderr] done.
[INFO] started tweaking git repo https://github.com/AkashiSN/spindle
[INFO] finished tweaking git repo https://github.com/AkashiSN/spindle
[INFO] tweaked toml for git repo https://github.com/AkashiSN/spindle written to /workspace/builds/worker-0-tc1/source/Cargo.toml
[INFO] validating manifest of git repo https://github.com/AkashiSN/spindle on toolchain 3154cc1a3e6424e44f438a95007d043ed5ceaaf6
[INFO] running `Command { std: CARGO_HOME="/workspace/cargo-home" RUSTUP_HOME="/workspace/rustup-home" "/workspace/cargo-home/bin/cargo" "+3154cc1a3e6424e44f438a95007d043ed5ceaaf6" "metadata" "--manifest-path" "Cargo.toml" "--no-deps", kill_on_drop: false }`
[INFO] crate git repo https://github.com/AkashiSN/spindle already has a lockfile, it will not be regenerated
[INFO] running `Command { std: CARGO_HOME="/workspace/cargo-home" RUSTUP_HOME="/workspace/rustup-home" "/workspace/cargo-home/bin/cargo" "+3154cc1a3e6424e44f438a95007d043ed5ceaaf6" "fetch" "--manifest-path" "Cargo.toml", kill_on_drop: false }`
[INFO] [stderr]     Updating crates.io index
[INFO] [stderr]  Downloading crates ...
[INFO] [stderr]   Downloaded symphonia v0.6.1
[INFO] [stderr]   Downloaded symphonia-format-riff v0.6.1
[INFO] [stderr]   Downloaded symphonia-format-ogg v0.6.1
[INFO] [stderr]   Downloaded dasp_frame v0.11.0
[INFO] [stderr]   Downloaded symphonia-codec-alac v0.6.1
[INFO] [stderr]   Downloaded ogg_pager v0.7.2
[INFO] [stderr]   Downloaded lofty_attr v0.13.0
[INFO] [stderr]   Downloaded symphonia-metadata v0.6.1
[INFO] [stderr]   Downloaded symphonia-codec-pcm v0.6.1
[INFO] [stderr]   Downloaded password-hash v0.6.1
[INFO] [stderr]   Downloaded symphonia-bundle-flac v0.6.1
[INFO] [stderr]   Downloaded pest_generator v2.9.2
[INFO] [stderr]   Downloaded argon2 v0.6.0
[INFO] [stderr]   Downloaded phc v0.6.1
[INFO] [stderr]   Downloaded blake2 v0.11.0
[INFO] [stderr]   Downloaded symphonia-core v0.6.1
[INFO] [stderr]   Downloaded symphonia-common v0.6.1
[INFO] [stderr]   Downloaded pest_derive v2.9.2
[INFO] [stderr]   Downloaded pest_meta v2.9.2
[INFO] [stderr]   Downloaded symphonia-format-isomp4 v0.6.1
[INFO] [stderr]   Downloaded symphonia-codec-aac v0.6.1
[INFO] [stderr]   Downloaded symphonia-bundle-mp3 v0.6.1
[INFO] [stderr]   Downloaded ebur128 v0.1.10
[INFO] [stderr]   Downloaded pest v2.9.2
[INFO] [stderr]   Downloaded fancy-regex v0.19.2
[INFO] [stderr]   Downloaded lofty v0.25.4
[INFO] running `Command { std: "docker" "create" "-v" "/var/lib/crater-agent-workspace/builds/worker-0-tc1/source:/opt/rustwide/workdir:ro,Z" "-v" "/var/lib/crater-agent-workspace/builds/worker-0-tc1/target:/opt/rustwide/target:rw,Z" "-v" "/var/lib/crater-agent-workspace/cargo-home:/opt/rustwide/cargo-home:ro,Z" "-v" "/var/lib/crater-agent-workspace/rustup-home:/opt/rustwide/rustup-home:ro,Z" "-m" "1610612736" "--network" "none" "ghcr.io/rust-lang/crates-build-env/linux@sha256:77db811e55d90add9212f6832c23229e3de5f1c1f9905e8cb07319ea15df73ac" "sleep" "infinity", kill_on_drop: false }`
[INFO] [stdout] 8630717bf5bc88be331b0b1738d6a6225505df955f0fda2844c4bccbe59eea35
[INFO] running `Command { std: "docker" "start" "8630717bf5bc88be331b0b1738d6a6225505df955f0fda2844c4bccbe59eea35", kill_on_drop: false }`
[INFO] running `Command { std: "docker" "inspect" "8630717bf5bc88be331b0b1738d6a6225505df955f0fda2844c4bccbe59eea35", kill_on_drop: false }`
[INFO] running `Command { std: "docker" "exec" "-e" "SOURCE_DIR=/opt/rustwide/workdir" "-e" "CARGO_HOME=/opt/rustwide/cargo-home" "-e" "RUSTUP_HOME=/opt/rustwide/rustup-home" "-e" "CARGO_TARGET_DIR=/opt/rustwide/target" "-w" "/opt/rustwide/workdir" "--user" "0:0" "8630717bf5bc88be331b0b1738d6a6225505df955f0fda2844c4bccbe59eea35" "/opt/rustwide/cargo-home/bin/cargo" "+3154cc1a3e6424e44f438a95007d043ed5ceaaf6" "metadata" "--no-deps" "--format-version=1", kill_on_drop: false }`
[INFO] running `Command { std: "docker" "inspect" "8630717bf5bc88be331b0b1738d6a6225505df955f0fda2844c4bccbe59eea35", kill_on_drop: false }`
[INFO] running `Command { std: "docker" "exec" "-e" "SOURCE_DIR=/opt/rustwide/workdir" "-e" "CARGO_HOME=/opt/rustwide/cargo-home" "-e" "RUSTUP_HOME=/opt/rustwide/rustup-home" "-e" "CARGO_TARGET_DIR=/opt/rustwide/target" "-e" "CARGO_INCREMENTAL=0" "-e" "RUST_BACKTRACE=full" "-e" "RUSTFLAGS=--cap-lints=forbid -Znext-solver=coherence" "-e" "RUSTDOCFLAGS=--cap-lints=forbid" "-w" "/opt/rustwide/workdir" "--user" "0:0" "8630717bf5bc88be331b0b1738d6a6225505df955f0fda2844c4bccbe59eea35" "/opt/rustwide/cargo-home/bin/cargo" "+3154cc1a3e6424e44f438a95007d043ed5ceaaf6" "check" "--frozen" "--all" "--all-targets" "--message-format=json", kill_on_drop: false }`
[INFO] [stderr]    Compiling syn v3.0.5
[INFO] [stderr]    Compiling syn v2.0.119
[INFO] [stderr]     Checking cmov v0.5.4
[INFO] [stderr]    Compiling ring v0.17.14
[INFO] [stderr]     Checking hybrid-array v0.4.15
[INFO] [stderr]     Checking hashbrown v0.17.1
[INFO] [stderr]    Compiling rustls v0.23.45
[INFO] [stderr]    Compiling rustix v1.1.5
[INFO] [stderr]     Checking linux-raw-sys v0.12.1
[INFO] [stderr]     Checking ctutils v0.4.2
[INFO] [stderr]    Compiling thiserror v2.0.21
[INFO] [stderr]     Checking caseless v0.2.2
[INFO] [stderr]     Checking num-complex v0.4.6
[INFO] [stderr]     Checking crypto-common v0.2.2
[INFO] [stderr]     Checking block-buffer v0.12.1
[INFO] [stderr]     Checking indexmap v2.14.2
[INFO] [stderr]     Checking bytemuck v1.25.2
[INFO] [stderr]     Checking regex-lite v0.1.9
[INFO] [stderr]     Checking symphonia-core v0.6.1
[INFO] [stderr]     Checking aho-corasick v1.1.5
[INFO] [stderr]     Checking regex-syntax v0.8.11
[INFO] [stderr]     Checking digest v0.11.3
[INFO] [stderr]     Checking sha2 v0.11.0
[INFO] [stderr]     Checking symphonia-metadata v0.6.1
[INFO] [stderr]     Checking tempfile v3.27.0
[INFO] [stderr]     Checking symphonia-common v0.6.1
[INFO] [stderr]     Checking regex-automata v0.4.18
[INFO] [stderr]    Compiling bstr v1.13.1
[INFO] [stderr]    Compiling crc32fast v1.5.2
[INFO] [stderr]    Compiling libsqlite3-sys v0.38.2
[INFO] [stderr]    Compiling pest v2.9.2
[INFO] [stderr]     Checking num-integer v0.1.47
[INFO] [stderr]    Compiling mime v0.3.17
[INFO] [stderr]     Checking phc v0.6.1
[INFO] [stderr]    Compiling synstructure v0.14.0
[INFO] [stderr]     Checking rustls-webpki v0.103.15
[INFO] [stderr]    Compiling mime_guess v2.0.5
[INFO] [stderr]    Compiling pest_meta v2.9.2
[INFO] [stderr]     Checking bit-vec v0.8.0
[INFO] [stderr]    Compiling ebur128 v0.1.10
[INFO] [stderr]     Checking strength_reduce v0.2.4
[INFO] [stderr]     Checking extended v0.1.0
[INFO] [stderr]    Compiling tracing-attributes v0.1.31
[INFO] [stderr]     Checking globset v0.4.20
[INFO] [stderr]     Checking dasp_sample v0.11.0
[INFO] [stderr]    Compiling zerofrom-derive v0.1.8
[INFO] [stderr]    Compiling yoke-derive v0.8.3
[INFO] [stderr]    Compiling zerovec-derive v0.11.6
[INFO] [stderr]    Compiling tokio-macros v2.7.2
[INFO] [stderr]    Compiling displaydoc v0.2.7
[INFO] [stderr]    Compiling futures-macro v0.3.34
[INFO] [stderr]     Checking zerofrom v0.1.8
[INFO] [stderr]     Checking yoke v0.8.3
[INFO] [stderr]     Checking tracing v0.1.44
[INFO] [stderr]     Checking tokio v1.53.1
[INFO] [stderr]     Checking zerovec v0.11.8
[INFO] [stderr]    Compiling serde_derive v1.0.229
[INFO] [stderr]     Checking zerotrie v0.2.5
[INFO] [stderr]    Compiling multiversion-macros v0.9.0
[INFO] [stderr]     Checking futures-util v0.3.34
[INFO] [stderr]    Compiling thiserror-impl v2.0.21
[INFO] [stderr]     Checking tinystr v0.8.4
[INFO] [stderr]     Checking icu_locale_core v2.3.0
[INFO] [stderr]     Checking potential_utf v0.1.6
[INFO] [stderr]     Checking icu_collections v2.3.0
[INFO] [stderr]     Checking multiversion v0.9.0
[INFO] [stderr]     Checking encoding_rs v0.8.41
[INFO] [stderr]     Checking icu_provider v2.3.1
[INFO] [stderr]     Checking rustls-platform-verifier v0.7.0
[INFO] [stderr]     Checking icu_normalizer v2.3.0
[INFO] [stderr]     Checking icu_properties v2.3.0
[INFO] [stderr]    Compiling rust-embed-utils v8.12.0
[INFO] [stderr]     Checking axum-core v0.5.6
[INFO] [stderr]    Compiling rust-embed-impl v8.12.0
[INFO] [stderr]    Compiling pest_generator v2.9.2
[INFO] [stderr]     Checking dasp_frame v0.11.0
[INFO] [stderr]    Compiling lofty_attr v0.13.0
[INFO] [stderr]     Checking idna_adapter v1.2.2
[INFO] [stderr]     Checking idna v1.1.0
[INFO] [stderr]     Checking symphonia-format-riff v0.6.1
[INFO] [stderr]     Checking matchers v0.2.0
[INFO] [stderr]     Checking transpose v0.2.3
[INFO] [stderr]     Checking ogg_pager v0.7.2
[INFO] [stderr]     Checking bit-set v0.8.0
[INFO] [stderr]     Checking flate2 v1.1.10
[INFO] [stderr]     Checking password-hash v0.6.1
[INFO] [stderr]     Checking url v2.5.8
[INFO] [stderr]     Checking primal-check v0.3.4
[INFO] [stderr]     Checking symphonia-format-isomp4 v0.6.1
[INFO] [stderr]     Checking symphonia-codec-alac v0.6.1
[INFO] [stderr]     Checking symphonia-format-ogg v0.6.1
[INFO] [stderr]     Checking symphonia-bundle-flac v0.6.1
[INFO] [stderr]     Checking serde v1.0.229
[INFO] [stderr]     Checking symphonia-codec-aac v0.6.1
[INFO] [stderr]     Checking symphonia-codec-pcm v0.6.1
[INFO] [stderr]     Checking symphonia-bundle-mp3 v0.6.1
[INFO] [stderr]     Checking blake2 v0.11.0
[INFO] [stderr]     Checking hashlink v0.12.2
[INFO] [stderr]     Checking toml_datetime v1.1.1+spec-1.1.0
[INFO] [stderr]     Checking serde_spanned v1.1.1
[INFO] [stderr]    Compiling spindle v0.1.0 (/opt/rustwide/workdir)
[INFO] [stderr]     Checking tracing-subscriber v0.3.23
[INFO] [stderr]     Checking ipnet v2.12.2
[INFO] [stderr]     Checking serde_urlencoded v0.7.1
[INFO] [stderr]     Checking agent-proto v0.1.0 (/opt/rustwide/workdir/agent-proto)
[INFO] [stderr]     Checking toml v1.1.6+spec-1.1.0
[INFO] [stderr]     Checking symphonia v0.6.1
[INFO] [stderr]     Checking lofty v0.25.4
[INFO] [stderr]     Checking tokio-util v0.7.19
[INFO] [stderr]     Checking tower v0.5.3
[INFO] [stderr]     Checking tokio-rustls v0.26.5
[INFO] [stderr]     Checking argon2 v0.6.0
[INFO] [stderr]     Checking rustfft v6.4.1
[INFO] [stderr]     Checking fancy-regex v0.19.2
[INFO] [stderr]     Checking tower-http v0.6.11
[INFO] [stderr]    Compiling pest_derive v2.9.2
[INFO] [stderr]     Checking rust-embed v8.12.0
[INFO] [stderr]     Checking h2 v0.4.19
[INFO] [stderr]     Checking tower-http v0.7.1
[INFO] [stderr]     Checking tokio-stream v0.1.19
[INFO] [stderr]     Checking sha1 v0.11.0
[INFO] [stderr]     Checking md-5 v0.11.0
[INFO] [stderr]     Checking quick-xml v0.42.0
[INFO] [stderr]     Checking imagesize v0.15.0
[INFO] [stderr]     Checking rusqlite v0.40.2
[INFO] [stderr]     Checking hyper v1.11.1
[INFO] [stderr]     Checking hyper-util v0.1.20
[INFO] [stderr]     Checking hyper-rustls v0.27.9
[INFO] [stderr]     Checking axum v0.8.9
[INFO] [stderr]     Checking reqwest v0.13.5
[INFO] [stderr]     Checking spindle-agent v0.1.0 (/opt/rustwide/workdir/agent)
[INFO] [stdout] error: #[derive(RustEmbed)] folder '/opt/rustwide/workdir/web/dist/' does not exist. cwd: '/opt/rustwide/workdir'
[INFO] [stdout]   --> src/api/spa.rs:11:1
[INFO] [stdout]    |
[INFO] [stdout] 11 | / #[folder = "web/dist/"]
[INFO] [stdout] 12 | | struct Assets;
[INFO] [stdout]    | |______________^
[INFO] [stdout] 
[INFO] [stdout] 
[INFO] [stdout] error: #[derive(RustEmbed)] folder '/opt/rustwide/workdir/web/dist/' does not exist. cwd: '/opt/rustwide/workdir'
[INFO] [stdout]   --> src/api/spa.rs:11:1
[INFO] [stdout]    |
[INFO] [stdout] 11 | / #[folder = "web/dist/"]
[INFO] [stdout] 12 | | struct Assets;
[INFO] [stdout]    | |______________^
[INFO] [stdout] 
[INFO] [stdout] 
[INFO] [stdout] error[E0599]: no associated function or constant named `get` found for struct `spa::Assets` in the current scope
[INFO] [stdout]   --> src/api/spa.rs:16:33
[INFO] [stdout]    |
[INFO] [stdout] 12 | struct Assets;
[INFO] [stdout]    | ------------- associated function or constant `get` not found for this struct
[INFO] [stdout] ...
[INFO] [stdout] 16 |     if let Some(file) = Assets::get(path) {
[INFO] [stdout]    |                                 ^^^ associated function or constant not found in `spa::Assets`
[INFO] [stdout]    |
[INFO] [stdout]    = help: items from traits can only be used if the trait is implemented and in scope
[INFO] [stdout]    = note: the following traits define an item `get`, perhaps you need to implement one of them:
[INFO] [stdout]            candidate #1: `Embed`
[INFO] [stdout]            candidate #2: `FallibleStreamingIterator`
[INFO] [stdout]            candidate #3: `SliceIndex`
[INFO] [stdout]            candidate #4: `StoresServerSessions`
[INFO] [stdout]            candidate #5: `icu_collections::codepointtrie::cptrie::TypedCodePointTrie`
[INFO] [stdout]            candidate #6: `icu_properties::names::PropertyEnumToValueNameLookup`
[INFO] [stdout]            candidate #7: `icu_provider::baked::DataStore`
[INFO] [stdout]            candidate #8: `pest::pratt_parser::PrattParserOps`
[INFO] [stdout]            candidate #9: `toml_parser::source::SourceIndex`
[INFO] [stdout] 
[INFO] [stdout] 
[INFO] [stdout] error[E0599]: no associated function or constant named `get` found for struct `spa::Assets` in the current scope
[INFO] [stdout]   --> src/api/spa.rs:27:19
[INFO] [stdout]    |
[INFO] [stdout] 12 | struct Assets;
[INFO] [stdout]    | ------------- associated function or constant `get` not found for this struct
[INFO] [stdout] ...
[INFO] [stdout] 27 |     match Assets::get("index.html") {
[INFO] [stdout]    |                   ^^^ associated function or constant not found in `spa::Assets`
[INFO] [stdout]    |
[INFO] [stdout]    = help: items from traits can only be used if the trait is implemented and in scope
[INFO] [stdout]    = note: the following traits define an item `get`, perhaps you need to implement one of them:
[INFO] [stdout]            candidate #1: `Embed`
[INFO] [stdout]            candidate #2: `FallibleStreamingIterator`
[INFO] [stdout]            candidate #3: `SliceIndex`
[INFO] [stdout]            candidate #4: `StoresServerSessions`
[INFO] [stdout]            candidate #5: `icu_collections::codepointtrie::cptrie::TypedCodePointTrie`
[INFO] [stdout]            candidate #6: `icu_properties::names::PropertyEnumToValueNameLookup`
[INFO] [stdout]            candidate #7: `icu_provider::baked::DataStore`
[INFO] [stdout]            candidate #8: `pest::pratt_parser::PrattParserOps`
[INFO] [stdout]            candidate #9: `toml_parser::source::SourceIndex`
[INFO] [stdout] 
[INFO] [stdout] 
[INFO] [stdout] error[E0599]: no associated function or constant named `get` found for struct `spa::Assets` in the current scope
[INFO] [stdout]   --> src/api/spa.rs:16:33
[INFO] [stdout]    |
[INFO] [stdout] 12 | struct Assets;
[INFO] [stdout]    | ------------- associated function or constant `get` not found for this struct
[INFO] [stdout] ...
[INFO] [stdout] 16 |     if let Some(file) = Assets::get(path) {
[INFO] [stdout]    |                                 ^^^ associated function or constant not found in `spa::Assets`
[INFO] [stdout]    |
[INFO] [stdout]    = help: items from traits can only be used if the trait is implemented and in scope
[INFO] [stdout]    = note: the following traits define an item `get`, perhaps you need to implement one of them:
[INFO] [stdout]            candidate #1: `Embed`
[INFO] [stdout]            candidate #2: `FallibleStreamingIterator`
[INFO] [stdout]            candidate #3: `SliceIndex`
[INFO] [stdout]            candidate #4: `StoresServerSessions`
[INFO] [stdout]            candidate #5: `icu_collections::codepointtrie::cptrie::TypedCodePointTrie`
[INFO] [stdout]            candidate #6: `icu_properties::names::PropertyEnumToValueNameLookup`
[INFO] [stdout]            candidate #7: `icu_provider::baked::DataStore`
[INFO] [stdout]            candidate #8: `pest::pratt_parser::PrattParserOps`
[INFO] [stdout]            candidate #9: `toml_parser::source::SourceIndex`
[INFO] [stdout] 
[INFO] [stdout] 
[INFO] [stdout] error[E0599]: no associated function or constant named `get` found for struct `spa::Assets` in the current scope
[INFO] [stdout]   --> src/api/spa.rs:27:19
[INFO] [stdout]    |
[INFO] [stdout] 12 | struct Assets;
[INFO] [stdout]    | ------------- associated function or constant `get` not found for this struct
[INFO] [stdout] ...
[INFO] [stdout] 27 |     match Assets::get("index.html") {
[INFO] [stdout]    |                   ^^^ associated function or constant not found in `spa::Assets`
[INFO] [stdout]    |
[INFO] [stdout]    = help: items from traits can only be used if the trait is implemented and in scope
[INFO] [stdout]    = note: the following traits define an item `get`, perhaps you need to implement one of them:
[INFO] [stdout]            candidate #1: `Embed`
[INFO] [stdout]            candidate #2: `FallibleStreamingIterator`
[INFO] [stdout]            candidate #3: `SliceIndex`
[INFO] [stdout]            candidate #4: `StoresServerSessions`
[INFO] [stdout]            candidate #5: `icu_collections::codepointtrie::cptrie::TypedCodePointTrie`
[INFO] [stdout]            candidate #6: `icu_properties::names::PropertyEnumToValueNameLookup`
[INFO] [stdout]            candidate #7: `icu_provider::baked::DataStore`
[INFO] [stdout]            candidate #8: `pest::pratt_parser::PrattParserOps`
[INFO] [stdout]            candidate #9: `toml_parser::source::SourceIndex`
[INFO] [stdout] 
[INFO] [stdout] 
[INFO] [stderr] error: could not compile `spindle` (lib test) due to 3 previous errors
[INFO] [stderr] 
[INFO] [stderr] Caused by:
[INFO] [stderr]   process didn't exit successfully: `/opt/rustwide/rustup-home/toolchains/3154cc1a3e6424e44f438a95007d043ed5ceaaf6/bin/rustc --crate-name spindle --edition=2021 src/lib.rs --error-format=json --json=diagnostic-rendered-ansi,artifacts,future-incompat,unused-externs-silent --emit=dep-info,metadata -C embed-bitcode=no -C debuginfo=2 --test --check-cfg 'cfg(docsrs,test)' --check-cfg 'cfg(feature, values())' -C metadata=d422db2fcf50fbc8 -C extra-filename=-e2678d6a7a6ac5e7 --out-dir /opt/rustwide/target/debug/build/spindle/e2678d6a7a6ac5e7/out -L dependency=/opt/rustwide/target/debug/build/adler2/146a96abf593f074/out -L dependency=/opt/rustwide/target/debug/build/agent-proto/3f4fdcef2bf74412/out -L dependency=/opt/rustwide/target/debug/build/aho-corasick/163d7e9d08d0cc94/out -L dependency=/opt/rustwide/target/debug/build/atomic-waker/da9535de70c6dc9f/out -L dependency=/opt/rustwide/target/debug/build/axum-core/514ee832cfa8e7a0/out -L dependency=/opt/rustwide/target/debug/build/base64/1197ac9fab90ee7e/out -L dependency=/opt/rustwide/target/debug/build/base64/23db2b6c40639f36/out -L dependency=/opt/rustwide/target/debug/build/base64ct/d284462b97be39a4/out -L dependency=/opt/rustwide/target/debug/build/bit-set/45bc8a1922bd161f/out -L dependency=/opt/rustwide/target/debug/build/bit-vec/fb971a3339b10ba4/out -L dependency=/opt/rustwide/target/debug/build/bitflags/065ac7c666ff28f0/out -L dependency=/opt/rustwide/target/debug/build/bitflags/b0e6217d4d7090bf/out -L dependency=/opt/rustwide/target/debug/build/blake2/df8ac32c0e4ac09e/out -L dependency=/opt/rustwide/target/debug/build/block-buffer/1446e5c71e4a6fb0/out -L dependency=/opt/rustwide/target/debug/build/bstr/9ea974e3651636cb/out -L dependency=/opt/rustwide/target/debug/build/bytemuck/461ba3ee967d735f/out -L dependency=/opt/rustwide/target/debug/build/byteorder/1faabe2fe6089cfe/out -L dependency=/opt/rustwide/target/debug/build/bytes/0a99efe9a33d2eab/out -L dependency=/opt/rustwide/target/debug/build/caseless/6719b2c8c528f307/out -L dependency=/opt/rustwide/target/debug/build/cfg-if/455a21b2886a1534/out -L dependency=/opt/rustwide/target/debug/build/cmov/8237b69c459333ea/out -L dependency=/opt/rustwide/target/debug/build/const-oid/9eee41587642210e/out -L dependency=/opt/rustwide/target/debug/build/core_detect/79486889471b0b86/out -L dependency=/opt/rustwide/target/debug/build/cpufeatures/8b1bfbaa12a9a21a/out -L dependency=/opt/rustwide/target/debug/build/crc32fast/d743d93bf8ff5ef5/out -L dependency=/opt/rustwide/target/debug/build/crypto-common/57a4b503925f64cc/out -L dependency=/opt/rustwide/target/debug/build/ctutils/7636292f23b98692/out -L dependency=/opt/rustwide/target/debug/build/dasp_frame/9c7f1b0e0e4e8fbe/out -L dependency=/opt/rustwide/target/debug/build/dasp_sample/e138288dc6d69a46/out -L dependency=/opt/rustwide/target/debug/build/data-encoding/c13c31e07aad15f2/out -L dependency=/opt/rustwide/target/debug/build/digest/eee9a7d42558f6a0/out -L dependency=/opt/rustwide/target/debug/build/displaydoc/5a4fc9f30ad7abb8/out -L dependency=/opt/rustwide/target/debug/build/encoding_rs/2f91ba0e0543e706/out -L dependency=/opt/rustwide/target/debug/build/equivalent/53277b141c879f87/out -L dependency=/opt/rustwide/target/debug/build/errno/75e95ad699f80dda/out -L dependency=/opt/rustwide/target/debug/build/extended/2dc5327acfa18234/out -L dependency=/opt/rustwide/target/debug/build/fallible-iterator/d3468cf22870a35f/out -L dependency=/opt/rustwide/target/debug/build/fallible-streaming-iterator/04fb794c84e1cd46/out -L dependency=/opt/rustwide/target/debug/build/fastrand/bcc29a0d1db74e44/out -L dependency=/opt/rustwide/target/debug/build/flate2/5ff97584bf6a2c84/out -L dependency=/opt/rustwide/target/debug/build/fnv/65440ab31d1f3d7a/out -L dependency=/opt/rustwide/target/debug/build/foldhash/d794f8647a7c5183/out -L dependency=/opt/rustwide/target/debug/build/form_urlencoded/8558270de8c5e9db/out -L dependency=/opt/rustwide/target/debug/build/futures-channel/7fbd05cccead0f33/out -L dependency=/opt/rustwide/target/debug/build/futures-core/89a52963e41357f6/out -L dependency=/opt/rustwide/target/debug/build/futures-io/df650da5fa8afecd/out -L dependency=/opt/rustwide/target/debug/build/futures-macro/492f20fd0e99466c/out -L dependency=/opt/rustwide/target/debug/build/futures-sink/95b5bfb79dc476dc/out -L dependency=/opt/rustwide/target/debug/build/futures-task/d1ebca5e6911b813/out -L dependency=/opt/rustwide/target/debug/build/futures-util/462dd0422413307f/out -L dependency=/opt/rustwide/target/debug/build/getrandom/26f0b7b155ad76a9/out -L dependency=/opt/rustwide/target/debug/build/getrandom/7c388bc4271b88d5/out -L dependency=/opt/rustwide/target/debug/build/globset/262c68597bfab5e2/out -L dependency=/opt/rustwide/target/debug/build/h2/8eb2e02c2d7f5fbf/out -L dependency=/opt/rustwide/target/debug/build/hashbrown/f5826a48ee72aa29/out -L dependency=/opt/rustwide/target/debug/build/hashlink/9efcc678999735fa/out -L dependency=/opt/rustwide/target/debug/build/http-body-util/ab0b5f8c4ef2956d/out -L dependency=/opt/rustwide/target/debug/build/http-body/95b8f62f3ce65260/out -L dependency=/opt/rustwide/target/debug/build/http-range-header/d455c6e165ab5419/out -L dependency=/opt/rustwide/target/debug/build/http/27bb2c76016546af/out -L dependency=/opt/rustwide/target/debug/build/httparse/76e96eecfa617739/out -L dependency=/opt/rustwide/target/debug/build/httpdate/b5025f4ba65bacc8/out -L dependency=/opt/rustwide/target/debug/build/hybrid-array/191ac62ccf6e1398/out -L dependency=/opt/rustwide/target/debug/build/hyper-rustls/fda2915a6ff1e870/out -L dependency=/opt/rustwide/target/debug/build/hyper-util/3bcb42f413cf9be4/out -L dependency=/opt/rustwide/target/debug/build/hyper/aae293930a5692f7/out -L dependency=/opt/rustwide/target/debug/build/icu_collections/2342373471f72733/out -L dependency=/opt/rustwide/target/debug/build/icu_locale_core/cdaf5e89f51dd677/out -L dependency=/opt/rustwide/target/debug/build/icu_normalizer/3164ad734e3bbfd2/out -L dependency=/opt/rustwide/target/debug/build/icu_normalizer_data/6d8d8ee2a678262c/out -L dependency=/opt/rustwide/target/debug/build/icu_properties/57bc8a28837b1406/out -L dependency=/opt/rustwide/target/debug/build/icu_properties_data/1608f962d6c95250/out -L dependency=/opt/rustwide/target/debug/build/icu_provider/a5fa0d69089ce4c4/out -L dependency=/opt/rustwide/target/debug/build/idna/58dd6f964969ed0f/out -L dependency=/opt/rustwide/target/debug/build/idna_adapter/19149b6fe4d61fd4/out -L dependency=/opt/rustwide/target/debug/build/indexmap/8d0c888821c57760/out -L dependency=/opt/rustwide/target/debug/build/ipnet/d1a3d4c1707a35bb/out -L dependency=/opt/rustwide/target/debug/build/itoa/9757112bd9972718/out -L dependency=/opt/rustwide/target/debug/build/lazy_static/8814797a196a17b5/out -L dependency=/opt/rustwide/target/debug/build/libc/6c469ea5525a8374/out -L dependency=/opt/rustwide/target/debug/build/libsqlite3-sys/648a4b238a14428a/out -L dependency=/opt/rustwide/target/debug/build/linux-raw-sys/8a7cddcc33178e69/out -L dependency=/opt/rustwide/target/debug/build/litemap/1d56a444480118ad/out -L dependency=/opt/rustwide/target/debug/build/lock_api/497c3c4b546acad3/out -L dependency=/opt/rustwide/target/debug/build/lofty_attr/a085fa4bdddb37d4/out -L dependency=/opt/rustwide/target/debug/build/log/85e3409aa7b4535e/out -L dependency=/opt/rustwide/target/debug/build/matchers/6c17354afc533616/out -L dependency=/opt/rustwide/target/debug/build/matchit/29be1edda9b2fc61/out -L dependency=/opt/rustwide/target/debug/build/memchr/1dee75255e878028/out -L dependency=/opt/rustwide/target/debug/build/mime/ee7da7d8bd74decc/out -L dependency=/opt/rustwide/target/debug/build/mime_guess/06d270fc52905a5b/out -L dependency=/opt/rustwide/target/debug/build/miniz_oxide/347c157ef5e27ab8/out -L dependency=/opt/rustwide/target/debug/build/mio/5237334d0f0a90b1/out -L dependency=/opt/rustwide/target/debug/build/multiversion-macros/e627342eb7789767/out -L dependency=/opt/rustwide/target/debug/build/multiversion/fdf3ddfdfef49375/out -L dependency=/opt/rustwide/target/debug/build/multiversion_no_op/6b9e4d5b9f939cdb/out -L dependency=/opt/rustwide/target/debug/build/nu-ansi-term/c0b94389a4cbca02/out -L dependency=/opt/rustwide/target/debug/build/num-complex/38cb2e66158bd8d3/out -L dependency=/opt/rustwide/target/debug/build/num-integer/3026a5d7fcb45af1/out -L dependency=/opt/rustwide/target/debug/build/num-traits/d48d04855fc991bc/out -L dependency=/opt/rustwide/target/debug/build/ogg_pager/548a8ac0f38e8897/out -L dependency=/opt/rustwide/target/debug/build/once_cell/c3517054d55a7dff/out -L dependency=/opt/rustwide/target/debug/build/openssl-probe/a5326edbaaf90049/out -L dependency=/opt/rustwide/target/debug/build/parking_lot/78f4447402fc6a46/out -L dependency=/opt/rustwide/target/debug/build/parking_lot_core/320c719e7d2f0036/out -L dependency=/opt/rustwide/target/debug/build/password-hash/bec849a56eb9d7b7/out -L dependency=/opt/rustwide/target/debug/build/paste/ed0d01cb7994f7d7/out -L dependency=/opt/rustwide/target/debug/build/percent-encoding/528721a9f54dc4b1/out -L dependency=/opt/rustwide/target/debug/build/phc/3d9825ead179e4cf/out -L dependency=/opt/rustwide/target/debug/build/pin-project-lite/bc36f7de3f04be06/out -L dependency=/opt/rustwide/target/debug/build/potential_utf/38f257bfb5e305d1/out -L dependency=/opt/rustwide/target/debug/build/primal-check/47dc9b3e17c067a2/out -L dependency=/opt/rustwide/target/debug/build/regex-automata/d0ac5177f7cb53ca/out -L dependency=/opt/rustwide/target/debug/build/regex-lite/da9ab9462e046369/out -L dependency=/opt/rustwide/target/debug/build/regex-syntax/ad8cea3f864baf17/out -L dependency=/opt/rustwide/target/debug/build/reqwest/3a97c581d1e1a4f6/out -L dependency=/opt/rustwide/target/debug/build/ring/e0de6f53c6f25fbe/out -L dependency=/opt/rustwide/target/debug/build/rust-embed-impl/96bd6dbefe930a2f/out -L dependency=/opt/rustwide/target/debug/build/rust-embed-utils/ee3c646c016fb0c6/out -L dependency=/opt/rustwide/target/debug/build/rustix/58d9c0ef7597bfed/out -L dependency=/opt/rustwide/target/debug/build/rustls-native-certs/b87c08608fb0844a/out -L dependency=/opt/rustwide/target/debug/build/rustls-pki-types/f292a830a5fafa44/out -L dependency=/opt/rustwide/target/debug/build/rustls-platform-verifier/327555e7b926a1c6/out -L dependency=/opt/rustwide/target/debug/build/rustls-webpki/78824eef06452050/out -L dependency=/opt/rustwide/target/debug/build/rustls/8c494dc60df5352e/out -L dependency=/opt/rustwide/target/debug/build/ryu/659b25542bb7dde0/out -L dependency=/opt/rustwide/target/debug/build/same-file/dcdb966383785818/out -L dependency=/opt/rustwide/target/debug/build/scopeguard/2eedc5e742d791e6/out -L dependency=/opt/rustwide/target/debug/build/serde/3946059ec575ea60/out -L dependency=/opt/rustwide/target/debug/build/serde_core/7ae112854c7a279f/out -L dependency=/opt/rustwide/target/debug/build/serde_derive/c8a08c127d4939ab/out -L dependency=/opt/rustwide/target/debug/build/serde_json/10cd9f3030c79ffa/out -L dependency=/opt/rustwide/target/debug/build/serde_path_to_error/53101a7598b91a65/out -L dependency=/opt/rustwide/target/debug/build/serde_spanned/d8653a130780da94/out -L dependency=/opt/rustwide/target/debug/build/serde_urlencoded/b5d2745032e01fbd/out -L dependency=/opt/rustwide/target/debug/build/sha2/f9df0c55b6d2aa60/out -L dependency=/opt/rustwide/target/debug/build/sharded-slab/10ced3d8fd7e5e0c/out -L dependency=/opt/rustwide/target/debug/build/signal-hook-registry/e2158083d87b31df/out -L dependency=/opt/rustwide/target/debug/build/simd-adler32/86ff8b85693163f9/out -L dependency=/opt/rustwide/target/debug/build/simdutf8/b0635a519d65d146/out -L dependency=/opt/rustwide/target/debug/build/slab/99d98220a54c26d9/out -L dependency=/opt/rustwide/target/debug/build/smallvec/8e759a283707e78a/out -L dependency=/opt/rustwide/target/debug/build/socket2/16cafadec737d477/out -L dependency=/opt/rustwide/target/debug/build/stable_deref_trait/5d0e5045ac141f4e/out -L dependency=/opt/rustwide/target/debug/build/strength_reduce/b116dfcd72cdb7c3/out -L dependency=/opt/rustwide/target/debug/build/subtle/8f505b5194b43595/out -L dependency=/opt/rustwide/target/debug/build/symphonia-bundle-flac/af72b0c098f9bcf7/out -L dependency=/opt/rustwide/target/debug/build/symphonia-bundle-mp3/f8ae851ad5bb86fb/out -L dependency=/opt/rustwide/target/debug/build/symphonia-codec-aac/6d331fb136d9f4c0/out -L dependency=/opt/rustwide/target/debug/build/symphonia-codec-alac/a739ba7187c14f38/out -L dependency=/opt/rustwide/target/debug/build/symphonia-codec-pcm/71e696f9283d9dd5/out -L dependency=/opt/rustwide/target/debug/build/symphonia-common/3db85d2a6c1193ba/out -L dependency=/opt/rustwide/target/debug/build/symphonia-core/a60e43052b63da5b/out -L dependency=/opt/rustwide/target/debug/build/symphonia-format-isomp4/9548cf63b27ac53a/out -L dependency=/opt/rustwide/target/debug/build/symphonia-format-ogg/4103489fd97ebd29/out -L dependency=/opt/rustwide/target/debug/build/symphonia-format-riff/c66b012dc4141555/out -L dependency=/opt/rustwide/target/debug/build/symphonia-metadata/9a29e14020e97f88/out -L dependency=/opt/rustwide/target/debug/build/sync_wrapper/fe254f3e09df14bf/out -L dependency=/opt/rustwide/target/debug/build/thiserror-impl/1e57d965ad0761ed/out -L dependency=/opt/rustwide/target/debug/build/thiserror/a00925a22d0e1207/out -L dependency=/opt/rustwide/target/debug/build/thread_local/cdbae7701f9141f8/out -L dependency=/opt/rustwide/target/debug/build/tinystr/62e850f6764f1c4a/out -L dependency=/opt/rustwide/target/debug/build/tinyvec/cc65b535f9cc34bd/out -L dependency=/opt/rustwide/target/debug/build/tokio-macros/024fd4d0c8f47a02/out -L dependency=/opt/rustwide/target/debug/build/tokio-rustls/a5f047ac34661ed6/out -L dependency=/opt/rustwide/target/debug/build/tokio-util/480e65a1caeacd87/out -L dependency=/opt/rustwide/target/debug/build/tokio/50527f13e3cebe67/out -L dependency=/opt/rustwide/target/debug/build/toml_datetime/f949a023cf204fe9/out -L dependency=/opt/rustwide/target/debug/build/toml_parser/fcf76fd9dda5d5b1/out -L dependency=/opt/rustwide/target/debug/build/toml_writer/cdb925f1612ec149/out -L dependency=/opt/rustwide/target/debug/build/tower-http/7cd8d8d9bb3cd006/out -L dependency=/opt/rustwide/target/debug/build/tower-layer/18253f72d6097d72/out -L dependency=/opt/rustwide/target/debug/build/tower-service/f067f85429613f02/out -L dependency=/opt/rustwide/target/debug/build/tower/26862e1fd7c2d616/out -L dependency=/opt/rustwide/target/debug/build/tracing-attributes/af1c90aa48697372/out -L dependency=/opt/rustwide/target/debug/build/tracing-core/f96a330ff2c13dd7/out -L dependency=/opt/rustwide/target/debug/build/tracing-log/a616417cce960ae6/out -L dependency=/opt/rustwide/target/debug/build/tracing/38417260a367108f/out -L dependency=/opt/rustwide/target/debug/build/transpose/796df331aa3a5d69/out -L dependency=/opt/rustwide/target/debug/build/try-lock/2456ef037cb93cd8/out -L dependency=/opt/rustwide/target/debug/build/typenum/b4ecb8bd4c48de35/out -L dependency=/opt/rustwide/target/debug/build/ucd-trie/fbcb2eb009865b39/out -L dependency=/opt/rustwide/target/debug/build/unicase/a72f21564edb58b5/out -L dependency=/opt/rustwide/target/debug/build/unicode-normalization/3619bd6b0b640731/out -L dependency=/opt/rustwide/target/debug/build/untrusted/6fab01473f7c0eb0/out -L dependency=/opt/rustwide/target/debug/build/url/5dd5125a73618239/out -L dependency=/opt/rustwide/target/debug/build/utf8_iter/2a9a14295c98e961/out -L dependency=/opt/rustwide/target/debug/build/walkdir/9cf77ea4ba6f40cd/out -L dependency=/opt/rustwide/target/debug/build/want/02f6f2e86f12f8db/out -L dependency=/opt/rustwide/target/debug/build/winnow/d8322da08f17fa22/out -L dependency=/opt/rustwide/target/debug/build/writeable/8526e47e60eb96b2/out -L dependency=/opt/rustwide/target/debug/build/yoke-derive/5d5affc410444f6d/out -L dependency=/opt/rustwide/target/debug/build/yoke/cfd686001d38e223/out -L dependency=/opt/rustwide/target/debug/build/zerofrom-derive/6b730b243dae817f/out -L dependency=/opt/rustwide/target/debug/build/zerofrom/4b75f81fa9455899/out -L dependency=/opt/rustwide/target/debug/build/zeroize/3eac6d5ae8ba8e2f/out -L dependency=/opt/rustwide/target/debug/build/zerotrie/f8f5fb419f458e73/out -L dependency=/opt/rustwide/target/debug/build/zerovec-derive/6931f9ee90b0614a/out -L dependency=/opt/rustwide/target/debug/build/zerovec/63b5c0555f064e74/out -L dependency=/opt/rustwide/target/debug/build/zmij/7db290db90de1c50/out --extern agent_proto=/opt/rustwide/target/debug/build/agent-proto/3f4fdcef2bf74412/out/libagent_proto-3f4fdcef2bf74412.rmeta --extern anyhow=/opt/rustwide/target/debug/build/anyhow/b2877dcd007b481e/out/libanyhow-b2877dcd007b481e.rmeta --extern argon2=/opt/rustwide/target/debug/build/argon2/dc05d55252fa21ff/out/libargon2-dc05d55252fa21ff.rmeta --extern axum=/opt/rustwide/target/debug/build/axum/0facfc31cdb337a4/out/libaxum-0facfc31cdb337a4.rmeta --extern base64=/opt/rustwide/target/debug/build/base64/23db2b6c40639f36/out/libbase64-23db2b6c40639f36.rmeta --extern caseless=/opt/rustwide/target/debug/build/caseless/6719b2c8c528f307/out/libcaseless-6719b2c8c528f307.rmeta --extern crc32fast=/opt/rustwide/target/debug/build/crc32fast/d743d93bf8ff5ef5/out/libcrc32fast-d743d93bf8ff5ef5.rmeta --extern ebur128=/opt/rustwide/target/debug/build/ebur128/fdafa1cf1d1bae84/out/libebur128-fdafa1cf1d1bae84.rmeta --extern fancy_regex=/opt/rustwide/target/debug/build/fancy-regex/9c10b9065f6e9e82/out/libfancy_regex-9c10b9065f6e9e82.rmeta --extern futures_core=/opt/rustwide/target/debug/build/futures-core/89a52963e41357f6/out/libfutures_core-89a52963e41357f6.rmeta --extern futures_util=/opt/rustwide/target/debug/build/futures-util/462dd0422413307f/out/libfutures_util-462dd0422413307f.rmeta --extern getrandom=/opt/rustwide/target/debug/build/getrandom/7c388bc4271b88d5/out/libgetrandom-7c388bc4271b88d5.rmeta --extern http_body_util=/opt/rustwide/target/debug/build/http-body-util/ab0b5f8c4ef2956d/out/libhttp_body_util-ab0b5f8c4ef2956d.rmeta --extern imagesize=/opt/rustwide/target/debug/build/imagesize/3389d99a9f7ceca9/out/libimagesize-3389d99a9f7ceca9.rmeta --extern ipnet=/opt/rustwide/target/debug/build/ipnet/d1a3d4c1707a35bb/out/libipnet-d1a3d4c1707a35bb.rmeta --extern libc=/opt/rustwide/target/debug/build/libc/6c469ea5525a8374/out/liblibc-6c469ea5525a8374.rmeta --extern lofty=/opt/rustwide/target/debug/build/lofty/093bfda5c81c0ba1/out/liblofty-093bfda5c81c0ba1.rmeta --extern md5=/opt/rustwide/target/debug/build/md-5/5fce97a84dfaaabf/out/libmd5-5fce97a84dfaaabf.rmeta --extern mime_guess=/opt/rustwide/target/debug/build/mime_guess/06d270fc52905a5b/out/libmime_guess-06d270fc52905a5b.rmeta --extern pest=/opt/rustwide/target/debug/build/pest/b1012280bc25af55/out/libpest-b1012280bc25af55.rmeta --extern pest_derive=/opt/rustwide/target/debug/build/pest_derive/efbfe360bb228e2c/out/libpest_derive-efbfe360bb228e2c.so --extern quick_xml=/opt/rustwide/target/debug/build/quick-xml/2fe71263dc742fae/out/libquick_xml-2fe71263dc742fae.rmeta --extern reqwest=/opt/rustwide/target/debug/build/reqwest/3a97c581d1e1a4f6/out/libreqwest-3a97c581d1e1a4f6.rmeta --extern rusqlite=/opt/rustwide/target/debug/build/rusqlite/8a35e681380842ae/out/librusqlite-8a35e681380842ae.rmeta --extern rust_embed=/opt/rustwide/target/debug/build/rust-embed/513cd03dd9c2e655/out/librust_embed-513cd03dd9c2e655.rmeta --extern rustfft=/opt/rustwide/target/debug/build/rustfft/f6a458f2f8217287/out/librustfft-f6a458f2f8217287.rmeta --extern rustix=/opt/rustwide/target/debug/build/rustix/58d9c0ef7597bfed/out/librustix-58d9c0ef7597bfed.rmeta --extern rustls=/opt/rustwide/target/debug/build/rustls/8c494dc60df5352e/out/librustls-8c494dc60df5352e.rmeta --extern serde=/opt/rustwide/target/debug/build/serde/3946059ec575ea60/out/libserde-3946059ec575ea60.rmeta --extern serde_json=/opt/rustwide/target/debug/build/serde_json/10cd9f3030c79ffa/out/libserde_json-10cd9f3030c79ffa.rmeta --extern sha1=/opt/rustwide/target/debug/build/sha1/973aadc341282cba/out/libsha1-973aadc341282cba.rmeta --extern sha2=/opt/rustwide/target/debug/build/sha2/f9df0c55b6d2aa60/out/libsha2-f9df0c55b6d2aa60.rmeta --extern spindle_agent=/opt/rustwide/target/debug/build/spindle-agent/03de7a4e226badd2/out/libspindle_agent-03de7a4e226badd2.rmeta --extern symphonia=/opt/rustwide/target/debug/build/symphonia/63bf5136f0877e06/out/libsymphonia-63bf5136f0877e06.rmeta --extern tempfile=/opt/rustwide/target/debug/build/tempfile/478a01707808cb41/out/libtempfile-478a01707808cb41.rmeta --extern thiserror=/opt/rustwide/target/debug/build/thiserror/a00925a22d0e1207/out/libthiserror-a00925a22d0e1207.rmeta --extern tokio=/opt/rustwide/target/debug/build/tokio/50527f13e3cebe67/out/libtokio-50527f13e3cebe67.rmeta --extern tokio_stream=/opt/rustwide/target/debug/build/tokio-stream/d5f6cb6aa394204f/out/libtokio_stream-d5f6cb6aa394204f.rmeta --extern tokio_util=/opt/rustwide/target/debug/build/tokio-util/480e65a1caeacd87/out/libtokio_util-480e65a1caeacd87.rmeta --extern toml=/opt/rustwide/target/debug/build/toml/44ff7ff0f1814ad1/out/libtoml-44ff7ff0f1814ad1.rmeta --extern tower=/opt/rustwide/target/debug/build/tower/26862e1fd7c2d616/out/libtower-26862e1fd7c2d616.rmeta --extern tower_http=/opt/rustwide/target/debug/build/tower-http/f55ec2d293461333/out/libtower_http-f55ec2d293461333.rmeta --extern tracing=/opt/rustwide/target/debug/build/tracing/38417260a367108f/out/libtracing-38417260a367108f.rmeta --extern tracing_subscriber=/opt/rustwide/target/debug/build/tracing-subscriber/a04affd73eec6344/out/libtracing_subscriber-a04affd73eec6344.rmeta --extern unicode_normalization=/opt/rustwide/target/debug/build/unicode-normalization/3619bd6b0b640731/out/libunicode_normalization-3619bd6b0b640731.rmeta --extern url=/opt/rustwide/target/debug/build/url/5dd5125a73618239/out/liburl-5dd5125a73618239.rmeta --cap-lints=forbid -Znext-solver=coherence --force-warn=unused_crate_dependencies -L native=/opt/rustwide/target/debug/build/ring/152a3afcfa882958/out -L native=/opt/rustwide/target/debug/build/libsqlite3-sys/e7e28f9277b207b7/out` (signal: 9, SIGKILL: kill)
[INFO] [stderr] warning: build failed, waiting for other jobs to finish...
[INFO] [stdout] For more information about this error, try `rustc --explain E0599`.
[INFO] [stdout] 
[INFO] [stderr] error: could not compile `spindle` (lib) due to 3 previous errors
[INFO] running `Command { std: "docker" "inspect" "8630717bf5bc88be331b0b1738d6a6225505df955f0fda2844c4bccbe59eea35", kill_on_drop: false }`
[INFO] running `Command { std: "docker" "rm" "-f" "8630717bf5bc88be331b0b1738d6a6225505df955f0fda2844c4bccbe59eea35", kill_on_drop: false }`
[INFO] [stdout] 8630717bf5bc88be331b0b1738d6a6225505df955f0fda2844c4bccbe59eea35
