[INFO] cloning repository https://github.com/A4-Tacks/mem-fill
[INFO] running `Command { std: "git" "-c" "credential.helper=" "-c" "credential.helper=/workspace/cargo-home/bin/git-credential-null" "clone" "--bare" "https://github.com/A4-Tacks/mem-fill" "/workspace/cache/git-repos/https%3A%2F%2Fgithub.com%2FA4-Tacks%2Fmem-fill", kill_on_drop: false }`
[INFO] [stderr] Cloning into bare repository '/workspace/cache/git-repos/https%3A%2F%2Fgithub.com%2FA4-Tacks%2Fmem-fill'...
[INFO] running `Command { std: "git" "rev-parse" "HEAD", kill_on_drop: false }`
[INFO] [stdout] ecf2060efda0f7fd43231c9fc8c41e22080f22d8
[INFO] checking A4-Tacks/mem-fill against 3154cc1a3e6424e44f438a95007d043ed5ceaaf6+rustflags=-Znext-solver=coherence for pr-133502-30
[INFO] running `Command { std: "git" "clone" "/workspace/cache/git-repos/https%3A%2F%2Fgithub.com%2FA4-Tacks%2Fmem-fill" "/workspace/builds/worker-4-tc1/source", kill_on_drop: false }`
[INFO] [stderr] Cloning into '/workspace/builds/worker-4-tc1/source'...
[INFO] [stderr] done.
[INFO] started tweaking git repo https://github.com/A4-Tacks/mem-fill
[INFO] finished tweaking git repo https://github.com/A4-Tacks/mem-fill
[INFO] tweaked toml for git repo https://github.com/A4-Tacks/mem-fill written to /workspace/builds/worker-4-tc1/source/Cargo.toml
[INFO] validating manifest of git repo https://github.com/A4-Tacks/mem-fill on toolchain 3154cc1a3e6424e44f438a95007d043ed5ceaaf6
[INFO] running `Command { std: CARGO_HOME="/workspace/cargo-home" RUSTUP_HOME="/workspace/rustup-home" "/workspace/cargo-home/bin/cargo" "+3154cc1a3e6424e44f438a95007d043ed5ceaaf6" "metadata" "--manifest-path" "Cargo.toml" "--no-deps", kill_on_drop: false }`
[INFO] crate git repo https://github.com/A4-Tacks/mem-fill already has a lockfile, it will not be regenerated
[INFO] running `Command { std: CARGO_HOME="/workspace/cargo-home" RUSTUP_HOME="/workspace/rustup-home" "/workspace/cargo-home/bin/cargo" "+3154cc1a3e6424e44f438a95007d043ed5ceaaf6" "fetch" "--manifest-path" "Cargo.toml", kill_on_drop: false }`
[INFO] [stderr]     Blocking waiting for file lock on package cache
[INFO] running `Command { std: "docker" "create" "-v" "/var/lib/crater-agent-workspace/builds/worker-4-tc1/source:/opt/rustwide/workdir:ro,Z" "-v" "/var/lib/crater-agent-workspace/builds/worker-4-tc1/target:/opt/rustwide/target:rw,Z" "-v" "/var/lib/crater-agent-workspace/cargo-home:/opt/rustwide/cargo-home:ro,Z" "-v" "/var/lib/crater-agent-workspace/rustup-home:/opt/rustwide/rustup-home:ro,Z" "-m" "1610612736" "--network" "none" "ghcr.io/rust-lang/crates-build-env/linux@sha256:77db811e55d90add9212f6832c23229e3de5f1c1f9905e8cb07319ea15df73ac" "sleep" "infinity", kill_on_drop: false }`
[INFO] [stdout] 3765b4b2d031934a3d603d61db4eae2af4e2cad4d066fa5f6501fa5ce52e2a78
[INFO] running `Command { std: "docker" "start" "3765b4b2d031934a3d603d61db4eae2af4e2cad4d066fa5f6501fa5ce52e2a78", kill_on_drop: false }`
[INFO] running `Command { std: "docker" "inspect" "3765b4b2d031934a3d603d61db4eae2af4e2cad4d066fa5f6501fa5ce52e2a78", kill_on_drop: false }`
[INFO] running `Command { std: "docker" "exec" "-e" "SOURCE_DIR=/opt/rustwide/workdir" "-e" "CARGO_HOME=/opt/rustwide/cargo-home" "-e" "RUSTUP_HOME=/opt/rustwide/rustup-home" "-e" "CARGO_TARGET_DIR=/opt/rustwide/target" "-w" "/opt/rustwide/workdir" "--user" "0:0" "3765b4b2d031934a3d603d61db4eae2af4e2cad4d066fa5f6501fa5ce52e2a78" "/opt/rustwide/cargo-home/bin/cargo" "+3154cc1a3e6424e44f438a95007d043ed5ceaaf6" "metadata" "--no-deps" "--format-version=1", kill_on_drop: false }`
[INFO] running `Command { std: "docker" "inspect" "3765b4b2d031934a3d603d61db4eae2af4e2cad4d066fa5f6501fa5ce52e2a78", kill_on_drop: false }`
[INFO] running `Command { std: "docker" "exec" "-e" "SOURCE_DIR=/opt/rustwide/workdir" "-e" "CARGO_HOME=/opt/rustwide/cargo-home" "-e" "RUSTUP_HOME=/opt/rustwide/rustup-home" "-e" "CARGO_TARGET_DIR=/opt/rustwide/target" "-e" "CARGO_INCREMENTAL=0" "-e" "RUST_BACKTRACE=full" "-e" "RUSTFLAGS=--cap-lints=forbid -Znext-solver=coherence" "-e" "RUSTDOCFLAGS=--cap-lints=forbid" "-w" "/opt/rustwide/workdir" "--user" "0:0" "3765b4b2d031934a3d603d61db4eae2af4e2cad4d066fa5f6501fa5ce52e2a78" "/opt/rustwide/cargo-home/bin/cargo" "+3154cc1a3e6424e44f438a95007d043ed5ceaaf6" "check" "--frozen" "--all" "--all-targets" "--message-format=json", kill_on_drop: false }`
[INFO] [stderr]     Checking mem-fill v0.1.1 (/opt/rustwide/workdir)
[INFO] [stdout] error[E0308]: mismatched types
[INFO] [stdout]   --> src/main.rs:63:41
[INFO] [stdout]    |
[INFO] [stdout] 63 |     if args.iter().any(|s| s == "-h" || s = "--help") {
[INFO] [stdout]    |                            ---------    ^ expected `bool`, found `&String`
[INFO] [stdout]    |                            |
[INFO] [stdout]    |                            expected because this is `bool`
[INFO] [stdout] 
[INFO] [stdout] 
[INFO] [stdout] error[E0308]: mismatched types
[INFO] [stdout]   --> src/main.rs:63:41
[INFO] [stdout]    |
[INFO] [stdout] 63 |     if args.iter().any(|s| s == "-h" || s = "--help") {
[INFO] [stdout]    |                            ---------    ^ expected `bool`, found `&String`
[INFO] [stdout]    |                            |
[INFO] [stdout]    |                            expected because this is `bool`
[INFO] [stdout] 
[INFO] [stdout] 
[INFO] [stdout] error[E0308]: mismatched types
[INFO] [stdout]   --> src/main.rs:63:28
[INFO] [stdout]    |
[INFO] [stdout] 63 |     if args.iter().any(|s| s == "-h" || s = "--help") {
[INFO] [stdout]    |                            ^^^^^^^^^^^^^^^^^^^^^^^^^ expected `bool`, found `()`
[INFO] [stdout]    |
[INFO] [stdout] help: you might have meant to compare for equality
[INFO] [stdout]    |
[INFO] [stdout] 63 |     if args.iter().any(|s| s == "-h" || s == "--help") {
[INFO] [stdout]    |                                            +
[INFO] [stdout] 
[INFO] [stdout] 
[INFO] [stdout] error[E0308]: mismatched types
[INFO] [stdout]   --> src/main.rs:63:28
[INFO] [stdout]    |
[INFO] [stdout] 63 |     if args.iter().any(|s| s == "-h" || s = "--help") {
[INFO] [stdout]    |                            ^^^^^^^^^^^^^^^^^^^^^^^^^ expected `bool`, found `()`
[INFO] [stdout]    |
[INFO] [stdout] help: you might have meant to compare for equality
[INFO] [stdout]    |
[INFO] [stdout] 63 |     if args.iter().any(|s| s == "-h" || s == "--help") {
[INFO] [stdout]    |                                            +
[INFO] [stdout] 
[INFO] [stdout] 
[INFO] [stdout] For more information about this error, try `rustc --explain E0308`.
[INFO] [stdout] 
[INFO] [stdout] For more information about this error, try `rustc --explain E0308`.
[INFO] [stdout] 
[INFO] [stderr] error: could not compile `mem-fill` (bin "mem-fill") due to 2 previous errors
[INFO] [stderr] warning: build failed, waiting for other jobs to finish...
[INFO] [stderr] error: could not compile `mem-fill` (bin "mem-fill" test) due to 2 previous errors
[INFO] running `Command { std: "docker" "inspect" "3765b4b2d031934a3d603d61db4eae2af4e2cad4d066fa5f6501fa5ce52e2a78", kill_on_drop: false }`
[INFO] running `Command { std: "docker" "rm" "-f" "3765b4b2d031934a3d603d61db4eae2af4e2cad4d066fa5f6501fa5ce52e2a78", kill_on_drop: false }`
[INFO] [stdout] 3765b4b2d031934a3d603d61db4eae2af4e2cad4d066fa5f6501fa5ce52e2a78
