[INFO] cloning repository https://github.com/A0W23/eink-codexBar
[INFO] running `Command { std: "git" "-c" "credential.helper=" "-c" "credential.helper=/workspace/cargo-home/bin/git-credential-null" "clone" "--bare" "https://github.com/A0W23/eink-codexBar" "/workspace/cache/git-repos/https%3A%2F%2Fgithub.com%2FA0W23%2Feink-codexBar", kill_on_drop: false }`
[INFO] [stderr] Cloning into bare repository '/workspace/cache/git-repos/https%3A%2F%2Fgithub.com%2FA0W23%2Feink-codexBar'...
[INFO] running `Command { std: "git" "rev-parse" "HEAD", kill_on_drop: false }`
[INFO] [stdout] 27961576393aec8207386b1507d672abf171d81e
[INFO] checking A0W23/eink-codexBar against 3154cc1a3e6424e44f438a95007d043ed5ceaaf6 for pr-133502-30
[INFO] running `Command { std: "git" "clone" "/workspace/cache/git-repos/https%3A%2F%2Fgithub.com%2FA0W23%2Feink-codexBar" "/workspace/builds/worker-4-tc2/source", kill_on_drop: false }`
[INFO] [stderr] Cloning into '/workspace/builds/worker-4-tc2/source'...
[INFO] [stderr] done.
[INFO] started tweaking git repo https://github.com/A0W23/eink-codexBar
[INFO] finished tweaking git repo https://github.com/A0W23/eink-codexBar
[INFO] tweaked toml for git repo https://github.com/A0W23/eink-codexBar written to /workspace/builds/worker-4-tc2/source/Cargo.toml
[INFO] validating manifest of git repo https://github.com/A0W23/eink-codexBar on toolchain 3154cc1a3e6424e44f438a95007d043ed5ceaaf6
[INFO] running `Command { std: CARGO_HOME="/workspace/cargo-home" RUSTUP_HOME="/workspace/rustup-home" "/workspace/cargo-home/bin/cargo" "+3154cc1a3e6424e44f438a95007d043ed5ceaaf6" "metadata" "--manifest-path" "Cargo.toml" "--no-deps", kill_on_drop: false }`
[INFO] crate git repo https://github.com/A0W23/eink-codexBar already has a lockfile, it will not be regenerated
[INFO] running `Command { std: CARGO_HOME="/workspace/cargo-home" RUSTUP_HOME="/workspace/rustup-home" "/workspace/cargo-home/bin/cargo" "+3154cc1a3e6424e44f438a95007d043ed5ceaaf6" "fetch" "--manifest-path" "Cargo.toml", kill_on_drop: false }`
[INFO] running `Command { std: "docker" "create" "-v" "/var/lib/crater-agent-workspace/builds/worker-4-tc2/source:/opt/rustwide/workdir:ro,Z" "-v" "/var/lib/crater-agent-workspace/builds/worker-4-tc2/target:/opt/rustwide/target:rw,Z" "-v" "/var/lib/crater-agent-workspace/cargo-home:/opt/rustwide/cargo-home:ro,Z" "-v" "/var/lib/crater-agent-workspace/rustup-home:/opt/rustwide/rustup-home:ro,Z" "-m" "1610612736" "--network" "none" "ghcr.io/rust-lang/crates-build-env/linux@sha256:77db811e55d90add9212f6832c23229e3de5f1c1f9905e8cb07319ea15df73ac" "sleep" "infinity", kill_on_drop: false }`
[INFO] [stdout] e22061220890ec3dd98965bbe3bfbd858a87d37a06219bb20cff5a21553a6271
[INFO] running `Command { std: "docker" "start" "e22061220890ec3dd98965bbe3bfbd858a87d37a06219bb20cff5a21553a6271", kill_on_drop: false }`
[INFO] running `Command { std: "docker" "inspect" "e22061220890ec3dd98965bbe3bfbd858a87d37a06219bb20cff5a21553a6271", kill_on_drop: false }`
[INFO] running `Command { std: "docker" "exec" "-e" "SOURCE_DIR=/opt/rustwide/workdir" "-e" "CARGO_HOME=/opt/rustwide/cargo-home" "-e" "RUSTUP_HOME=/opt/rustwide/rustup-home" "-e" "CARGO_TARGET_DIR=/opt/rustwide/target" "-w" "/opt/rustwide/workdir" "--user" "0:0" "e22061220890ec3dd98965bbe3bfbd858a87d37a06219bb20cff5a21553a6271" "/opt/rustwide/cargo-home/bin/cargo" "+3154cc1a3e6424e44f438a95007d043ed5ceaaf6" "metadata" "--no-deps" "--format-version=1", kill_on_drop: false }`
[INFO] running `Command { std: "docker" "inspect" "e22061220890ec3dd98965bbe3bfbd858a87d37a06219bb20cff5a21553a6271", kill_on_drop: false }`
[INFO] running `Command { std: "docker" "exec" "-e" "SOURCE_DIR=/opt/rustwide/workdir" "-e" "CARGO_HOME=/opt/rustwide/cargo-home" "-e" "RUSTUP_HOME=/opt/rustwide/rustup-home" "-e" "CARGO_TARGET_DIR=/opt/rustwide/target" "-e" "CARGO_INCREMENTAL=0" "-e" "RUST_BACKTRACE=full" "-e" "RUSTFLAGS=--cap-lints=forbid" "-e" "RUSTDOCFLAGS=--cap-lints=forbid" "-w" "/opt/rustwide/workdir" "--user" "0:0" "e22061220890ec3dd98965bbe3bfbd858a87d37a06219bb20cff5a21553a6271" "/opt/rustwide/cargo-home/bin/cargo" "+3154cc1a3e6424e44f438a95007d043ed5ceaaf6" "check" "--frozen" "--all" "--all-targets" "--message-format=json", kill_on_drop: false }`
[INFO] [stderr]    Compiling find-msvc-tools v0.1.10
[INFO] [stderr]     Checking futures-sink v0.3.33
[INFO] [stderr]    Compiling syn v3.0.3
[INFO] [stderr]    Compiling zerovec-derive v0.11.3
[INFO] [stderr]     Checking tokio v1.53.1
[INFO] [stderr]     Checking futures-io v0.3.33
[INFO] [stderr]    Compiling az v1.2.1
[INFO] [stderr]     Checking simd-adler32 v0.3.10
[INFO] [stderr]     Checking futures-channel v0.3.33
[INFO] [stderr]    Compiling cc v1.4.2
[INFO] [stderr]     Checking futures-util v0.3.33
[INFO] [stderr]     Checking miniz_oxide v0.8.9
[INFO] [stderr]    Compiling ahash v0.8.12
[INFO] [stderr]     Checking core-foundation-sys v0.8.7
[INFO] [stderr]     Checking ipnet v2.12.1
[INFO] [stderr]     Checking flate2 v1.1.9
[INFO] [stderr]     Checking fdeflate v0.3.7
[INFO] [stderr]     Checking pxfm v0.1.30
[INFO] [stderr]    Compiling libsqlite3-sys v0.30.1
[INFO] [stderr]     Checking zerovec v0.11.6
[INFO] [stderr]     Checking png v0.18.1
[INFO] [stderr]     Checking embedded-graphics-core v0.4.1
[INFO] [stderr]     Checking potential_utf v0.1.5
[INFO] [stderr]    Compiling ring v0.17.14
[INFO] [stderr]     Checking security-framework-sys v2.17.0
[INFO] [stderr]     Checking core-foundation v0.10.1
[INFO] [stderr]     Checking float-cmp v0.9.0
[INFO] [stderr]     Checking rtoolbox v0.0.5
[INFO] [stderr]     Checking micromath v2.1.0
[INFO] [stderr]     Checking bytemuck v1.25.2
[INFO] [stderr]     Checking embedded-graphics v0.8.2
[INFO] [stderr]     Checking security-framework v3.7.0
[INFO] [stderr]     Checking rpassword v7.5.4
[INFO] [stderr]     Checking hashbrown v0.14.5
[INFO] [stderr]     Checking u8g2-fonts v0.7.2
[INFO] [stderr]    Compiling displaydoc v0.2.7
[INFO] [stderr]    Compiling serde_derive v1.0.229
[INFO] [stderr]    Compiling thiserror-impl v2.0.20
[INFO] [stderr]     Checking moxcms v0.8.1
[INFO] [stderr]     Checking tinystr v0.8.3
[INFO] [stderr]     Checking icu_locale_core v2.2.0
[INFO] [stderr]     Checking zerotrie v0.2.4
[INFO] [stderr]     Checking icu_collections v2.2.0
[INFO] [stderr]     Checking hashlink v0.9.1
[INFO] [stderr]     Checking tempfile v3.27.0
[INFO] [stderr]     Checking icu_provider v2.2.0
[INFO] [stderr]     Checking hyper v1.11.0
[INFO] [stderr]     Checking tower v0.5.3
[INFO] [stderr]     Checking rusqlite v0.32.1
[INFO] [stderr]    Compiling rustls v0.23.43
[INFO] [stderr]     Checking thiserror v2.0.20
[INFO] [stderr]     Checking icu_properties v2.2.0
[INFO] [stderr]     Checking icu_normalizer v2.2.0
[INFO] [stderr]     Checking hyper-util v0.1.20
[INFO] [stderr]     Checking idna_adapter v1.2.2
[INFO] [stderr]     Checking idna v1.1.0
[INFO] [stderr]     Checking rustls-webpki v0.103.13
[INFO] [stderr]     Checking serde v1.0.229
[INFO] [stderr]     Checking url v2.5.8
[INFO] [stderr]     Checking image v0.25.10
[INFO] [stderr]     Checking tower-http v0.6.11
[INFO] [stderr]     Checking serde_urlencoded v0.7.1
[INFO] [stderr]     Checking tokio-rustls v0.26.4
[INFO] [stderr]     Checking hyper-rustls v0.27.9
[INFO] [stderr]     Checking reqwest v0.12.28
[INFO] [stderr]     Checking codex-zectrix-dashboard v0.1.7+codex.20260819205756 (/opt/rustwide/workdir)
[INFO] [stdout] error[E0433]: cannot find `passwords` in `security_framework`
[INFO] [stdout]    --> src/setup.rs:349:47
[INFO] [stdout]     |
[INFO] [stdout] 349 |         let bytes = match security_framework::passwords::get_generic_password(service, account) {
[INFO] [stdout]     |                                               ^^^^^^^^^ could not find `passwords` in `security_framework`
[INFO] [stdout] 
[INFO] [stdout] 
[INFO] [stdout] error[E0433]: cannot find `passwords` in `security_framework`
[INFO] [stdout]    --> src/setup.rs:349:47
[INFO] [stdout]     |
[INFO] [stdout] 349 |         let bytes = match security_framework::passwords::get_generic_password(service, account) {
[INFO] [stdout]     |                                               ^^^^^^^^^ could not find `passwords` in `security_framework`
[INFO] [stdout] 
[INFO] [stdout] 
[INFO] [stdout] error[E0433]: cannot find `passwords` in `security_framework`
[INFO] [stdout]    --> src/setup.rs:363:33
[INFO] [stdout]     |
[INFO] [stdout] 363 |             security_framework::passwords::set_generic_password(
[INFO] [stdout]     |                                 ^^^^^^^^^ could not find `passwords` in `security_framework`
[INFO] [stdout] 
[INFO] [stdout] 
[INFO] [stdout] error[E0433]: cannot find `passwords` in `security_framework`
[INFO] [stdout]    --> src/setup.rs:363:33
[INFO] [stdout]     |
[INFO] [stdout] 363 |             security_framework::passwords::set_generic_password(
[INFO] [stdout]     |                                 ^^^^^^^^^ could not find `passwords` in `security_framework`
[INFO] [stdout] 
[INFO] [stdout] 
[INFO] [stdout] For more information about this error, try `rustc --explain E0433`.
[INFO] [stdout] 
[INFO] [stdout] For more information about this error, try `rustc --explain E0433`.
[INFO] [stdout] 
[INFO] [stderr] error: could not compile `codex-zectrix-dashboard` (bin "codex-zectrix-dashboard") due to 2 previous errors
[INFO] [stderr] warning: build failed, waiting for other jobs to finish...
[INFO] [stderr] error: could not compile `codex-zectrix-dashboard` (bin "codex-zectrix-dashboard" test) due to 2 previous errors
[INFO] running `Command { std: "docker" "inspect" "e22061220890ec3dd98965bbe3bfbd858a87d37a06219bb20cff5a21553a6271", kill_on_drop: false }`
[INFO] running `Command { std: "docker" "rm" "-f" "e22061220890ec3dd98965bbe3bfbd858a87d37a06219bb20cff5a21553a6271", kill_on_drop: false }`
[INFO] [stdout] e22061220890ec3dd98965bbe3bfbd858a87d37a06219bb20cff5a21553a6271
