[INFO] cloning repository https://github.com/7otion/s7forge
[INFO] running `Command { std: "git" "-c" "credential.helper=" "-c" "credential.helper=/workspace/cargo-home/bin/git-credential-null" "clone" "--bare" "https://github.com/7otion/s7forge" "/workspace/cache/git-repos/https%3A%2F%2Fgithub.com%2F7otion%2Fs7forge", kill_on_drop: false }`
[INFO] [stderr] Cloning into bare repository '/workspace/cache/git-repos/https%3A%2F%2Fgithub.com%2F7otion%2Fs7forge'...
[INFO] running `Command { std: "git" "rev-parse" "HEAD", kill_on_drop: false }`
[INFO] [stdout] dadff38ed8572129884e1298b3f3b4ff51d8cd1a
[INFO] checking 7otion/s7forge against 3154cc1a3e6424e44f438a95007d043ed5ceaaf6+rustflags=-Znext-solver=coherence for pr-133502-30
[INFO] running `Command { std: "git" "clone" "/workspace/cache/git-repos/https%3A%2F%2Fgithub.com%2F7otion%2Fs7forge" "/workspace/builds/worker-6-tc1/source", kill_on_drop: false }`
[INFO] [stderr] Cloning into '/workspace/builds/worker-6-tc1/source'...
[INFO] [stderr] done.
[INFO] started tweaking git repo https://github.com/7otion/s7forge
[INFO] removed 0 missing tests
[INFO] finished tweaking git repo https://github.com/7otion/s7forge
[INFO] tweaked toml for git repo https://github.com/7otion/s7forge written to /workspace/builds/worker-6-tc1/source/Cargo.toml
[INFO] validating manifest of git repo https://github.com/7otion/s7forge on toolchain 3154cc1a3e6424e44f438a95007d043ed5ceaaf6
[INFO] running `Command { std: CARGO_HOME="/workspace/cargo-home" RUSTUP_HOME="/workspace/rustup-home" "/workspace/cargo-home/bin/cargo" "+3154cc1a3e6424e44f438a95007d043ed5ceaaf6" "metadata" "--manifest-path" "Cargo.toml" "--no-deps", kill_on_drop: false }`
[INFO] crate git repo https://github.com/7otion/s7forge already has a lockfile, it will not be regenerated
[INFO] running `Command { std: CARGO_HOME="/workspace/cargo-home" RUSTUP_HOME="/workspace/rustup-home" "/workspace/cargo-home/bin/cargo" "+3154cc1a3e6424e44f438a95007d043ed5ceaaf6" "fetch" "--manifest-path" "Cargo.toml", kill_on_drop: false }`
[INFO] [stderr]     Updating crates.io index
[INFO] [stderr]  Downloading crates ...
[INFO] [stderr]   Downloaded winres v0.1.12
[INFO] [stderr]   Downloaded rustc-demangle v0.1.25
[INFO] [stderr]   Downloaded steamworks v0.11.0
[INFO] [stderr]   Downloaded lexopt v0.3.1
[INFO] [stderr]   Downloaded steamworks-sys v0.11.0
[INFO] running `Command { std: "docker" "create" "-v" "/var/lib/crater-agent-workspace/builds/worker-6-tc1/source:/opt/rustwide/workdir:ro,Z" "-v" "/var/lib/crater-agent-workspace/builds/worker-6-tc1/target:/opt/rustwide/target:rw,Z" "-v" "/var/lib/crater-agent-workspace/cargo-home:/opt/rustwide/cargo-home:ro,Z" "-v" "/var/lib/crater-agent-workspace/rustup-home:/opt/rustwide/rustup-home:ro,Z" "-m" "1610612736" "--network" "none" "ghcr.io/rust-lang/crates-build-env/linux@sha256:77db811e55d90add9212f6832c23229e3de5f1c1f9905e8cb07319ea15df73ac" "sleep" "infinity", kill_on_drop: false }`
[INFO] [stdout] fdd79ffdddb7da18290f210fb4a76e22f6fe70f394f2a3acf699f86fc0fa4ae0
[INFO] running `Command { std: "docker" "start" "fdd79ffdddb7da18290f210fb4a76e22f6fe70f394f2a3acf699f86fc0fa4ae0", kill_on_drop: false }`
[INFO] running `Command { std: "docker" "inspect" "fdd79ffdddb7da18290f210fb4a76e22f6fe70f394f2a3acf699f86fc0fa4ae0", kill_on_drop: false }`
[INFO] running `Command { std: "docker" "exec" "-e" "SOURCE_DIR=/opt/rustwide/workdir" "-e" "CARGO_HOME=/opt/rustwide/cargo-home" "-e" "RUSTUP_HOME=/opt/rustwide/rustup-home" "-e" "CARGO_TARGET_DIR=/opt/rustwide/target" "-w" "/opt/rustwide/workdir" "--user" "0:0" "fdd79ffdddb7da18290f210fb4a76e22f6fe70f394f2a3acf699f86fc0fa4ae0" "/opt/rustwide/cargo-home/bin/cargo" "+3154cc1a3e6424e44f438a95007d043ed5ceaaf6" "metadata" "--no-deps" "--format-version=1", kill_on_drop: false }`
[INFO] running `Command { std: "docker" "inspect" "fdd79ffdddb7da18290f210fb4a76e22f6fe70f394f2a3acf699f86fc0fa4ae0", kill_on_drop: false }`
[INFO] running `Command { std: "docker" "exec" "-e" "SOURCE_DIR=/opt/rustwide/workdir" "-e" "CARGO_HOME=/opt/rustwide/cargo-home" "-e" "RUSTUP_HOME=/opt/rustwide/rustup-home" "-e" "CARGO_TARGET_DIR=/opt/rustwide/target" "-e" "CARGO_INCREMENTAL=0" "-e" "RUST_BACKTRACE=full" "-e" "RUSTFLAGS=--cap-lints=forbid -Znext-solver=coherence" "-e" "RUSTDOCFLAGS=--cap-lints=forbid" "-w" "/opt/rustwide/workdir" "--user" "0:0" "fdd79ffdddb7da18290f210fb4a76e22f6fe70f394f2a3acf699f86fc0fa4ae0" "/opt/rustwide/cargo-home/bin/cargo" "+3154cc1a3e6424e44f438a95007d043ed5ceaaf6" "check" "--frozen" "--all" "--all-targets" "--message-format=json", kill_on_drop: false }`
[INFO] [stderr]    Compiling serde v1.0.219
[INFO] [stderr]    Compiling steamworks-sys v0.11.0
[INFO] [stderr]    Compiling serde_json v1.0.140
[INFO] [stderr]    Compiling virtue v0.0.18
[INFO] [stderr]     Checking hashbrown v0.15.4
[INFO] [stderr]     Checking unty v0.0.4
[INFO] [stderr]     Checking memchr v2.7.5
[INFO] [stderr]     Checking futures-task v0.3.31
[INFO] [stderr]     Checking rustc-hash v2.1.1
[INFO] [stderr]     Checking lexopt v0.3.1
[INFO] [stderr]    Compiling syn v2.0.104
[INFO] [stderr]     Checking futures-util v0.3.31
[INFO] [stderr]    Compiling bincode_derive v2.0.1
[INFO] [stderr]     Checking indexmap v2.9.0
[INFO] [stderr]     Checking bincode v2.0.1
[INFO] [stderr]    Compiling serde_derive v1.0.219
[INFO] [stderr]    Compiling tokio-macros v2.5.0
[INFO] [stderr]    Compiling thiserror-impl v1.0.69
[INFO] [stderr]    Compiling async-stream-impl v0.3.6
[INFO] [stderr]    Compiling toml v0.5.11
[INFO] [stderr]     Checking async-stream v0.3.6
[INFO] [stderr]     Checking tokio v1.45.1
[INFO] [stderr]    Compiling winres v0.1.12
[INFO] [stderr]     Checking thiserror v1.0.69
[INFO] [stderr]    Compiling s7forge v0.1.1 (/opt/rustwide/workdir)
[INFO] [stderr]     Checking tokio-stream v0.1.17
[INFO] [stderr]     Checking tokio-test v0.4.4
[INFO] [stderr]     Checking steamworks v0.11.0
[INFO] [stdout] error[E0433]: cannot find module or crate `winreg` in this scope
[INFO] [stdout]  --> src/core/steam_install_paths.rs:2:5
[INFO] [stdout]   |
[INFO] [stdout] 2 | use winreg::enums::*;
[INFO] [stdout]   |     ^^^^^^ use of unresolved module or unlinked crate `winreg`
[INFO] [stdout]   |
[INFO] [stdout]   = help: if you wanted to use a crate named `winreg`, use `cargo add winreg` to add it to your `Cargo.toml`
[INFO] [stdout] 
[INFO] [stdout] 
[INFO] [stdout] error[E0432]: unresolved import `winreg`
[INFO] [stdout]  --> src/core/steam_install_paths.rs:1:5
[INFO] [stdout]   |
[INFO] [stdout] 1 | use winreg::RegKey;
[INFO] [stdout]   |     ^^^^^^ use of unresolved module or unlinked crate `winreg`
[INFO] [stdout]   |
[INFO] [stdout]   = help: if you wanted to use a crate named `winreg`, use `cargo add winreg` to add it to your `Cargo.toml`
[INFO] [stdout] 
[INFO] [stdout] 
[INFO] [stdout] error[E0425]: cannot find value `HKEY_CURRENT_USER` in this scope
[INFO] [stdout]  --> src/core/steam_install_paths.rs:5:31
[INFO] [stdout]   |
[INFO] [stdout] 5 |     let hkcu = RegKey::predef(HKEY_CURRENT_USER);
[INFO] [stdout]   |                               ^^^^^^^^^^^^^^^^^ not found in this scope
[INFO] [stdout] 
[INFO] [stdout] 
[INFO] [stdout] error[E0433]: cannot find module or crate `winreg` in this scope
[INFO] [stdout]  --> src/core/steam_install_paths.rs:2:5
[INFO] [stdout]   |
[INFO] [stdout] 2 | use winreg::enums::*;
[INFO] [stdout]   |     ^^^^^^ use of unresolved module or unlinked crate `winreg`
[INFO] [stdout]   |
[INFO] [stdout]   = help: if you wanted to use a crate named `winreg`, use `cargo add winreg` to add it to your `Cargo.toml`
[INFO] [stdout] 
[INFO] [stdout] 
[INFO] [stdout] error[E0432]: unresolved import `winreg`
[INFO] [stdout]  --> src/core/steam_install_paths.rs:1:5
[INFO] [stdout]   |
[INFO] [stdout] 1 | use winreg::RegKey;
[INFO] [stdout]   |     ^^^^^^ use of unresolved module or unlinked crate `winreg`
[INFO] [stdout]   |
[INFO] [stdout]   = help: if you wanted to use a crate named `winreg`, use `cargo add winreg` to add it to your `Cargo.toml`
[INFO] [stdout] 
[INFO] [stdout] 
[INFO] [stdout] error[E0425]: cannot find value `HKEY_CURRENT_USER` in this scope
[INFO] [stdout]  --> src/core/steam_install_paths.rs:5:31
[INFO] [stdout]   |
[INFO] [stdout] 5 |     let hkcu = RegKey::predef(HKEY_CURRENT_USER);
[INFO] [stdout]   |                               ^^^^^^^^^^^^^^^^^ not found in this scope
[INFO] [stdout] 
[INFO] [stdout] 
[INFO] [stdout] Some errors have detailed explanations: E0425, E0432, E0433.
[INFO] [stdout] 
[INFO] [stdout] For more information about an error, try `rustc --explain E0425`.
[INFO] [stdout] 
[INFO] [stderr] error: could not compile `s7forge` (bin "s7forge") due to 3 previous errors
[INFO] [stderr] warning: build failed, waiting for other jobs to finish...
[INFO] [stdout] Some errors have detailed explanations: E0425, E0432, E0433.
[INFO] [stdout] 
[INFO] [stdout] For more information about an error, try `rustc --explain E0425`.
[INFO] [stdout] 
[INFO] [stderr] error: could not compile `s7forge` (bin "s7forge" test) due to 3 previous errors
[INFO] running `Command { std: "docker" "inspect" "fdd79ffdddb7da18290f210fb4a76e22f6fe70f394f2a3acf699f86fc0fa4ae0", kill_on_drop: false }`
[INFO] running `Command { std: "docker" "rm" "-f" "fdd79ffdddb7da18290f210fb4a76e22f6fe70f394f2a3acf699f86fc0fa4ae0", kill_on_drop: false }`
[INFO] [stdout] fdd79ffdddb7da18290f210fb4a76e22f6fe70f394f2a3acf699f86fc0fa4ae0
