[INFO] cloning repository https://github.com/21kingfir/BlackWidow
[INFO] running `Command { std: "git" "-c" "credential.helper=" "-c" "credential.helper=/workspace/cargo-home/bin/git-credential-null" "clone" "--bare" "https://github.com/21kingfir/BlackWidow" "/workspace/cache/git-repos/https%3A%2F%2Fgithub.com%2F21kingfir%2FBlackWidow", kill_on_drop: false }`
[INFO] [stderr] Cloning into bare repository '/workspace/cache/git-repos/https%3A%2F%2Fgithub.com%2F21kingfir%2FBlackWidow'...
[INFO] running `Command { std: "git" "rev-parse" "HEAD", kill_on_drop: false }`
[INFO] [stdout] c21818898fbdd9d976632909b23cf17f82b3bab3
[INFO] checking 21kingfir/BlackWidow against 3154cc1a3e6424e44f438a95007d043ed5ceaaf6+rustflags=-Znext-solver=coherence for pr-133502-30
[INFO] running `Command { std: "git" "clone" "/workspace/cache/git-repos/https%3A%2F%2Fgithub.com%2F21kingfir%2FBlackWidow" "/workspace/builds/worker-2-tc1/source", kill_on_drop: false }`
[INFO] [stderr] Cloning into '/workspace/builds/worker-2-tc1/source'...
[INFO] [stderr] done.
[INFO] started tweaking git repo https://github.com/21kingfir/BlackWidow
[INFO] finished tweaking git repo https://github.com/21kingfir/BlackWidow
[INFO] tweaked toml for git repo https://github.com/21kingfir/BlackWidow written to /workspace/builds/worker-2-tc1/source/Cargo.toml
[INFO] validating manifest of git repo https://github.com/21kingfir/BlackWidow on toolchain 3154cc1a3e6424e44f438a95007d043ed5ceaaf6
[INFO] running `Command { std: CARGO_HOME="/workspace/cargo-home" RUSTUP_HOME="/workspace/rustup-home" "/workspace/cargo-home/bin/cargo" "+3154cc1a3e6424e44f438a95007d043ed5ceaaf6" "metadata" "--manifest-path" "Cargo.toml" "--no-deps", kill_on_drop: false }`
[INFO] crate git repo https://github.com/21kingfir/BlackWidow already has a lockfile, it will not be regenerated
[INFO] running `Command { std: CARGO_HOME="/workspace/cargo-home" RUSTUP_HOME="/workspace/rustup-home" "/workspace/cargo-home/bin/cargo" "+3154cc1a3e6424e44f438a95007d043ed5ceaaf6" "fetch" "--manifest-path" "Cargo.toml", kill_on_drop: false }`
[INFO] [stderr]     Updating crates.io index
[INFO] [stderr]  Downloading crates ...
[INFO] [stderr]   Downloaded memexec v0.2.0
[INFO] running `Command { std: "docker" "create" "-v" "/var/lib/crater-agent-workspace/builds/worker-2-tc1/source:/opt/rustwide/workdir:ro,Z" "-v" "/var/lib/crater-agent-workspace/builds/worker-2-tc1/target:/opt/rustwide/target:rw,Z" "-v" "/var/lib/crater-agent-workspace/cargo-home:/opt/rustwide/cargo-home:ro,Z" "-v" "/var/lib/crater-agent-workspace/rustup-home:/opt/rustwide/rustup-home:ro,Z" "-m" "1610612736" "--network" "none" "ghcr.io/rust-lang/crates-build-env/linux@sha256:77db811e55d90add9212f6832c23229e3de5f1c1f9905e8cb07319ea15df73ac" "sleep" "infinity", kill_on_drop: false }`
[INFO] [stdout] 09f624594ab72cfad88610fb32371fa9b620029e3eb987c2cfc522c78c719eca
[INFO] running `Command { std: "docker" "start" "09f624594ab72cfad88610fb32371fa9b620029e3eb987c2cfc522c78c719eca", kill_on_drop: false }`
[INFO] running `Command { std: "docker" "inspect" "09f624594ab72cfad88610fb32371fa9b620029e3eb987c2cfc522c78c719eca", kill_on_drop: false }`
[INFO] running `Command { std: "docker" "exec" "-e" "SOURCE_DIR=/opt/rustwide/workdir" "-e" "CARGO_HOME=/opt/rustwide/cargo-home" "-e" "RUSTUP_HOME=/opt/rustwide/rustup-home" "-e" "CARGO_TARGET_DIR=/opt/rustwide/target" "-w" "/opt/rustwide/workdir" "--user" "0:0" "09f624594ab72cfad88610fb32371fa9b620029e3eb987c2cfc522c78c719eca" "/opt/rustwide/cargo-home/bin/cargo" "+3154cc1a3e6424e44f438a95007d043ed5ceaaf6" "metadata" "--no-deps" "--format-version=1", kill_on_drop: false }`
[INFO] running `Command { std: "docker" "inspect" "09f624594ab72cfad88610fb32371fa9b620029e3eb987c2cfc522c78c719eca", kill_on_drop: false }`
[INFO] running `Command { std: "docker" "exec" "-e" "SOURCE_DIR=/opt/rustwide/workdir" "-e" "CARGO_HOME=/opt/rustwide/cargo-home" "-e" "RUSTUP_HOME=/opt/rustwide/rustup-home" "-e" "CARGO_TARGET_DIR=/opt/rustwide/target" "-e" "CARGO_INCREMENTAL=0" "-e" "RUST_BACKTRACE=full" "-e" "RUSTFLAGS=--cap-lints=forbid -Znext-solver=coherence" "-e" "RUSTDOCFLAGS=--cap-lints=forbid" "-w" "/opt/rustwide/workdir" "--user" "0:0" "09f624594ab72cfad88610fb32371fa9b620029e3eb987c2cfc522c78c719eca" "/opt/rustwide/cargo-home/bin/cargo" "+3154cc1a3e6424e44f438a95007d043ed5ceaaf6" "check" "--frozen" "--all" "--all-targets" "--message-format=json", kill_on_drop: false }`
[INFO] [stderr]     Checking memexec v0.2.0
[INFO] [stdout] error[E0425]: cannot find value `IMAGE_REL_BASED` in this scope
[INFO] [stdout]   --> /opt/rustwide/cargo-home/registry/src/index.crates.io-1949cf8c6b5b557f/memexec-0.2.0/src/peloader/mod.rs:38:36
[INFO] [stdout]    |
[INFO] [stdout] 38 |                 if (item >> 12) == IMAGE_REL_BASED {
[INFO] [stdout]    |                                    ^^^^^^^^^^^^^^^ not found in this scope
[INFO] [stdout] 
[INFO] [stdout] 
[INFO] [stdout] error[E0425]: cannot find type `IMAGE_THUNK_DATA` in this scope
[INFO] [stdout]   --> /opt/rustwide/cargo-home/registry/src/index.crates.io-1949cf8c6b5b557f/memexec-0.2.0/src/peloader/mod.rs:80:79
[INFO] [stdout]    |
[INFO] [stdout] 80 |                     base_addr.offset(import_desc.FirstThunk as isize) as *mut IMAGE_THUNK_DATA,
[INFO] [stdout]    |                                                                               ^^^^^^^^^^^^^^^^ not found in this scope
[INFO] [stdout] 
[INFO] [stdout] 
[INFO] [stdout] error[E0425]: cannot find type `IMAGE_THUNK_DATA` in this scope
[INFO] [stdout]   --> /opt/rustwide/cargo-home/registry/src/index.crates.io-1949cf8c6b5b557f/memexec-0.2.0/src/peloader/mod.rs:82:35
[INFO] [stdout]    |
[INFO] [stdout] 82 |                         as *const IMAGE_THUNK_DATA,
[INFO] [stdout]    |                                   ^^^^^^^^^^^^^^^^ not found in this scope
[INFO] [stdout] 
[INFO] [stdout] 
[INFO] [stdout] error[E0425]: cannot find type `IMAGE_THUNK_DATA` in this scope
[INFO] [stdout]   --> /opt/rustwide/cargo-home/registry/src/index.crates.io-1949cf8c6b5b557f/memexec-0.2.0/src/peloader/mod.rs:86:79
[INFO] [stdout]    |
[INFO] [stdout] 86 |                     base_addr.offset(import_desc.FirstThunk as isize) as *mut IMAGE_THUNK_DATA,
[INFO] [stdout]    |                                                                               ^^^^^^^^^^^^^^^^ not found in this scope
[INFO] [stdout] 
[INFO] [stdout] 
[INFO] [stdout] error[E0425]: cannot find type `IMAGE_THUNK_DATA` in this scope
[INFO] [stdout]   --> /opt/rustwide/cargo-home/registry/src/index.crates.io-1949cf8c6b5b557f/memexec-0.2.0/src/peloader/mod.rs:87:81
[INFO] [stdout]    |
[INFO] [stdout] 87 |                     base_addr.offset(import_desc.FirstThunk as isize) as *const IMAGE_THUNK_DATA,
[INFO] [stdout]    |                                                                                 ^^^^^^^^^^^^^^^^ not found in this scope
[INFO] [stdout] 
[INFO] [stdout] 
[INFO] [stdout] error[E0425]: cannot find value `IMAGE_ORDINAL_FLAG` in this scope
[INFO] [stdout]   --> /opt/rustwide/cargo-home/registry/src/index.crates.io-1949cf8c6b5b557f/memexec-0.2.0/src/peloader/mod.rs:97:33
[INFO] [stdout]    |
[INFO] [stdout] 97 |                 if thunk_data & IMAGE_ORDINAL_FLAG != 0 {
[INFO] [stdout]    |                                 ^^^^^^^^^^^^^^^^^^ not found in this scope
[INFO] [stdout] 
[INFO] [stdout] 
[INFO] [stdout] error[E0425]: cannot find type `IMAGE_THUNK_DATA` in this scope
[INFO] [stdout]    --> /opt/rustwide/cargo-home/registry/src/index.crates.io-1949cf8c6b5b557f/memexec-0.2.0/src/peloader/mod.rs:119:45
[INFO] [stdout]     |
[INFO] [stdout] 119 |                     *iat_ptr = proc_addr as IMAGE_THUNK_DATA;
[INFO] [stdout]     |                                             ^^^^^^^^^^^^^^^^ not found in this scope
[INFO] [stdout] 
[INFO] [stdout] 
[INFO] [stdout] error[E0425]: cannot find type `IMAGE_THUNK_DATA` in this scope
[INFO] [stdout]    --> /opt/rustwide/cargo-home/registry/src/index.crates.io-1949cf8c6b5b557f/memexec-0.2.0/src/peloader/mod.rs:153:45
[INFO] [stdout]     |
[INFO] [stdout] 153 |                     *iat_ptr = proc_addr as IMAGE_THUNK_DATA;
[INFO] [stdout]     |                                             ^^^^^^^^^^^^^^^^ not found in this scope
[INFO] [stdout] 
[INFO] [stdout] 
[INFO] [stdout] error[E0425]: cannot find type `IMAGE_TLS_DIRECTORY` in this scope
[INFO] [stdout]    --> /opt/rustwide/cargo-home/registry/src/index.crates.io-1949cf8c6b5b557f/memexec-0.2.0/src/peloader/mod.rs:169:60
[INFO] [stdout]     |
[INFO] [stdout] 169 |         let tls = &*mem::transmute::<*const c_void, *const IMAGE_TLS_DIRECTORY>(
[INFO] [stdout]     |                                                            ^^^^^^^^^^^^^^^^^^^ not found in this scope
[INFO] [stdout]     |
[INFO] [stdout]    ::: /opt/rustwide/cargo-home/registry/src/index.crates.io-1949cf8c6b5b557f/memexec-0.2.0/src/peparser/def.rs:78
[INFO] [stdout]     |
[INFO] [stdout]  78 | macro_rules! struct_wrapper {
[INFO] [stdout]     |
[INFO] [stdout] note: similarly named struct `IMAGE_TLS_DIRECTORY32` defined here
[INFO] [stdout]    --> /opt/rustwide/cargo-home/registry/src/index.crates.io-1949cf8c6b5b557f/memexec-0.2.0/src/peparser/def.rs:84:9
[INFO] [stdout]     |
[INFO] [stdout]  84 |           pub struct $name {
[INFO] [stdout]     |           ^^^^^^^^^^^^^^^^
[INFO] [stdout] ...
[INFO] [stdout] 341 | / struct_wrapper!(
[INFO] [stdout] 342 | |     struct IMAGE_TLS_DIRECTORY32 {
[INFO] [stdout] 343 | |         StartAddressOfRawData: DWORD,
[INFO] [stdout] 344 | |         EndAddressOfRawData: DWORD,
[INFO] [stdout] ...   |
[INFO] [stdout] 363 | | );
[INFO] [stdout]     | |_- in this macro invocation
[INFO] [stdout] help: a struct with a similar name exists
[INFO] [stdout]     |
[INFO] [stdout] 169 |         let tls = &*mem::transmute::<*const c_void, *const IMAGE_TLS_DIRECTORY32>(
[INFO] [stdout]     |                                                                               ++
[INFO] [stdout] help: you might be missing a type parameter
[INFO] [stdout]     |
[INFO] [stdout] 166 | unsafe fn call_tls_callback<IMAGE_TLS_DIRECTORY>(pe: &PE, base_addr: *const c_void) -> Result<()> {
[INFO] [stdout]     |                            +++++++++++++++++++++
[INFO] [stdout] 
[INFO] [stdout] 
[INFO] [stdout] For more information about this error, try `rustc --explain E0425`.
[INFO] [stdout] 
[INFO] [stderr] error: could not compile `memexec` (lib) due to 9 previous errors
[INFO] running `Command { std: "docker" "inspect" "09f624594ab72cfad88610fb32371fa9b620029e3eb987c2cfc522c78c719eca", kill_on_drop: false }`
[INFO] running `Command { std: "docker" "rm" "-f" "09f624594ab72cfad88610fb32371fa9b620029e3eb987c2cfc522c78c719eca", kill_on_drop: false }`
[INFO] [stdout] 09f624594ab72cfad88610fb32371fa9b620029e3eb987c2cfc522c78c719eca
