[INFO] cloning repository https://github.com/1Tsw0rd/rust-axum-layered-rest-api
[INFO] running `Command { std: "git" "-c" "credential.helper=" "-c" "credential.helper=/workspace/cargo-home/bin/git-credential-null" "clone" "--bare" "https://github.com/1Tsw0rd/rust-axum-layered-rest-api" "/workspace/cache/git-repos/https%3A%2F%2Fgithub.com%2F1Tsw0rd%2Frust-axum-layered-rest-api", kill_on_drop: false }`
[INFO] [stderr] Cloning into bare repository '/workspace/cache/git-repos/https%3A%2F%2Fgithub.com%2F1Tsw0rd%2Frust-axum-layered-rest-api'...
[INFO] running `Command { std: "git" "rev-parse" "HEAD", kill_on_drop: false }`
[INFO] [stdout] 4ab1bc5930bab52e1d56dec49358327073576a26
[INFO] checking 1Tsw0rd/rust-axum-layered-rest-api against 3154cc1a3e6424e44f438a95007d043ed5ceaaf6+rustflags=-Znext-solver=coherence for pr-133502-30
[INFO] running `Command { std: "git" "clone" "/workspace/cache/git-repos/https%3A%2F%2Fgithub.com%2F1Tsw0rd%2Frust-axum-layered-rest-api" "/workspace/builds/worker-3-tc1/source", kill_on_drop: false }`
[INFO] [stderr] Cloning into '/workspace/builds/worker-3-tc1/source'...
[INFO] [stderr] done.
[INFO] started tweaking git repo https://github.com/1Tsw0rd/rust-axum-layered-rest-api
[INFO] finished tweaking git repo https://github.com/1Tsw0rd/rust-axum-layered-rest-api
[INFO] tweaked toml for git repo https://github.com/1Tsw0rd/rust-axum-layered-rest-api written to /workspace/builds/worker-3-tc1/source/Cargo.toml
[INFO] validating manifest of git repo https://github.com/1Tsw0rd/rust-axum-layered-rest-api on toolchain 3154cc1a3e6424e44f438a95007d043ed5ceaaf6
[INFO] running `Command { std: CARGO_HOME="/workspace/cargo-home" RUSTUP_HOME="/workspace/rustup-home" "/workspace/cargo-home/bin/cargo" "+3154cc1a3e6424e44f438a95007d043ed5ceaaf6" "metadata" "--manifest-path" "Cargo.toml" "--no-deps", kill_on_drop: false }`
[INFO] crate git repo https://github.com/1Tsw0rd/rust-axum-layered-rest-api already has a lockfile, it will not be regenerated
[INFO] running `Command { std: CARGO_HOME="/workspace/cargo-home" RUSTUP_HOME="/workspace/rustup-home" "/workspace/cargo-home/bin/cargo" "+3154cc1a3e6424e44f438a95007d043ed5ceaaf6" "fetch" "--manifest-path" "Cargo.toml", kill_on_drop: false }`
[INFO] [stderr]  Downloading crates ...
[INFO] [stderr]   Downloaded uuid v1.24.1
[INFO] [stderr]   Downloaded validator v0.21.0
[INFO] [stderr]   Downloaded jsonwebtoken v11.0.0
[INFO] [stderr]   Downloaded axum-extra v0.12.6
[INFO] running `Command { std: "docker" "create" "-v" "/var/lib/crater-agent-workspace/builds/worker-3-tc1/source:/opt/rustwide/workdir:ro,Z" "-v" "/var/lib/crater-agent-workspace/builds/worker-3-tc1/target:/opt/rustwide/target:rw,Z" "-v" "/var/lib/crater-agent-workspace/cargo-home:/opt/rustwide/cargo-home:ro,Z" "-v" "/var/lib/crater-agent-workspace/rustup-home:/opt/rustwide/rustup-home:ro,Z" "-m" "1610612736" "--network" "none" "ghcr.io/rust-lang/crates-build-env/linux@sha256:77db811e55d90add9212f6832c23229e3de5f1c1f9905e8cb07319ea15df73ac" "sleep" "infinity", kill_on_drop: false }`
[INFO] [stdout] d9b88e771173cd18aa6b7377973077146e1687abfddbef8f8e71f6e6d3e59443
[INFO] running `Command { std: "docker" "start" "d9b88e771173cd18aa6b7377973077146e1687abfddbef8f8e71f6e6d3e59443", kill_on_drop: false }`
[INFO] running `Command { std: "docker" "inspect" "d9b88e771173cd18aa6b7377973077146e1687abfddbef8f8e71f6e6d3e59443", kill_on_drop: false }`
[INFO] running `Command { std: "docker" "exec" "-e" "SOURCE_DIR=/opt/rustwide/workdir" "-e" "CARGO_HOME=/opt/rustwide/cargo-home" "-e" "RUSTUP_HOME=/opt/rustwide/rustup-home" "-e" "CARGO_TARGET_DIR=/opt/rustwide/target" "-w" "/opt/rustwide/workdir" "--user" "0:0" "d9b88e771173cd18aa6b7377973077146e1687abfddbef8f8e71f6e6d3e59443" "/opt/rustwide/cargo-home/bin/cargo" "+3154cc1a3e6424e44f438a95007d043ed5ceaaf6" "metadata" "--no-deps" "--format-version=1", kill_on_drop: false }`
[INFO] running `Command { std: "docker" "inspect" "d9b88e771173cd18aa6b7377973077146e1687abfddbef8f8e71f6e6d3e59443", kill_on_drop: false }`
[INFO] running `Command { std: "docker" "exec" "-e" "SOURCE_DIR=/opt/rustwide/workdir" "-e" "CARGO_HOME=/opt/rustwide/cargo-home" "-e" "RUSTUP_HOME=/opt/rustwide/rustup-home" "-e" "CARGO_TARGET_DIR=/opt/rustwide/target" "-e" "CARGO_INCREMENTAL=0" "-e" "RUST_BACKTRACE=full" "-e" "RUSTFLAGS=--cap-lints=forbid -Znext-solver=coherence" "-e" "RUSTDOCFLAGS=--cap-lints=forbid" "-w" "/opt/rustwide/workdir" "--user" "0:0" "d9b88e771173cd18aa6b7377973077146e1687abfddbef8f8e71f6e6d3e59443" "/opt/rustwide/cargo-home/bin/cargo" "+3154cc1a3e6424e44f438a95007d043ed5ceaaf6" "check" "--frozen" "--all" "--all-targets" "--message-format=json", kill_on_drop: false }`
[INFO] [stderr]    Compiling serde_core v1.0.229
[INFO] [stderr]     Checking subtle v2.6.1
[INFO] [stderr]    Compiling generic-array v0.14.9
[INFO] [stderr]    Compiling typenum v1.20.1
[INFO] [stderr]    Compiling stable_deref_trait v1.2.1
[INFO] [stderr]    Compiling num-traits v0.2.19
[INFO] [stderr]     Checking getrandom v0.2.17
[INFO] [stderr]    Compiling cc v1.4.3
[INFO] [stderr]    Compiling zeroize_derive v1.5.0
[INFO] [stderr]    Compiling zerovec-derive v0.11.5
[INFO] [stderr]    Compiling serde_json v1.0.151
[INFO] [stderr]    Compiling zerofrom v0.1.8
[INFO] [stderr]    Compiling thiserror v2.0.20
[INFO] [stderr]     Checking zerotrie v0.2.5
[INFO] [stderr]    Compiling thiserror-impl v2.0.20
[INFO] [stderr]    Compiling cmov v0.5.4
[INFO] [stderr]    Compiling pin-project-lite v0.2.17
[INFO] [stderr]    Compiling rustls v0.23.43
[INFO] [stderr]     Checking rand_core v0.6.4
[INFO] [stderr]     Checking tracing v0.1.44
[INFO] [stderr]    Compiling yoke v0.8.3
[INFO] [stderr]     Checking hybrid-array v0.4.14
[INFO] [stderr]    Compiling futures-core v0.3.34
[INFO] [stderr]    Compiling rustls-pki-types v1.15.1
[INFO] [stderr]    Compiling ctutils v0.4.2
[INFO] [stderr]    Compiling untrusted v0.9.0
[INFO] [stderr]     Checking futures-util v0.3.34
[INFO] [stderr]     Checking ff v0.13.1
[INFO] [stderr]     Checking zeroize v1.9.0
[INFO] [stderr]    Compiling mio v1.2.2
[INFO] [stderr]     Checking der v0.7.10
[INFO] [stderr]    Compiling socket2 v0.6.5
[INFO] [stderr]    Compiling allocator-api2 v0.2.21
[INFO] [stderr]    Compiling tinyvec_macros v0.1.1
[INFO] [stderr]    Compiling cpufeatures v0.3.0
[INFO] [stderr]    Compiling futures-sink v0.3.34
[INFO] [stderr]    Compiling foldhash v0.2.0
[INFO] [stderr]    Compiling rand_core v0.10.1
[INFO] [stderr]    Compiling hashbrown v0.16.1
[INFO] [stderr]    Compiling form_urlencoded v1.2.2
[INFO] [stderr]     Checking num-integer v0.1.47
[INFO] [stderr]     Checking crypto-common v0.2.2
[INFO] [stderr]     Checking block-buffer v0.12.1
[INFO] [stderr]    Compiling tokio v1.53.1
[INFO] [stderr]    Compiling tinyvec v1.12.0
[INFO] [stderr]     Checking group v0.13.0
[INFO] [stderr]    Compiling tracing-core v0.1.36
[INFO] [stderr]    Compiling crossbeam-utils v0.8.22
[INFO] [stderr]     Checking spin v0.9.9
[INFO] [stderr]     Checking crypto-common v0.1.6
[INFO] [stderr]     Checking block-buffer v0.10.4
[INFO] [stderr]     Checking crypto-bigint v0.5.5
[INFO] [stderr]     Checking digest v0.10.7
[INFO] [stderr]     Checking hmac v0.12.1
[INFO] [stderr]     Checking zerovec v0.11.7
[INFO] [stderr]     Checking signature v2.2.0
[INFO] [stderr]     Checking sha2 v0.10.9
[INFO] [stderr]     Checking hkdf v0.12.4
[INFO] [stderr]    Compiling iana-time-zone v0.1.65
[INFO] [stderr]    Compiling futures-io v0.3.34
[INFO] [stderr]    Compiling parking v2.2.1
[INFO] [stderr]     Checking spki v0.7.3
[INFO] [stderr]    Compiling crc-catalog v2.5.0
[INFO] [stderr]    Compiling slab v0.4.12
[INFO] [stderr]     Checking pkcs8 v0.10.2
[INFO] [stderr]    Compiling futures-task v0.3.34
[INFO] [stderr]    Compiling crc v3.4.0
[INFO] [stderr]     Checking digest v0.11.3
[INFO] [stderr]    Compiling ring v0.17.14
[INFO] [stderr]     Checking sec1 v0.7.3
[INFO] [stderr]    Compiling chrono v0.4.45
[INFO] [stderr]    Compiling event-listener v5.4.2
[INFO] [stderr]    Compiling hashlink v0.11.1
[INFO] [stderr]     Checking tinystr v0.8.4
[INFO] [stderr]     Checking potential_utf v0.1.6
[INFO] [stderr]    Compiling crossbeam-queue v0.3.13
[INFO] [stderr]     Checking icu_collections v2.3.0
[INFO] [stderr]     Checking icu_locale_core v2.3.0
[INFO] [stderr]    Compiling unicode-normalization v0.1.25
[INFO] [stderr]     Checking lazy_static v1.5.0
[INFO] [stderr]     Checking ppv-lite86 v0.2.21
[INFO] [stderr]    Compiling chacha20 v0.10.1
[INFO] [stderr]    Compiling getrandom v0.4.3
[INFO] [stderr]    Compiling webpki-roots v1.0.9
[INFO] [stderr]    Compiling uuid v1.24.1
[INFO] [stderr]    Compiling base64 v0.22.1
[INFO] [stderr]     Checking elliptic-curve v0.13.8
[INFO] [stderr]    Compiling unicode-properties v0.1.4
[INFO] [stderr]    Compiling unicode-bidi v0.3.18
[INFO] [stderr]    Compiling hmac v0.13.0
[INFO] [stderr]     Checking time v0.3.55
[INFO] [stderr]    Compiling sha2 v0.11.0
[INFO] [stderr]    Compiling serde v1.0.229
[INFO] [stderr]     Checking icu_provider v2.3.0
[INFO] [stderr]    Compiling hkdf v0.13.0
[INFO] [stderr]    Compiling md-5 v0.11.0
[INFO] [stderr]    Compiling darling_core v0.23.0
[INFO] [stderr]     Checking icu_properties v2.3.0
[INFO] [stderr]    Compiling stringprep v0.1.5
[INFO] [stderr]    Compiling rand v0.10.2
[INFO] [stderr]     Checking regex-automata v0.4.18
[INFO] [stderr]     Checking smallvec v1.15.2
[INFO] [stderr]    Compiling either v1.17.0
[INFO] [stderr]     Checking rand_chacha v0.3.1
[INFO] [stderr]     Checking parking_lot_core v0.9.12
[INFO] [stderr]     Checking icu_normalizer v2.3.0
[INFO] [stderr]    Compiling curve25519-dalek v4.1.3
[INFO] [stderr]     Checking rfc6979 v0.4.0
[INFO] [stderr]     Checking parking_lot v0.12.5
[INFO] [stderr]    Compiling atoi v2.0.0
[INFO] [stderr]    Compiling futures-channel v0.3.34
[INFO] [stderr]    Compiling byteorder v1.5.0
[INFO] [stderr]    Compiling dotenvy v0.15.7
[INFO] [stderr]    Compiling futures-intrusive v0.5.0
[INFO] [stderr]    Compiling whoami v2.1.3
[INFO] [stderr]     Checking sync_wrapper v1.0.2
[INFO] [stderr]     Checking ecdsa v0.16.9
[INFO] [stderr]     Checking rand v0.8.7
[INFO] [stderr]     Checking primeorder v0.13.6
[INFO] [stderr]     Checking idna_adapter v1.2.2
[INFO] [stderr]     Checking idna v1.1.0
[INFO] [stderr]     Checking num-iter v0.1.46
[INFO] [stderr]    Compiling curve25519-dalek-derive v0.1.1
[INFO] [stderr]    Compiling proc-macro-error-attr3 v3.1.0
[INFO] [stderr]    Compiling cookie v0.18.2
[INFO] [stderr]     Checking bitflags v2.13.1
[INFO] [stderr]     Checking axum-core v0.5.6
[INFO] [stderr]     Checking url v2.5.8
[INFO] [stderr]    Compiling proc-macro-error3 v3.1.0
[INFO] [stderr]     Checking num-bigint-dig v0.8.6
[INFO] [stderr]     Checking serde_urlencoded v0.7.1
[INFO] [stderr]     Checking serde_path_to_error v0.1.20
[INFO] [stderr]     Checking pkcs1 v0.7.5
[INFO] [stderr]     Checking ed25519 v2.2.3
[INFO] [stderr]     Checking num-bigint v0.4.8
[INFO] [stderr]     Checking event-listener-strategy v0.5.4
[INFO] [stderr]    Compiling axum-macros v0.5.1
[INFO] [stderr]     Checking fastrand v2.5.0
[INFO] [stderr]     Checking async-lock v3.4.2
[INFO] [stderr]     Checking arc-swap v1.9.2
[INFO] [stderr]     Checking backon v1.6.0
[INFO] [stderr]     Checking regex v1.13.1
[INFO] [stderr]     Checking matchers v0.2.0
[INFO] [stderr]     Checking p384 v0.13.1
[INFO] [stderr]     Checking p256 v0.13.2
[INFO] [stderr]     Checking pem v3.0.6
[INFO] [stderr]    Compiling darling_macro v0.23.0
[INFO] [stderr]     Checking sharded-slab v0.1.7
[INFO] [stderr]     Checking blake2 v0.10.6
[INFO] [stderr]     Checking num-bigint v0.5.1
[INFO] [stderr]     Checking password-hash v0.5.0
[INFO] [stderr]     Checking rsa v0.9.10
[INFO] [stderr]    Compiling darling v0.23.0
[INFO] [stderr]     Checking arcstr v1.2.0
[INFO] [stderr]     Checking sha1_smol v1.0.1
[INFO] [stderr]    Compiling validator_derive v0.20.1
[INFO] [stderr]     Checking xxhash-rust v0.8.18
[INFO] [stderr]     Checking simple_asn1 v0.6.4
[INFO] [stderr]     Checking tracing-subscriber v0.3.23
[INFO] [stderr]     Checking tower-http v0.7.0
[INFO] [stderr]     Checking argon2 v0.5.3
[INFO] [stderr]     Checking ed25519-dalek v2.2.0
[INFO] [stderr]     Checking rustls-webpki v0.103.14
[INFO] [stderr]    Compiling tokio-stream v0.1.19
[INFO] [stderr]     Checking jsonwebtoken v11.0.0
[INFO] [stderr]     Checking validator v0.21.0
[INFO] [stderr]     Checking hyper v1.11.0
[INFO] [stderr]     Checking tower v0.5.3
[INFO] [stderr]     Checking tokio-util v0.7.19
[INFO] [stderr]     Checking hyper-util v0.1.20
[INFO] [stderr]     Checking combine v4.6.7
[INFO] [stderr]     Checking axum v0.8.9
[INFO] [stderr]     Checking sqlx-core v0.9.0
[INFO] [stderr]     Checking sqlx-postgres v0.9.0
[INFO] [stderr]     Checking redis v1.6.0
[INFO] [stderr]     Checking axum-extra v0.12.6
[INFO] [stderr]    Compiling sqlx-macros-core v0.9.0
[INFO] [stderr]    Compiling sqlx-macros v0.9.0
[INFO] [stderr]     Checking sqlx v0.9.0
[INFO] [stderr]     Checking rust-axum-layered-rest-api v0.1.0 (/opt/rustwide/workdir)
[INFO] [stdout] error: error communicating with database: Connection refused (os error 111)
[INFO] [stdout]   --> src/domains/account/repository.rs:43:22
[INFO] [stdout]    |
[INFO] [stdout] 43 |           let exists = sqlx::query_scalar!(
[INFO] [stdout]    |  ______________________^
[INFO] [stdout] 44 | |             r#"
[INFO] [stdout] 45 | |             SELECT EXISTS(
[INFO] [stdout] 46 | |                 SELECT 1 FROM accounts WHERE email = $1
[INFO] [stdout] ...  |
[INFO] [stdout] 49 | |             email
[INFO] [stdout] 50 | |         )
[INFO] [stdout]    | |_________^
[INFO] [stdout]    |
[INFO] [stdout]    = note: this error originates in the macro `$crate::sqlx_macros::expand_query` which comes from the expansion of the macro `sqlx::query_scalar` (in Nightly builds, run with -Z macro-backtrace for more info)
[INFO] [stdout] 
[INFO] [stdout] 
[INFO] [stdout] error: error communicating with database: Connection refused (os error 111)
[INFO] [stdout]   --> src/domains/account/repository.rs:66:26
[INFO] [stdout]    |
[INFO] [stdout] 66 |           let account_id = sqlx::query_scalar!(
[INFO] [stdout]    |  __________________________^
[INFO] [stdout] 67 | |             r#"
[INFO] [stdout] 68 | |             INSERT INTO accounts (
[INFO] [stdout] 69 | |                 email,
[INFO] [stdout] ...  |
[INFO] [stdout] 78 | |             params.name
[INFO] [stdout] 79 | |         )
[INFO] [stdout]    | |_________^
[INFO] [stdout]    |
[INFO] [stdout]    = note: this error originates in the macro `$crate::sqlx_macros::expand_query` which comes from the expansion of the macro `sqlx::query_scalar` (in Nightly builds, run with -Z macro-backtrace for more info)
[INFO] [stdout] 
[INFO] [stdout] 
[INFO] [stdout] error: error communicating with database: Connection refused (os error 111)
[INFO] [stdout]    --> src/domains/account/repository.rs:103:22
[INFO] [stdout]     |
[INFO] [stdout] 103 |           let result = sqlx::query!(
[INFO] [stdout]     |  ______________________^
[INFO] [stdout] 104 | |             r#"
[INFO] [stdout] 105 | |             INSERT INTO account_roles (
[INFO] [stdout] 106 | |                 account_id,
[INFO] [stdout] ...   |
[INFO] [stdout] 116 | |             role.as_str()
[INFO] [stdout] 117 | |         )
[INFO] [stdout]     | |_________^
[INFO] [stdout]     |
[INFO] [stdout]     = note: this error originates in the macro `$crate::sqlx_macros::expand_query` which comes from the expansion of the macro `sqlx::query` (in Nightly builds, run with -Z macro-backtrace for more info)
[INFO] [stdout] 
[INFO] [stdout] 
[INFO] [stdout] error: error communicating with database: Connection refused (os error 111)
[INFO] [stdout]    --> src/domains/account/repository.rs:137:26
[INFO] [stdout]     |
[INFO] [stdout] 137 |           let role_names = sqlx::query_scalar!(
[INFO] [stdout]     |  __________________________^
[INFO] [stdout] 138 | |             r#"
[INFO] [stdout] 139 | |             SELECT
[INFO] [stdout] 140 | |                 roles.name
[INFO] [stdout] ...   |
[INFO] [stdout] 147 | |             account_id
[INFO] [stdout] 148 | |         )
[INFO] [stdout]     | |_________^
[INFO] [stdout]     |
[INFO] [stdout]     = note: this error originates in the macro `$crate::sqlx_macros::expand_query` which comes from the expansion of the macro `sqlx::query_scalar` (in Nightly builds, run with -Z macro-backtrace for more info)
[INFO] [stdout] 
[INFO] [stdout] 
[INFO] [stdout] error: error communicating with database: Connection refused (os error 111)
[INFO] [stdout]    --> src/domains/account/repository.rs:168:23
[INFO] [stdout]     |
[INFO] [stdout] 168 |           let account = sqlx::query_as!(
[INFO] [stdout]     |  _______________________^
[INFO] [stdout] 169 | |             AccountEntity,
[INFO] [stdout] 170 | |             r#"
[INFO] [stdout] 171 | |             SELECT
[INFO] [stdout] ...   |
[INFO] [stdout] 179 | |             email
[INFO] [stdout] 180 | |         )
[INFO] [stdout]     | |_________^
[INFO] [stdout]     |
[INFO] [stdout]     = note: this error originates in the macro `$crate::sqlx_macros::expand_query` which comes from the expansion of the macro `sqlx::query_as` (in Nightly builds, run with -Z macro-backtrace for more info)
[INFO] [stdout] 
[INFO] [stdout] 
[INFO] [stdout] error: error communicating with database: Connection refused (os error 111)
[INFO] [stdout]    --> src/domains/account/repository.rs:189:23
[INFO] [stdout]     |
[INFO] [stdout] 189 |           let account = sqlx::query_as!(
[INFO] [stdout]     |  _______________________^
[INFO] [stdout] 190 | |             AccountEntity,
[INFO] [stdout] 191 | |             r#"
[INFO] [stdout] 192 | |             SELECT
[INFO] [stdout] ...   |
[INFO] [stdout] 200 | |             id
[INFO] [stdout] 201 | |         )
[INFO] [stdout]     | |_________^
[INFO] [stdout]     |
[INFO] [stdout]     = note: this error originates in the macro `$crate::sqlx_macros::expand_query` which comes from the expansion of the macro `sqlx::query_as` (in Nightly builds, run with -Z macro-backtrace for more info)
[INFO] [stdout] 
[INFO] [stdout] 
[INFO] [stdout] error: error communicating with database: Connection refused (os error 111)
[INFO] [stdout]   --> src/domains/account/repository.rs:43:22
[INFO] [stdout]    |
[INFO] [stdout] 43 |           let exists = sqlx::query_scalar!(
[INFO] [stdout]    |  ______________________^
[INFO] [stdout] 44 | |             r#"
[INFO] [stdout] 45 | |             SELECT EXISTS(
[INFO] [stdout] 46 | |                 SELECT 1 FROM accounts WHERE email = $1
[INFO] [stdout] ...  |
[INFO] [stdout] 49 | |             email
[INFO] [stdout] 50 | |         )
[INFO] [stdout]    | |_________^
[INFO] [stdout]    |
[INFO] [stdout]    = note: this error originates in the macro `$crate::sqlx_macros::expand_query` which comes from the expansion of the macro `sqlx::query_scalar` (in Nightly builds, run with -Z macro-backtrace for more info)
[INFO] [stdout] 
[INFO] [stdout] 
[INFO] [stdout] error: error communicating with database: Connection refused (os error 111)
[INFO] [stdout]   --> src/domains/account/repository.rs:66:26
[INFO] [stdout]    |
[INFO] [stdout] 66 |           let account_id = sqlx::query_scalar!(
[INFO] [stdout]    |  __________________________^
[INFO] [stdout] 67 | |             r#"
[INFO] [stdout] 68 | |             INSERT INTO accounts (
[INFO] [stdout] 69 | |                 email,
[INFO] [stdout] ...  |
[INFO] [stdout] 78 | |             params.name
[INFO] [stdout] 79 | |         )
[INFO] [stdout]    | |_________^
[INFO] [stdout]    |
[INFO] [stdout]    = note: this error originates in the macro `$crate::sqlx_macros::expand_query` which comes from the expansion of the macro `sqlx::query_scalar` (in Nightly builds, run with -Z macro-backtrace for more info)
[INFO] [stdout] 
[INFO] [stdout] 
[INFO] [stdout] error: error communicating with database: Connection refused (os error 111)
[INFO] [stdout]    --> src/domains/account/repository.rs:103:22
[INFO] [stdout]     |
[INFO] [stdout] 103 |           let result = sqlx::query!(
[INFO] [stdout]     |  ______________________^
[INFO] [stdout] 104 | |             r#"
[INFO] [stdout] 105 | |             INSERT INTO account_roles (
[INFO] [stdout] 106 | |                 account_id,
[INFO] [stdout] ...   |
[INFO] [stdout] 116 | |             role.as_str()
[INFO] [stdout] 117 | |         )
[INFO] [stdout]     | |_________^
[INFO] [stdout]     |
[INFO] [stdout]     = note: this error originates in the macro `$crate::sqlx_macros::expand_query` which comes from the expansion of the macro `sqlx::query` (in Nightly builds, run with -Z macro-backtrace for more info)
[INFO] [stdout] 
[INFO] [stdout] 
[INFO] [stdout] error: error communicating with database: Connection refused (os error 111)
[INFO] [stdout]    --> src/domains/account/repository.rs:137:26
[INFO] [stdout]     |
[INFO] [stdout] 137 |           let role_names = sqlx::query_scalar!(
[INFO] [stdout]     |  __________________________^
[INFO] [stdout] 138 | |             r#"
[INFO] [stdout] 139 | |             SELECT
[INFO] [stdout] 140 | |                 roles.name
[INFO] [stdout] ...   |
[INFO] [stdout] 147 | |             account_id
[INFO] [stdout] 148 | |         )
[INFO] [stdout]     | |_________^
[INFO] [stdout]     |
[INFO] [stdout]     = note: this error originates in the macro `$crate::sqlx_macros::expand_query` which comes from the expansion of the macro `sqlx::query_scalar` (in Nightly builds, run with -Z macro-backtrace for more info)
[INFO] [stdout] 
[INFO] [stdout] 
[INFO] [stdout] error: error communicating with database: Connection refused (os error 111)
[INFO] [stdout]    --> src/domains/account/repository.rs:168:23
[INFO] [stdout]     |
[INFO] [stdout] 168 |           let account = sqlx::query_as!(
[INFO] [stdout]     |  _______________________^
[INFO] [stdout] 169 | |             AccountEntity,
[INFO] [stdout] 170 | |             r#"
[INFO] [stdout] 171 | |             SELECT
[INFO] [stdout] ...   |
[INFO] [stdout] 179 | |             email
[INFO] [stdout] 180 | |         )
[INFO] [stdout]     | |_________^
[INFO] [stdout]     |
[INFO] [stdout]     = note: this error originates in the macro `$crate::sqlx_macros::expand_query` which comes from the expansion of the macro `sqlx::query_as` (in Nightly builds, run with -Z macro-backtrace for more info)
[INFO] [stdout] 
[INFO] [stdout] 
[INFO] [stdout] error: error communicating with database: Connection refused (os error 111)
[INFO] [stdout]    --> src/domains/account/repository.rs:189:23
[INFO] [stdout]     |
[INFO] [stdout] 189 |           let account = sqlx::query_as!(
[INFO] [stdout]     |  _______________________^
[INFO] [stdout] 190 | |             AccountEntity,
[INFO] [stdout] 191 | |             r#"
[INFO] [stdout] 192 | |             SELECT
[INFO] [stdout] ...   |
[INFO] [stdout] 200 | |             id
[INFO] [stdout] 201 | |         )
[INFO] [stdout]     | |_________^
[INFO] [stdout]     |
[INFO] [stdout]     = note: this error originates in the macro `$crate::sqlx_macros::expand_query` which comes from the expansion of the macro `sqlx::query_as` (in Nightly builds, run with -Z macro-backtrace for more info)
[INFO] [stdout] 
[INFO] [stdout] 
[INFO] [stdout] error: error communicating with database: Connection refused (os error 111)
[INFO] [stdout]    --> src/domains/product/repository.rs:100:22
[INFO] [stdout]     |
[INFO] [stdout] 100 |           let entity = sqlx::query_as!(
[INFO] [stdout]     |  ______________________^
[INFO] [stdout] 101 | |             ProductEntity,
[INFO] [stdout] 102 | |             r#"
[INFO] [stdout] 103 | |             SELECT
[INFO] [stdout] ...   |
[INFO] [stdout] 113 | |             id
[INFO] [stdout] 114 | |         )
[INFO] [stdout]     | |_________^
[INFO] [stdout]     |
[INFO] [stdout]     = note: this error originates in the macro `$crate::sqlx_macros::expand_query` which comes from the expansion of the macro `sqlx::query_as` (in Nightly builds, run with -Z macro-backtrace for more info)
[INFO] [stdout] 
[INFO] [stdout] 
[INFO] [stdout] error: error communicating with database: Connection refused (os error 111)
[INFO] [stdout]    --> src/domains/product/repository.rs:339:9
[INFO] [stdout]     |
[INFO] [stdout] 339 | /         sqlx::query!(
[INFO] [stdout] 340 | |             r#"
[INFO] [stdout] 341 | |             INSERT INTO products (
[INFO] [stdout] 342 | |                 name,
[INFO] [stdout] ...   |
[INFO] [stdout] 350 | |             params.price
[INFO] [stdout] 351 | |         )
[INFO] [stdout]     | |_________^
[INFO] [stdout]     |
[INFO] [stdout]     = note: this error originates in the macro `$crate::sqlx_macros::expand_query` which comes from the expansion of the macro `sqlx::query` (in Nightly builds, run with -Z macro-backtrace for more info)
[INFO] [stdout] 
[INFO] [stdout] 
[INFO] [stdout] error: error communicating with database: Connection refused (os error 111)
[INFO] [stdout]    --> src/domains/product/repository.rs:360:22
[INFO] [stdout]     |
[INFO] [stdout] 360 |           let result = sqlx::query!(
[INFO] [stdout]     |  ______________________^
[INFO] [stdout] 361 | |             r#"
[INFO] [stdout] 362 | |             UPDATE products
[INFO] [stdout] 363 | |             SET
[INFO] [stdout] ...   |
[INFO] [stdout] 372 | |             params.id
[INFO] [stdout] 373 | |         )
[INFO] [stdout]     | |_________^
[INFO] [stdout]     |
[INFO] [stdout]     = note: this error originates in the macro `$crate::sqlx_macros::expand_query` which comes from the expansion of the macro `sqlx::query` (in Nightly builds, run with -Z macro-backtrace for more info)
[INFO] [stdout] 
[INFO] [stdout] 
[INFO] [stdout] error: error communicating with database: Connection refused (os error 111)
[INFO] [stdout]    --> src/domains/product/repository.rs:430:22
[INFO] [stdout]     |
[INFO] [stdout] 430 |           let result = sqlx::query!(
[INFO] [stdout]     |  ______________________^
[INFO] [stdout] 431 | |             r#"
[INFO] [stdout] 432 | |             DELETE FROM products WHERE id = $1
[INFO] [stdout] 433 | |             "#,
[INFO] [stdout] 434 | |             id
[INFO] [stdout] 435 | |         )
[INFO] [stdout]     | |_________^
[INFO] [stdout]     |
[INFO] [stdout]     = note: this error originates in the macro `$crate::sqlx_macros::expand_query` which comes from the expansion of the macro `sqlx::query` (in Nightly builds, run with -Z macro-backtrace for more info)
[INFO] [stdout] 
[INFO] [stdout] 
[INFO] [stdout] error: error communicating with database: Connection refused (os error 111)
[INFO] [stdout]    --> src/domains/product/repository.rs:100:22
[INFO] [stdout]     |
[INFO] [stdout] 100 |           let entity = sqlx::query_as!(
[INFO] [stdout]     |  ______________________^
[INFO] [stdout] 101 | |             ProductEntity,
[INFO] [stdout] 102 | |             r#"
[INFO] [stdout] 103 | |             SELECT
[INFO] [stdout] ...   |
[INFO] [stdout] 113 | |             id
[INFO] [stdout] 114 | |         )
[INFO] [stdout]     | |_________^
[INFO] [stdout]     |
[INFO] [stdout]     = note: this error originates in the macro `$crate::sqlx_macros::expand_query` which comes from the expansion of the macro `sqlx::query_as` (in Nightly builds, run with -Z macro-backtrace for more info)
[INFO] [stdout] 
[INFO] [stdout] 
[INFO] [stdout] error: error communicating with database: Connection refused (os error 111)
[INFO] [stdout]    --> src/domains/product/repository.rs:339:9
[INFO] [stdout]     |
[INFO] [stdout] 339 | /         sqlx::query!(
[INFO] [stdout] 340 | |             r#"
[INFO] [stdout] 341 | |             INSERT INTO products (
[INFO] [stdout] 342 | |                 name,
[INFO] [stdout] ...   |
[INFO] [stdout] 350 | |             params.price
[INFO] [stdout] 351 | |         )
[INFO] [stdout]     | |_________^
[INFO] [stdout]     |
[INFO] [stdout]     = note: this error originates in the macro `$crate::sqlx_macros::expand_query` which comes from the expansion of the macro `sqlx::query` (in Nightly builds, run with -Z macro-backtrace for more info)
[INFO] [stdout] 
[INFO] [stdout] 
[INFO] [stdout] error: error communicating with database: Connection refused (os error 111)
[INFO] [stdout]    --> src/domains/product/repository.rs:360:22
[INFO] [stdout]     |
[INFO] [stdout] 360 |           let result = sqlx::query!(
[INFO] [stdout]     |  ______________________^
[INFO] [stdout] 361 | |             r#"
[INFO] [stdout] 362 | |             UPDATE products
[INFO] [stdout] 363 | |             SET
[INFO] [stdout] ...   |
[INFO] [stdout] 372 | |             params.id
[INFO] [stdout] 373 | |         )
[INFO] [stdout]     | |_________^
[INFO] [stdout]     |
[INFO] [stdout]     = note: this error originates in the macro `$crate::sqlx_macros::expand_query` which comes from the expansion of the macro `sqlx::query` (in Nightly builds, run with -Z macro-backtrace for more info)
[INFO] [stdout] 
[INFO] [stdout] 
[INFO] [stdout] error: error communicating with database: Connection refused (os error 111)
[INFO] [stdout]    --> src/domains/product/repository.rs:430:22
[INFO] [stdout]     |
[INFO] [stdout] 430 |           let result = sqlx::query!(
[INFO] [stdout]     |  ______________________^
[INFO] [stdout] 431 | |             r#"
[INFO] [stdout] 432 | |             DELETE FROM products WHERE id = $1
[INFO] [stdout] 433 | |             "#,
[INFO] [stdout] 434 | |             id
[INFO] [stdout] 435 | |         )
[INFO] [stdout]     | |_________^
[INFO] [stdout]     |
[INFO] [stdout]     = note: this error originates in the macro `$crate::sqlx_macros::expand_query` which comes from the expansion of the macro `sqlx::query` (in Nightly builds, run with -Z macro-backtrace for more info)
[INFO] [stdout] 
[INFO] [stdout] 
[INFO] [stdout] warning: method call on a diverging inference variable
[INFO] [stdout]   --> src/domains/account/repository.rs:54:19
[INFO] [stdout]    |
[INFO] [stdout] 54 |         Ok(exists.unwrap_or(false))
[INFO] [stdout]    |                   ^^^^^^^^^
[INFO] [stdout]    |
[INFO] [stdout]    = help: consider providing a type annotation
[INFO] [stdout]    = warning: this was previously accepted by the compiler but is being phased out; it will become a hard error in a future release!
[INFO] [stdout]    = note: for more information, see issue #156047 <https://github.com/rust-lang/rust/issues/156047>
[INFO] [stdout]    = note: `#[warn(method_call_on_diverging_infer_var)]` (part of `#[warn(future_incompatible)]`) on by default
[INFO] [stdout] 
[INFO] [stdout] 
[INFO] [stdout] warning: method call on a diverging inference variable
[INFO] [stdout]   --> src/domains/account/repository.rs:54:19
[INFO] [stdout]    |
[INFO] [stdout] 54 |         Ok(exists.unwrap_or(false))
[INFO] [stdout]    |                   ^^^^^^^^^
[INFO] [stdout]    |
[INFO] [stdout]    = help: consider providing a type annotation
[INFO] [stdout]    = warning: this was previously accepted by the compiler but is being phased out; it will become a hard error in a future release!
[INFO] [stdout]    = note: for more information, see issue #156047 <https://github.com/rust-lang/rust/issues/156047>
[INFO] [stdout]    = note: `#[warn(method_call_on_diverging_infer_var)]` (part of `#[warn(future_incompatible)]`) on by default
[INFO] [stdout] 
[INFO] [stdout] 
[INFO] [stdout] error[E0599]: no method named `unwrap_or` found for type `!` in the current scope
[INFO] [stdout]   --> src/domains/account/repository.rs:54:19
[INFO] [stdout]    |
[INFO] [stdout] 54 |         Ok(exists.unwrap_or(false))
[INFO] [stdout]    |                   ^^^^^^^^^ method not found in `!`
[INFO] [stdout] 
[INFO] [stdout] 
[INFO] [stdout] warning: method call on a diverging inference variable
[INFO] [stdout]    --> src/domains/account/repository.rs:121:19
[INFO] [stdout]     |
[INFO] [stdout] 121 |         if result.rows_affected() == 0 {
[INFO] [stdout]     |                   ^^^^^^^^^^^^^
[INFO] [stdout]     |
[INFO] [stdout]     = help: consider providing a type annotation
[INFO] [stdout]     = warning: this was previously accepted by the compiler but is being phased out; it will become a hard error in a future release!
[INFO] [stdout]     = note: for more information, see issue #156047 <https://github.com/rust-lang/rust/issues/156047>
[INFO] [stdout] 
[INFO] [stdout] 
[INFO] [stdout] error[E0599]: no method named `unwrap_or` found for type `!` in the current scope
[INFO] [stdout]   --> src/domains/account/repository.rs:54:19
[INFO] [stdout]    |
[INFO] [stdout] 54 |         Ok(exists.unwrap_or(false))
[INFO] [stdout]    |                   ^^^^^^^^^ method not found in `!`
[INFO] [stdout] 
[INFO] [stdout] 
[INFO] [stdout] warning: method call on a diverging inference variable
[INFO] [stdout]    --> src/domains/account/repository.rs:121:19
[INFO] [stdout]     |
[INFO] [stdout] 121 |         if result.rows_affected() == 0 {
[INFO] [stdout]     |                   ^^^^^^^^^^^^^
[INFO] [stdout]     |
[INFO] [stdout]     = help: consider providing a type annotation
[INFO] [stdout]     = warning: this was previously accepted by the compiler but is being phased out; it will become a hard error in a future release!
[INFO] [stdout]     = note: for more information, see issue #156047 <https://github.com/rust-lang/rust/issues/156047>
[INFO] [stdout] 
[INFO] [stdout] 
[INFO] [stdout] error[E0599]: no method named `rows_affected` found for type `!` in the current scope
[INFO] [stdout]    --> src/domains/account/repository.rs:121:19
[INFO] [stdout]     |
[INFO] [stdout] 121 |         if result.rows_affected() == 0 {
[INFO] [stdout]     |                   ^^^^^^^^^^^^^ method not found in `!`
[INFO] [stdout] 
[INFO] [stdout] 
[INFO] [stdout] warning: method call on a diverging inference variable
[INFO] [stdout]    --> src/domains/account/repository.rs:153:14
[INFO] [stdout]     |
[INFO] [stdout] 153 |             .into_iter()
[INFO] [stdout]     |              ^^^^^^^^^
[INFO] [stdout]     |
[INFO] [stdout]     = help: consider providing a type annotation
[INFO] [stdout]     = warning: this was previously accepted by the compiler but is being phased out; it will become a hard error in a future release!
[INFO] [stdout]     = note: for more information, see issue #156047 <https://github.com/rust-lang/rust/issues/156047>
[INFO] [stdout] 
[INFO] [stdout] 
[INFO] [stdout] error[E0599]: no method named `rows_affected` found for type `!` in the current scope
[INFO] [stdout]    --> src/domains/account/repository.rs:121:19
[INFO] [stdout]     |
[INFO] [stdout] 121 |         if result.rows_affected() == 0 {
[INFO] [stdout]     |                   ^^^^^^^^^^^^^ method not found in `!`
[INFO] [stdout] 
[INFO] [stdout] 
[INFO] [stdout] warning: method call on a diverging inference variable
[INFO] [stdout]    --> src/domains/account/repository.rs:153:14
[INFO] [stdout]     |
[INFO] [stdout] 153 |             .into_iter()
[INFO] [stdout]     |              ^^^^^^^^^
[INFO] [stdout]     |
[INFO] [stdout]     = help: consider providing a type annotation
[INFO] [stdout]     = warning: this was previously accepted by the compiler but is being phased out; it will become a hard error in a future release!
[INFO] [stdout]     = note: for more information, see issue #156047 <https://github.com/rust-lang/rust/issues/156047>
[INFO] [stdout] 
[INFO] [stdout] 
[INFO] [stdout] error[E0599]: `!` is not an iterator
[INFO] [stdout]    --> src/domains/account/repository.rs:153:14
[INFO] [stdout]     |
[INFO] [stdout] 152 |         role_names
[INFO] [stdout] 153 |             .into_iter()
[INFO] [stdout]     |              ^^^^^^^^^ `!` is not an iterator
[INFO] [stdout]     |
[INFO] [stdout]     = note: the following trait bounds were not satisfied:
[INFO] [stdout]             `!: Iterator`
[INFO] [stdout]             which is required by `!: IntoIterator`
[INFO] [stdout]             `&!: Iterator`
[INFO] [stdout]             which is required by `&!: IntoIterator`
[INFO] [stdout]             `&mut !: Iterator`
[INFO] [stdout]             which is required by `&mut !: IntoIterator`
[INFO] [stdout] 
[INFO] [stdout] 
[INFO] [stdout] error[E0599]: `!` is not an iterator
[INFO] [stdout]    --> src/domains/account/repository.rs:153:14
[INFO] [stdout]     |
[INFO] [stdout] 152 |         role_names
[INFO] [stdout] 153 |             .into_iter()
[INFO] [stdout]     |              ^^^^^^^^^ `!` is not an iterator
[INFO] [stdout]     |
[INFO] [stdout]     = note: the following trait bounds were not satisfied:
[INFO] [stdout]             `!: Iterator`
[INFO] [stdout]             which is required by `!: IntoIterator`
[INFO] [stdout]             `&!: Iterator`
[INFO] [stdout]             which is required by `&!: IntoIterator`
[INFO] [stdout]             `&mut !: Iterator`
[INFO] [stdout]             which is required by `&mut !: IntoIterator`
[INFO] [stdout] 
[INFO] [stdout] 
[INFO] [stdout] warning: method call on a diverging inference variable
[INFO] [stdout]    --> src/domains/product/repository.rs:377:19
[INFO] [stdout]     |
[INFO] [stdout] 377 |         if result.rows_affected() == 0 {
[INFO] [stdout]     |                   ^^^^^^^^^^^^^
[INFO] [stdout]     |
[INFO] [stdout]     = help: consider providing a type annotation
[INFO] [stdout]     = warning: this was previously accepted by the compiler but is being phased out; it will become a hard error in a future release!
[INFO] [stdout]     = note: for more information, see issue #156047 <https://github.com/rust-lang/rust/issues/156047>
[INFO] [stdout] 
[INFO] [stdout] 
[INFO] [stdout] warning: method call on a diverging inference variable
[INFO] [stdout]    --> src/domains/product/repository.rs:377:19
[INFO] [stdout]     |
[INFO] [stdout] 377 |         if result.rows_affected() == 0 {
[INFO] [stdout]     |                   ^^^^^^^^^^^^^
[INFO] [stdout]     |
[INFO] [stdout]     = help: consider providing a type annotation
[INFO] [stdout]     = warning: this was previously accepted by the compiler but is being phased out; it will become a hard error in a future release!
[INFO] [stdout]     = note: for more information, see issue #156047 <https://github.com/rust-lang/rust/issues/156047>
[INFO] [stdout] 
[INFO] [stdout] 
[INFO] [stdout] error[E0599]: no method named `rows_affected` found for type `!` in the current scope
[INFO] [stdout]    --> src/domains/product/repository.rs:377:19
[INFO] [stdout]     |
[INFO] [stdout] 377 |         if result.rows_affected() == 0 {
[INFO] [stdout]     |                   ^^^^^^^^^^^^^ method not found in `!`
[INFO] [stdout] 
[INFO] [stdout] 
[INFO] [stdout] warning: method call on a diverging inference variable
[INFO] [stdout]    --> src/domains/product/repository.rs:439:19
[INFO] [stdout]     |
[INFO] [stdout] 439 |         if result.rows_affected() == 0 {
[INFO] [stdout]     |                   ^^^^^^^^^^^^^
[INFO] [stdout]     |
[INFO] [stdout]     = help: consider providing a type annotation
[INFO] [stdout]     = warning: this was previously accepted by the compiler but is being phased out; it will become a hard error in a future release!
[INFO] [stdout]     = note: for more information, see issue #156047 <https://github.com/rust-lang/rust/issues/156047>
[INFO] [stdout] 
[INFO] [stdout] 
[INFO] [stdout] error[E0599]: no method named `rows_affected` found for type `!` in the current scope
[INFO] [stdout]    --> src/domains/product/repository.rs:377:19
[INFO] [stdout]     |
[INFO] [stdout] 377 |         if result.rows_affected() == 0 {
[INFO] [stdout]     |                   ^^^^^^^^^^^^^ method not found in `!`
[INFO] [stdout] 
[INFO] [stdout] 
[INFO] [stdout] warning: method call on a diverging inference variable
[INFO] [stdout]    --> src/domains/product/repository.rs:439:19
[INFO] [stdout]     |
[INFO] [stdout] 439 |         if result.rows_affected() == 0 {
[INFO] [stdout]     |                   ^^^^^^^^^^^^^
[INFO] [stdout]     |
[INFO] [stdout]     = help: consider providing a type annotation
[INFO] [stdout]     = warning: this was previously accepted by the compiler but is being phased out; it will become a hard error in a future release!
[INFO] [stdout]     = note: for more information, see issue #156047 <https://github.com/rust-lang/rust/issues/156047>
[INFO] [stdout] 
[INFO] [stdout] 
[INFO] [stdout] error[E0599]: no method named `rows_affected` found for type `!` in the current scope
[INFO] [stdout]    --> src/domains/product/repository.rs:439:19
[INFO] [stdout]     |
[INFO] [stdout] 439 |         if result.rows_affected() == 0 {
[INFO] [stdout]     |                   ^^^^^^^^^^^^^ method not found in `!`
[INFO] [stdout] 
[INFO] [stdout] 
[INFO] [stdout] error[E0599]: no method named `rows_affected` found for type `!` in the current scope
[INFO] [stdout]    --> src/domains/product/repository.rs:439:19
[INFO] [stdout]     |
[INFO] [stdout] 439 |         if result.rows_affected() == 0 {
[INFO] [stdout]     |                   ^^^^^^^^^^^^^ method not found in `!`
[INFO] [stdout] 
[INFO] [stdout] 
[INFO] [stdout] For more information about this error, try `rustc --explain E0599`.
[INFO] [stdout] 
[INFO] [stderr] error: could not compile `rust-axum-layered-rest-api` (lib) due to 15 previous errors; 10 warnings emitted
[INFO] [stderr] warning: build failed, waiting for other jobs to finish...
[INFO] [stdout] For more information about this error, try `rustc --explain E0599`.
[INFO] [stdout] 
[INFO] [stderr] error: could not compile `rust-axum-layered-rest-api` (lib test) due to 15 previous errors; 10 warnings emitted
[INFO] running `Command { std: "docker" "inspect" "d9b88e771173cd18aa6b7377973077146e1687abfddbef8f8e71f6e6d3e59443", kill_on_drop: false }`
[INFO] running `Command { std: "docker" "rm" "-f" "d9b88e771173cd18aa6b7377973077146e1687abfddbef8f8e71f6e6d3e59443", kill_on_drop: false }`
[INFO] [stdout] d9b88e771173cd18aa6b7377973077146e1687abfddbef8f8e71f6e6d3e59443
