[INFO] fetching crate SQUICD 0.1.1...
[INFO] checking SQUICD-0.1.1 against 5b237c915528dadada3f674b90c7c80368b632be for pr-133502-29
[INFO] extracting crate SQUICD 0.1.1 into /workspace/builds/worker-7-tc2/source
[INFO] started tweaking crates.io crate SQUICD 0.1.1
[INFO] finished tweaking crates.io crate SQUICD 0.1.1
[INFO] tweaked toml for crates.io crate SQUICD 0.1.1 written to /workspace/builds/worker-7-tc2/source/Cargo.toml
[INFO] validating manifest of crates.io crate SQUICD 0.1.1 on toolchain 5b237c915528dadada3f674b90c7c80368b632be
[INFO] running `Command { std: CARGO_HOME="/workspace/cargo-home" RUSTUP_HOME="/workspace/rustup-home" "/workspace/cargo-home/bin/cargo" "+5b237c915528dadada3f674b90c7c80368b632be" "metadata" "--manifest-path" "Cargo.toml" "--no-deps", kill_on_drop: false }`
[INFO] crate crates.io crate SQUICD 0.1.1 already has a lockfile, it will not be regenerated
[INFO] running `Command { std: CARGO_HOME="/workspace/cargo-home" RUSTUP_HOME="/workspace/rustup-home" "/workspace/cargo-home/bin/cargo" "+5b237c915528dadada3f674b90c7c80368b632be" "fetch" "--manifest-path" "Cargo.toml", kill_on_drop: false }`
[INFO] [stderr] warning: `package.homepage` is redundant with `package.repository`
[INFO] [stderr]   --> Cargo.toml:41:12
[INFO] [stderr]    |
[INFO] [stderr] 41 | homepage = "https://github.com/politrons/FunctionalRust/tree/main/SQUICD"
[INFO] [stderr]    |            ^^^^^^^^^^^^^^^^^^^^^^^^^^^^^^^^^^^^^^^^^^^^^^^^^^^^^^^^^^^^^^
[INFO] [stderr] ...
[INFO] [stderr] 45 | repository = "https://github.com/politrons/FunctionalRust/tree/main/SQUICD"
[INFO] [stderr]    |              --------------------------------------------------------------
[INFO] [stderr]    |
[INFO] [stderr]    = note: `cargo::redundant_homepage` is set to `warn` by default
[INFO] [stderr] help: consider removing `package.homepage`
[INFO] [stderr] warning: `SQUICD` (manifest) generated 1 warning
[INFO] running `Command { std: "docker" "create" "-v" "/var/lib/crater-agent-workspace/builds/worker-7-tc2/source:/opt/rustwide/workdir:ro,Z" "-v" "/var/lib/crater-agent-workspace/builds/worker-7-tc2/target:/opt/rustwide/target:rw,Z" "-v" "/var/lib/crater-agent-workspace/cargo-home:/opt/rustwide/cargo-home:ro,Z" "-v" "/var/lib/crater-agent-workspace/rustup-home:/opt/rustwide/rustup-home:ro,Z" "-m" "1610612736" "--network" "none" "ghcr.io/rust-lang/crates-build-env/linux@sha256:3111399a4047eeb3a02b7a90e478d715f38a8c6669b5c4b49d30a17385265909" "sleep" "infinity", kill_on_drop: false }`
[INFO] [stdout] 3d1dd98c3d8f86f307f46581a04eea32387441af185141160cd09f1d5b7f305e
[INFO] running `Command { std: "docker" "start" "3d1dd98c3d8f86f307f46581a04eea32387441af185141160cd09f1d5b7f305e", kill_on_drop: false }`
[INFO] running `Command { std: "docker" "inspect" "3d1dd98c3d8f86f307f46581a04eea32387441af185141160cd09f1d5b7f305e", kill_on_drop: false }`
[INFO] running `Command { std: "docker" "exec" "-e" "SOURCE_DIR=/opt/rustwide/workdir" "-e" "CARGO_HOME=/opt/rustwide/cargo-home" "-e" "RUSTUP_HOME=/opt/rustwide/rustup-home" "-e" "CARGO_TARGET_DIR=/opt/rustwide/target" "-w" "/opt/rustwide/workdir" "--user" "0:0" "3d1dd98c3d8f86f307f46581a04eea32387441af185141160cd09f1d5b7f305e" "/opt/rustwide/cargo-home/bin/cargo" "+5b237c915528dadada3f674b90c7c80368b632be" "metadata" "--no-deps" "--format-version=1", kill_on_drop: false }`
[INFO] running `Command { std: "docker" "inspect" "3d1dd98c3d8f86f307f46581a04eea32387441af185141160cd09f1d5b7f305e", kill_on_drop: false }`
[INFO] running `Command { std: "docker" "exec" "-e" "SOURCE_DIR=/opt/rustwide/workdir" "-e" "CARGO_HOME=/opt/rustwide/cargo-home" "-e" "RUSTUP_HOME=/opt/rustwide/rustup-home" "-e" "CARGO_TARGET_DIR=/opt/rustwide/target" "-e" "CARGO_INCREMENTAL=0" "-e" "RUST_BACKTRACE=full" "-e" "RUSTFLAGS=--cap-lints=forbid" "-e" "RUSTDOCFLAGS=--cap-lints=forbid" "-w" "/opt/rustwide/workdir" "--user" "0:0" "3d1dd98c3d8f86f307f46581a04eea32387441af185141160cd09f1d5b7f305e" "/opt/rustwide/cargo-home/bin/cargo" "+5b237c915528dadada3f674b90c7c80368b632be" "check" "--frozen" "--all" "--all-targets" "--message-format=json", kill_on_drop: false }`
[INFO] [stderr] warning: `package.homepage` is redundant with `package.repository`
[INFO] [stderr]   --> Cargo.toml:41:12
[INFO] [stderr]    |
[INFO] [stderr] 41 | homepage = "https://github.com/politrons/FunctionalRust/tree/main/SQUICD"
[INFO] [stderr]    |            ^^^^^^^^^^^^^^^^^^^^^^^^^^^^^^^^^^^^^^^^^^^^^^^^^^^^^^^^^^^^^^
[INFO] [stderr] ...
[INFO] [stderr] 45 | repository = "https://github.com/politrons/FunctionalRust/tree/main/SQUICD"
[INFO] [stderr]    |              --------------------------------------------------------------
[INFO] [stderr]    |
[INFO] [stderr]    = note: `cargo::redundant_homepage` is set to `warn` by default
[INFO] [stderr] help: consider removing `package.homepage`
[INFO] [stderr] warning: `SQUICD` (manifest) generated 1 warning
[INFO] [stderr]    Compiling proc-macro2 v1.0.89
[INFO] [stderr]    Compiling unicode-ident v1.0.13
[INFO] [stderr]    Compiling libc v0.2.161
[INFO] [stderr]     Checking cfg-if v1.0.0
[INFO] [stderr]    Compiling autocfg v1.4.0
[INFO] [stderr]     Checking byteorder v1.5.0
[INFO] [stderr]    Compiling serde v1.0.213
[INFO] [stderr]     Checking memchr v2.7.4
[INFO] [stderr]     Checking log v0.4.22
[INFO] [stderr]     Checking regex-syntax v0.8.5
[INFO] [stderr]    Compiling libm v0.2.8
[INFO] [stderr]     Checking untrusted v0.9.0
[INFO] [stderr]     Checking anstyle-query v1.1.2
[INFO] [stderr]    Compiling cc v1.1.31
[INFO] [stderr]     Checking tinyvec v1.8.0
[INFO] [stderr]     Checking anstyle-parse v0.2.6
[INFO] [stderr]     Checking unicode-bidi v0.3.17
[INFO] [stderr]     Checking is_terminal_polyfill v1.70.1
[INFO] [stderr]     Checking spin v0.9.8
[INFO] [stderr]     Checking percent-encoding v2.3.1
[INFO] [stderr]     Checking anstyle v1.0.9
[INFO] [stderr]     Checking adler2 v2.0.0
[INFO] [stderr]     Checking colorchoice v1.0.3
[INFO] [stderr]     Checking crc32fast v1.4.2
[INFO] [stderr]     Checking once_cell v1.20.2
[INFO] [stderr]     Checking miniz_oxide v0.8.0
[INFO] [stderr]     Checking either v1.13.0
[INFO] [stderr]     Checking half v1.8.3
[INFO] [stderr]     Checking octets v0.3.0
[INFO] [stderr]     Checking humantime v2.1.0
[INFO] [stderr]     Checking form_urlencoded v1.2.1
[INFO] [stderr]    Compiling memoffset v0.9.1
[INFO] [stderr]    Compiling slab v0.4.9
[INFO] [stderr]     Checking anstream v0.6.17
[INFO] [stderr]     Checking aho-corasick v1.1.3
[INFO] [stderr]    Compiling cmake v0.1.51
[INFO] [stderr]     Checking getrandom v0.2.15
[INFO] [stderr]     Checking mio v0.8.11
[INFO] [stderr]     Checking intrusive-collections v0.9.7
[INFO] [stderr]    Compiling quote v1.0.37
[INFO] [stderr]    Compiling ring v0.17.8
[INFO] [stderr]    Compiling quiche v0.22.0
[INFO] [stderr]     Checking flate2 v1.0.34
[INFO] [stderr]     Checking unicode-normalization v0.1.24
[INFO] [stderr]    Compiling syn v2.0.85
[INFO] [stderr]     Checking idna v0.5.0
[INFO] [stderr]     Checking regex-automata v0.4.8
[INFO] [stderr]     Checking url v2.5.2
[INFO] [stderr]    Compiling zerocopy-derive v0.7.35
[INFO] [stderr]    Compiling serde_derive v1.0.213
[INFO] [stderr]     Checking regex v1.11.1
[INFO] [stderr]     Checking env_filter v0.1.2
[INFO] [stderr]     Checking zerocopy v0.7.35
[INFO] [stderr]     Checking env_logger v0.11.5
[INFO] [stderr]     Checking rand_core v0.9.0-alpha.2
[INFO] [stderr]     Checking ppv-lite86 v0.2.20
[INFO] [stderr]     Checking rand_chacha v0.9.0-alpha.2
[INFO] [stderr]     Checking rand v0.9.0-alpha.2
[INFO] [stderr] error: could not compile `serde_derive` (lib)
[INFO] [stderr] 
[INFO] [stderr] Caused by:
[INFO] [stderr]   process didn't exit successfully: `/opt/rustwide/rustup-home/toolchains/5b237c915528dadada3f674b90c7c80368b632be/bin/rustc --crate-name serde_derive --edition=2015 /opt/rustwide/cargo-home/registry/src/index.crates.io-1949cf8c6b5b557f/serde_derive-1.0.213/src/lib.rs --error-format=json --json=diagnostic-rendered-ansi,artifacts,future-incompat,unused-externs-silent --crate-type proc-macro --emit=dep-info,link -C prefer-dynamic -C embed-bitcode=no --cfg 'feature="default"' --check-cfg 'cfg(docsrs,test)' --check-cfg 'cfg(feature, values("default", "deserialize_in_place"))' -C metadata=3e925dbdb74c07c2 -C extra-filename=-8c8de25f93462178 --out-dir /opt/rustwide/target/debug/build/serde_derive/8c8de25f93462178/out -L dependency=/opt/rustwide/target/debug/build/proc-macro2/a6b76b40120fed1b/out -L dependency=/opt/rustwide/target/debug/build/quote/17363c12faf47457/out -L dependency=/opt/rustwide/target/debug/build/unicode-ident/d14904b1232aa2ec/out --extern proc_macro2=/opt/rustwide/target/debug/build/proc-macro2/a6b76b40120fed1b/out/libproc_macro2-a6b76b40120fed1b.rlib --extern proc_macro2=/opt/rustwide/target/debug/build/proc-macro2/a6b76b40120fed1b/out/libproc_macro2-a6b76b40120fed1b.rmeta --extern quote=/opt/rustwide/target/debug/build/quote/17363c12faf47457/out/libquote-17363c12faf47457.rlib --extern quote=/opt/rustwide/target/debug/build/quote/17363c12faf47457/out/libquote-17363c12faf47457.rmeta --extern syn=/opt/rustwide/target/debug/build/syn/3fab16edd9393ba3/out/libsyn-3fab16edd9393ba3.rlib --extern syn=/opt/rustwide/target/debug/build/syn/3fab16edd9393ba3/out/libsyn-3fab16edd9393ba3.rmeta --extern proc_macro --cap-lints allow --cap-lints=forbid --force-warn=unused_crate_dependencies` (signal: 9, SIGKILL: kill)
[INFO] [stderr] warning: build failed, waiting for other jobs to finish...
[INFO] [stderr] error: failed to run custom build command for `quiche v0.22.0`
[INFO] [stderr] note: To improve backtraces for build dependencies, set the CARGO_PROFILE_DEV_BUILD_OVERRIDE_DEBUG=true environment variable to enable debug information generation.
[INFO] [stderr] 
[INFO] [stderr] Caused by:
[INFO] [stderr]   process didn't exit successfully: `/opt/rustwide/target/debug/build/quiche/ee1ad694daa00f62/out/build_script_build` (exit status: 101)
[INFO] [stderr]   --- stdout
[INFO] [stderr]   CMAKE_TOOLCHAIN_FILE_x86_64-unknown-linux-gnu = None
[INFO] [stderr]   CMAKE_TOOLCHAIN_FILE_x86_64_unknown_linux_gnu = None
[INFO] [stderr]   HOST_CMAKE_TOOLCHAIN_FILE = None
[INFO] [stderr]   CMAKE_TOOLCHAIN_FILE = None
[INFO] [stderr]   CMAKE_GENERATOR_x86_64-unknown-linux-gnu = None
[INFO] [stderr]   CMAKE_GENERATOR_x86_64_unknown_linux_gnu = None
[INFO] [stderr]   HOST_CMAKE_GENERATOR = None
[INFO] [stderr]   CMAKE_GENERATOR = None
[INFO] [stderr]   CMAKE_PREFIX_PATH_x86_64-unknown-linux-gnu = None
[INFO] [stderr]   CMAKE_PREFIX_PATH_x86_64_unknown_linux_gnu = None
[INFO] [stderr]   HOST_CMAKE_PREFIX_PATH = None
[INFO] [stderr]   CMAKE_PREFIX_PATH = None
[INFO] [stderr]   CMAKE_x86_64-unknown-linux-gnu = None
[INFO] [stderr]   CMAKE_x86_64_unknown_linux_gnu = None
[INFO] [stderr]   HOST_CMAKE = None
[INFO] [stderr]   CMAKE = None
[INFO] [stderr]   running: cd "/opt/rustwide/target/debug/build/quiche/96157c816de69c8f/out/build" && CMAKE_PREFIX_PATH="" "cmake" "/opt/rustwide/cargo-home/registry/src/index.crates.io-1949cf8c6b5b557f/quiche-0.22.0/deps/boringssl" "-DCMAKE_INSTALL_PREFIX=/opt/rustwide/target/debug/build/quiche/96157c816de69c8f/out" "-DCMAKE_C_FLAGS= -ffunction-sections -fdata-sections -fPIC -m64" "-DCMAKE_C_COMPILER=/usr/bin/cc" "-DCMAKE_CXX_FLAGS= -ffunction-sections -fdata-sections -fPIC -m64" "-DCMAKE_CXX_COMPILER=/usr/bin/c++" "-DCMAKE_ASM_FLAGS= -ffunction-sections -fdata-sections -fPIC -m64" "-DCMAKE_ASM_COMPILER=/usr/bin/cc" "-DCMAKE_BUILD_TYPE=Debug"
[INFO] [stderr]   -- The C compiler identification is GNU 15.2.0
[INFO] [stderr]   -- The CXX compiler identification is GNU 15.2.0
[INFO] [stderr]   -- Detecting C compiler ABI info
[INFO] [stderr]   -- Detecting C compiler ABI info - done
[INFO] [stderr]   -- Check for working C compiler: /usr/bin/cc - skipped
[INFO] [stderr]   -- Detecting C compile features
[INFO] [stderr]   -- Detecting C compile features - done
[INFO] [stderr]   -- Detecting CXX compiler ABI info
[INFO] [stderr]   -- Detecting CXX compiler ABI info - done
[INFO] [stderr]   -- Check for working CXX compiler: /usr/bin/c++ - skipped
[INFO] [stderr]   -- Detecting CXX compile features
[INFO] [stderr]   -- Detecting CXX compile features - done
[INFO] [stderr]   -- The ASM compiler identification is GNU
[INFO] [stderr]   -- Found assembler: /usr/bin/cc
[INFO] [stderr]   -- Configuring done (1.8s)
[INFO] [stderr]   -- Generating done (0.2s)
[INFO] [stderr]   -- Build files have been written to: /opt/rustwide/target/debug/build/quiche/96157c816de69c8f/out/build
[INFO] [stderr]   running: cd "/opt/rustwide/target/debug/build/quiche/96157c816de69c8f/out/build" && MAKEFLAGS="-j --jobserver-fds=4,5 --jobserver-auth=4,5" "cmake" "--build" "." "--target" "ssl" "--config" "Debug"
[INFO] [stderr]   [  7%] Building CXX object CMakeFiles/ssl.dir/src/ssl/d1_both.cc.o
[INFO] [stderr]   [  7%] Building CXX object CMakeFiles/ssl.dir/src/ssl/bio_ssl.cc.o
[INFO] [stderr]   [  7%] Building CXX object CMakeFiles/ssl.dir/src/ssl/d1_pkt.cc.o
[INFO] [stderr]   [  7%] Building CXX object CMakeFiles/ssl.dir/src/ssl/d1_lib.cc.o
[INFO] [stderr]   [  7%] Building CXX object CMakeFiles/ssl.dir/src/ssl/dtls_record.cc.o
[INFO] [stderr]   [  7%] Building CXX object CMakeFiles/ssl.dir/src/ssl/dtls_method.cc.o
[INFO] [stderr]   [  7%] Building CXX object CMakeFiles/ssl.dir/src/ssl/handoff.cc.o
[INFO] [stderr]   [ 15%] Building CXX object CMakeFiles/ssl.dir/src/ssl/d1_srtp.cc.o
[INFO] [stderr]   [ 23%] Building CXX object CMakeFiles/ssl.dir/src/ssl/handshake.cc.o
[INFO] [stderr]   [ 23%] Building CXX object CMakeFiles/ssl.dir/src/ssl/handshake_client.cc.o
[INFO] [stderr]   [ 23%] Building CXX object CMakeFiles/ssl.dir/src/ssl/handshake_server.cc.o
[INFO] [stderr]   [ 30%] Building CXX object CMakeFiles/ssl.dir/src/ssl/encrypted_client_hello.cc.o
[INFO] [stderr]   [ 30%] Building CXX object CMakeFiles/ssl.dir/src/ssl/extensions.cc.o
[INFO] [stderr]   [ 38%] Building CXX object CMakeFiles/ssl.dir/src/ssl/s3_both.cc.o
[INFO] [stderr]   [ 38%] Building CXX object CMakeFiles/ssl.dir/src/ssl/s3_lib.cc.o
[INFO] [stderr]   [ 38%] Building CXX object CMakeFiles/ssl.dir/src/ssl/s3_pkt.cc.o
[INFO] [stderr]   [ 46%] Building CXX object CMakeFiles/ssl.dir/src/ssl/ssl_aead_ctx.cc.o
[INFO] [stderr] 
[INFO] [stderr]   --- stderr
[INFO] [stderr]   CMake Deprecation Warning at CMakeLists.txt:7 (cmake_minimum_required):
[INFO] [stderr]     Compatibility with CMake < 3.10 will be removed from a future version of
[INFO] [stderr]     CMake.
[INFO] [stderr] 
[INFO] [stderr]     Update the VERSION argument <min> value.  Or, use the <min>...<max> syntax
[INFO] [stderr]     to tell CMake that the project requires at least <min> but has been updated
[INFO] [stderr]     to work with policies introduced by <max> or earlier.
[INFO] [stderr] 
[INFO] [stderr] 
[INFO] [stderr]   c++: fatal error: Killed signal terminated program cc1plus
[INFO] [stderr]   compilation terminated.
[INFO] [stderr]   gmake[3]: *** [CMakeFiles/ssl.dir/build.make:191: CMakeFiles/ssl.dir/src/ssl/extensions.cc.o] Error 1
[INFO] [stderr]   gmake[3]: *** Waiting for unfinished jobs....
[INFO] [stderr]   gmake[2]: *** [CMakeFiles/Makefile2:125: CMakeFiles/ssl.dir/all] Error 2
[INFO] [stderr]   gmake[1]: *** [CMakeFiles/Makefile2:132: CMakeFiles/ssl.dir/rule] Error 2
[INFO] [stderr]   gmake: *** [Makefile:137: ssl] Error 2
[INFO] [stderr] 
[INFO] [stderr]   thread 'main' (682) panicked at /opt/rustwide/cargo-home/registry/src/index.crates.io-1949cf8c6b5b557f/cmake-0.1.51/src/lib.rs:1100:5:
[INFO] [stderr] 
[INFO] [stderr]   command did not execute successfully, got: exit status: 2
[INFO] [stderr] 
[INFO] [stderr]   build script failed, must exit now
[INFO] [stderr]   stack backtrace:
[INFO] [stderr]      0:     0x639d75393f21 - std[fba97bcc6c7c281e]::backtrace_rs::backtrace::libunwind::trace
[INFO] [stderr]                                  at /rustc/5b237c915528dadada3f674b90c7c80368b632be/library/std/src/../../backtrace/src/backtrace/libunwind.rs:117:9
[INFO] [stderr]      1:     0x639d75393f21 - std[fba97bcc6c7c281e]::backtrace_rs::backtrace::trace_unsynchronized::<std[fba97bcc6c7c281e]::sys::backtrace::_print_fmt::{closure#1}>
[INFO] [stderr]                                  at /rustc/5b237c915528dadada3f674b90c7c80368b632be/library/std/src/../../backtrace/src/backtrace/mod.rs:66:14
[INFO] [stderr]      2:     0x639d75393f21 - std[fba97bcc6c7c281e]::sys::backtrace::_print_fmt
[INFO] [stderr]                                  at /rustc/5b237c915528dadada3f674b90c7c80368b632be/library/std/src/sys/backtrace.rs:74:9
[INFO] [stderr]      3:     0x639d75393f21 - <<std[fba97bcc6c7c281e]::sys::backtrace::BacktraceLock>::print::DisplayBacktrace as core[cbe985f25e545f7b]::fmt::Display>::fmt
[INFO] [stderr]                                  at /rustc/5b237c915528dadada3f674b90c7c80368b632be/library/std/src/sys/backtrace.rs:44:26
[INFO] [stderr]      4:     0x639d753a803a - <core[cbe985f25e545f7b]::fmt::rt::Argument>::fmt
[INFO] [stderr]                                  at /rustc/5b237c915528dadada3f674b90c7c80368b632be/library/core/src/fmt/rt.rs:152:76
[INFO] [stderr]      5:     0x639d753a803a - core[cbe985f25e545f7b]::fmt::write
[INFO] [stderr]      6:     0x639d7539995c - core[cbe985f25e545f7b]::io::write::default_write_fmt::<std[fba97bcc6c7c281e]::sys::stdio::unix::Stderr>
[INFO] [stderr]                                  at /rustc/5b237c915528dadada3f674b90c7c80368b632be/library/core/src/io/write.rs:402:11
[INFO] [stderr]      7:     0x639d7539995c - <std[fba97bcc6c7c281e]::sys::stdio::unix::Stderr as core[cbe985f25e545f7b]::io::write::Write>::write_fmt
[INFO] [stderr]                                  at /rustc/5b237c915528dadada3f674b90c7c80368b632be/library/core/src/io/write.rs:335:13
[INFO] [stderr]      8:     0x639d75373746 - <std[fba97bcc6c7c281e]::sys::backtrace::BacktraceLock>::print
[INFO] [stderr]                                  at /rustc/5b237c915528dadada3f674b90c7c80368b632be/library/std/src/sys/backtrace.rs:47:9
[INFO] [stderr]      9:     0x639d75373746 - std[fba97bcc6c7c281e]::panicking::default_hook::{closure#0}
[INFO] [stderr]                                  at /rustc/5b237c915528dadada3f674b90c7c80368b632be/library/std/src/panicking.rs:289:27
[INFO] [stderr]     10:     0x639d7538ec41 - std[fba97bcc6c7c281e]::panicking::default_hook
[INFO] [stderr]                                  at /rustc/5b237c915528dadada3f674b90c7c80368b632be/library/std/src/panicking.rs:316:9
[INFO] [stderr]     11:     0x639d7538edfb - std[fba97bcc6c7c281e]::panicking::panic_with_hook
[INFO] [stderr]                                  at /rustc/5b237c915528dadada3f674b90c7c80368b632be/library/std/src/panicking.rs:811:13
[INFO] [stderr]     12:     0x639d753737f2 - std[fba97bcc6c7c281e]::panicking::panic_handler::{closure#0}
[INFO] [stderr]                                  at /rustc/5b237c915528dadada3f674b90c7c80368b632be/library/std/src/panicking.rs:685:13
[INFO] [stderr]     13:     0x639d7536d669 - std[fba97bcc6c7c281e]::sys::backtrace::__rust_end_short_backtrace::<std[fba97bcc6c7c281e]::panicking::panic_handler::{closure#0}, !>
[INFO] [stderr]                                  at /rustc/5b237c915528dadada3f674b90c7c80368b632be/library/std/src/sys/backtrace.rs:182:18
[INFO] [stderr]     14:     0x639d75373fdd - __rustc[8b64a3aaf7c035e0]::rust_begin_unwind
[INFO] [stderr]                                  at /rustc/5b237c915528dadada3f674b90c7c80368b632be/library/std/src/panicking.rs:676:5
[INFO] [stderr]     15:     0x639d753a880c - core[cbe985f25e545f7b]::panicking::panic_fmt
[INFO] [stderr]                                  at /rustc/5b237c915528dadada3f674b90c7c80368b632be/library/core/src/panicking.rs:80:14
[INFO] [stderr]     16:     0x639d75310397 - cmake[d39305dba62f50ff]::fail
[INFO] [stderr]     17:     0x639d75310051 - cmake[d39305dba62f50ff]::run
[INFO] [stderr]     18:     0x639d75315fde - <cmake[d39305dba62f50ff]::Config>::build
[INFO] [stderr]     19:     0x639d75300494 - build_script_build[afc3dc96fb185b8b]::main::{closure#0}
[INFO] [stderr]     20:     0x639d752ffbb7 - <core[cbe985f25e545f7b]::result::Result<alloc[eb9e1e802ad5b883]::string::String, std[fba97bcc6c7c281e]::env::VarError>>::unwrap_or_else::<build_script_build[afc3dc96fb185b8b]::main::{closure#0}>
[INFO] [stderr]     21:     0x639d753018a0 - build_script_build[afc3dc96fb185b8b]::main
[INFO] [stderr]     22:     0x639d7530314b - <fn() as core[cbe985f25e545f7b]::ops::function::FnOnce<()>>::call_once
[INFO] [stderr]     23:     0x639d753003ce - std[fba97bcc6c7c281e]::sys::backtrace::__rust_begin_short_backtrace::<fn(), ()>
[INFO] [stderr]     24:     0x639d753003d9 - std[fba97bcc6c7c281e]::rt::lang_start::<()>::{closure#0}
[INFO] [stderr]     25:     0x639d7538df48 - <&dyn core[cbe985f25e545f7b]::ops::function::Fn<(), Output = i32> + core[cbe985f25e545f7b]::panic::unwind_safe::RefUnwindSafe + core[cbe985f25e545f7b]::marker::Sync as core[cbe985f25e545f7b]::ops::function::FnOnce<()>>::call_once
[INFO] [stderr]                                  at /rustc/5b237c915528dadada3f674b90c7c80368b632be/library/core/src/ops/function.rs:287:21
[INFO] [stderr]     26:     0x639d7538df48 - std[fba97bcc6c7c281e]::panicking::catch_unwind::do_call::<&dyn core[cbe985f25e545f7b]::ops::function::Fn<(), Output = i32> + core[cbe985f25e545f7b]::panic::unwind_safe::RefUnwindSafe + core[cbe985f25e545f7b]::marker::Sync, i32>
[INFO] [stderr]                                  at /rustc/5b237c915528dadada3f674b90c7c80368b632be/library/std/src/panicking.rs:573:43
[INFO] [stderr]     27:     0x639d7538df48 - std[fba97bcc6c7c281e]::panicking::catch_unwind::<i32, &dyn core[cbe985f25e545f7b]::ops::function::Fn<(), Output = i32> + core[cbe985f25e545f7b]::panic::unwind_safe::RefUnwindSafe + core[cbe985f25e545f7b]::marker::Sync>
[INFO] [stderr]                                  at /rustc/5b237c915528dadada3f674b90c7c80368b632be/library/std/src/panicking.rs:541:19
[INFO] [stderr]     28:     0x639d7538df48 - std[fba97bcc6c7c281e]::panic::catch_unwind::<&dyn core[cbe985f25e545f7b]::ops::function::Fn<(), Output = i32> + core[cbe985f25e545f7b]::panic::unwind_safe::RefUnwindSafe + core[cbe985f25e545f7b]::marker::Sync, i32>
[INFO] [stderr]                                  at /rustc/5b237c915528dadada3f674b90c7c80368b632be/library/std/src/panic.rs:359:14
[INFO] [stderr]     29:     0x639d7538df48 - std[fba97bcc6c7c281e]::rt::lang_start_internal::{closure#0}
[INFO] [stderr]                                  at /rustc/5b237c915528dadada3f674b90c7c80368b632be/library/std/src/rt.rs:175:24
[INFO] [stderr]     30:     0x639d7538df48 - std[fba97bcc6c7c281e]::panicking::catch_unwind::do_call::<std[fba97bcc6c7c281e]::rt::lang_start_internal::{closure#0}, isize>
[INFO] [stderr]                                  at /rustc/5b237c915528dadada3f674b90c7c80368b632be/library/std/src/panicking.rs:573:43
[INFO] [stderr]     31:     0x639d7538df48 - std[fba97bcc6c7c281e]::panicking::catch_unwind::<isize, std[fba97bcc6c7c281e]::rt::lang_start_internal::{closure#0}>
[INFO] [stderr]                                  at /rustc/5b237c915528dadada3f674b90c7c80368b632be/library/std/src/panicking.rs:541:19
[INFO] [stderr]     32:     0x639d7538df48 - std[fba97bcc6c7c281e]::panic::catch_unwind::<std[fba97bcc6c7c281e]::rt::lang_start_internal::{closure#0}, isize>
[INFO] [stderr]                                  at /rustc/5b237c915528dadada3f674b90c7c80368b632be/library/std/src/panic.rs:359:14
[INFO] [stderr]     33:     0x639d7538df48 - std[fba97bcc6c7c281e]::rt::lang_start_internal
[INFO] [stderr]                                  at /rustc/5b237c915528dadada3f674b90c7c80368b632be/library/std/src/rt.rs:171:5
[INFO] [stderr]     34:     0x639d753003c1 - std[fba97bcc6c7c281e]::rt::lang_start::<()>
[INFO] [stderr]     35:     0x639d753031c5 - main
[INFO] [stderr]     36:     0x739a44096601 - <unknown>
[INFO] [stderr]     37:     0x739a44096718 - __libc_start_main
[INFO] [stderr]     38:     0x639d752fee55 - _start
[INFO] [stderr]     39:                0x0 - <unknown>
[INFO] running `Command { std: "docker" "inspect" "3d1dd98c3d8f86f307f46581a04eea32387441af185141160cd09f1d5b7f305e", kill_on_drop: false }`
[INFO] running `Command { std: "docker" "rm" "-f" "3d1dd98c3d8f86f307f46581a04eea32387441af185141160cd09f1d5b7f305e", kill_on_drop: false }`
[INFO] [stdout] 3d1dd98c3d8f86f307f46581a04eea32387441af185141160cd09f1d5b7f305e
