[INFO] cloning repository https://github.com/rndlabs/bee-rs
[INFO] running `Command { std: "git" "-c" "credential.helper=" "-c" "credential.helper=/workspace/cargo-home/bin/git-credential-null" "clone" "--bare" "https://github.com/rndlabs/bee-rs" "/workspace/cache/git-repos/https%3A%2F%2Fgithub.com%2Frndlabs%2Fbee-rs", kill_on_drop: false }`
[INFO] [stderr] Cloning into bare repository '/workspace/cache/git-repos/https%3A%2F%2Fgithub.com%2Frndlabs%2Fbee-rs'...
[INFO] running `Command { std: "git" "rev-parse" "HEAD", kill_on_drop: false }`
[INFO] [stdout] a8180ec1f91a094a8a2533d7411f95bdddc7e81d
[INFO] checking rndlabs/bee-rs against 5b237c915528dadada3f674b90c7c80368b632be for pr-133502-29
[INFO] running `Command { std: "git" "clone" "/workspace/cache/git-repos/https%3A%2F%2Fgithub.com%2Frndlabs%2Fbee-rs" "/workspace/builds/worker-7-tc2/source", kill_on_drop: false }`
[INFO] [stderr] Cloning into '/workspace/builds/worker-7-tc2/source'...
[INFO] [stderr] done.
[INFO] removed /workspace/builds/worker-7-tc2/source/.cargo/config.toml
[INFO] removed /workspace/builds/worker-7-tc2/source/rust-toolchain.toml
[INFO] started tweaking git repo https://github.com/rndlabs/bee-rs
[INFO] finished tweaking git repo https://github.com/rndlabs/bee-rs
[INFO] tweaked toml for git repo https://github.com/rndlabs/bee-rs written to /workspace/builds/worker-7-tc2/source/Cargo.toml
[INFO] validating manifest of git repo https://github.com/rndlabs/bee-rs on toolchain 5b237c915528dadada3f674b90c7c80368b632be
[INFO] running `Command { std: CARGO_HOME="/workspace/cargo-home" RUSTUP_HOME="/workspace/rustup-home" "/workspace/cargo-home/bin/cargo" "+5b237c915528dadada3f674b90c7c80368b632be" "metadata" "--manifest-path" "Cargo.toml" "--no-deps", kill_on_drop: false }`
[INFO] crate git repo https://github.com/rndlabs/bee-rs already has a lockfile, it will not be regenerated
[INFO] running `Command { std: CARGO_HOME="/workspace/cargo-home" RUSTUP_HOME="/workspace/rustup-home" "/workspace/cargo-home/bin/cargo" "+5b237c915528dadada3f674b90c7c80368b632be" "fetch" "--manifest-path" "Cargo.toml", kill_on_drop: false }`
[INFO] [stderr] warning: unused workspace dependency `anyhow`
[INFO] [stderr]   --> Cargo.toml:22:1
[INFO] [stderr]    |
[INFO] [stderr] 22 | anyhow = "1.0"
[INFO] [stderr]    | ^^^^^^
[INFO] [stderr]    |
[INFO] [stderr]    = note: `cargo::unused_workspace_dependencies` is set to `warn` by default
[INFO] [stderr] help: consider removing the workspace dependency `anyhow`
[INFO] [stderr] warning: unused workspace dependency `assert_matches`
[INFO] [stderr]   --> Cargo.toml:24:1
[INFO] [stderr]    |
[INFO] [stderr] 24 | assert_matches = "1.5.0"
[INFO] [stderr]    | ^^^^^^^^^^^^^^
[INFO] [stderr]    |
[INFO] [stderr] help: consider removing the workspace dependency `assert_matches`
[INFO] [stderr] warning: unused workspace dependency `base64`
[INFO] [stderr]    --> Cargo.toml:122:25
[INFO] [stderr]     |
[INFO] [stderr] 122 | [workspace.dependencies.base64]
[INFO] [stderr]     |                         ^^^^^^
[INFO] [stderr]     |
[INFO] [stderr] help: consider removing the workspace dependency `base64`
[INFO] [stderr] warning: unused workspace dependency `byteorder`
[INFO] [stderr]    --> Cargo.toml:127:25
[INFO] [stderr]     |
[INFO] [stderr] 127 | [workspace.dependencies.byteorder]
[INFO] [stderr]     |                         ^^^^^^^^^
[INFO] [stderr]     |
[INFO] [stderr] help: consider removing the workspace dependency `byteorder`
[INFO] [stderr] warning: unused workspace dependency `console_error_panic_hook`
[INFO] [stderr]   --> Cargo.toml:31:1
[INFO] [stderr]    |
[INFO] [stderr] 31 | console_error_panic_hook = "0.1"
[INFO] [stderr]    | ^^^^^^^^^^^^^^^^^^^^^^^^
[INFO] [stderr]    |
[INFO] [stderr] help: consider removing the workspace dependency `console_error_panic_hook`
[INFO] [stderr] warning: unused workspace dependency `critical-section`
[INFO] [stderr]    --> Cargo.toml:139:25
[INFO] [stderr]     |
[INFO] [stderr] 139 | [workspace.dependencies.critical-section]
[INFO] [stderr]     |                         ^^^^^^^^^^^^^^^^
[INFO] [stderr]     |
[INFO] [stderr] help: consider removing the workspace dependency `critical-section`
[INFO] [stderr] warning: unused workspace dependency `digest`
[INFO] [stderr]   --> Cargo.toml:33:1
[INFO] [stderr]    |
[INFO] [stderr] 33 | digest = "0.10"
[INFO] [stderr]    | ^^^^^^
[INFO] [stderr]    |
[INFO] [stderr] help: consider removing the workspace dependency `digest`
[INFO] [stderr] warning: unused workspace dependency `generic-array`
[INFO] [stderr]   --> Cargo.toml:38:1
[INFO] [stderr]    |
[INFO] [stderr] 38 | generic-array = "0.14"
[INFO] [stderr]    | ^^^^^^^^^^^^^
[INFO] [stderr]    |
[INFO] [stderr] help: consider removing the workspace dependency `generic-array`
[INFO] [stderr] warning: unused workspace dependency `nectar-mantaray`
[INFO] [stderr]    --> Cargo.toml:204:25
[INFO] [stderr]     |
[INFO] [stderr] 204 | [workspace.dependencies.nectar-mantaray]
[INFO] [stderr]     |                         ^^^^^^^^^^^^^^^
[INFO] [stderr]     |
[INFO] [stderr] help: consider removing the workspace dependency `nectar-mantaray`
[INFO] [stderr] warning: unused workspace dependency `nectar-postage-issuer`
[INFO] [stderr]    --> Cargo.toml:212:25
[INFO] [stderr]     |
[INFO] [stderr] 212 | [workspace.dependencies.nectar-postage-issuer]
[INFO] [stderr]     |                         ^^^^^^^^^^^^^^^^^^^^^
[INFO] [stderr]     |
[INFO] [stderr] help: consider removing the workspace dependency `nectar-postage-issuer`
[INFO] [stderr] warning: unused workspace dependency `nectar-postage-usage`
[INFO] [stderr]    --> Cargo.toml:216:25
[INFO] [stderr]     |
[INFO] [stderr] 216 | [workspace.dependencies.nectar-postage-usage]
[INFO] [stderr]     |                         ^^^^^^^^^^^^^^^^^^^^
[INFO] [stderr]     |
[INFO] [stderr] help: consider removing the workspace dependency `nectar-postage-usage`
[INFO] [stderr] warning: unused workspace dependency `proptest-derive`
[INFO] [stderr]   --> Cargo.toml:52:1
[INFO] [stderr]    |
[INFO] [stderr] 52 | proptest-derive = "0.5"
[INFO] [stderr]    | ^^^^^^^^^^^^^^^
[INFO] [stderr]    |
[INFO] [stderr] help: consider removing the workspace dependency `proptest-derive`
[INFO] [stderr] warning: unused workspace dependency `rayon`
[INFO] [stderr]   --> Cargo.toml:59:1
[INFO] [stderr]    |
[INFO] [stderr] 59 | rayon = "1.10"
[INFO] [stderr]    | ^^^^^
[INFO] [stderr]    |
[INFO] [stderr] help: consider removing the workspace dependency `rayon`
[INFO] [stderr] warning: unused workspace dependency `scopeguard`
[INFO] [stderr]   --> Cargo.toml:60:1
[INFO] [stderr]    |
[INFO] [stderr] 60 | scopeguard = "1.2"
[INFO] [stderr]    | ^^^^^^^^^^
[INFO] [stderr]    |
[INFO] [stderr] help: consider removing the workspace dependency `scopeguard`
[INFO] [stderr] warning: unused workspace dependency `thread_local`
[INFO] [stderr]   --> Cargo.toml:61:1
[INFO] [stderr]    |
[INFO] [stderr] 61 | thread_local = "1.1"
[INFO] [stderr]    | ^^^^^^^^^^^^
[INFO] [stderr]    |
[INFO] [stderr] help: consider removing the workspace dependency `thread_local`
[INFO] [stderr] warning: unused workspace dependency `tikv-jemalloc-sys`
[INFO] [stderr]    --> Cargo.toml:291:25
[INFO] [stderr]     |
[INFO] [stderr] 291 | [workspace.dependencies.tikv-jemalloc-sys]
[INFO] [stderr]     |                         ^^^^^^^^^^^^^^^^^
[INFO] [stderr]     |
[INFO] [stderr] help: consider removing the workspace dependency `tikv-jemalloc-sys`
[INFO] [stderr] warning: unused workspace dependency `tracing-wasm`
[INFO] [stderr]   --> Cargo.toml:69:1
[INFO] [stderr]    |
[INFO] [stderr] 69 | tracing-wasm = "0.2"
[INFO] [stderr]    | ^^^^^^^^^^^^
[INFO] [stderr]    |
[INFO] [stderr] help: consider removing the workspace dependency `tracing-wasm`
[INFO] [stderr] warning: unused workspace dependency `vertex-chain-index`
[INFO] [stderr]    --> Cargo.toml:310:25
[INFO] [stderr]     |
[INFO] [stderr] 310 | [workspace.dependencies.vertex-chain-index]
[INFO] [stderr]     |                         ^^^^^^^^^^^^^^^^^^
[INFO] [stderr]     |
[INFO] [stderr] help: consider removing the workspace dependency `vertex-chain-index`
[INFO] [stderr] warning: unused workspace dependency `vertex-ffi`
[INFO] [stderr]    --> Cargo.toml:313:25
[INFO] [stderr]     |
[INFO] [stderr] 313 | [workspace.dependencies.vertex-ffi]
[INFO] [stderr]     |                         ^^^^^^^^^^
[INFO] [stderr]     |
[INFO] [stderr] help: consider removing the workspace dependency `vertex-ffi`
[INFO] [stderr] warning: unused workspace dependency `web-sys`
[INFO] [stderr]   --> Cargo.toml:76:1
[INFO] [stderr]    |
[INFO] [stderr] 76 | web-sys = "0.3"
[INFO] [stderr]    | ^^^^^^^
[INFO] [stderr]    |
[INFO] [stderr] help: consider removing the workspace dependency `web-sys`
[INFO] [stderr] warning: workspace (manifest) generated 20 warnings
[INFO] [stderr] warning: missing `[lints]` to inherit `[workspace.lints]`
[INFO] [stderr]   --> crates/swarm/rpc/Cargo.toml
[INFO] [stderr]    = note: `cargo::missing_lints_inheritance` is set to `warn` by default
[INFO] [stderr] help: to inherit `workspace.lints, add:
[INFO] [stderr]    |
[INFO] [stderr] 40 ~ std = []
[INFO] [stderr] 41 + [lints]
[INFO] [stderr] 42 + workspace = true
[INFO] [stderr]    |
[INFO] [stderr] help: to clarify your intent to not inherit, add:
[INFO] [stderr]    |
[INFO] [stderr] 40 ~ std = []
[INFO] [stderr] 41 + [lints]
[INFO] [stderr]    |
[INFO] [stderr] warning: `vertex-swarm-rpc` (manifest) generated 1 warning
[INFO] [stderr] warning: missing `[lints]` to inherit `[workspace.lints]`
[INFO] [stderr]   --> bin/vertex/Cargo.toml
[INFO] [stderr]    = note: `cargo::missing_lints_inheritance` is set to `warn` by default
[INFO] [stderr] help: to inherit `workspace.lints, add:
[INFO] [stderr]    |
[INFO] [stderr] 90 ~ tempfile = "3"
[INFO] [stderr] 91 + [lints]
[INFO] [stderr] 92 + workspace = true
[INFO] [stderr]    |
[INFO] [stderr] help: to clarify your intent to not inherit, add:
[INFO] [stderr]    |
[INFO] [stderr] 90 ~ tempfile = "3"
[INFO] [stderr] 91 + [lints]
[INFO] [stderr]    |
[INFO] [stderr] warning: `vertex` (manifest) generated 1 warning
[INFO] [stderr] warning: missing `[lints]` to inherit `[workspace.lints]`
[INFO] [stderr]   --> crates/rpc/server/Cargo.toml
[INFO] [stderr]    = note: `cargo::missing_lints_inheritance` is set to `warn` by default
[INFO] [stderr] help: to inherit `workspace.lints, add:
[INFO] [stderr]    |
[INFO] [stderr] 31 ~ std = []
[INFO] [stderr] 32 + [lints]
[INFO] [stderr] 33 + workspace = true
[INFO] [stderr]    |
[INFO] [stderr] help: to clarify your intent to not inherit, add:
[INFO] [stderr]    |
[INFO] [stderr] 31 ~ std = []
[INFO] [stderr] 32 + [lints]
[INFO] [stderr]    |
[INFO] [stderr] warning: `vertex-rpc-server` (manifest) generated 1 warning
[INFO] [stderr] warning: missing `[lints]` to inherit `[workspace.lints]`
[INFO] [stderr]   --> crates/rpc/core/Cargo.toml
[INFO] [stderr]    = note: `cargo::missing_lints_inheritance` is set to `warn` by default
[INFO] [stderr] help: to inherit `workspace.lints, add:
[INFO] [stderr]    |
[INFO] [stderr] 18 ~ std = []
[INFO] [stderr] 19 + [lints]
[INFO] [stderr] 20 + workspace = true
[INFO] [stderr]    |
[INFO] [stderr] help: to clarify your intent to not inherit, add:
[INFO] [stderr]    |
[INFO] [stderr] 18 ~ std = []
[INFO] [stderr] 19 + [lints]
[INFO] [stderr]    |
[INFO] [stderr] warning: `vertex-rpc-core` (manifest) generated 1 warning
[INFO] [stderr] warning: missing `[lints]` to inherit `[workspace.lints]`
[INFO] [stderr]   --> crates/swarm/api/Cargo.toml
[INFO] [stderr]    = note: `cargo::missing_lints_inheritance` is set to `warn` by default
[INFO] [stderr] help: to inherit `workspace.lints, add:
[INFO] [stderr]    |
[INFO] [stderr] 46 ~ serde = ["dep:serde", "vertex-swarm-primitives/serde"]
[INFO] [stderr] 47 + [lints]
[INFO] [stderr] 48 + workspace = true
[INFO] [stderr]    |
[INFO] [stderr] help: to clarify your intent to not inherit, add:
[INFO] [stderr]    |
[INFO] [stderr] 46 ~ serde = ["dep:serde", "vertex-swarm-primitives/serde"]
[INFO] [stderr] 47 + [lints]
[INFO] [stderr]    |
[INFO] [stderr] warning: `vertex-swarm-api` (manifest) generated 1 warning
[INFO] [stderr] warning: missing `[lints]` to inherit `[workspace.lints]`
[INFO] [stderr]   --> crates/swarm/peers/peer-manager/Cargo.toml
[INFO] [stderr]    = note: `cargo::missing_lints_inheritance` is set to `warn` by default
[INFO] [stderr] help: to inherit `workspace.lints, add:
[INFO] [stderr]    |
[INFO] [stderr] 53 ~ vertex-storage-redb = { workspace = true }
[INFO] [stderr] 54 + [lints]
[INFO] [stderr] 55 + workspace = true
[INFO] [stderr]    |
[INFO] [stderr] help: to clarify your intent to not inherit, add:
[INFO] [stderr]    |
[INFO] [stderr] 53 ~ vertex-storage-redb = { workspace = true }
[INFO] [stderr] 54 + [lints]
[INFO] [stderr]    |
[INFO] [stderr] warning: `vertex-swarm-peer-manager` (manifest) generated 1 warning
[INFO] [stderr] warning: missing `[lints]` to inherit `[workspace.lints]`
[INFO] [stderr]   --> crates/swarm/accounting/pricing/Cargo.toml
[INFO] [stderr]    = note: `cargo::missing_lints_inheritance` is set to `warn` by default
[INFO] [stderr] help: to inherit `workspace.lints, add:
[INFO] [stderr]    |
[INFO] [stderr] 26 ~ cli = ["clap", "serde"]
[INFO] [stderr] 27 + [lints]
[INFO] [stderr] 28 + workspace = true
[INFO] [stderr]    |
[INFO] [stderr] help: to clarify your intent to not inherit, add:
[INFO] [stderr]    |
[INFO] [stderr] 26 ~ cli = ["clap", "serde"]
[INFO] [stderr] 27 + [lints]
[INFO] [stderr]    |
[INFO] [stderr] warning: `vertex-swarm-accounting-pricing` (manifest) generated 1 warning
[INFO] [stderr] warning: missing `[lints]` to inherit `[workspace.lints]`
[INFO] [stderr]   --> crates/swarm/accounting/pseudosettle/Cargo.toml
[INFO] [stderr]    = note: `cargo::missing_lints_inheritance` is set to `warn` by default
[INFO] [stderr] help: to inherit `workspace.lints, add:
[INFO] [stderr]    |
[INFO] [stderr] 32 ~ std = []
[INFO] [stderr] 33 + [lints]
[INFO] [stderr] 34 + workspace = true
[INFO] [stderr]    |
[INFO] [stderr] help: to clarify your intent to not inherit, add:
[INFO] [stderr]    |
[INFO] [stderr] 32 ~ std = []
[INFO] [stderr] 33 + [lints]
[INFO] [stderr]    |
[INFO] [stderr] warning: `vertex-swarm-accounting-pseudosettle` (manifest) generated 1 warning
[INFO] [stderr] warning: missing `[lints]` to inherit `[workspace.lints]`
[INFO] [stderr]   --> crates/swarm/accounting/core/Cargo.toml
[INFO] [stderr]    = note: `cargo::missing_lints_inheritance` is set to `warn` by default
[INFO] [stderr] help: to inherit `workspace.lints, add:
[INFO] [stderr]    |
[INFO] [stderr] 33 ~ cli = ["dep:clap", "dep:serde", "vertex-swarm-accounting-pricing/cli"]
[INFO] [stderr] 34 + [lints]
[INFO] [stderr] 35 + workspace = true
[INFO] [stderr]    |
[INFO] [stderr] help: to clarify your intent to not inherit, add:
[INFO] [stderr]    |
[INFO] [stderr] 33 ~ cli = ["dep:clap", "dep:serde", "vertex-swarm-accounting-pricing/cli"]
[INFO] [stderr] 34 + [lints]
[INFO] [stderr]    |
[INFO] [stderr] warning: `vertex-swarm-accounting` (manifest) generated 1 warning
[INFO] running `Command { std: "docker" "create" "-v" "/var/lib/crater-agent-workspace/builds/worker-7-tc2/source:/opt/rustwide/workdir:ro,Z" "-v" "/var/lib/crater-agent-workspace/builds/worker-7-tc2/target:/opt/rustwide/target:rw,Z" "-v" "/var/lib/crater-agent-workspace/cargo-home:/opt/rustwide/cargo-home:ro,Z" "-v" "/var/lib/crater-agent-workspace/rustup-home:/opt/rustwide/rustup-home:ro,Z" "-m" "1610612736" "--network" "none" "ghcr.io/rust-lang/crates-build-env/linux@sha256:3111399a4047eeb3a02b7a90e478d715f38a8c6669b5c4b49d30a17385265909" "sleep" "infinity", kill_on_drop: false }`
[INFO] [stdout] b2523773186196330c1af7d886b8ac0fea30adb1bbfa8fa4ba4804181bf7b764
[INFO] running `Command { std: "docker" "start" "b2523773186196330c1af7d886b8ac0fea30adb1bbfa8fa4ba4804181bf7b764", kill_on_drop: false }`
[INFO] running `Command { std: "docker" "inspect" "b2523773186196330c1af7d886b8ac0fea30adb1bbfa8fa4ba4804181bf7b764", kill_on_drop: false }`
[INFO] running `Command { std: "docker" "exec" "-e" "SOURCE_DIR=/opt/rustwide/workdir" "-e" "CARGO_HOME=/opt/rustwide/cargo-home" "-e" "RUSTUP_HOME=/opt/rustwide/rustup-home" "-e" "CARGO_TARGET_DIR=/opt/rustwide/target" "-w" "/opt/rustwide/workdir" "--user" "0:0" "b2523773186196330c1af7d886b8ac0fea30adb1bbfa8fa4ba4804181bf7b764" "/opt/rustwide/cargo-home/bin/cargo" "+5b237c915528dadada3f674b90c7c80368b632be" "metadata" "--no-deps" "--format-version=1", kill_on_drop: false }`
[INFO] running `Command { std: "docker" "inspect" "b2523773186196330c1af7d886b8ac0fea30adb1bbfa8fa4ba4804181bf7b764", kill_on_drop: false }`
[INFO] running `Command { std: "docker" "exec" "-e" "SOURCE_DIR=/opt/rustwide/workdir" "-e" "CARGO_HOME=/opt/rustwide/cargo-home" "-e" "RUSTUP_HOME=/opt/rustwide/rustup-home" "-e" "CARGO_TARGET_DIR=/opt/rustwide/target" "-e" "CARGO_INCREMENTAL=0" "-e" "RUST_BACKTRACE=full" "-e" "RUSTFLAGS=--cap-lints=forbid" "-e" "RUSTDOCFLAGS=--cap-lints=forbid" "-w" "/opt/rustwide/workdir" "--user" "0:0" "b2523773186196330c1af7d886b8ac0fea30adb1bbfa8fa4ba4804181bf7b764" "/opt/rustwide/cargo-home/bin/cargo" "+5b237c915528dadada3f674b90c7c80368b632be" "check" "--frozen" "--all" "--all-targets" "--message-format=json", kill_on_drop: false }`
[INFO] [stderr] warning: unused workspace dependency `anyhow`
[INFO] [stderr]   --> Cargo.toml:22:1
[INFO] [stderr]    |
[INFO] [stderr] 22 | anyhow = "1.0"
[INFO] [stderr]    | ^^^^^^
[INFO] [stderr]    |
[INFO] [stderr]    = note: `cargo::unused_workspace_dependencies` is set to `warn` by default
[INFO] [stderr] help: consider removing the workspace dependency `anyhow`
[INFO] [stderr] warning: unused workspace dependency `assert_matches`
[INFO] [stderr]   --> Cargo.toml:24:1
[INFO] [stderr]    |
[INFO] [stderr] 24 | assert_matches = "1.5.0"
[INFO] [stderr]    | ^^^^^^^^^^^^^^
[INFO] [stderr]    |
[INFO] [stderr] help: consider removing the workspace dependency `assert_matches`
[INFO] [stderr] warning: unused workspace dependency `base64`
[INFO] [stderr]    --> Cargo.toml:122:25
[INFO] [stderr]     |
[INFO] [stderr] 122 | [workspace.dependencies.base64]
[INFO] [stderr]     |                         ^^^^^^
[INFO] [stderr]     |
[INFO] [stderr] help: consider removing the workspace dependency `base64`
[INFO] [stderr] warning: unused workspace dependency `byteorder`
[INFO] [stderr]    --> Cargo.toml:127:25
[INFO] [stderr]     |
[INFO] [stderr] 127 | [workspace.dependencies.byteorder]
[INFO] [stderr]     |                         ^^^^^^^^^
[INFO] [stderr]     |
[INFO] [stderr] help: consider removing the workspace dependency `byteorder`
[INFO] [stderr] warning: unused workspace dependency `console_error_panic_hook`
[INFO] [stderr]   --> Cargo.toml:31:1
[INFO] [stderr]    |
[INFO] [stderr] 31 | console_error_panic_hook = "0.1"
[INFO] [stderr]    | ^^^^^^^^^^^^^^^^^^^^^^^^
[INFO] [stderr]    |
[INFO] [stderr] help: consider removing the workspace dependency `console_error_panic_hook`
[INFO] [stderr] warning: unused workspace dependency `critical-section`
[INFO] [stderr]    --> Cargo.toml:139:25
[INFO] [stderr]     |
[INFO] [stderr] 139 | [workspace.dependencies.critical-section]
[INFO] [stderr]     |                         ^^^^^^^^^^^^^^^^
[INFO] [stderr]     |
[INFO] [stderr] help: consider removing the workspace dependency `critical-section`
[INFO] [stderr] warning: unused workspace dependency `digest`
[INFO] [stderr]   --> Cargo.toml:33:1
[INFO] [stderr]    |
[INFO] [stderr] 33 | digest = "0.10"
[INFO] [stderr]    | ^^^^^^
[INFO] [stderr]    |
[INFO] [stderr] help: consider removing the workspace dependency `digest`
[INFO] [stderr] warning: unused workspace dependency `generic-array`
[INFO] [stderr]   --> Cargo.toml:38:1
[INFO] [stderr]    |
[INFO] [stderr] 38 | generic-array = "0.14"
[INFO] [stderr]    | ^^^^^^^^^^^^^
[INFO] [stderr]    |
[INFO] [stderr] help: consider removing the workspace dependency `generic-array`
[INFO] [stderr] warning: unused workspace dependency `nectar-mantaray`
[INFO] [stderr]    --> Cargo.toml:204:25
[INFO] [stderr]     |
[INFO] [stderr] 204 | [workspace.dependencies.nectar-mantaray]
[INFO] [stderr]     |                         ^^^^^^^^^^^^^^^
[INFO] [stderr]     |
[INFO] [stderr] help: consider removing the workspace dependency `nectar-mantaray`
[INFO] [stderr] warning: unused workspace dependency `nectar-postage-issuer`
[INFO] [stderr]    --> Cargo.toml:212:25
[INFO] [stderr]     |
[INFO] [stderr] 212 | [workspace.dependencies.nectar-postage-issuer]
[INFO] [stderr]     |                         ^^^^^^^^^^^^^^^^^^^^^
[INFO] [stderr]     |
[INFO] [stderr] help: consider removing the workspace dependency `nectar-postage-issuer`
[INFO] [stderr] warning: unused workspace dependency `nectar-postage-usage`
[INFO] [stderr]    --> Cargo.toml:216:25
[INFO] [stderr]     |
[INFO] [stderr] 216 | [workspace.dependencies.nectar-postage-usage]
[INFO] [stderr]     |                         ^^^^^^^^^^^^^^^^^^^^
[INFO] [stderr]     |
[INFO] [stderr] help: consider removing the workspace dependency `nectar-postage-usage`
[INFO] [stderr] warning: unused workspace dependency `proptest-derive`
[INFO] [stderr]   --> Cargo.toml:52:1
[INFO] [stderr]    |
[INFO] [stderr] 52 | proptest-derive = "0.5"
[INFO] [stderr]    | ^^^^^^^^^^^^^^^
[INFO] [stderr]    |
[INFO] [stderr] help: consider removing the workspace dependency `proptest-derive`
[INFO] [stderr] warning: unused workspace dependency `rayon`
[INFO] [stderr]   --> Cargo.toml:59:1
[INFO] [stderr]    |
[INFO] [stderr] 59 | rayon = "1.10"
[INFO] [stderr]    | ^^^^^
[INFO] [stderr]    |
[INFO] [stderr] help: consider removing the workspace dependency `rayon`
[INFO] [stderr] warning: unused workspace dependency `scopeguard`
[INFO] [stderr]   --> Cargo.toml:60:1
[INFO] [stderr]    |
[INFO] [stderr] 60 | scopeguard = "1.2"
[INFO] [stderr]    | ^^^^^^^^^^
[INFO] [stderr]    |
[INFO] [stderr] help: consider removing the workspace dependency `scopeguard`
[INFO] [stderr] warning: unused workspace dependency `thread_local`
[INFO] [stderr]   --> Cargo.toml:61:1
[INFO] [stderr]    |
[INFO] [stderr] 61 | thread_local = "1.1"
[INFO] [stderr]    | ^^^^^^^^^^^^
[INFO] [stderr]    |
[INFO] [stderr] help: consider removing the workspace dependency `thread_local`
[INFO] [stderr] warning: unused workspace dependency `tikv-jemalloc-sys`
[INFO] [stderr]    --> Cargo.toml:291:25
[INFO] [stderr]     |
[INFO] [stderr] 291 | [workspace.dependencies.tikv-jemalloc-sys]
[INFO] [stderr]     |                         ^^^^^^^^^^^^^^^^^
[INFO] [stderr]     |
[INFO] [stderr] help: consider removing the workspace dependency `tikv-jemalloc-sys`
[INFO] [stderr] warning: unused workspace dependency `tracing-wasm`
[INFO] [stderr]   --> Cargo.toml:69:1
[INFO] [stderr]    |
[INFO] [stderr] 69 | tracing-wasm = "0.2"
[INFO] [stderr]    | ^^^^^^^^^^^^
[INFO] [stderr]    |
[INFO] [stderr] help: consider removing the workspace dependency `tracing-wasm`
[INFO] [stderr] warning: unused workspace dependency `vertex-chain-index`
[INFO] [stderr]    --> Cargo.toml:310:25
[INFO] [stderr]     |
[INFO] [stderr] 310 | [workspace.dependencies.vertex-chain-index]
[INFO] [stderr]     |                         ^^^^^^^^^^^^^^^^^^
[INFO] [stderr]     |
[INFO] [stderr] help: consider removing the workspace dependency `vertex-chain-index`
[INFO] [stderr] warning: unused workspace dependency `vertex-ffi`
[INFO] [stderr]    --> Cargo.toml:313:25
[INFO] [stderr]     |
[INFO] [stderr] 313 | [workspace.dependencies.vertex-ffi]
[INFO] [stderr]     |                         ^^^^^^^^^^
[INFO] [stderr]     |
[INFO] [stderr] help: consider removing the workspace dependency `vertex-ffi`
[INFO] [stderr] warning: unused workspace dependency `web-sys`
[INFO] [stderr]   --> Cargo.toml:76:1
[INFO] [stderr]    |
[INFO] [stderr] 76 | web-sys = "0.3"
[INFO] [stderr]    | ^^^^^^^
[INFO] [stderr]    |
[INFO] [stderr] help: consider removing the workspace dependency `web-sys`
[INFO] [stderr] warning: workspace (manifest) generated 20 warnings
[INFO] [stderr] warning: missing `[lints]` to inherit `[workspace.lints]`
[INFO] [stderr]   --> crates/swarm/peers/peer-manager/Cargo.toml
[INFO] [stderr]    = note: `cargo::missing_lints_inheritance` is set to `warn` by default
[INFO] [stderr] help: to inherit `workspace.lints, add:
[INFO] [stderr]    |
[INFO] [stderr] 53 ~ vertex-storage-redb = { workspace = true }
[INFO] [stderr] 54 + [lints]
[INFO] [stderr] 55 + workspace = true
[INFO] [stderr]    |
[INFO] [stderr] help: to clarify your intent to not inherit, add:
[INFO] [stderr]    |
[INFO] [stderr] 53 ~ vertex-storage-redb = { workspace = true }
[INFO] [stderr] 54 + [lints]
[INFO] [stderr]    |
[INFO] [stderr] warning: `vertex-swarm-peer-manager` (manifest) generated 1 warning
[INFO] [stderr] warning: missing `[lints]` to inherit `[workspace.lints]`
[INFO] [stderr]   --> crates/swarm/accounting/pricing/Cargo.toml
[INFO] [stderr]    = note: `cargo::missing_lints_inheritance` is set to `warn` by default
[INFO] [stderr] help: to inherit `workspace.lints, add:
[INFO] [stderr]    |
[INFO] [stderr] 26 ~ cli = ["clap", "serde"]
[INFO] [stderr] 27 + [lints]
[INFO] [stderr] 28 + workspace = true
[INFO] [stderr]    |
[INFO] [stderr] help: to clarify your intent to not inherit, add:
[INFO] [stderr]    |
[INFO] [stderr] 26 ~ cli = ["clap", "serde"]
[INFO] [stderr] 27 + [lints]
[INFO] [stderr]    |
[INFO] [stderr] warning: `vertex-swarm-accounting-pricing` (manifest) generated 1 warning
[INFO] [stderr] warning: missing `[lints]` to inherit `[workspace.lints]`
[INFO] [stderr]   --> crates/swarm/accounting/pseudosettle/Cargo.toml
[INFO] [stderr]    = note: `cargo::missing_lints_inheritance` is set to `warn` by default
[INFO] [stderr] help: to inherit `workspace.lints, add:
[INFO] [stderr]    |
[INFO] [stderr] 32 ~ std = []
[INFO] [stderr] 33 + [lints]
[INFO] [stderr] 34 + workspace = true
[INFO] [stderr]    |
[INFO] [stderr] help: to clarify your intent to not inherit, add:
[INFO] [stderr]    |
[INFO] [stderr] 32 ~ std = []
[INFO] [stderr] 33 + [lints]
[INFO] [stderr]    |
[INFO] [stderr] warning: `vertex-swarm-accounting-pseudosettle` (manifest) generated 1 warning
[INFO] [stderr] warning: missing `[lints]` to inherit `[workspace.lints]`
[INFO] [stderr]   --> crates/rpc/server/Cargo.toml
[INFO] [stderr]    = note: `cargo::missing_lints_inheritance` is set to `warn` by default
[INFO] [stderr] help: to inherit `workspace.lints, add:
[INFO] [stderr]    |
[INFO] [stderr] 31 ~ std = []
[INFO] [stderr] 32 + [lints]
[INFO] [stderr] 33 + workspace = true
[INFO] [stderr]    |
[INFO] [stderr] help: to clarify your intent to not inherit, add:
[INFO] [stderr]    |
[INFO] [stderr] 31 ~ std = []
[INFO] [stderr] 32 + [lints]
[INFO] [stderr]    |
[INFO] [stderr] warning: `vertex-rpc-server` (manifest) generated 1 warning
[INFO] [stderr] warning: missing `[lints]` to inherit `[workspace.lints]`
[INFO] [stderr]   --> crates/swarm/api/Cargo.toml
[INFO] [stderr]    = note: `cargo::missing_lints_inheritance` is set to `warn` by default
[INFO] [stderr] help: to inherit `workspace.lints, add:
[INFO] [stderr]    |
[INFO] [stderr] 46 ~ serde = ["dep:serde", "vertex-swarm-primitives/serde"]
[INFO] [stderr] 47 + [lints]
[INFO] [stderr] 48 + workspace = true
[INFO] [stderr]    |
[INFO] [stderr] help: to clarify your intent to not inherit, add:
[INFO] [stderr]    |
[INFO] [stderr] 46 ~ serde = ["dep:serde", "vertex-swarm-primitives/serde"]
[INFO] [stderr] 47 + [lints]
[INFO] [stderr]    |
[INFO] [stderr] warning: `vertex-swarm-api` (manifest) generated 1 warning
[INFO] [stderr] warning: missing `[lints]` to inherit `[workspace.lints]`
[INFO] [stderr]   --> crates/rpc/core/Cargo.toml
[INFO] [stderr]    = note: `cargo::missing_lints_inheritance` is set to `warn` by default
[INFO] [stderr] help: to inherit `workspace.lints, add:
[INFO] [stderr]    |
[INFO] [stderr] 18 ~ std = []
[INFO] [stderr] 19 + [lints]
[INFO] [stderr] 20 + workspace = true
[INFO] [stderr]    |
[INFO] [stderr] help: to clarify your intent to not inherit, add:
[INFO] [stderr]    |
[INFO] [stderr] 18 ~ std = []
[INFO] [stderr] 19 + [lints]
[INFO] [stderr]    |
[INFO] [stderr] warning: `vertex-rpc-core` (manifest) generated 1 warning
[INFO] [stderr] warning: missing `[lints]` to inherit `[workspace.lints]`
[INFO] [stderr]   --> crates/swarm/accounting/core/Cargo.toml
[INFO] [stderr]    = note: `cargo::missing_lints_inheritance` is set to `warn` by default
[INFO] [stderr] help: to inherit `workspace.lints, add:
[INFO] [stderr]    |
[INFO] [stderr] 33 ~ cli = ["dep:clap", "dep:serde", "vertex-swarm-accounting-pricing/cli"]
[INFO] [stderr] 34 + [lints]
[INFO] [stderr] 35 + workspace = true
[INFO] [stderr]    |
[INFO] [stderr] help: to clarify your intent to not inherit, add:
[INFO] [stderr]    |
[INFO] [stderr] 33 ~ cli = ["dep:clap", "dep:serde", "vertex-swarm-accounting-pricing/cli"]
[INFO] [stderr] 34 + [lints]
[INFO] [stderr]    |
[INFO] [stderr] warning: `vertex-swarm-accounting` (manifest) generated 1 warning
[INFO] [stderr] warning: missing `[lints]` to inherit `[workspace.lints]`
[INFO] [stderr]   --> bin/vertex/Cargo.toml
[INFO] [stderr]    = note: `cargo::missing_lints_inheritance` is set to `warn` by default
[INFO] [stderr] help: to inherit `workspace.lints, add:
[INFO] [stderr]    |
[INFO] [stderr] 90 ~ tempfile = "3"
[INFO] [stderr] 91 + [lints]
[INFO] [stderr] 92 + workspace = true
[INFO] [stderr]    |
[INFO] [stderr] help: to clarify your intent to not inherit, add:
[INFO] [stderr]    |
[INFO] [stderr] 90 ~ tempfile = "3"
[INFO] [stderr] 91 + [lints]
[INFO] [stderr]    |
[INFO] [stderr] warning: `vertex` (manifest) generated 1 warning
[INFO] [stderr] warning: missing `[lints]` to inherit `[workspace.lints]`
[INFO] [stderr]   --> crates/swarm/rpc/Cargo.toml
[INFO] [stderr]    = note: `cargo::missing_lints_inheritance` is set to `warn` by default
[INFO] [stderr] help: to inherit `workspace.lints, add:
[INFO] [stderr]    |
[INFO] [stderr] 40 ~ std = []
[INFO] [stderr] 41 + [lints]
[INFO] [stderr] 42 + workspace = true
[INFO] [stderr]    |
[INFO] [stderr] help: to clarify your intent to not inherit, add:
[INFO] [stderr]    |
[INFO] [stderr] 40 ~ std = []
[INFO] [stderr] 41 + [lints]
[INFO] [stderr]    |
[INFO] [stderr] warning: `vertex-swarm-rpc` (manifest) generated 1 warning
[INFO] [stderr]    Compiling serde_core v1.0.228
[INFO] [stderr]    Compiling portable-atomic v1.13.1
[INFO] [stderr]    Compiling serde v1.0.228
[INFO] [stderr]     Checking memchr v2.8.1
[INFO] [stderr]    Compiling libc v0.2.186
[INFO] [stderr]    Compiling zerocopy v0.8.52
[INFO] [stderr]     Checking log v0.4.32
[INFO] [stderr]    Compiling zerocopy-derive v0.8.52
[INFO] [stderr]    Compiling zeroize_derive v1.4.3
[INFO] [stderr]    Compiling generic-array v0.14.9
[INFO] [stderr]     Checking getrandom v0.2.17
[INFO] [stderr]     Checking getrandom v0.3.4
[INFO] [stderr]     Checking errno v0.3.14
[INFO] [stderr]     Checking signal-hook-registry v1.4.8
[INFO] [stderr]     Checking rand_core v0.6.4
[INFO] [stderr]     Checking rand_core v0.9.5
[INFO] [stderr]     Checking mio v1.2.1
[INFO] [stderr]     Checking socket2 v0.6.4
[INFO] [stderr]     Checking zeroize v1.8.2
[INFO] [stderr]     Checking bitflags v2.13.0
[INFO] [stderr]     Checking futures-util v0.3.32
[INFO] [stderr]     Checking base64ct v1.8.3
[INFO] [stderr]    Compiling num-traits v0.2.19
[INFO] [stderr]    Compiling getrandom v0.4.2
[INFO] [stderr]     Checking pem-rfc7468 v0.7.0
[INFO] [stderr]     Checking ff v0.13.1
[INFO] [stderr]    Compiling jobserver v0.1.34
[INFO] [stderr]     Checking der v0.7.10
[INFO] [stderr]     Checking crypto-common v0.1.6
[INFO] [stderr]     Checking block-buffer v0.10.4
[INFO] [stderr]     Checking group v0.13.0
[INFO] [stderr]     Checking digest v0.10.7
[INFO] [stderr]    Compiling cc v1.2.63
[INFO] [stderr]     Checking crypto-bigint v0.5.5
[INFO] [stderr]     Checking hmac v0.12.1
[INFO] [stderr]     Checking signature v2.2.0
[INFO] [stderr]     Checking sha2 v0.10.9
[INFO] [stderr]     Checking rfc6979 v0.4.0
[INFO] [stderr]     Checking regex-syntax v0.8.10
[INFO] [stderr]     Checking zerofrom v0.1.8
[INFO] [stderr]     Checking yoke v0.8.3
[INFO] [stderr]     Checking spki v0.7.3
[INFO] [stderr]     Checking zerovec v0.11.6
[INFO] [stderr]     Checking pkcs8 v0.10.2
[INFO] [stderr]     Checking sec1 v0.7.3
[INFO] [stderr]    Compiling displaydoc v0.2.6
[INFO] [stderr]     Checking hashbrown v0.17.1
[INFO] [stderr]     Checking elliptic-curve v0.13.8
[INFO] [stderr]     Checking web-time v1.1.0
[INFO] [stderr]     Checking tinystr v0.8.3
[INFO] [stderr]    Compiling anyhow v1.0.102
[INFO] [stderr]     Checking icu_locale_core v2.2.0
[INFO] [stderr]     Checking zerotrie v0.2.4
[INFO] [stderr]     Checking futures-executor v0.3.32
[INFO] [stderr]     Checking ecdsa v0.16.9
[INFO] [stderr]     Checking bytes v1.11.1
[INFO] [stderr]     Checking smallvec v1.15.2
[INFO] [stderr]     Checking parking_lot_core v0.9.12
[INFO] [stderr]     Checking futures v0.3.32
[INFO] [stderr]     Checking either v1.16.0
[INFO] [stderr]     Checking potential_utf v0.1.5
[INFO] [stderr]     Checking parking_lot v0.12.5
[INFO] [stderr]    Compiling rustix v1.1.4
[INFO] [stderr]     Checking icu_collections v2.2.0
[INFO] [stderr]     Checking linux-raw-sys v0.12.1
[INFO] [stderr]     Checking indexmap v2.14.0
[INFO] [stderr]     Checking icu_provider v2.2.0
[INFO] [stderr]     Checking once_cell v1.21.4
[INFO] [stderr]     Checking tracing-core v0.1.36
[INFO] [stderr]     Checking tokio v1.52.3
[INFO] [stderr]     Checking http v1.4.2
[INFO] [stderr]     Checking icu_properties v2.2.0
[INFO] [stderr]     Checking icu_normalizer v2.2.0
[INFO] [stderr]     Checking tracing v0.1.44
[INFO] [stderr]    Compiling itertools v0.13.0
[INFO] [stderr]    Compiling pin-project-internal v1.1.13
[INFO] [stderr]    Compiling serde_json v1.0.150
[INFO] [stderr]     Checking ipnet v2.12.0
[INFO] [stderr]     Checking wait-timeout v0.2.1
[INFO] [stderr]     Checking rand_xorshift v0.4.0
[INFO] [stderr]     Checking hybrid-array v0.4.12
[INFO] [stderr]     Checking idna_adapter v1.2.2
[INFO] [stderr]     Checking idna v1.1.0
[INFO] [stderr]     Checking pin-project v1.1.13
[INFO] [stderr]    Compiling derive_arbitrary v1.4.2
[INFO] [stderr]     Checking url v2.5.8
[INFO] [stderr]    Compiling sha3-asm v0.1.7
[INFO] [stderr]    Compiling alloy-rlp-derive v0.3.15
[INFO] [stderr]     Checking arrayvec v0.7.6
[INFO] [stderr]     Checking arbitrary v1.4.2
[INFO] [stderr]     Checking crypto-common v0.2.2
[INFO] [stderr]     Checking block-buffer v0.12.0
[INFO] [stderr]     Checking http-body v1.0.1
[INFO] [stderr]     Checking alloy-rlp v0.3.15
[INFO] [stderr]    Compiling ruint-macro v1.2.1
[INFO] [stderr]    Compiling derive_more-impl v2.1.1
[INFO] [stderr]     Checking keccak v0.2.0
[INFO] [stderr]     Checking keccak-asm v0.1.7
[INFO] [stderr]     Checking k256 v0.13.4
[INFO] [stderr]     Checking const-hex v1.19.1
[INFO] [stderr]     Checking digest v0.11.3
[INFO] [stderr]    Compiling proptest-derive v0.8.0
[INFO] [stderr]     Checking sha3 v0.11.0
[INFO] [stderr]     Checking rustc-hash v2.1.2
[INFO] [stderr]    Compiling strum_macros v0.28.0
[INFO] [stderr]     Checking http-body-util v0.1.3
[INFO] [stderr]     Checking ppv-lite86 v0.2.21
[INFO] [stderr]     Checking crossbeam-epoch v0.9.20
[INFO] [stderr]    Compiling prost-derive v0.14.4
[INFO] [stderr]     Checking tempfile v3.27.0
[INFO] [stderr]    Compiling wasm-bindgen-shared v0.2.108
[INFO] [stderr]     Checking rusty-fork v0.3.1
[INFO] [stderr]     Checking rand_chacha v0.9.0
[INFO] [stderr]     Checking rand_chacha v0.3.1
[INFO] [stderr]     Checking rand v0.9.4
[INFO] [stderr]    Compiling bumpalo v3.20.3
[INFO] [stderr]     Checking rand v0.8.6
[INFO] [stderr]    Compiling wasm-bindgen-macro-support v0.2.108
[INFO] [stderr]    Compiling wasm-bindgen v0.2.108
[INFO] [stderr]     Checking proptest v1.11.0
[INFO] [stderr]     Checking unsigned-varint v0.8.0
[INFO] [stderr]     Checking chacha20 v0.10.0
[INFO] [stderr]     Checking rand v0.10.1
[INFO] [stderr]     Checking prost v0.14.4
[INFO] [stderr]     Checking tokio-util v0.7.18
[INFO] [stderr]    Compiling curve25519-dalek-derive v0.1.1
[INFO] [stderr]     Checking strum v0.28.0
[INFO] [stderr]    Compiling data-encoding v2.11.0
[INFO] [stderr]     Checking send_wrapper v0.4.0
[INFO] [stderr]     Checking primeorder v0.13.6
[INFO] [stderr]     Checking curve25519-dalek v4.1.3
[INFO] [stderr]     Checking h2 v0.4.14
[INFO] [stderr]     Checking ed25519 v2.2.3
[INFO] [stderr]    Compiling match-lookup v0.1.2
[INFO] [stderr]    Compiling data-encoding-macro-internal v0.1.18
[INFO] [stderr]     Checking const-str v0.4.3
[INFO] [stderr]     Checking base256emoji v1.0.2
[INFO] [stderr]     Checking data-encoding-macro v0.1.20
[INFO] [stderr]     Checking p256 v0.13.2
[INFO] [stderr]     Checking ed25519-dalek v2.2.0
[INFO] [stderr]     Checking vertex-util-runtime v0.1.0 (/opt/rustwide/workdir/crates/util/runtime)
[INFO] [stderr]     Checking multihash v0.19.5
[INFO] [stderr]    Compiling syn-solidity v1.6.0
[INFO] [stderr]     Checking hkdf v0.12.4
[INFO] [stderr]    Compiling wasm-bindgen-macro v0.2.108
[INFO] [stderr]     Checking rapidhash v4.4.1
[INFO] [stderr]    Compiling macro-string v0.2.0
[INFO] [stderr]     Checking base-x v0.2.11
[INFO] [stderr]     Checking ruint v1.18.0
[INFO] [stderr]     Checking metrics v0.24.6
[INFO] [stderr]     Checking multibase v0.9.2
[INFO] [stderr]     Checking libp2p-identity v0.2.14
[INFO] [stderr]    Compiling proc-macro-error2 v2.0.1
[INFO] [stderr]     Checking multiaddr v0.18.2
[INFO] [stderr]     Checking rw-stream-sink v0.5.0 (https://github.com/nxm-rs/rust-libp2p?rev=fd9cc0d989000d5f68c36e2a53bb10d8a3b3edeb#fd9cc0d9)
[INFO] [stderr]     Checking js-sys v0.3.85
[INFO] [stderr]     Checking multistream-select v0.14.0 (https://github.com/nxm-rs/rust-libp2p?rev=fd9cc0d989000d5f68c36e2a53bb10d8a3b3edeb#fd9cc0d9)
[INFO] [stderr]     Checking derive_more v2.1.1
[INFO] [stderr]     Checking vertex-metrics v0.1.0 (/opt/rustwide/workdir/crates/metrics)
[INFO] [stderr]     Checking nybbles v0.4.8
[INFO] [stderr]     Checking alloy-primitives v1.6.0
[INFO] [stderr]     Checking hashlink v0.11.1
[INFO] [stderr]    Compiling libp2p-swarm-derive v0.36.0 (https://github.com/nxm-rs/rust-libp2p?rev=fd9cc0d989000d5f68c36e2a53bb10d8a3b3edeb#fd9cc0d9)
[INFO] [stderr]     Checking asynchronous-codec v0.7.0
[INFO] [stderr]     Checking uuid v1.23.2
[INFO] [stderr]     Checking winnow v1.0.3
[INFO] [stderr]    Compiling nix v0.30.1
[INFO] [stderr]     Checking netlink-packet-core v0.8.1
[INFO] [stderr]     Checking futures-utils-wasm v0.1.0
[INFO] [stderr]     Checking netlink-sys v0.8.8
[INFO] [stderr]     Checking alloy-eip2124 v0.2.0
[INFO] [stderr]     Checking hyper v1.10.1
[INFO] [stderr]     Checking alloy-serde v2.0.5
[INFO] [stderr]     Checking alloy-eip7928 v0.3.7
[INFO] [stderr]    Compiling alloy-sol-macro-input v1.6.0
[INFO] [stderr]     Checking alloy-eip7702 v0.6.3
[INFO] [stderr]    Compiling alloy-sol-macro-expander v1.6.0
[INFO] [stderr]     Checking alloy-eip2930 v0.2.3
[INFO] [stderr]     Checking alloy-trie v0.9.5
[INFO] [stderr]     Checking alloy-sol-type-parser v1.6.0
[INFO] [stderr]     Checking tinyvec v1.11.0
[INFO] [stderr]    Compiling darling_core v0.23.0
[INFO] [stderr]     Checking alloy-json-abi v1.6.0
[INFO] [stderr]     Checking netlink-proto v0.12.0
[INFO] [stderr]     Checking gloo-timers v0.2.6
[INFO] [stderr]     Checking netlink-packet-route v0.28.0
[INFO] [stderr]     Checking futures-timer v3.0.3
[INFO] [stderr]     Checking prefix-trie v0.8.4
[INFO] [stderr]     Checking futures-bounded v0.3.0
[INFO] [stderr]    Compiling ring v0.17.14
[INFO] [stderr]     Checking hyper-util v0.1.20
[INFO] [stderr]     Checking libp2p-timer v0.1.0 (https://github.com/nxm-rs/rust-libp2p?rev=fd9cc0d989000d5f68c36e2a53bb10d8a3b3edeb#fd9cc0d9)
[INFO] [stderr]     Checking libp2p-core v0.44.0 (https://github.com/nxm-rs/rust-libp2p?rev=fd9cc0d989000d5f68c36e2a53bb10d8a3b3edeb#fd9cc0d9)
[INFO] [stderr]     Checking inout v0.1.4
[INFO] [stderr]     Checking hickory-proto v0.26.1
[INFO] [stderr]     Checking cipher v0.4.4
[INFO] [stderr]     Checking libp2p-swarm v0.48.0 (https://github.com/nxm-rs/rust-libp2p?rev=fd9cc0d989000d5f68c36e2a53bb10d8a3b3edeb#fd9cc0d9)
[INFO] [stderr]     Checking prost-codec v0.4.0 (https://github.com/nxm-rs/rust-libp2p?rev=fd9cc0d989000d5f68c36e2a53bb10d8a3b3edeb#fd9cc0d9)
[INFO] [stderr]     Checking crossbeam-deque v0.8.6
[INFO] [stderr]     Checking nohash-hasher v0.2.0
[INFO] [stderr]     Checking rayon-core v1.13.0
[INFO] [stderr]    Compiling snow v0.9.6
[INFO] [stderr]     Checking crossbeam-channel v0.5.15
[INFO] [stderr]     Checking xml-rs v0.8.28
[INFO] [stderr]     Checking tagptr v0.2.0
[INFO] [stderr]     Checking hickory-net v0.26.1
[INFO] [stderr]    Compiling alloy-sol-macro v1.6.0
[INFO] [stderr]     Checking moka v0.12.15
[INFO] [stderr]     Checking xmltree v0.10.3
[INFO] [stderr]     Checking rayon v1.12.0
[INFO] [stderr]    Compiling darling_macro v0.23.0
[INFO] [stderr]     Checking alloy-sol-types v1.6.0
[INFO] [stderr]     Checking yamux v0.13.10
[INFO] [stderr]    Compiling darling v0.23.0
[INFO] [stderr]    Compiling serde_with_macros v3.21.0
[INFO] [stderr]    Compiling alloy-tx-macros v2.0.5
[INFO] [stderr]     Checking yamux v0.12.1
[INFO] [stderr]     Checking attohttpc v0.30.1
[INFO] [stderr]     Checking serde_with v3.21.0
[INFO] [stderr]     Checking resolv-conf v0.7.6
[INFO] [stderr]     Checking igd-next v0.17.1
[INFO] [stderr]     Checking hickory-resolver v0.26.1
[INFO] [stderr]     Checking libp2p-yamux v0.48.0 (https://github.com/nxm-rs/rust-libp2p?rev=fd9cc0d989000d5f68c36e2a53bb10d8a3b3edeb#fd9cc0d9)
[INFO] [stderr]     Checking libp2p-request-response v0.30.0 (https://github.com/nxm-rs/rust-libp2p?rev=fd9cc0d989000d5f68c36e2a53bb10d8a3b3edeb#fd9cc0d9)
[INFO] [stderr]     Checking libp2p-plaintext v0.44.0 (https://github.com/nxm-rs/rust-libp2p?rev=fd9cc0d989000d5f68c36e2a53bb10d8a3b3edeb#fd9cc0d9)
[INFO] [stderr]     Checking rtnetlink v0.20.0
[INFO] [stderr]     Checking salsa20 v0.10.2
[INFO] [stderr]     Checking x25519-dalek v2.0.1
[INFO] [stderr]     Checking pbkdf2 v0.11.0
[INFO] [stderr]     Checking keccak v0.1.6
[INFO] [stderr]     Checking scrypt v0.10.0
[INFO] [stderr]     Checking libp2p-autonat v0.16.0 (https://github.com/nxm-rs/rust-libp2p?rev=fd9cc0d989000d5f68c36e2a53bb10d8a3b3edeb#fd9cc0d9)
[INFO] [stderr]     Checking libp2p-upnp v0.7.0 (https://github.com/nxm-rs/rust-libp2p?rev=fd9cc0d989000d5f68c36e2a53bb10d8a3b3edeb#fd9cc0d9)
[INFO] [stderr]     Checking sha3 v0.10.9
[INFO] [stderr]     Checking libp2p-dns v0.45.0 (https://github.com/nxm-rs/rust-libp2p?rev=fd9cc0d989000d5f68c36e2a53bb10d8a3b3edeb#fd9cc0d9)
[INFO] [stderr]     Checking libp2p-allow-block-list v0.7.0 (https://github.com/nxm-rs/rust-libp2p?rev=fd9cc0d989000d5f68c36e2a53bb10d8a3b3edeb#fd9cc0d9)
[INFO] [stderr]     Checking if-watch v3.2.2
[INFO] [stderr]     Checking libp2p-tcp v0.45.0 (https://github.com/nxm-rs/rust-libp2p?rev=fd9cc0d989000d5f68c36e2a53bb10d8a3b3edeb#fd9cc0d9)
[INFO] [stderr]     Checking libp2p-mdns v0.49.0 (https://github.com/nxm-rs/rust-libp2p?rev=fd9cc0d989000d5f68c36e2a53bb10d8a3b3edeb#fd9cc0d9)
[INFO] [stderr]     Checking libp2p-ping v0.48.0 (https://github.com/nxm-rs/rust-libp2p?rev=fd9cc0d989000d5f68c36e2a53bb10d8a3b3edeb#fd9cc0d9)
[INFO] [stderr]     Checking libp2p-identify v0.48.0 (https://github.com/nxm-rs/rust-libp2p?rev=fd9cc0d989000d5f68c36e2a53bb10d8a3b3edeb#fd9cc0d9)
[INFO] [stderr]     Checking alloy-json-rpc v2.0.5
[INFO] [stderr]     Checking alloy-dyn-abi v1.6.0
[INFO] [stderr]     Checking libp2p-noise v0.47.0 (https://github.com/nxm-rs/rust-libp2p?rev=fd9cc0d989000d5f68c36e2a53bb10d8a3b3edeb#fd9cc0d9)
[INFO] [stderr]     Checking libp2p-connection-limits v0.7.0 (https://github.com/nxm-rs/rust-libp2p?rev=fd9cc0d989000d5f68c36e2a53bb10d8a3b3edeb#fd9cc0d9)
[INFO] [stderr]     Checking ctr v0.9.2
[INFO] [stderr]     Checking aes v0.8.4
[INFO] [stderr]     Checking uuid v0.8.2
[INFO] [stderr]     Checking keccak-batch v0.1.0
[INFO] [stderr]     Checking aho-corasick v1.1.4
[INFO] [stderr]     Checking libp2p v0.57.0 (https://github.com/nxm-rs/rust-libp2p?rev=fd9cc0d989000d5f68c36e2a53bb10d8a3b3edeb#fd9cc0d9)
[INFO] [stderr]     Checking alloy-eips v2.0.5
[INFO] [stderr]     Checking vertex-tasks v0.1.0 (/opt/rustwide/workdir/crates/tasks)
[INFO] [stderr]    Compiling strum_macros v0.27.2
[INFO] [stderr]     Checking eth-keystore v0.5.0
[INFO] [stderr]    Compiling num_enum_derive v0.7.6
[INFO] [stderr]     Checking alloy-signer v2.0.5
[INFO] [stderr]     Checking indenter v0.3.4
[INFO] [stderr]     Checking eyre v0.6.12
[INFO] [stderr]     Checking vertex-node-api v0.1.0 (/opt/rustwide/workdir/crates/node/api)
[INFO] [stderr]     Checking time v0.3.47
[INFO] [stderr]     Checking opentelemetry v0.31.0
[INFO] [stderr]     Checking tracing-log v0.2.0
[INFO] [stderr]     Checking regex-automata v0.4.14
[INFO] [stderr]     Checking tracing-serde v0.2.0
[INFO] [stderr]     Checking quick-protobuf v0.8.1
[INFO] [stderr]     Checking num_enum v0.7.6
[INFO] [stderr]    Compiling atty v0.2.14
[INFO] [stderr]    Compiling quick-error v1.2.3
[INFO] [stderr]    Compiling textwrap v0.11.0
[INFO] [stderr]    Compiling humantime v1.3.0
[INFO] [stderr]    Compiling strsim v0.8.0
[INFO] [stderr]    Compiling vec_map v0.8.2
[INFO] [stderr]     Checking alloy-consensus v2.0.5
[INFO] [stderr]    Compiling ansi_term v0.12.1
[INFO] [stderr]    Compiling nom v7.1.3
[INFO] [stderr]     Checking clap_builder v4.6.0
[INFO] [stderr]    Compiling clap v2.34.0
[INFO] [stderr]     Checking strum v0.27.2
[INFO] [stderr]     Checking alloy-chains v0.2.34
[INFO] [stderr]     Checking quick-protobuf-codec v0.3.1
[INFO] [stderr]    Compiling clap_derive v4.6.1
[INFO] [stderr]     Checking nectar-swarms v0.4.0 (https://github.com/nxm-rs/nectar?rev=ef89a5df57178fb96f86544c05e14a6b7c0b34d9#ef89a5df)
[INFO] [stderr]     Checking vertex-swarm-forks v0.1.0 (/opt/rustwide/workdir/crates/swarm/forks)
[INFO] [stderr]     Checking alloy-consensus-any v2.0.5
[INFO] [stderr]     Checking alloy-network-primitives v2.0.5
[INFO] [stderr]     Checking matchers v0.2.0
[INFO] [stderr]     Checking tracing-subscriber v0.3.23
[INFO] [stderr]     Checking tokio-stream v0.1.18
[INFO] [stderr]     Checking nectar-contracts v0.4.0 (https://github.com/nxm-rs/nectar?rev=ef89a5df57178fb96f86544c05e14a6b7c0b34d9#ef89a5df)
[INFO] [stderr]     Checking alloy-rpc-types-eth v2.0.5
[INFO] [stderr]     Checking toml_datetime v0.6.11
[INFO] [stderr]     Checking serde_spanned v0.6.9
[INFO] [stderr]     Checking vertex-net-codec v0.1.0 (/opt/rustwide/workdir/crates/net/codec)
[INFO] [stderr]     Checking toml_edit v0.22.27
[INFO] [stderr]     Checking humansize v2.1.3
[INFO] [stderr]     Checking hashbrown v0.14.5
[INFO] [stderr]     Checking vertex-net-ratelimiter v0.1.0 (/opt/rustwide/workdir/crates/net/ratelimiter)
[INFO] [stderr]    Compiling regex v1.12.3
[INFO] [stderr]     Checking clap v4.6.1
[INFO] [stderr]     Checking vertex-net-local v0.1.0 (/opt/rustwide/workdir/crates/net/local)
[INFO] [stderr]     Checking dashmap v6.2.1
[INFO] [stderr]     Checking tracing-opentelemetry v0.32.1
[INFO] [stderr]    Compiling env_logger v0.7.1
[INFO] [stderr]     Checking vertex-swarm-accounting-chequebook v0.1.0 (/opt/rustwide/workdir/crates/swarm/accounting/chequebook)
[INFO] [stderr]     Checking toml v0.8.23
[INFO] [stderr]     Checking vertex-swarm-net-handler-core v0.1.0 (/opt/rustwide/workdir/crates/swarm/net/handler-core)
[INFO] [stderr]    Compiling pb-rs v0.10.0
[INFO] [stderr]     Checking vertex-net-peer-registry v0.1.0 (/opt/rustwide/workdir/crates/net/peer/registry)
[INFO] [stderr]     Checking futures-bounded v0.2.4
[INFO] [stderr]     Checking vertex-net-utils v0.1.0 (/opt/rustwide/workdir/crates/net/utils)
[INFO] [stderr]     Checking vertex-net-peer-score v0.1.0 (/opt/rustwide/workdir/crates/net/peer/score)
[INFO] [stderr]     Checking vertex-net-peer-store v0.1.0 (/opt/rustwide/workdir/crates/net/peer/store)
[INFO] [stderr]     Checking vertex-store v0.1.0 (/opt/rustwide/workdir/crates/store)
[INFO] [stderr]     Checking vertex-net-peer-backoff v0.1.0 (/opt/rustwide/workdir/crates/net/peer/backoff)
[INFO] [stderr]     Checking vertex-swarm-net-identify v0.1.0 (/opt/rustwide/workdir/crates/swarm/net/identify)
[INFO] [stderr]     Checking vertex-net-dialer v0.1.0 (/opt/rustwide/workdir/crates/net/dialer)
[INFO] [stderr]     Checking vertex-net-dnsaddr v0.1.0 (/opt/rustwide/workdir/crates/net/dnsaddr)
[INFO] [stderr]     Checking libp2p-swarm-test v0.7.0 (https://github.com/nxm-rs/rust-libp2p?rev=fd9cc0d989000d5f68c36e2a53bb10d8a3b3edeb#fd9cc0d9)
[INFO] [stderr]     Checking proptest-arbitrary-interop v0.1.0
[INFO] [stderr]     Checking tower v0.5.3
[INFO] [stderr]    Compiling prost-derive v0.13.5
[INFO] [stderr]     Checking hyper-timeout v0.5.2
[INFO] [stderr]    Compiling prettyplease v0.2.37
[INFO] [stderr]     Checking alloy-rpc-types-any v2.0.5
[INFO] [stderr]     Checking alloy-network v2.0.5
[INFO] [stderr]    Compiling darling_core v0.20.11
[INFO] [stderr]    Compiling fastrand v2.4.1
[INFO] [stderr]    Compiling petgraph v0.7.1
[INFO] [stderr]     Checking alloy-signer-local v2.0.5
[INFO] [stderr]     Checking nectar-primitives v0.4.0 (https://github.com/nxm-rs/nectar?rev=ef89a5df57178fb96f86544c05e14a6b7c0b34d9#ef89a5df)
[INFO] [stderr]     Checking tower-http v0.6.11
[INFO] [stderr]    Compiling prost v0.13.5
[INFO] [stderr]    Compiling heapless v0.7.17
[INFO] [stderr]     Checking hash32 v0.2.1
[INFO] [stderr]    Compiling cmake v0.1.58
[INFO] [stderr]    Compiling vertex-swarm-net-proto v0.1.0 (/opt/rustwide/workdir/crates/swarm/net/proto)
[INFO] [stderr]    Compiling prost-types v0.13.5
[INFO] [stderr]    Compiling indexmap v1.9.3
[INFO] [stderr]     Checking spin v0.9.8
[INFO] [stderr]     Checking nectar-postage v0.4.0 (https://github.com/nxm-rs/nectar?rev=ef89a5df57178fb96f86544c05e14a6b7c0b34d9#ef89a5df)
[INFO] [stderr]     Checking vertex-storage v0.1.0 (/opt/rustwide/workdir/crates/storage)
[INFO] [stderr]    Compiling zstd-sys v2.0.16+zstd.1.5.7
[INFO] [stderr]    Compiling aws-lc-sys v0.41.0
[INFO] [stderr]     Checking vertex-swarm-primitives v0.1.0 (/opt/rustwide/workdir/crates/swarm/primitives)
[INFO] [stderr]     Checking vertex-swarm-postage v0.1.0 (/opt/rustwide/workdir/crates/swarm/postage)
[INFO] [stderr]     Checking vertex-swarm-api v0.1.0 (/opt/rustwide/workdir/crates/swarm/api)
[INFO] [stderr]     Checking vertex-swarm-net-headers v0.1.0 (/opt/rustwide/workdir/crates/swarm/net/headers)
[INFO] [stderr]     Checking nibble_vec v0.1.0
[INFO] [stderr]     Checking raw-cpuid v11.6.0
[INFO] [stderr]     Checking cobs v0.3.0
[INFO] [stderr]     Checking serde_urlencoded v0.7.1
[INFO] [stderr]     Checking postcard v1.1.3
[INFO] [stderr]     Checking vertex-swarm-net-pushsync v0.1.0 (/opt/rustwide/workdir/crates/swarm/net/pushsync)
[INFO] [stderr]     Checking vertex-swarm-net-swap v0.1.0 (/opt/rustwide/workdir/crates/swarm/net/swap)
[INFO] [stderr]     Checking vertex-swarm-net-pricing v0.1.0 (/opt/rustwide/workdir/crates/swarm/net/pricing)
[INFO] [stderr]     Checking vertex-swarm-net-retrieval v0.1.0 (/opt/rustwide/workdir/crates/swarm/net/retrieval)
[INFO] [stderr]     Checking vertex-swarm-net-pseudosettle v0.1.0 (/opt/rustwide/workdir/crates/swarm/net/pseudosettle)
[INFO] [stderr]     Checking vertex-swarm-spec v0.1.0 (/opt/rustwide/workdir/crates/swarm/spec)
[INFO] [stderr]     Checking vertex-swarm-net-pullsync v0.1.0 (/opt/rustwide/workdir/crates/swarm/net/pullsync)
[INFO] [stderr]     Checking vertex-swarm-peer-score v0.1.0 (/opt/rustwide/workdir/crates/swarm/peers/peer-score)
[INFO] [stderr]     Checking vertex-swarm-redistribution v0.1.0 (/opt/rustwide/workdir/crates/swarm/redistribution)
[INFO] [stderr]     Checking vertex-swarm-client-protocol v0.1.0 (/opt/rustwide/workdir/crates/swarm/client-protocol)
[INFO] [stderr]     Checking vertex-swarm-localstore v0.1.0 (/opt/rustwide/workdir/crates/swarm/localstore)
[INFO] [stderr]    Compiling darling_macro v0.20.11
[INFO] [stderr]    Compiling prost-build v0.13.5
[INFO] [stderr]     Checking vertex-swarm-client-behaviour v0.1.0 (/opt/rustwide/workdir/crates/swarm/client-behaviour)
[INFO] [stderr]    Compiling darling v0.20.11
[INFO] [stderr]     Checking vertex-swarm-peer v0.1.0 (/opt/rustwide/workdir/crates/swarm/peers/peer)
[INFO] [stderr]     Checking vertex-swarm-accounting-pricing v0.1.0 (/opt/rustwide/workdir/crates/swarm/accounting/pricing)
[INFO] [stderr]    Compiling derive_builder_core v0.20.2
[INFO] [stderr]     Checking radix_trie v0.2.1
[INFO] [stderr]     Checking vertex-swarm-accounting v0.1.0 (/opt/rustwide/workdir/crates/swarm/accounting/core)
[INFO] [stderr]     Checking vertex-swarm-net-hive v0.1.0 (/opt/rustwide/workdir/crates/swarm/net/hive)
[INFO] [stderr]     Checking vertex-swarm-identity v0.1.0 (/opt/rustwide/workdir/crates/swarm/identity)
[INFO] [stderr]     Checking vertex-swarm-peer-manager v0.1.0 (/opt/rustwide/workdir/crates/swarm/peers/peer-manager)
[INFO] [stderr]     Checking vertex-swarm-net-handshake v0.1.0 (/opt/rustwide/workdir/crates/swarm/net/handshake)
[INFO] [stderr]     Checking vertex-swarm-accounting-pseudosettle v0.1.0 (/opt/rustwide/workdir/crates/swarm/accounting/pseudosettle)
[INFO] [stderr]    Compiling tonic-build v0.12.3
[INFO] [stdout] warning: use of deprecated method `std::sync::atomic::Atomic::<u8>::fetch_update`: renamed to `try_update` for consistency
[INFO] [stdout]    --> crates/swarm/peers/peer-manager/src/entry.rs:194:14
[INFO] [stdout]     |
[INFO] [stdout] 194 |             .fetch_update(Ordering::AcqRel, Ordering::Acquire, |current| {
[INFO] [stdout]     |              ^^^^^^^^^^^^
[INFO] [stdout]     |
[INFO] [stdout]     = note: `#[warn(deprecated)]` on by default
[INFO] [stdout] help: replace the use of the deprecated method
[INFO] [stdout]     |
[INFO] [stdout] 194 -             .fetch_update(Ordering::AcqRel, Ordering::Acquire, |current| {
[INFO] [stdout] 194 +             .try_update(Ordering::AcqRel, Ordering::Acquire, |current| {
[INFO] [stdout]     |
[INFO] [stdout] 
[INFO] [stdout] 
[INFO] [stderr]     Checking vertex-swarm-storer-behaviour v0.1.0 (/opt/rustwide/workdir/crates/swarm/storer-behaviour)
[INFO] [stderr]     Checking quanta v0.12.6
[INFO] [stderr]    Compiling derive_builder_macro v0.20.2
[INFO] [stderr]     Checking axum-core v0.4.5
[INFO] [stderr]    Compiling tikv-jemalloc-sys v0.6.1+5.3.0-1-ge13ca993e8ccb9ba9847cc330696e02839f328f7
[INFO] [stderr]     Checking vertex-swarm-topology v0.1.0 (/opt/rustwide/workdir/crates/swarm/topology)
[INFO] [stderr]     Checking vertex-swarm-puller v0.1.0 (/opt/rustwide/workdir/crates/swarm/puller)
[INFO] [stderr]     Checking ordered-float v5.3.0
[INFO] [stderr]     Checking rand_xoshiro v0.7.0
[INFO] [stderr]    Compiling vergen-lib v9.1.0
[INFO] [stderr]     Checking sketches-ddsketch v0.3.1
[INFO] [stderr]     Checking metrics-util v0.20.4
[INFO] [stderr]    Compiling derive_builder v0.20.2
[INFO] [stderr]     Checking tower v0.4.13
[INFO] [stderr]     Checking tonic v0.14.6
[INFO] [stderr]     Checking half v2.7.1
[INFO] [stderr]    Compiling vergen v9.1.0
[INFO] [stderr]     Checking socket2 v0.5.10
[INFO] [stdout] warning: use of deprecated method `std::sync::atomic::Atomic::<u64>::fetch_update`: renamed to `try_update` for consistency
[INFO] [stdout]   --> crates/swarm/topology/src/metrics.rs:82:10
[INFO] [stdout]    |
[INFO] [stdout] 82 |         .fetch_update(Ordering::Relaxed, Ordering::Relaxed, |v| {
[INFO] [stdout]    |          ^^^^^^^^^^^^
[INFO] [stdout]    |
[INFO] [stdout]    = note: `#[warn(deprecated)]` on by default
[INFO] [stdout] help: replace the use of the deprecated method
[INFO] [stdout]    |
[INFO] [stdout] 82 -         .fetch_update(Ordering::Relaxed, Ordering::Relaxed, |v| {
[INFO] [stdout] 82 +         .try_update(Ordering::Relaxed, Ordering::Relaxed, |v| {
[INFO] [stdout]    |
[INFO] [stdout] 
[INFO] [stdout] 
[INFO] [stderr]    Compiling procfs v0.18.0
[INFO] [stdout] warning: unreachable call
[INFO] [stdout]   --> crates/swarm/topology/src/composed.rs:86:10
[INFO] [stdout]    |
[INFO] [stdout] 86 | #[derive(NetworkBehaviour)]
[INFO] [stdout]    |          ^^^^^^^^^^^^^^^^
[INFO] [stdout]    |          |
[INFO] [stdout]    |          unreachable call
[INFO] [stdout]    |          any code following this expression is unreachable
[INFO] [stdout]    |
[INFO] [stdout]    = note: `#[warn(unreachable_code)]` (part of `#[warn(unused)]`) on by default
[INFO] [stdout]    = note: this warning originates in the derive macro `NetworkBehaviour` (in Nightly builds, run with -Z macro-backtrace for more info)
[INFO] [stdout] 
[INFO] [stdout] 
[INFO] [stderr]     Checking ciborium-ll v0.2.2
[INFO] [stderr]    Compiling vertex-rpc-server v0.1.0 (/opt/rustwide/workdir/crates/rpc/server)
[INFO] [stderr]     Checking tonic-prost v0.14.6
[INFO] [stderr]     Checking reqwest v0.12.28
[INFO] [stderr]     Checking opentelemetry_sdk v0.31.0
[INFO] [stderr]     Checking vertex-swarm-node v0.1.0 (/opt/rustwide/workdir/crates/swarm/node)
[INFO] [stderr]     Checking axum v0.7.9
[INFO] [stderr]     Checking procfs-core v0.18.0
[INFO] [stderr]     Checking rand_distr v0.5.1
[INFO] [stderr]     Checking itertools v0.10.5
[INFO] [stdout] warning: unreachable call
[INFO] [stdout]   --> crates/swarm/node/src/node/bootnode.rs:45:10
[INFO] [stdout]    |
[INFO] [stdout] 45 | #[derive(NetworkBehaviour)]
[INFO] [stdout]    |          ^^^^^^^^^^^^^^^^
[INFO] [stdout]    |          |
[INFO] [stdout]    |          unreachable call
[INFO] [stdout]    |          any code following this expression is unreachable
[INFO] [stdout]    |
[INFO] [stdout]    = note: `#[warn(unreachable_code)]` (part of `#[warn(unused)]`) on by default
[INFO] [stdout]    = note: this warning originates in the derive macro `NetworkBehaviour` (in Nightly builds, run with -Z macro-backtrace for more info)
[INFO] [stdout] 
[INFO] [stdout] 
[INFO] [stdout] warning: unreachable call
[INFO] [stdout]   --> crates/swarm/node/src/node/client.rs:36:10
[INFO] [stdout]    |
[INFO] [stdout] 36 | #[derive(NetworkBehaviour)]
[INFO] [stdout]    |          ^^^^^^^^^^^^^^^^
[INFO] [stdout]    |          |
[INFO] [stdout]    |          unreachable call
[INFO] [stdout]    |          any code following this expression is unreachable
[INFO] [stdout]    |
[INFO] [stdout]    = note: this warning originates in the derive macro `NetworkBehaviour` (in Nightly builds, run with -Z macro-backtrace for more info)
[INFO] [stdout] 
[INFO] [stdout] 
[INFO] [stderr]    Compiling vergen-gitcl v9.1.0
[INFO] [stdout] warning: unreachable call
[INFO] [stdout]   --> crates/swarm/node/src/node/nat.rs:27:10
[INFO] [stdout]    |
[INFO] [stdout] 27 | #[derive(NetworkBehaviour)]
[INFO] [stdout]    |          ^^^^^^^^^^^^^^^^
[INFO] [stdout]    |          |
[INFO] [stdout]    |          unreachable call
[INFO] [stdout]    |          any code following this expression is unreachable
[INFO] [stdout]    |
[INFO] [stdout]    = note: this warning originates in the derive macro `NetworkBehaviour` (in Nightly builds, run with -Z macro-backtrace for more info)
[INFO] [stdout] 
[INFO] [stdout] 
[INFO] [stdout] warning: unreachable call
[INFO] [stdout]   --> crates/swarm/node/src/node/storer.rs:99:10
[INFO] [stdout]    |
[INFO] [stdout] 99 | #[derive(NetworkBehaviour)]
[INFO] [stdout]    |          ^^^^^^^^^^^^^^^^
[INFO] [stdout]    |          |
[INFO] [stdout]    |          unreachable call
[INFO] [stdout]    |          any code following this expression is unreachable
[INFO] [stdout]    |
[INFO] [stdout]    = note: this warning originates in the derive macro `NetworkBehaviour` (in Nightly builds, run with -Z macro-backtrace for more info)
[INFO] [stdout] 
[INFO] [stdout] 
[INFO] [stderr]    Compiling redb v2.6.3
[INFO] [stderr]    Compiling num_threads v0.1.7
[INFO] [stderr]     Checking turmoil v0.7.2
[INFO] [stderr]     Checking criterion-plot v0.5.0
[INFO] [stderr]     Checking vertex-swarm-test-utils v0.1.0 (/opt/rustwide/workdir/crates/swarm/test-utils)
[INFO] [stderr]     Checking opentelemetry-proto v0.31.0
[INFO] [stderr]     Checking codspeed v2.10.1
[INFO] [stderr]     Checking opentelemetry-http v0.31.0
[INFO] [stderr]     Checking ciborium v0.2.2
[INFO] [stderr]     Checking plotters v0.3.7
[INFO] [stderr]     Checking tonic v0.12.3
[INFO] [stderr]     Checking axum-core v0.5.6
[INFO] [stderr]     Checking vertex-rpc-core v0.1.0 (/opt/rustwide/workdir/crates/rpc/core)
[INFO] [stderr]     Checking tinytemplate v1.2.1
[INFO] [stderr]     Checking serde_path_to_error v0.1.20
[INFO] [stderr]     Checking rustls-pki-types v1.14.1
[INFO] [stderr]     Checking is-terminal v0.4.17
[INFO] [stderr]    Compiling codspeed-criterion-compat v2.10.1
[INFO] [stderr]     Checking codspeed-criterion-compat-walltime v2.10.1
[INFO] [stderr]    Compiling uncased v0.9.10
[INFO] [stderr]     Checking opentelemetry-otlp v0.31.1
[INFO] [stderr]     Checking metrics-process v2.4.3
[INFO] [stderr]     Checking tonic-reflection v0.12.3
[INFO] [stderr]     Checking dirs-sys v0.5.0
[INFO] [stderr]     Checking axum v0.8.9
[INFO] [stderr]     Checking metrics-exporter-prometheus v0.17.2
[INFO] [stderr]     Checking opentelemetry-appender-tracing v0.31.1
[INFO] [stderr]     Checking winnow v0.5.40
[INFO] [stderr]    Compiling rustls v0.23.40
[INFO] [stderr]     Checking pear v0.2.9
[INFO] [stderr]     Checking dirs v6.0.0
[INFO] [stderr]    Compiling vertex-node-core v0.1.0 (/opt/rustwide/workdir/crates/node/core)
[INFO] [stderr]     Checking vertex-swarm-sim v0.1.0 (/opt/rustwide/workdir/crates/swarm/sim)
[INFO] [stderr]     Checking dirs-sys v0.4.1
[INFO] [stderr]     Checking chrono v0.4.45
[INFO] [stderr]     Checking directories v5.0.1
[INFO] [stderr]     Checking figment v0.10.19
[INFO] [stderr]     Checking shellexpand v3.1.2
[INFO] [stderr]     Checking toml_edit v0.19.15
[INFO] [stderr]     Checking humantime v2.3.0
[INFO] [stderr]    Compiling object v0.37.3
[INFO] [stderr]     Checking rustls-native-certs v0.8.4
[INFO] [stderr]    Compiling vertex-swarm-rpc v0.1.0 (/opt/rustwide/workdir/crates/swarm/rpc)
[INFO] [stderr]     Checking gimli v0.32.3
[INFO] [stderr]     Checking miniz_oxide v0.8.9
[INFO] [stderr]     Checking vertex-swarm-stream v0.1.0 (/opt/rustwide/workdir/crates/swarm/stream)
[INFO] [stderr]     Checking rustc-demangle v0.1.27
[INFO] [stderr]     Checking alloy-transport v2.0.5
[INFO] [stderr]     Checking toml v0.7.8
[INFO] [stderr]    Compiling owo-colors v4.3.0
[INFO] [stderr]     Checking lru v0.16.4
[INFO] [stderr]    Compiling color-spantrace v0.3.0
[INFO] [stderr]     Checking tracing-error v0.2.1
[INFO] [stderr]     Checking addr2line v0.25.1
[INFO] [stderr]    Compiling dart-sys v4.1.5
[INFO] [stderr]    Compiling build-target v0.4.0
[INFO] [stderr]    Compiling flutter_rust_bridge v2.12.0
[INFO] [stderr]    Compiling md-5 v0.10.6
[INFO] [stderr]    Compiling zstd-safe v7.2.4
[INFO] [stderr]     Checking num_cpus v1.17.0
[INFO] [stderr]    Compiling flutter_rust_bridge_macros v2.12.0
[INFO] [stderr]     Checking env_filter v1.0.1
[INFO] [stderr]     Checking threadpool v1.8.1
[INFO] [stderr]     Checking zstd v0.13.3
[INFO] [stderr]    Compiling delegate-attr v0.3.0
[INFO] [stderr]    Compiling vertex-ffi v0.1.0 (/opt/rustwide/workdir/crates/ffi)
[INFO] [stderr]     Checking env_logger v0.11.10
[INFO] [stderr]     Checking tokio-test v0.4.5
[INFO] [stderr]     Checking vertex-storage-redb v0.1.0 (/opt/rustwide/workdir/crates/storage/redb)
[INFO] [stderr]     Checking quickcheck v1.1.0
[INFO] [stderr]     Checking backtrace v0.3.76
[INFO] [stderr]     Checking vertex-swarm-builder v0.1.0 (/opt/rustwide/workdir/crates/swarm/builder)
[INFO] [stderr]     Checking vertex-swarm-storer v0.1.0 (/opt/rustwide/workdir/crates/swarm/storer)
[INFO] [stderr]     Checking color-eyre v0.6.5
[INFO] [stdout] warning: use of deprecated method `std::sync::atomic::Atomic::<u8>::fetch_update`: renamed to `try_update` for consistency
[INFO] [stdout]    --> crates/swarm/peers/peer-manager/src/entry.rs:194:14
[INFO] [stdout]     |
[INFO] [stdout] 194 |             .fetch_update(Ordering::AcqRel, Ordering::Acquire, |current| {
[INFO] [stdout]     |              ^^^^^^^^^^^^
[INFO] [stdout]     |
[INFO] [stdout]     = note: `#[warn(deprecated)]` on by default
[INFO] [stdout] help: replace the use of the deprecated method
[INFO] [stdout]     |
[INFO] [stdout] 194 -             .fetch_update(Ordering::AcqRel, Ordering::Acquire, |current| {
[INFO] [stdout] 194 +             .try_update(Ordering::AcqRel, Ordering::Acquire, |current| {
[INFO] [stdout]     |
[INFO] [stdout] 
[INFO] [stdout] 
[INFO] [stderr]     Checking allo-isolate v0.1.27
[INFO] [stdout] warning: use of deprecated method `std::sync::atomic::Atomic::<u64>::fetch_update`: renamed to `try_update` for consistency
[INFO] [stdout]   --> crates/swarm/topology/src/metrics.rs:82:10
[INFO] [stdout]    |
[INFO] [stdout] 82 |         .fetch_update(Ordering::Relaxed, Ordering::Relaxed, |v| {
[INFO] [stdout]    |          ^^^^^^^^^^^^
[INFO] [stdout]    |
[INFO] [stdout]    = note: `#[warn(deprecated)]` on by default
[INFO] [stdout] help: replace the use of the deprecated method
[INFO] [stdout]    |
[INFO] [stdout] 82 -         .fetch_update(Ordering::Relaxed, Ordering::Relaxed, |v| {
[INFO] [stdout] 82 +         .try_update(Ordering::Relaxed, Ordering::Relaxed, |v| {
[INFO] [stdout]    |
[INFO] [stdout] 
[INFO] [stdout] 
[INFO] [stdout] warning: unreachable call
[INFO] [stdout]   --> crates/swarm/topology/src/composed.rs:86:10
[INFO] [stdout]    |
[INFO] [stdout] 86 | #[derive(NetworkBehaviour)]
[INFO] [stdout]    |          ^^^^^^^^^^^^^^^^
[INFO] [stdout]    |          |
[INFO] [stdout]    |          unreachable call
[INFO] [stdout]    |          any code following this expression is unreachable
[INFO] [stdout]    |
[INFO] [stdout]    = note: `#[warn(unreachable_code)]` (part of `#[warn(unused)]`) on by default
[INFO] [stdout]    = note: this warning originates in the derive macro `NetworkBehaviour` (in Nightly builds, run with -Z macro-backtrace for more info)
[INFO] [stdout] 
[INFO] [stdout] 
[INFO] [stdout] warning: unreachable arm
[INFO] [stdout]    --> crates/swarm/node/src/node/base.rs:259:14
[INFO] [stdout]     |
[INFO] [stdout] 259 |     #[derive(libp2p::swarm::NetworkBehaviour)]
[INFO] [stdout]     |              ^^^^^^^^^^^^^^^^^^^^^^^^^^^^^^^
[INFO] [stdout]     |              |
[INFO] [stdout]     |              unreachable arm
[INFO] [stdout]     |              any code following this expression is unreachable
[INFO] [stdout]     |
[INFO] [stdout]     = note: `#[warn(unreachable_code)]` (part of `#[warn(unused)]`) on by default
[INFO] [stdout]     = note: this warning originates in the derive macro `libp2p::swarm::NetworkBehaviour` (in Nightly builds, run with -Z macro-backtrace for more info)
[INFO] [stdout] 
[INFO] [stdout] 
[INFO] [stdout] warning: unreachable call
[INFO] [stdout]   --> crates/swarm/node/src/node/bootnode.rs:45:10
[INFO] [stdout]    |
[INFO] [stdout] 45 | #[derive(NetworkBehaviour)]
[INFO] [stdout]    |          ^^^^^^^^^^^^^^^^
[INFO] [stdout]    |          |
[INFO] [stdout]    |          unreachable call
[INFO] [stdout]    |          any code following this expression is unreachable
[INFO] [stdout]    |
[INFO] [stdout]    = note: this warning originates in the derive macro `NetworkBehaviour` (in Nightly builds, run with -Z macro-backtrace for more info)
[INFO] [stdout] 
[INFO] [stdout] 
[INFO] [stdout] warning: unreachable call
[INFO] [stdout]   --> crates/swarm/node/src/node/client.rs:36:10
[INFO] [stdout]    |
[INFO] [stdout] 36 | #[derive(NetworkBehaviour)]
[INFO] [stdout]    |          ^^^^^^^^^^^^^^^^
[INFO] [stdout]    |          |
[INFO] [stdout]    |          unreachable call
[INFO] [stdout]    |          any code following this expression is unreachable
[INFO] [stdout]    |
[INFO] [stdout]    = note: this warning originates in the derive macro `NetworkBehaviour` (in Nightly builds, run with -Z macro-backtrace for more info)
[INFO] [stdout] 
[INFO] [stdout] 
[INFO] [stderr]     Checking vertex-swarm-accounting-swap v0.1.0 (/opt/rustwide/workdir/crates/swarm/accounting/swap)
[INFO] [stdout] warning: unreachable call
[INFO] [stdout]   --> crates/swarm/node/src/node/nat.rs:27:10
[INFO] [stdout]    |
[INFO] [stdout] 27 | #[derive(NetworkBehaviour)]
[INFO] [stdout]    |          ^^^^^^^^^^^^^^^^
[INFO] [stdout]    |          |
[INFO] [stdout]    |          unreachable call
[INFO] [stdout]    |          any code following this expression is unreachable
[INFO] [stdout]    |
[INFO] [stdout]    = note: this warning originates in the derive macro `NetworkBehaviour` (in Nightly builds, run with -Z macro-backtrace for more info)
[INFO] [stdout] 
[INFO] [stdout] 
[INFO] [stdout] warning: unreachable call
[INFO] [stdout]   --> crates/swarm/node/src/node/storer.rs:99:10
[INFO] [stdout]    |
[INFO] [stdout] 99 | #[derive(NetworkBehaviour)]
[INFO] [stdout]    |          ^^^^^^^^^^^^^^^^
[INFO] [stdout]    |          |
[INFO] [stdout]    |          unreachable call
[INFO] [stdout]    |          any code following this expression is unreachable
[INFO] [stdout]    |
[INFO] [stdout]    = note: this warning originates in the derive macro `NetworkBehaviour` (in Nightly builds, run with -Z macro-backtrace for more info)
[INFO] [stdout] 
[INFO] [stdout] 
[INFO] [stderr] error: could not compile `vertex-swarm-topology` (lib test); 2 warnings emitted
[INFO] [stderr] 
[INFO] [stderr] Caused by:
[INFO] [stderr]   process didn't exit successfully: `/opt/rustwide/rustup-home/toolchains/5b237c915528dadada3f674b90c7c80368b632be/bin/rustc --crate-name vertex_swarm_topology --edition=2024 crates/swarm/topology/src/lib.rs --error-format=json --json=diagnostic-rendered-ansi,artifacts,future-incompat,unused-externs-silent --emit=dep-info,metadata -C embed-bitcode=no -C debuginfo=2 '--warn=clippy::unwrap_used' --deny=unused_must_use --warn=unreachable_pub '--warn=clippy::indexing_slicing' '--warn=clippy::expect_used' --test --check-cfg 'cfg(docsrs,test)' --check-cfg 'cfg(feature, values())' -C metadata=bdebc55d68d28f83 -C extra-filename=-3f7cb5bd47233d5e --out-dir /opt/rustwide/target/debug/build/vertex-swarm-topology/3f7cb5bd47233d5e/out -L dependency=/opt/rustwide/target/debug/build/aes/127dd2aca265eaaa/out -L dependency=/opt/rustwide/target/debug/build/aho-corasick/79fd95c63175c72e/out -L dependency=/opt/rustwide/target/debug/build/allocator-api2/34319c28828d46c3/out -L dependency=/opt/rustwide/target/debug/build/alloy-chains/f8cc762bf50d0595/out -L dependency=/opt/rustwide/target/debug/build/alloy-consensus-any/3b20e1fea1135dbb/out -L dependency=/opt/rustwide/target/debug/build/alloy-consensus/a951730b1b692827/out -L dependency=/opt/rustwide/target/debug/build/alloy-dyn-abi/f797ae7abf5134e0/out -L dependency=/opt/rustwide/target/debug/build/alloy-eip2124/e6e4a80446187e52/out -L dependency=/opt/rustwide/target/debug/build/alloy-eip2930/a487fc07e8aa44f9/out -L dependency=/opt/rustwide/target/debug/build/alloy-eip7702/1c0edb1952c6bf76/out -L dependency=/opt/rustwide/target/debug/build/alloy-eip7928/8e05735b036cf412/out -L dependency=/opt/rustwide/target/debug/build/alloy-eips/1b205f37d660e0c6/out -L dependency=/opt/rustwide/target/debug/build/alloy-json-abi/74e98b279a5afcef/out -L dependency=/opt/rustwide/target/debug/build/alloy-json-rpc/a56bdd1ba2347681/out -L dependency=/opt/rustwide/target/debug/build/alloy-network-primitives/9005f126d69f92d4/out -L dependency=/opt/rustwide/target/debug/build/alloy-network/6462d2cc1581e899/out -L dependency=/opt/rustwide/target/debug/build/alloy-primitives/b7ae286ae3485593/out -L dependency=/opt/rustwide/target/debug/build/alloy-rlp-derive/832da6e2bc3cf731/out -L dependency=/opt/rustwide/target/debug/build/alloy-rlp/a4e3a0832beb820f/out -L dependency=/opt/rustwide/target/debug/build/alloy-rpc-types-any/7d2ae39a7c7e33ad/out -L dependency=/opt/rustwide/target/debug/build/alloy-rpc-types-eth/c49881f9a2a5bf94/out -L dependency=/opt/rustwide/target/debug/build/alloy-serde/cbe618320484b02e/out -L dependency=/opt/rustwide/target/debug/build/alloy-signer-local/9229b4852efdbd5b/out -L dependency=/opt/rustwide/target/debug/build/alloy-signer/ded984e645e82d12/out -L dependency=/opt/rustwide/target/debug/build/alloy-sol-macro/18e40d76f138210f/out -L dependency=/opt/rustwide/target/debug/build/alloy-sol-type-parser/3d8485691153abaa/out -L dependency=/opt/rustwide/target/debug/build/alloy-sol-types/b6d40e7ab26df794/out -L dependency=/opt/rustwide/target/debug/build/alloy-trie/2d3537572359ae78/out -L dependency=/opt/rustwide/target/debug/build/alloy-tx-macros/e453154e64f9bcff/out -L dependency=/opt/rustwide/target/debug/build/anes/50e2f161468e4df0/out -L dependency=/opt/rustwide/target/debug/build/anstream/5bda8941e2fd5003/out -L dependency=/opt/rustwide/target/debug/build/anstyle-parse/872f42bb18dc41f8/out -L dependency=/opt/rustwide/target/debug/build/anstyle-query/717c9c809af6267c/out -L dependency=/opt/rustwide/target/debug/build/anstyle/0afc68cbfd0d2137/out -L dependency=/opt/rustwide/target/debug/build/arbitrary/d186ad14b328d7e5/out -L dependency=/opt/rustwide/target/debug/build/arrayref/4d71eac3f20c682f/out -L dependency=/opt/rustwide/target/debug/build/arrayvec/f613cd6af8c87be4/out -L dependency=/opt/rustwide/target/debug/build/async-trait/5e6c8dc165503e7e/out -L dependency=/opt/rustwide/target/debug/build/asynchronous-codec/0ee22feebc6fe36a/out -L dependency=/opt/rustwide/target/debug/build/atomic-waker/d2edf130acb84086/out -L dependency=/opt/rustwide/target/debug/build/attohttpc/e990c3e330f7bbfc/out -L dependency=/opt/rustwide/target/debug/build/auto_impl/04742cd1c1ea8d83/out -L dependency=/opt/rustwide/target/debug/build/base-x/f5b030ab09ba117e/out -L dependency=/opt/rustwide/target/debug/build/base16ct/f2a1c4a64c386fa6/out -L dependency=/opt/rustwide/target/debug/build/base256emoji/af9dc058c0d481cb/out -L dependency=/opt/rustwide/target/debug/build/base64/d8aec028dea2d277/out -L dependency=/opt/rustwide/target/debug/build/base64ct/7056cca72f6a3e89/out -L dependency=/opt/rustwide/target/debug/build/bit-set/0d1d8cd877be6a55/out -L dependency=/opt/rustwide/target/debug/build/bit-vec/7c54c415c8441a74/out -L dependency=/opt/rustwide/target/debug/build/bitflags/42a213aab8397fad/out -L dependency=/opt/rustwide/target/debug/build/block-buffer/25816a5d572367d6/out -L dependency=/opt/rustwide/target/debug/build/block-buffer/c268e5d6ba8b21c6/out -L dependency=/opt/rustwide/target/debug/build/bs58/058480ec8c429109/out -L dependency=/opt/rustwide/target/debug/build/byteorder/d92705dd1d5353b1/out -L dependency=/opt/rustwide/target/debug/build/bytes/3a992aba56658530/out -L dependency=/opt/rustwide/target/debug/build/cast/5b941ec4a54758a4/out -L dependency=/opt/rustwide/target/debug/build/cfg-if/190c9021fd162845/out -L dependency=/opt/rustwide/target/debug/build/chacha20/b24d2181a764da91/out -L dependency=/opt/rustwide/target/debug/build/ciborium-io/790645915b84d60f/out -L dependency=/opt/rustwide/target/debug/build/ciborium-ll/5bdea288ae5c377b/out -L dependency=/opt/rustwide/target/debug/build/ciborium/343d60b252f6d946/out -L dependency=/opt/rustwide/target/debug/build/cipher/b92928eabe08c7a4/out -L dependency=/opt/rustwide/target/debug/build/clap/ba07aed815ce4c31/out -L dependency=/opt/rustwide/target/debug/build/clap_builder/0eaa0be7a2944307/out -L dependency=/opt/rustwide/target/debug/build/clap_derive/ee68ecb82c812631/out -L dependency=/opt/rustwide/target/debug/build/clap_lex/c6984b853e70a248/out -L dependency=/opt/rustwide/target/debug/build/codspeed-criterion-compat-walltime/8a3f051ac8afd3a9/out -L dependency=/opt/rustwide/target/debug/build/codspeed/39562e54c0b11083/out -L dependency=/opt/rustwide/target/debug/build/colorchoice/0d229411bd9dac1b/out -L dependency=/opt/rustwide/target/debug/build/colored/6e81ee6df29e140f/out -L dependency=/opt/rustwide/target/debug/build/const-hex/6e173b35866f0677/out -L dependency=/opt/rustwide/target/debug/build/const-oid/b093ba1a9cffd7a0/out -L dependency=/opt/rustwide/target/debug/build/const-str/5e297fa5b426b0e0/out -L dependency=/opt/rustwide/target/debug/build/cpufeatures/1ae956ba346ebd12/out -L dependency=/opt/rustwide/target/debug/build/cpufeatures/d73b58fdf77d9fc5/out -L dependency=/opt/rustwide/target/debug/build/crc-catalog/e44483d7855e88f0/out -L dependency=/opt/rustwide/target/debug/build/crc/491683af8c0bf065/out -L dependency=/opt/rustwide/target/debug/build/criterion-plot/39dc5ef2cb92bb80/out -L dependency=/opt/rustwide/target/debug/build/critical-section/a7ed3c6694782041/out -L dependency=/opt/rustwide/target/debug/build/crossbeam-channel/3f3e79021782ecb3/out -L dependency=/opt/rustwide/target/debug/build/crossbeam-deque/087d059027a5ff47/out -L dependency=/opt/rustwide/target/debug/build/crossbeam-epoch/85246a0df282c7c4/out -L dependency=/opt/rustwide/target/debug/build/crossbeam-utils/1c9006e854b046b8/out -L dependency=/opt/rustwide/target/debug/build/crypto-bigint/1db8763ed99a4800/out -L dependency=/opt/rustwide/target/debug/build/crypto-common/bdbfbc6a0066ab52/out -L dependency=/opt/rustwide/target/debug/build/crypto-common/e11546967f731df6/out -L dependency=/opt/rustwide/target/debug/build/ctr/c6b29335cd100abe/out -L dependency=/opt/rustwide/target/debug/build/curve25519-dalek-derive/86109b93c49850ef/out -L dependency=/opt/rustwide/target/debug/build/curve25519-dalek/fef2aa29e35cee74/out -L dependency=/opt/rustwide/target/debug/build/dashmap/4e89554d04f5f408/out -L dependency=/opt/rustwide/target/debug/build/data-encoding-macro-internal/2714487d02de74b3/out -L dependency=/opt/rustwide/target/debug/build/data-encoding-macro/39b378ddc6c6361b/out -L dependency=/opt/rustwide/target/debug/build/data-encoding/46e23225db2a3cf6/out -L dependency=/opt/rustwide/target/debug/build/der/fd2a58be73ef5c0b/out -L dependency=/opt/rustwide/target/debug/build/deranged/7c9de6a11faea304/out -L dependency=/opt/rustwide/target/debug/build/derive_arbitrary/562c574636ec6d62/out -L dependency=/opt/rustwide/target/debug/build/derive_more-impl/b9c0f921cbacaeb6/out -L dependency=/opt/rustwide/target/debug/build/derive_more/500911c0ad0814c2/out -L dependency=/opt/rustwide/target/debug/build/digest/29f1f42bc634d7ed/out -L dependency=/opt/rustwide/target/debug/build/digest/ea49cb00c7af74b5/out -L dependency=/opt/rustwide/target/debug/build/displaydoc/43a70299a578dbc6/out -L dependency=/opt/rustwide/target/debug/build/dyn-clone/b330238e90c336f8/out -L dependency=/opt/rustwide/target/debug/build/ecdsa/a612ece86622fd48/out -L dependency=/opt/rustwide/target/debug/build/ed25519-dalek/cf05a9ed26bf0c4a/out -L dependency=/opt/rustwide/target/debug/build/ed25519/9b92026ba14c52ab/out -L dependency=/opt/rustwide/target/debug/build/either/3f682379b64c2690/out -L dependency=/opt/rustwide/target/debug/build/elliptic-curve/b1e6b766512d5111/out -L dependency=/opt/rustwide/target/debug/build/endian-type/f0c2776fb3f18bd3/out -L dependency=/opt/rustwide/target/debug/build/equivalent/d23b026399a51038/out -L dependency=/opt/rustwide/target/debug/build/errno/2bdd740d2be47fdb/out -L dependency=/opt/rustwide/target/debug/build/eth-keystore/b9c05831d9bba402/out -L dependency=/opt/rustwide/target/debug/build/eyre/670a2b0068c4eac8/out -L dependency=/opt/rustwide/target/debug/build/fastrand/d076ee4abaa6c192/out -L dependency=/opt/rustwide/target/debug/build/ff/50bcd8e064b81519/out -L dependency=/opt/rustwide/target/debug/build/fnv/bf9ae889bab8acee/out -L dependency=/opt/rustwide/target/debug/build/foldhash/496b6a8506c7c674/out -L dependency=/opt/rustwide/target/debug/build/foldhash/7cc0e6b6b64910e8/out -L dependency=/opt/rustwide/target/debug/build/form_urlencoded/a0709cb2f4e6749a/out -L dependency=/opt/rustwide/target/debug/build/futures-bounded/1ca5f3bcdc83653d/out -L dependency=/opt/rustwide/target/debug/build/futures-bounded/d68470c745ec8a7f/out -L dependency=/opt/rustwide/target/debug/build/futures-channel/6351650e09691772/out -L dependency=/opt/rustwide/target/debug/build/futures-core/1cd512d543215c04/out -L dependency=/opt/rustwide/target/debug/build/futures-executor/c485f8f966e5a764/out -L dependency=/opt/rustwide/target/debug/build/futures-io/ee83dd0d8cfe75cb/out -L dependency=/opt/rustwide/target/debug/build/futures-macro/497fa74e1fd189b0/out -L dependency=/opt/rustwide/target/debug/build/futures-sink/80687936758fa695/out -L dependency=/opt/rustwide/target/debug/build/futures-task/bde3b8216abf23c5/out -L dependency=/opt/rustwide/target/debug/build/futures-timer/445a5b0286783e0c/out -L dependency=/opt/rustwide/target/debug/build/futures-util/464ec533fc54ca76/out -L dependency=/opt/rustwide/target/debug/build/futures-utils-wasm/9aef29afd4615d5a/out -L dependency=/opt/rustwide/target/debug/build/futures/540a5371775e9a2e/out -L dependency=/opt/rustwide/target/debug/build/generic-array/b9e368ee57d111c8/out -L dependency=/opt/rustwide/target/debug/build/getrandom/6527cb5c6cce9c7a/out -L dependency=/opt/rustwide/target/debug/build/getrandom/6d88a41a3cb66b71/out -L dependency=/opt/rustwide/target/debug/build/getrandom/7247c420b6bf94a9/out -L dependency=/opt/rustwide/target/debug/build/gloo-timers/2e234036d5a92a1a/out -L dependency=/opt/rustwide/target/debug/build/group/d1cbd4d12035825c/out -L dependency=/opt/rustwide/target/debug/build/h2/ed520299fe482e4f/out -L dependency=/opt/rustwide/target/debug/build/half/f07373013afa4f3f/out -L dependency=/opt/rustwide/target/debug/build/hashbrown/0351dbc9c736718e/out -L dependency=/opt/rustwide/target/debug/build/hashbrown/69d59772af06122b/out -L dependency=/opt/rustwide/target/debug/build/hashbrown/f1f72e91be09a664/out -L dependency=/opt/rustwide/target/debug/build/hashbrown/fee6932471c0bced/out -L dependency=/opt/rustwide/target/debug/build/hashlink/4389d15a2c75f812/out -L dependency=/opt/rustwide/target/debug/build/hashlink/fd4f50fcd26f00cd/out -L dependency=/opt/rustwide/target/debug/build/hex/4852862d92867e36/out -L dependency=/opt/rustwide/target/debug/build/hickory-net/9e2adee75c93b0c8/out -L dependency=/opt/rustwide/target/debug/build/hickory-proto/f26fa52b6abfc5b2/out -L dependency=/opt/rustwide/target/debug/build/hickory-resolver/fd5ea6bc6da8d838/out -L dependency=/opt/rustwide/target/debug/build/hkdf/3d27285d655b96fc/out -L dependency=/opt/rustwide/target/debug/build/hmac/4538398ce2afdcb7/out -L dependency=/opt/rustwide/target/debug/build/http-body-util/11ba82c33f542382/out -L dependency=/opt/rustwide/target/debug/build/http-body/73e8dd639f99001f/out -L dependency=/opt/rustwide/target/debug/build/http/be8ebef5c205baaf/out -L dependency=/opt/rustwide/target/debug/build/httparse/b9ed2fea81abf9ac/out -L dependency=/opt/rustwide/target/debug/build/httpdate/dd055e56878c34d5/out -L dependency=/opt/rustwide/target/debug/build/humansize/889fc0ca599907cf/out -L dependency=/opt/rustwide/target/debug/build/hybrid-array/680d1613fa186cc6/out -L dependency=/opt/rustwide/target/debug/build/hyper-util/e53601512b8ac8f5/out -L dependency=/opt/rustwide/target/debug/build/hyper/4cc3d18e3369d1be/out -L dependency=/opt/rustwide/target/debug/build/icu_collections/f18bae00ce8e7e62/out -L dependency=/opt/rustwide/target/debug/build/icu_locale_core/8848cf9b3240d0cf/out -L dependency=/opt/rustwide/target/debug/build/icu_normalizer/2aaa67e0b4752d94/out -L dependency=/opt/rustwide/target/debug/build/icu_normalizer_data/9df594966f451c5b/out -L dependency=/opt/rustwide/target/debug/build/icu_properties/42e16914717d42e1/out -L dependency=/opt/rustwide/target/debug/build/icu_properties_data/335803bac80265ac/out -L dependency=/opt/rustwide/target/debug/build/icu_provider/6e90783d4b25bc33/out -L dependency=/opt/rustwide/target/debug/build/idna/c2f3a3d16d4c14b0/out -L dependency=/opt/rustwide/target/debug/build/idna_adapter/bc738762bb0db89f/out -L dependency=/opt/rustwide/target/debug/build/if-watch/419318c2e6ec4d82/out -L dependency=/opt/rustwide/target/debug/build/igd-next/e501d2af261828cc/out -L dependency=/opt/rustwide/target/debug/build/indenter/fbe22d3616b40986/out -L dependency=/opt/rustwide/target/debug/build/indexmap/8c19545a73f10249/out -L dependency=/opt/rustwide/target/debug/build/inout/f0514af68b128567/out -L dependency=/opt/rustwide/target/debug/build/ipnet/451ca35f1b16f69c/out -L dependency=/opt/rustwide/target/debug/build/is-terminal/3483d3375c06aa77/out -L dependency=/opt/rustwide/target/debug/build/is_terminal_polyfill/fc6efa62ae782dd6/out -L dependency=/opt/rustwide/target/debug/build/itertools/2888a60a6acae3fd/out -L dependency=/opt/rustwide/target/debug/build/itertools/6918fabede344928/out -L dependency=/opt/rustwide/target/debug/build/itoa/488dcf4f13423b18/out -L dependency=/opt/rustwide/target/debug/build/js-sys/dcd733eaec193368/out -L dependency=/opt/rustwide/target/debug/build/k256/c33ee1a2c5c8f975/out -L dependency=/opt/rustwide/target/debug/build/keccak-asm/e7672bb18fb67b73/out -L dependency=/opt/rustwide/target/debug/build/keccak-batch/2272bcb23b5083ba/out -L dependency=/opt/rustwide/target/debug/build/keccak/62a6f94fe382cfb9/out -L dependency=/opt/rustwide/target/debug/build/keccak/e16cf69d85892aac/out -L dependency=/opt/rustwide/target/debug/build/lazy_static/cb8ca6aa8c56979f/out -L dependency=/opt/rustwide/target/debug/build/libc/16836f44866b8b3d/out -L dependency=/opt/rustwide/target/debug/build/libm/89e5b3015da8f563/out -L dependency=/opt/rustwide/target/debug/build/libp2p-allow-block-list/7a595fd2e643a49e/out -L dependency=/opt/rustwide/target/debug/build/libp2p-autonat/704f21cc554583ef/out -L dependency=/opt/rustwide/target/debug/build/libp2p-connection-limits/d8ee18b92754fe23/out -L dependency=/opt/rustwide/target/debug/build/libp2p-core/b0f71c8145fc1f0f/out -L dependency=/opt/rustwide/target/debug/build/libp2p-dns/d856439c1b301843/out -L dependency=/opt/rustwide/target/debug/build/libp2p-identify/9c836eda06c71bcf/out -L dependency=/opt/rustwide/target/debug/build/libp2p-identity/23a73e1c70815db6/out -L dependency=/opt/rustwide/target/debug/build/libp2p-mdns/a972f5d8269bc25e/out -L dependency=/opt/rustwide/target/debug/build/libp2p-noise/e2f7edb27060e731/out -L dependency=/opt/rustwide/target/debug/build/libp2p-ping/b00316d2430da0d4/out -L dependency=/opt/rustwide/target/debug/build/libp2p-plaintext/30d97a9a2b7c5fba/out -L dependency=/opt/rustwide/target/debug/build/libp2p-request-response/9a778d13c8863044/out -L dependency=/opt/rustwide/target/debug/build/libp2p-swarm-derive/cdba2f73d62d68af/out -L dependency=/opt/rustwide/target/debug/build/libp2p-swarm-test/0dee6d85a9d6195f/out -L dependency=/opt/rustwide/target/debug/build/libp2p-swarm/cdb66eb9200572ef/out -L dependency=/opt/rustwide/target/debug/build/libp2p-tcp/9dd02d7608240848/out -L dependency=/opt/rustwide/target/debug/build/libp2p-timer/21bc020e3c96e065/out -L dependency=/opt/rustwide/target/debug/build/libp2p-upnp/58af8a5f2efc1125/out -L dependency=/opt/rustwide/target/debug/build/libp2p-yamux/6fd8c7fbc41a8b30/out -L dependency=/opt/rustwide/target/debug/build/libp2p/93e55561855be2a9/out -L dependency=/opt/rustwide/target/debug/build/linux-raw-sys/707d34ae8817e4fb/out -L dependency=/opt/rustwide/target/debug/build/litemap/6390bd0b5dbf5657/out -L dependency=/opt/rustwide/target/debug/build/lock_api/b47e4fe57039b3cf/out -L dependency=/opt/rustwide/target/debug/build/log/9ceeb40c55739a25/out -L dependency=/opt/rustwide/target/debug/build/lru/a23597f79c07066a/out -L dependency=/opt/rustwide/target/debug/build/match-lookup/1df33479f7f117a3/out -L dependency=/opt/rustwide/target/debug/build/matchers/2d8c51bdc587249f/out -L dependency=/opt/rustwide/target/debug/build/memchr/e644acf4bdfb9529/out -L dependency=/opt/rustwide/target/debug/build/metrics/1169c3152f591a3f/out -L dependency=/opt/rustwide/target/debug/build/mio/1a4ca9584ecec01f/out -L dependency=/opt/rustwide/target/debug/build/moka/80cd8496ba62ff02/out -L dependency=/opt/rustwide/target/debug/build/multiaddr/9db8498686d874bf/out -L dependency=/opt/rustwide/target/debug/build/multibase/47fdea337f6fd9f3/out -L dependency=/opt/rustwide/target/debug/build/multihash/cfb61b6a99e2905f/out -L dependency=/opt/rustwide/target/debug/build/multistream-select/f30885a9873f5b7b/out -L dependency=/opt/rustwide/target/debug/build/nectar-contracts/17fa3513c7835ff0/out -L dependency=/opt/rustwide/target/debug/build/nectar-postage/e684ae34e32e624d/out -L dependency=/opt/rustwide/target/debug/build/nectar-primitives/4bb7137c29f79fc5/out -L dependency=/opt/rustwide/target/debug/build/nectar-swarms/d3c982fa4ac52b5e/out -L dependency=/opt/rustwide/target/debug/build/netlink-packet-core/62436d658cad38da/out -L dependency=/opt/rustwide/target/debug/build/netlink-packet-route/dd7c8cdc34e4c225/out -L dependency=/opt/rustwide/target/debug/build/netlink-proto/096e3d12922d10d9/out -L dependency=/opt/rustwide/target/debug/build/netlink-sys/4fa35c3d1f1f735c/out -L dependency=/opt/rustwide/target/debug/build/nibble_vec/d1c352e2d4f0a5a1/out -L dependency=/opt/rustwide/target/debug/build/nix/ba760fae641fcab3/out -L dependency=/opt/rustwide/target/debug/build/nohash-hasher/089660ce1f261644/out -L dependency=/opt/rustwide/target/debug/build/nu-ansi-term/11c0e3ef7731332f/out -L dependency=/opt/rustwide/target/debug/build/num-conv/d4153d9e45ce082d/out -L dependency=/opt/rustwide/target/debug/build/num-traits/5cff41c3b572fd6d/out -L dependency=/opt/rustwide/target/debug/build/num_enum/0e927b3cdd073be2/out -L dependency=/opt/rustwide/target/debug/build/num_enum_derive/e617e1a2abf6e052/out -L dependency=/opt/rustwide/target/debug/build/nybbles/d6a4283558f52a3d/out -L dependency=/opt/rustwide/target/debug/build/once_cell/26bd572e27161ecf/out -L dependency=/opt/rustwide/target/debug/build/oorandom/853c32b69019c6d9/out -L dependency=/opt/rustwide/target/debug/build/opentelemetry/11f9b3109bfdbe99/out -L dependency=/opt/rustwide/target/debug/build/ordered-float/36af99188c7c68e4/out -L dependency=/opt/rustwide/target/debug/build/p256/b5f0dc2f3d85d57c/out -L dependency=/opt/rustwide/target/debug/build/parking_lot/f3e93ddb0171bfaa/out -L dependency=/opt/rustwide/target/debug/build/parking_lot_core/ad7e8aaba68a573b/out -L dependency=/opt/rustwide/target/debug/build/paste/c5e5e8a2bd161c29/out -L dependency=/opt/rustwide/target/debug/build/pbkdf2/d98f02c6670f5551/out -L dependency=/opt/rustwide/target/debug/build/pem-rfc7468/6c9c34a643ed7168/out -L dependency=/opt/rustwide/target/debug/build/percent-encoding/f0f3780066f274e0/out -L dependency=/opt/rustwide/target/debug/build/pin-project-internal/8493e85ed062811a/out -L dependency=/opt/rustwide/target/debug/build/pin-project-lite/7176d3be2b7ee2e1/out -L dependency=/opt/rustwide/target/debug/build/pin-project/27a480d3d0cd32fd/out -L dependency=/opt/rustwide/target/debug/build/pkcs8/1ba8c12e425784ea/out -L dependency=/opt/rustwide/target/debug/build/plotters-backend/0fe7a4822caf9b55/out -L dependency=/opt/rustwide/target/debug/build/plotters-svg/f07d6ea308ad794b/out -L dependency=/opt/rustwide/target/debug/build/plotters/4e2dab8949906f78/out -L dependency=/opt/rustwide/target/debug/build/portable-atomic/20dcc280dd29a9a5/out -L dependency=/opt/rustwide/target/debug/build/potential_utf/f6359657afd9ec21/out -L dependency=/opt/rustwide/target/debug/build/powerfmt/6244fffd86cf9c21/out -L dependency=/opt/rustwide/target/debug/build/ppv-lite86/12e54a0df8bd8195/out -L dependency=/opt/rustwide/target/debug/build/prefix-trie/0d89b6ac504482d9/out -L dependency=/opt/rustwide/target/debug/build/primeorder/73cabc7eeb002054/out -L dependency=/opt/rustwide/target/debug/build/proptest-arbitrary-interop/b9857cbe4b08ce35/out -L dependency=/opt/rustwide/target/debug/build/proptest-derive/f7d268976347a7ab/out -L dependency=/opt/rustwide/target/debug/build/proptest/8152d30db849890c/out -L dependency=/opt/rustwide/target/debug/build/prost-codec/9eafcac0ea356af3/out -L dependency=/opt/rustwide/target/debug/build/prost-derive/b39c4017d47deb87/out -L dependency=/opt/rustwide/target/debug/build/prost/6af7bfbe070838d5/out -L dependency=/opt/rustwide/target/debug/build/quanta/9246b4cb4741ce81/out -L dependency=/opt/rustwide/target/debug/build/quick-error/0a500856079b147c/out -L dependency=/opt/rustwide/target/debug/build/quick-protobuf-codec/24a3043ffd20c265/out -L dependency=/opt/rustwide/target/debug/build/quick-protobuf/f5ba74ad38556ef3/out -L dependency=/opt/rustwide/target/debug/build/radix_trie/f4f59900419c2ec7/out -L dependency=/opt/rustwide/target/debug/build/rand/3faf5833b5ce153c/out -L dependency=/opt/rustwide/target/debug/build/rand/b4b41125b45411e7/out -L dependency=/opt/rustwide/target/debug/build/rand/e2af7e6b3c9b796c/out -L dependency=/opt/rustwide/target/debug/build/rand_chacha/31aa21cd02bac9c2/out -L dependency=/opt/rustwide/target/debug/build/rand_chacha/94e62bac7747e629/out -L dependency=/opt/rustwide/target/debug/build/rand_core/38b9f4bb7cbd2052/out -L dependency=/opt/rustwide/target/debug/build/rand_core/49e26b7a0217e69a/out -L dependency=/opt/rustwide/target/debug/build/rand_core/9a5dc38792b219e1/out -L dependency=/opt/rustwide/target/debug/build/rand_xorshift/86b6b747ac01e9ca/out -L dependency=/opt/rustwide/target/debug/build/rand_xoshiro/7f25e2a1d565dd41/out -L dependency=/opt/rustwide/target/debug/build/rapidhash/63e5082a0c14c59d/out -L dependency=/opt/rustwide/target/debug/build/raw-cpuid/fc5f2d488e0a54e0/out -L dependency=/opt/rustwide/target/debug/build/rayon-core/9d1491ca31e78191/out -L dependency=/opt/rustwide/target/debug/build/rayon/e465bb5134c3f262/out -L dependency=/opt/rustwide/target/debug/build/regex-automata/3674fed1299f4fe9/out -L dependency=/opt/rustwide/target/debug/build/regex-syntax/6cb68f2e111607e3/out -L dependency=/opt/rustwide/target/debug/build/regex/a5b1e97416b98b36/out -L dependency=/opt/rustwide/target/debug/build/resolv-conf/edf6c74a9825dce1/out -L dependency=/opt/rustwide/target/debug/build/rfc6979/daca2acd8c92c836/out -L dependency=/opt/rustwide/target/debug/build/ring/2dbff659136d128b/out -L dependency=/opt/rustwide/target/debug/build/rtnetlink/b0b74fccdbd1d1a2/out -L dependency=/opt/rustwide/target/debug/build/ruint-macro/ce3e92a1ea88db0c/out -L dependency=/opt/rustwide/target/debug/build/ruint/0f7afc51385f2f47/out -L dependency=/opt/rustwide/target/debug/build/rustc-hash/fa54ace8adeddf71/out -L dependency=/opt/rustwide/target/debug/build/rustix/5f3d782adec117e5/out -L dependency=/opt/rustwide/target/debug/build/rustversion/5a027c01becb027b/out -L dependency=/opt/rustwide/target/debug/build/rusty-fork/933d64fc25071e7d/out -L dependency=/opt/rustwide/target/debug/build/rw-stream-sink/c93b366fa382d3b4/out -L dependency=/opt/rustwide/target/debug/build/salsa20/94d6b064aa9e1e83/out -L dependency=/opt/rustwide/target/debug/build/same-file/b7226876f34d02dd/out -L dependency=/opt/rustwide/target/debug/build/scopeguard/e7d227cb308b3799/out -L dependency=/opt/rustwide/target/debug/build/scrypt/2194b6fae187d720/out -L dependency=/opt/rustwide/target/debug/build/sec1/6b5176d5efe43107/out -L dependency=/opt/rustwide/target/debug/build/send_wrapper/d90dd8297f9978b0/out -L dependency=/opt/rustwide/target/debug/build/serde/58951b894840d848/out -L dependency=/opt/rustwide/target/debug/build/serde_core/30ac4ed9a0a88344/out -L dependency=/opt/rustwide/target/debug/build/serde_derive/0d175b916ca1f2fd/out -L dependency=/opt/rustwide/target/debug/build/serde_json/90c54bd62bc6280c/out -L dependency=/opt/rustwide/target/debug/build/serde_spanned/cf1bc0f3f9e72121/out -L dependency=/opt/rustwide/target/debug/build/serde_with/94b1c2313799a90c/out -L dependency=/opt/rustwide/target/debug/build/serde_with_macros/8e47f00b70ec61b9/out -L dependency=/opt/rustwide/target/debug/build/sha2/4adba192fbf1b812/out -L dependency=/opt/rustwide/target/debug/build/sha3-asm/328c0d9148ed37bd/out -L dependency=/opt/rustwide/target/debug/build/sha3/62ce091a4a01cc0e/out -L dependency=/opt/rustwide/target/debug/build/sha3/79119fdff7d93f56/out -L dependency=/opt/rustwide/target/debug/build/sharded-slab/5d7560049c0c9021/out -L dependency=/opt/rustwide/target/debug/build/signal-hook-registry/157c2e8046536c9a/out -L dependency=/opt/rustwide/target/debug/build/signature/f94290d9d85d779a/out -L dependency=/opt/rustwide/target/debug/build/sketches-ddsketch/23663454f75daaad/out -L dependency=/opt/rustwide/target/debug/build/slab/101f873bca723251/out -L dependency=/opt/rustwide/target/debug/build/smallvec/5f73c48e5c227398/out -L dependency=/opt/rustwide/target/debug/build/snow/4597daa4c8854669/out -L dependency=/opt/rustwide/target/debug/build/socket2/40c047aad9f25ab0/out -L dependency=/opt/rustwide/target/debug/build/spki/ffd1f086149c3517/out -L dependency=/opt/rustwide/target/debug/build/stable_deref_trait/a4bd0afb694af506/out -L dependency=/opt/rustwide/target/debug/build/static_assertions/f2154b0bf273423d/out -L dependency=/opt/rustwide/target/debug/build/strsim/a1f0dce47f9b6856/out -L dependency=/opt/rustwide/target/debug/build/strum/50c54f5a79a4073b/out -L dependency=/opt/rustwide/target/debug/build/strum/9615284a19458b62/out -L dependency=/opt/rustwide/target/debug/build/strum_macros/13179db26da9f8d1/out -L dependency=/opt/rustwide/target/debug/build/strum_macros/65b4b138b8d0563c/out -L dependency=/opt/rustwide/target/debug/build/subtle/1139c163d0bdfd0a/out -L dependency=/opt/rustwide/target/debug/build/tagptr/f702f7ce40e6e497/out -L dependency=/opt/rustwide/target/debug/build/tempfile/f34b052d5a2ae7dc/out -L dependency=/opt/rustwide/target/debug/build/thiserror-impl/893e47897326c678/out -L dependency=/opt/rustwide/target/debug/build/thiserror-impl/dbf610caa12c8446/out -L dependency=/opt/rustwide/target/debug/build/thiserror/06222b11579db239/out -L dependency=/opt/rustwide/target/debug/build/thiserror/827a4a8f872d637a/out -L dependency=/opt/rustwide/target/debug/build/thread_local/cbf1fada601e6778/out -L dependency=/opt/rustwide/target/debug/build/time-core/aad8b819250008da/out -L dependency=/opt/rustwide/target/debug/build/time/80a7d14a913bc5d5/out -L dependency=/opt/rustwide/target/debug/build/tinystr/15c567bd1a3ff2cd/out -L dependency=/opt/rustwide/target/debug/build/tinytemplate/ab2103782346eb89/out -L dependency=/opt/rustwide/target/debug/build/tinyvec/5702823d1ce52f92/out -L dependency=/opt/rustwide/target/debug/build/tinyvec_macros/8f2743a6fdad0226/out -L dependency=/opt/rustwide/target/debug/build/tokio-macros/08b96a339cb6ecf1/out -L dependency=/opt/rustwide/target/debug/build/tokio-stream/f2a04baf21ed4542/out -L dependency=/opt/rustwide/target/debug/build/tokio-util/960bebef17c6180f/out -L dependency=/opt/rustwide/target/debug/build/tokio/9a461bc2b20adfa2/out -L dependency=/opt/rustwide/target/debug/build/toml/b2d815be1e15e159/out -L dependency=/opt/rustwide/target/debug/build/toml_datetime/a2c670929bc0a72c/out -L dependency=/opt/rustwide/target/debug/build/toml_edit/1a4ddcab545f5cb9/out -L dependency=/opt/rustwide/target/debug/build/toml_write/47ffa1ec0c7e097d/out -L dependency=/opt/rustwide/target/debug/build/tower-service/e69ac8dcc8243395/out -L dependency=/opt/rustwide/target/debug/build/tracing-attributes/44e0a9075c9092e4/out -L dependency=/opt/rustwide/target/debug/build/tracing-core/402e6c33d2524edf/out -L dependency=/opt/rustwide/target/debug/build/tracing-log/3aed526f0ea46cb4/out -L dependency=/opt/rustwide/target/debug/build/tracing-opentelemetry/aa05d6018a48a921/out -L dependency=/opt/rustwide/target/debug/build/tracing-serde/8caac53e969ade43/out -L dependency=/opt/rustwide/target/debug/build/tracing-subscriber/31186545a7e41541/out -L dependency=/opt/rustwide/target/debug/build/tracing/badf86ecebcc68fe/out -L dependency=/opt/rustwide/target/debug/build/try-lock/08abaa63f4861efa/out -L dependency=/opt/rustwide/target/debug/build/typenum/24aab6a4200ddd27/out -L dependency=/opt/rustwide/target/debug/build/unarray/7cd11d7c1cdfd805/out -L dependency=/opt/rustwide/target/debug/build/unicode-ident/3becac50809745ee/out -L dependency=/opt/rustwide/target/debug/build/unsigned-varint/fd950f62300d04d7/out -L dependency=/opt/rustwide/target/debug/build/untrusted/03cde965a30f6cbb/out -L dependency=/opt/rustwide/target/debug/build/url/8ff1afb6d14b115a/out -L dependency=/opt/rustwide/target/debug/build/utf8_iter/88f5a358869389d3/out -L dependency=/opt/rustwide/target/debug/build/utf8parse/dfcca550ff662ae9/out -L dependency=/opt/rustwide/target/debug/build/uuid/0532bdbe4b972068/out -L dependency=/opt/rustwide/target/debug/build/uuid/c67275793e7b6c5a/out -L dependency=/opt/rustwide/target/debug/build/vertex-metrics/22e2ec1c24bfdc7c/out -L dependency=/opt/rustwide/target/debug/build/vertex-net-codec/4058340ae29aa332/out -L dependency=/opt/rustwide/target/debug/build/vertex-net-dialer/0981532dd6472da0/out -L dependency=/opt/rustwide/target/debug/build/vertex-net-dnsaddr/3d818be18210efbb/out -L dependency=/opt/rustwide/target/debug/build/vertex-net-local/dc134ca0d787a465/out -L dependency=/opt/rustwide/target/debug/build/vertex-net-peer-backoff/9d95f55683e67edb/out -L dependency=/opt/rustwide/target/debug/build/vertex-net-peer-registry/9dc5ef9653f9ce05/out -L dependency=/opt/rustwide/target/debug/build/vertex-net-peer-score/768e55d6755f980d/out -L dependency=/opt/rustwide/target/debug/build/vertex-net-peer-store/37fe22e482e06444/out -L dependency=/opt/rustwide/target/debug/build/vertex-net-ratelimiter/61529fd7f97d1fb8/out -L dependency=/opt/rustwide/target/debug/build/vertex-net-utils/a9a226faf217a49d/out -L dependency=/opt/rustwide/target/debug/build/vertex-node-api/7be893ac353fbc00/out -L dependency=/opt/rustwide/target/debug/build/vertex-storage/2c954c84aa16ccc9/out -L dependency=/opt/rustwide/target/debug/build/vertex-store/aa91f23b9caec3e7/out -L dependency=/opt/rustwide/target/debug/build/vertex-swarm-accounting-chequebook/c72d43926c99ed1a/out -L dependency=/opt/rustwide/target/debug/build/vertex-swarm-accounting-pricing/ae661b09efc0d217/out -L dependency=/opt/rustwide/target/debug/build/vertex-swarm-accounting-pseudosettle/3320ad3387e302ca/out -L dependency=/opt/rustwide/target/debug/build/vertex-swarm-accounting/3259ead1d5e006c1/out -L dependency=/opt/rustwide/target/debug/build/vertex-swarm-api/de81cfdf22e4c802/out -L dependency=/opt/rustwide/target/debug/build/vertex-swarm-client-behaviour/8fff29ef98530bbb/out -L dependency=/opt/rustwide/target/debug/build/vertex-swarm-client-protocol/5c3809b7ef9345b0/out -L dependency=/opt/rustwide/target/debug/build/vertex-swarm-forks/057662688b7cce5a/out -L dependency=/opt/rustwide/target/debug/build/vertex-swarm-identity/733eacc6ea5d06b3/out -L dependency=/opt/rustwide/target/debug/build/vertex-swarm-localstore/d22f4c3b9121775e/out -L dependency=/opt/rustwide/target/debug/build/vertex-swarm-net-handler-core/4b530a878b40aa01/out -L dependency=/opt/rustwide/target/debug/build/vertex-swarm-net-handshake/8d4506b710c2a416/out -L dependency=/opt/rustwide/target/debug/build/vertex-swarm-net-headers/2748607263096f9f/out -L dependency=/opt/rustwide/target/debug/build/vertex-swarm-net-hive/1626fa9d3e443acb/out -L dependency=/opt/rustwide/target/debug/build/vertex-swarm-net-identify/98ddb13942284fbc/out -L dependency=/opt/rustwide/target/debug/build/vertex-swarm-net-pricing/39b6994872a801cb/out -L dependency=/opt/rustwide/target/debug/build/vertex-swarm-net-proto/403264537b810ac1/out -L dependency=/opt/rustwide/target/debug/build/vertex-swarm-net-pseudosettle/09b98e3915cc3e64/out -L dependency=/opt/rustwide/target/debug/build/vertex-swarm-net-pullsync/cb2bd22face059a8/out -L dependency=/opt/rustwide/target/debug/build/vertex-swarm-net-pushsync/ee3224acb9513e46/out -L dependency=/opt/rustwide/target/debug/build/vertex-swarm-net-retrieval/59c39c90f470f657/out -L dependency=/opt/rustwide/target/debug/build/vertex-swarm-net-swap/297ce05bbd6b1cd8/out -L dependency=/opt/rustwide/target/debug/build/vertex-swarm-node/efa061fccdc73e00/out -L dependency=/opt/rustwide/target/debug/build/vertex-swarm-peer-manager/738826713f0ded4d/out -L dependency=/opt/rustwide/target/debug/build/vertex-swarm-peer-score/95b2f859873a8767/out -L dependency=/opt/rustwide/target/debug/build/vertex-swarm-peer/faf44db535093a63/out -L dependency=/opt/rustwide/target/debug/build/vertex-swarm-postage/90a39288dc3111bd/out -L dependency=/opt/rustwide/target/debug/build/vertex-swarm-primitives/718304c6c758ea99/out -L dependency=/opt/rustwide/target/debug/build/vertex-swarm-puller/b820239aaf6057ee/out -L dependency=/opt/rustwide/target/debug/build/vertex-swarm-redistribution/d2b2d326222afdd8/out -L dependency=/opt/rustwide/target/debug/build/vertex-swarm-spec/5cb3ccd3bb3fa5d7/out -L dependency=/opt/rustwide/target/debug/build/vertex-swarm-storer-behaviour/3c8cf4014f30021e/out -L dependency=/opt/rustwide/target/debug/build/vertex-swarm-topology/3fd6ecf8e5a0887c/out -L dependency=/opt/rustwide/target/debug/build/vertex-tasks/6b52c500412cbe04/out -L dependency=/opt/rustwide/target/debug/build/vertex-util-runtime/6700139e9912567f/out -L dependency=/opt/rustwide/target/debug/build/void/669fea486b2b8b2a/out -L dependency=/opt/rustwide/target/debug/build/wait-timeout/4ae09d3e91a2bfc9/out -L dependency=/opt/rustwide/target/debug/build/walkdir/1278d11b181efceb/out -L dependency=/opt/rustwide/target/debug/build/want/cc3dcee12d270b38/out -L dependency=/opt/rustwide/target/debug/build/wasm-bindgen-macro/45ab72afe3cb9664/out -L dependency=/opt/rustwide/target/debug/build/wasm-bindgen-shared/48810ca077072635/out -L dependency=/opt/rustwide/target/debug/build/wasm-bindgen/c4422e245b5edfe9/out -L dependency=/opt/rustwide/target/debug/build/web-time/bfcd0ef96c52737a/out -L dependency=/opt/rustwide/target/debug/build/winnow/1ebead8a97d468cc/out -L dependency=/opt/rustwide/target/debug/build/winnow/2af4cb063769d751/out -L dependency=/opt/rustwide/target/debug/build/writeable/b7e8e2724ee161de/out -L dependency=/opt/rustwide/target/debug/build/x25519-dalek/1bac912a7862678c/out -L dependency=/opt/rustwide/target/debug/build/xml-rs/c1cfa8092dfc627f/out -L dependency=/opt/rustwide/target/debug/build/xmltree/223a1e1f73bd49a7/out -L dependency=/opt/rustwide/target/debug/build/yamux/0a41b202cc39a59b/out -L dependency=/opt/rustwide/target/debug/build/yamux/77393d7c7be4ab9c/out -L dependency=/opt/rustwide/target/debug/build/yoke-derive/3546dec7cc412643/out -L dependency=/opt/rustwide/target/debug/build/yoke/7770263978b19e53/out -L dependency=/opt/rustwide/target/debug/build/zerocopy-derive/7feddbc958418115/out -L dependency=/opt/rustwide/target/debug/build/zerocopy/076df8d0bfe5ffe0/out -L dependency=/opt/rustwide/target/debug/build/zerofrom-derive/43861561e23717e1/out -L dependency=/opt/rustwide/target/debug/build/zerofrom/d6c0df9a376b518d/out -L dependency=/opt/rustwide/target/debug/build/zeroize/c81bc931a37088a7/out -L dependency=/opt/rustwide/target/debug/build/zeroize_derive/814216d89f02e4ee/out -L dependency=/opt/rustwide/target/debug/build/zerotrie/7f00dd24c9489091/out -L dependency=/opt/rustwide/target/debug/build/zerovec-derive/04ef55802b246a50/out -L dependency=/opt/rustwide/target/debug/build/zerovec/d3d32e48783eb05d/out -L dependency=/opt/rustwide/target/debug/build/zmij/7606d3367d7489bc/out --extern alloy_primitives=/opt/rustwide/target/debug/build/alloy-primitives/b7ae286ae3485593/out/liballoy_primitives-b7ae286ae3485593.rmeta --extern bytes=/opt/rustwide/target/debug/build/bytes/3a992aba56658530/out/libbytes-3a992aba56658530.rmeta --extern clap=/opt/rustwide/target/debug/build/clap/ba07aed815ce4c31/out/libclap-ba07aed815ce4c31.rmeta --extern criterion=/opt/rustwide/target/debug/build/codspeed-criterion-compat/a81d071be2835f74/out/libcodspeed_criterion_compat-a81d071be2835f74.rmeta --extern futures=/opt/rustwide/target/debug/build/futures/540a5371775e9a2e/out/libfutures-540a5371775e9a2e.rmeta --extern hashlink=/opt/rustwide/target/debug/build/hashlink/fd4f50fcd26f00cd/out/libhashlink-fd4f50fcd26f00cd.rmeta --extern hex=/opt/rustwide/target/debug/build/hex/4852862d92867e36/out/libhex-4852862d92867e36.rmeta --extern if_watch=/opt/rustwide/target/debug/build/if-watch/419318c2e6ec4d82/out/libif_watch-419318c2e6ec4d82.rmeta --extern libp2p=/opt/rustwide/target/debug/build/libp2p/93e55561855be2a9/out/liblibp2p-93e55561855be2a9.rmeta --extern metrics=/opt/rustwide/target/debug/build/metrics/1169c3152f591a3f/out/libmetrics-1169c3152f591a3f.rmeta --extern metrics_util=/opt/rustwide/target/debug/build/metrics-util/7d5bc3eb9f38a1bf/out/libmetrics_util-7d5bc3eb9f38a1bf.rmeta --extern nectar_primitives=/opt/rustwide/target/debug/build/nectar-primitives/4bb7137c29f79fc5/out/libnectar_primitives-4bb7137c29f79fc5.rmeta --extern parking_lot=/opt/rustwide/target/debug/build/parking_lot/f3e93ddb0171bfaa/out/libparking_lot-f3e93ddb0171bfaa.rmeta --extern rand=/opt/rustwide/target/debug/build/rand/e2af7e6b3c9b796c/out/librand-e2af7e6b3c9b796c.rmeta --extern serde=/opt/rustwide/target/debug/build/serde/58951b894840d848/out/libserde-58951b894840d848.rmeta --extern strum=/opt/rustwide/target/debug/build/strum/50c54f5a79a4073b/out/libstrum-50c54f5a79a4073b.rmeta --extern thiserror=/opt/rustwide/target/debug/build/thiserror/06222b11579db239/out/libthiserror-06222b11579db239.rmeta --extern tokio=/opt/rustwide/target/debug/build/tokio/9a461bc2b20adfa2/out/libtokio-9a461bc2b20adfa2.rmeta --extern tokio_stream=/opt/rustwide/target/debug/build/tokio-stream/f2a04baf21ed4542/out/libtokio_stream-f2a04baf21ed4542.rmeta --extern tracing=/opt/rustwide/target/debug/build/tracing/badf86ecebcc68fe/out/libtracing-badf86ecebcc68fe.rmeta --extern tracing_subscriber=/opt/rustwide/target/debug/build/tracing-subscriber/31186545a7e41541/out/libtracing_subscriber-31186545a7e41541.rmeta --extern vertex_metrics=/opt/rustwide/target/debug/build/vertex-metrics/22e2ec1c24bfdc7c/out/libvertex_metrics-22e2ec1c24bfdc7c.rmeta --extern vertex_net_dialer=/opt/rustwide/target/debug/build/vertex-net-dialer/0981532dd6472da0/out/libvertex_net_dialer-0981532dd6472da0.rmeta --extern vertex_net_dnsaddr=/opt/rustwide/target/debug/build/vertex-net-dnsaddr/3d818be18210efbb/out/libvertex_net_dnsaddr-3d818be18210efbb.rmeta --extern vertex_net_local=/opt/rustwide/target/debug/build/vertex-net-local/dc134ca0d787a465/out/libvertex_net_local-dc134ca0d787a465.rmeta --extern vertex_net_peer_registry=/opt/rustwide/target/debug/build/vertex-net-peer-registry/9dc5ef9653f9ce05/out/libvertex_net_peer_registry-9dc5ef9653f9ce05.rmeta --extern vertex_net_peer_store=/opt/rustwide/target/debug/build/vertex-net-peer-store/37fe22e482e06444/out/libvertex_net_peer_store-37fe22e482e06444.rmeta --extern vertex_net_ratelimiter=/opt/rustwide/target/debug/build/vertex-net-ratelimiter/61529fd7f97d1fb8/out/libvertex_net_ratelimiter-61529fd7f97d1fb8.rmeta --extern vertex_net_utils=/opt/rustwide/target/debug/build/vertex-net-utils/a9a226faf217a49d/out/libvertex_net_utils-a9a226faf217a49d.rmeta --extern vertex_swarm_api=/opt/rustwide/target/debug/build/vertex-swarm-api/de81cfdf22e4c802/out/libvertex_swarm_api-de81cfdf22e4c802.rmeta --extern vertex_swarm_identity=/opt/rustwide/target/debug/build/vertex-swarm-identity/733eacc6ea5d06b3/out/libvertex_swarm_identity-733eacc6ea5d06b3.rmeta --extern vertex_swarm_net_handshake=/opt/rustwide/target/debug/build/vertex-swarm-net-handshake/8d4506b710c2a416/out/libvertex_swarm_net_handshake-8d4506b710c2a416.rmeta --extern vertex_swarm_net_headers=/opt/rustwide/target/debug/build/vertex-swarm-net-headers/2748607263096f9f/out/libvertex_swarm_net_headers-2748607263096f9f.rmeta --extern vertex_swarm_net_hive=/opt/rustwide/target/debug/build/vertex-swarm-net-hive/1626fa9d3e443acb/out/libvertex_swarm_net_hive-1626fa9d3e443acb.rmeta --extern vertex_swarm_net_identify=/opt/rustwide/target/debug/build/vertex-swarm-net-identify/98ddb13942284fbc/out/libvertex_swarm_net_identify-98ddb13942284fbc.rmeta --extern vertex_swarm_peer=/opt/rustwide/target/debug/build/vertex-swarm-peer/faf44db535093a63/out/libvertex_swarm_peer-faf44db535093a63.rmeta --extern vertex_swarm_peer_manager=/opt/rustwide/target/debug/build/vertex-swarm-peer-manager/738826713f0ded4d/out/libvertex_swarm_peer_manager-738826713f0ded4d.rmeta --extern vertex_swarm_peer_score=/opt/rustwide/target/debug/build/vertex-swarm-peer-score/95b2f859873a8767/out/libvertex_swarm_peer_score-95b2f859873a8767.rmeta --extern vertex_swarm_primitives=/opt/rustwide/target/debug/build/vertex-swarm-primitives/718304c6c758ea99/out/libvertex_swarm_primitives-718304c6c758ea99.rmeta --extern vertex_swarm_spec=/opt/rustwide/target/debug/build/vertex-swarm-spec/5cb3ccd3bb3fa5d7/out/libvertex_swarm_spec-5cb3ccd3bb3fa5d7.rmeta --extern vertex_swarm_test_utils=/opt/rustwide/target/debug/build/vertex-swarm-test-utils/f2be1c3d9b8fdd77/out/libvertex_swarm_test_utils-f2be1c3d9b8fdd77.rmeta --extern vertex_tasks=/opt/rustwide/target/debug/build/vertex-tasks/6b52c500412cbe04/out/libvertex_tasks-6b52c500412cbe04.rmeta --extern vertex_util_runtime=/opt/rustwide/target/debug/build/vertex-util-runtime/6700139e9912567f/out/libvertex_util_runtime-6700139e9912567f.rmeta --cap-lints=forbid --force-warn=unused_crate_dependencies -L native=/opt/rustwide/target/debug/build/sha3-asm/b608a2d1a151ae3d/out -L native=/opt/rustwide/target/debug/build/ring/65bbd6f9ce8f31cd/out` (signal: 9, SIGKILL: kill)
[INFO] [stderr] warning: build failed, waiting for other jobs to finish...
[INFO] [stderr] error: could not compile `vertex-swarm-node` (lib test); 5 warnings emitted
[INFO] [stderr] 
[INFO] [stderr] Caused by:
[INFO] [stderr]   process didn't exit successfully: `/opt/rustwide/rustup-home/toolchains/5b237c915528dadada3f674b90c7c80368b632be/bin/rustc --crate-name vertex_swarm_node --edition=2024 crates/swarm/node/src/lib.rs --error-format=json --json=diagnostic-rendered-ansi,artifacts,future-incompat,unused-externs-silent --emit=dep-info,metadata -C embed-bitcode=no -C debuginfo=2 '--warn=clippy::unwrap_used' --deny=unused_must_use --warn=unreachable_pub '--warn=clippy::indexing_slicing' '--warn=clippy::expect_used' --test --cfg 'feature="cli"' --cfg 'feature="default"' --cfg 'feature="std"' --cfg 'feature="storer"' --check-cfg 'cfg(docsrs,test)' --check-cfg 'cfg(feature, values("cli", "default", "indexeddb", "std", "storer", "swap", "swap-chequebook"))' -C metadata=556c683a5a93ed2b -C extra-filename=-9d37f647bea03db5 --out-dir /opt/rustwide/target/debug/build/vertex-swarm-node/9d37f647bea03db5/out -L dependency=/opt/rustwide/target/debug/build/aes/127dd2aca265eaaa/out -L dependency=/opt/rustwide/target/debug/build/aho-corasick/79fd95c63175c72e/out -L dependency=/opt/rustwide/target/debug/build/allocator-api2/34319c28828d46c3/out -L dependency=/opt/rustwide/target/debug/build/alloy-chains/f8cc762bf50d0595/out -L dependency=/opt/rustwide/target/debug/build/alloy-consensus-any/3b20e1fea1135dbb/out -L dependency=/opt/rustwide/target/debug/build/alloy-consensus/a951730b1b692827/out -L dependency=/opt/rustwide/target/debug/build/alloy-dyn-abi/f797ae7abf5134e0/out -L dependency=/opt/rustwide/target/debug/build/alloy-eip2124/e6e4a80446187e52/out -L dependency=/opt/rustwide/target/debug/build/alloy-eip2930/a487fc07e8aa44f9/out -L dependency=/opt/rustwide/target/debug/build/alloy-eip7702/1c0edb1952c6bf76/out -L dependency=/opt/rustwide/target/debug/build/alloy-eip7928/8e05735b036cf412/out -L dependency=/opt/rustwide/target/debug/build/alloy-eips/1b205f37d660e0c6/out -L dependency=/opt/rustwide/target/debug/build/alloy-json-abi/74e98b279a5afcef/out -L dependency=/opt/rustwide/target/debug/build/alloy-json-rpc/a56bdd1ba2347681/out -L dependency=/opt/rustwide/target/debug/build/alloy-network-primitives/9005f126d69f92d4/out -L dependency=/opt/rustwide/target/debug/build/alloy-network/6462d2cc1581e899/out -L dependency=/opt/rustwide/target/debug/build/alloy-primitives/b7ae286ae3485593/out -L dependency=/opt/rustwide/target/debug/build/alloy-rlp-derive/832da6e2bc3cf731/out -L dependency=/opt/rustwide/target/debug/build/alloy-rlp/a4e3a0832beb820f/out -L dependency=/opt/rustwide/target/debug/build/alloy-rpc-types-any/7d2ae39a7c7e33ad/out -L dependency=/opt/rustwide/target/debug/build/alloy-rpc-types-eth/c49881f9a2a5bf94/out -L dependency=/opt/rustwide/target/debug/build/alloy-serde/cbe618320484b02e/out -L dependency=/opt/rustwide/target/debug/build/alloy-signer-local/9229b4852efdbd5b/out -L dependency=/opt/rustwide/target/debug/build/alloy-signer/ded984e645e82d12/out -L dependency=/opt/rustwide/target/debug/build/alloy-sol-macro/18e40d76f138210f/out -L dependency=/opt/rustwide/target/debug/build/alloy-sol-type-parser/3d8485691153abaa/out -L dependency=/opt/rustwide/target/debug/build/alloy-sol-types/b6d40e7ab26df794/out -L dependency=/opt/rustwide/target/debug/build/alloy-trie/2d3537572359ae78/out -L dependency=/opt/rustwide/target/debug/build/alloy-tx-macros/e453154e64f9bcff/out -L dependency=/opt/rustwide/target/debug/build/anes/50e2f161468e4df0/out -L dependency=/opt/rustwide/target/debug/build/anstream/5bda8941e2fd5003/out -L dependency=/opt/rustwide/target/debug/build/anstyle-parse/872f42bb18dc41f8/out -L dependency=/opt/rustwide/target/debug/build/anstyle-query/717c9c809af6267c/out -L dependency=/opt/rustwide/target/debug/build/anstyle/0afc68cbfd0d2137/out -L dependency=/opt/rustwide/target/debug/build/arbitrary/d186ad14b328d7e5/out -L dependency=/opt/rustwide/target/debug/build/arrayref/4d71eac3f20c682f/out -L dependency=/opt/rustwide/target/debug/build/arrayvec/f613cd6af8c87be4/out -L dependency=/opt/rustwide/target/debug/build/async-trait/5e6c8dc165503e7e/out -L dependency=/opt/rustwide/target/debug/build/asynchronous-codec/0ee22feebc6fe36a/out -L dependency=/opt/rustwide/target/debug/build/atomic-waker/d2edf130acb84086/out -L dependency=/opt/rustwide/target/debug/build/attohttpc/e990c3e330f7bbfc/out -L dependency=/opt/rustwide/target/debug/build/auto_impl/04742cd1c1ea8d83/out -L dependency=/opt/rustwide/target/debug/build/base-x/f5b030ab09ba117e/out -L dependency=/opt/rustwide/target/debug/build/base16ct/f2a1c4a64c386fa6/out -L dependency=/opt/rustwide/target/debug/build/base256emoji/af9dc058c0d481cb/out -L dependency=/opt/rustwide/target/debug/build/base64/d8aec028dea2d277/out -L dependency=/opt/rustwide/target/debug/build/base64ct/7056cca72f6a3e89/out -L dependency=/opt/rustwide/target/debug/build/bit-set/0d1d8cd877be6a55/out -L dependency=/opt/rustwide/target/debug/build/bit-vec/7c54c415c8441a74/out -L dependency=/opt/rustwide/target/debug/build/bitflags/42a213aab8397fad/out -L dependency=/opt/rustwide/target/debug/build/block-buffer/25816a5d572367d6/out -L dependency=/opt/rustwide/target/debug/build/block-buffer/c268e5d6ba8b21c6/out -L dependency=/opt/rustwide/target/debug/build/bs58/058480ec8c429109/out -L dependency=/opt/rustwide/target/debug/build/byteorder/d92705dd1d5353b1/out -L dependency=/opt/rustwide/target/debug/build/bytes/3a992aba56658530/out -L dependency=/opt/rustwide/target/debug/build/cast/5b941ec4a54758a4/out -L dependency=/opt/rustwide/target/debug/build/cfg-if/190c9021fd162845/out -L dependency=/opt/rustwide/target/debug/build/chacha20/b24d2181a764da91/out -L dependency=/opt/rustwide/target/debug/build/ciborium-io/790645915b84d60f/out -L dependency=/opt/rustwide/target/debug/build/ciborium-ll/5bdea288ae5c377b/out -L dependency=/opt/rustwide/target/debug/build/ciborium/343d60b252f6d946/out -L dependency=/opt/rustwide/target/debug/build/cipher/b92928eabe08c7a4/out -L dependency=/opt/rustwide/target/debug/build/clap/ba07aed815ce4c31/out -L dependency=/opt/rustwide/target/debug/build/clap_builder/0eaa0be7a2944307/out -L dependency=/opt/rustwide/target/debug/build/clap_derive/ee68ecb82c812631/out -L dependency=/opt/rustwide/target/debug/build/clap_lex/c6984b853e70a248/out -L dependency=/opt/rustwide/target/debug/build/codspeed-criterion-compat-walltime/8a3f051ac8afd3a9/out -L dependency=/opt/rustwide/target/debug/build/codspeed/39562e54c0b11083/out -L dependency=/opt/rustwide/target/debug/build/colorchoice/0d229411bd9dac1b/out -L dependency=/opt/rustwide/target/debug/build/colored/6e81ee6df29e140f/out -L dependency=/opt/rustwide/target/debug/build/const-hex/6e173b35866f0677/out -L dependency=/opt/rustwide/target/debug/build/const-oid/b093ba1a9cffd7a0/out -L dependency=/opt/rustwide/target/debug/build/const-str/5e297fa5b426b0e0/out -L dependency=/opt/rustwide/target/debug/build/cpufeatures/1ae956ba346ebd12/out -L dependency=/opt/rustwide/target/debug/build/cpufeatures/d73b58fdf77d9fc5/out -L dependency=/opt/rustwide/target/debug/build/crc-catalog/e44483d7855e88f0/out -L dependency=/opt/rustwide/target/debug/build/crc/491683af8c0bf065/out -L dependency=/opt/rustwide/target/debug/build/criterion-plot/39dc5ef2cb92bb80/out -L dependency=/opt/rustwide/target/debug/build/critical-section/a7ed3c6694782041/out -L dependency=/opt/rustwide/target/debug/build/crossbeam-channel/3f3e79021782ecb3/out -L dependency=/opt/rustwide/target/debug/build/crossbeam-deque/087d059027a5ff47/out -L dependency=/opt/rustwide/target/debug/build/crossbeam-epoch/85246a0df282c7c4/out -L dependency=/opt/rustwide/target/debug/build/crossbeam-utils/1c9006e854b046b8/out -L dependency=/opt/rustwide/target/debug/build/crypto-bigint/1db8763ed99a4800/out -L dependency=/opt/rustwide/target/debug/build/crypto-common/bdbfbc6a0066ab52/out -L dependency=/opt/rustwide/target/debug/build/crypto-common/e11546967f731df6/out -L dependency=/opt/rustwide/target/debug/build/ctr/c6b29335cd100abe/out -L dependency=/opt/rustwide/target/debug/build/curve25519-dalek-derive/86109b93c49850ef/out -L dependency=/opt/rustwide/target/debug/build/curve25519-dalek/fef2aa29e35cee74/out -L dependency=/opt/rustwide/target/debug/build/dashmap/4e89554d04f5f408/out -L dependency=/opt/rustwide/target/debug/build/data-encoding-macro-internal/2714487d02de74b3/out -L dependency=/opt/rustwide/target/debug/build/data-encoding-macro/39b378ddc6c6361b/out -L dependency=/opt/rustwide/target/debug/build/data-encoding/46e23225db2a3cf6/out -L dependency=/opt/rustwide/target/debug/build/der/fd2a58be73ef5c0b/out -L dependency=/opt/rustwide/target/debug/build/deranged/7c9de6a11faea304/out -L dependency=/opt/rustwide/target/debug/build/derive_arbitrary/562c574636ec6d62/out -L dependency=/opt/rustwide/target/debug/build/derive_more-impl/b9c0f921cbacaeb6/out -L dependency=/opt/rustwide/target/debug/build/derive_more/500911c0ad0814c2/out -L dependency=/opt/rustwide/target/debug/build/digest/29f1f42bc634d7ed/out -L dependency=/opt/rustwide/target/debug/build/digest/ea49cb00c7af74b5/out -L dependency=/opt/rustwide/target/debug/build/displaydoc/43a70299a578dbc6/out -L dependency=/opt/rustwide/target/debug/build/dyn-clone/b330238e90c336f8/out -L dependency=/opt/rustwide/target/debug/build/ecdsa/a612ece86622fd48/out -L dependency=/opt/rustwide/target/debug/build/ed25519-dalek/cf05a9ed26bf0c4a/out -L dependency=/opt/rustwide/target/debug/build/ed25519/9b92026ba14c52ab/out -L dependency=/opt/rustwide/target/debug/build/either/3f682379b64c2690/out -L dependency=/opt/rustwide/target/debug/build/elliptic-curve/b1e6b766512d5111/out -L dependency=/opt/rustwide/target/debug/build/equivalent/d23b026399a51038/out -L dependency=/opt/rustwide/target/debug/build/errno/2bdd740d2be47fdb/out -L dependency=/opt/rustwide/target/debug/build/eth-keystore/b9c05831d9bba402/out -L dependency=/opt/rustwide/target/debug/build/eyre/670a2b0068c4eac8/out -L dependency=/opt/rustwide/target/debug/build/fastrand/d076ee4abaa6c192/out -L dependency=/opt/rustwide/target/debug/build/ff/50bcd8e064b81519/out -L dependency=/opt/rustwide/target/debug/build/fnv/bf9ae889bab8acee/out -L dependency=/opt/rustwide/target/debug/build/foldhash/496b6a8506c7c674/out -L dependency=/opt/rustwide/target/debug/build/foldhash/7cc0e6b6b64910e8/out -L dependency=/opt/rustwide/target/debug/build/form_urlencoded/a0709cb2f4e6749a/out -L dependency=/opt/rustwide/target/debug/build/futures-bounded/1ca5f3bcdc83653d/out -L dependency=/opt/rustwide/target/debug/build/futures-bounded/d68470c745ec8a7f/out -L dependency=/opt/rustwide/target/debug/build/futures-channel/6351650e09691772/out -L dependency=/opt/rustwide/target/debug/build/futures-core/1cd512d543215c04/out -L dependency=/opt/rustwide/target/debug/build/futures-executor/c485f8f966e5a764/out -L dependency=/opt/rustwide/target/debug/build/futures-io/ee83dd0d8cfe75cb/out -L dependency=/opt/rustwide/target/debug/build/futures-macro/497fa74e1fd189b0/out -L dependency=/opt/rustwide/target/debug/build/futures-sink/80687936758fa695/out -L dependency=/opt/rustwide/target/debug/build/futures-task/bde3b8216abf23c5/out -L dependency=/opt/rustwide/target/debug/build/futures-timer/445a5b0286783e0c/out -L dependency=/opt/rustwide/target/debug/build/futures-util/464ec533fc54ca76/out -L dependency=/opt/rustwide/target/debug/build/futures-utils-wasm/9aef29afd4615d5a/out -L dependency=/opt/rustwide/target/debug/build/futures/540a5371775e9a2e/out -L dependency=/opt/rustwide/target/debug/build/generic-array/b9e368ee57d111c8/out -L dependency=/opt/rustwide/target/debug/build/getrandom/6527cb5c6cce9c7a/out -L dependency=/opt/rustwide/target/debug/build/getrandom/6d88a41a3cb66b71/out -L dependency=/opt/rustwide/target/debug/build/getrandom/7247c420b6bf94a9/out -L dependency=/opt/rustwide/target/debug/build/gloo-timers/2e234036d5a92a1a/out -L dependency=/opt/rustwide/target/debug/build/group/d1cbd4d12035825c/out -L dependency=/opt/rustwide/target/debug/build/h2/ed520299fe482e4f/out -L dependency=/opt/rustwide/target/debug/build/half/f07373013afa4f3f/out -L dependency=/opt/rustwide/target/debug/build/hashbrown/0351dbc9c736718e/out -L dependency=/opt/rustwide/target/debug/build/hashbrown/69d59772af06122b/out -L dependency=/opt/rustwide/target/debug/build/hashbrown/f1f72e91be09a664/out -L dependency=/opt/rustwide/target/debug/build/hashbrown/fee6932471c0bced/out -L dependency=/opt/rustwide/target/debug/build/hashlink/4389d15a2c75f812/out -L dependency=/opt/rustwide/target/debug/build/hashlink/fd4f50fcd26f00cd/out -L dependency=/opt/rustwide/target/debug/build/hex/4852862d92867e36/out -L dependency=/opt/rustwide/target/debug/build/hickory-net/9e2adee75c93b0c8/out -L dependency=/opt/rustwide/target/debug/build/hickory-proto/f26fa52b6abfc5b2/out -L dependency=/opt/rustwide/target/debug/build/hickory-resolver/fd5ea6bc6da8d838/out -L dependency=/opt/rustwide/target/debug/build/hkdf/3d27285d655b96fc/out -L dependency=/opt/rustwide/target/debug/build/hmac/4538398ce2afdcb7/out -L dependency=/opt/rustwide/target/debug/build/http-body-util/11ba82c33f542382/out -L dependency=/opt/rustwide/target/debug/build/http-body/73e8dd639f99001f/out -L dependency=/opt/rustwide/target/debug/build/http/be8ebef5c205baaf/out -L dependency=/opt/rustwide/target/debug/build/httparse/b9ed2fea81abf9ac/out -L dependency=/opt/rustwide/target/debug/build/httpdate/dd055e56878c34d5/out -L dependency=/opt/rustwide/target/debug/build/humansize/889fc0ca599907cf/out -L dependency=/opt/rustwide/target/debug/build/hybrid-array/680d1613fa186cc6/out -L dependency=/opt/rustwide/target/debug/build/hyper-util/e53601512b8ac8f5/out -L dependency=/opt/rustwide/target/debug/build/hyper/4cc3d18e3369d1be/out -L dependency=/opt/rustwide/target/debug/build/icu_collections/f18bae00ce8e7e62/out -L dependency=/opt/rustwide/target/debug/build/icu_locale_core/8848cf9b3240d0cf/out -L dependency=/opt/rustwide/target/debug/build/icu_normalizer/2aaa67e0b4752d94/out -L dependency=/opt/rustwide/target/debug/build/icu_normalizer_data/9df594966f451c5b/out -L dependency=/opt/rustwide/target/debug/build/icu_properties/42e16914717d42e1/out -L dependency=/opt/rustwide/target/debug/build/icu_properties_data/335803bac80265ac/out -L dependency=/opt/rustwide/target/debug/build/icu_provider/6e90783d4b25bc33/out -L dependency=/opt/rustwide/target/debug/build/idna/c2f3a3d16d4c14b0/out -L dependency=/opt/rustwide/target/debug/build/idna_adapter/bc738762bb0db89f/out -L dependency=/opt/rustwide/target/debug/build/if-watch/419318c2e6ec4d82/out -L dependency=/opt/rustwide/target/debug/build/igd-next/e501d2af261828cc/out -L dependency=/opt/rustwide/target/debug/build/indenter/fbe22d3616b40986/out -L dependency=/opt/rustwide/target/debug/build/indexmap/8c19545a73f10249/out -L dependency=/opt/rustwide/target/debug/build/inout/f0514af68b128567/out -L dependency=/opt/rustwide/target/debug/build/ipnet/451ca35f1b16f69c/out -L dependency=/opt/rustwide/target/debug/build/is-terminal/3483d3375c06aa77/out -L dependency=/opt/rustwide/target/debug/build/is_terminal_polyfill/fc6efa62ae782dd6/out -L dependency=/opt/rustwide/target/debug/build/itertools/2888a60a6acae3fd/out -L dependency=/opt/rustwide/target/debug/build/itertools/6918fabede344928/out -L dependency=/opt/rustwide/target/debug/build/itoa/488dcf4f13423b18/out -L dependency=/opt/rustwide/target/debug/build/js-sys/dcd733eaec193368/out -L dependency=/opt/rustwide/target/debug/build/k256/c33ee1a2c5c8f975/out -L dependency=/opt/rustwide/target/debug/build/keccak-asm/e7672bb18fb67b73/out -L dependency=/opt/rustwide/target/debug/build/keccak-batch/2272bcb23b5083ba/out -L dependency=/opt/rustwide/target/debug/build/keccak/62a6f94fe382cfb9/out -L dependency=/opt/rustwide/target/debug/build/keccak/e16cf69d85892aac/out -L dependency=/opt/rustwide/target/debug/build/lazy_static/cb8ca6aa8c56979f/out -L dependency=/opt/rustwide/target/debug/build/libc/16836f44866b8b3d/out -L dependency=/opt/rustwide/target/debug/build/libm/89e5b3015da8f563/out -L dependency=/opt/rustwide/target/debug/build/libp2p-allow-block-list/7a595fd2e643a49e/out -L dependency=/opt/rustwide/target/debug/build/libp2p-autonat/704f21cc554583ef/out -L dependency=/opt/rustwide/target/debug/build/libp2p-connection-limits/d8ee18b92754fe23/out -L dependency=/opt/rustwide/target/debug/build/libp2p-core/b0f71c8145fc1f0f/out -L dependency=/opt/rustwide/target/debug/build/libp2p-dns/d856439c1b301843/out -L dependency=/opt/rustwide/target/debug/build/libp2p-identify/9c836eda06c71bcf/out -L dependency=/opt/rustwide/target/debug/build/libp2p-identity/23a73e1c70815db6/out -L dependency=/opt/rustwide/target/debug/build/libp2p-mdns/a972f5d8269bc25e/out -L dependency=/opt/rustwide/target/debug/build/libp2p-noise/e2f7edb27060e731/out -L dependency=/opt/rustwide/target/debug/build/libp2p-ping/b00316d2430da0d4/out -L dependency=/opt/rustwide/target/debug/build/libp2p-plaintext/30d97a9a2b7c5fba/out -L dependency=/opt/rustwide/target/debug/build/libp2p-request-response/9a778d13c8863044/out -L dependency=/opt/rustwide/target/debug/build/libp2p-swarm-derive/cdba2f73d62d68af/out -L dependency=/opt/rustwide/target/debug/build/libp2p-swarm-test/0dee6d85a9d6195f/out -L dependency=/opt/rustwide/target/debug/build/libp2p-swarm/cdb66eb9200572ef/out -L dependency=/opt/rustwide/target/debug/build/libp2p-tcp/9dd02d7608240848/out -L dependency=/opt/rustwide/target/debug/build/libp2p-timer/21bc020e3c96e065/out -L dependency=/opt/rustwide/target/debug/build/libp2p-upnp/58af8a5f2efc1125/out -L dependency=/opt/rustwide/target/debug/build/libp2p-yamux/6fd8c7fbc41a8b30/out -L dependency=/opt/rustwide/target/debug/build/libp2p/93e55561855be2a9/out -L dependency=/opt/rustwide/target/debug/build/linux-raw-sys/707d34ae8817e4fb/out -L dependency=/opt/rustwide/target/debug/build/litemap/6390bd0b5dbf5657/out -L dependency=/opt/rustwide/target/debug/build/lock_api/b47e4fe57039b3cf/out -L dependency=/opt/rustwide/target/debug/build/log/9ceeb40c55739a25/out -L dependency=/opt/rustwide/target/debug/build/lru/a23597f79c07066a/out -L dependency=/opt/rustwide/target/debug/build/match-lookup/1df33479f7f117a3/out -L dependency=/opt/rustwide/target/debug/build/matchers/2d8c51bdc587249f/out -L dependency=/opt/rustwide/target/debug/build/memchr/e644acf4bdfb9529/out -L dependency=/opt/rustwide/target/debug/build/metrics/1169c3152f591a3f/out -L dependency=/opt/rustwide/target/debug/build/mio/1a4ca9584ecec01f/out -L dependency=/opt/rustwide/target/debug/build/moka/80cd8496ba62ff02/out -L dependency=/opt/rustwide/target/debug/build/multiaddr/9db8498686d874bf/out -L dependency=/opt/rustwide/target/debug/build/multibase/47fdea337f6fd9f3/out -L dependency=/opt/rustwide/target/debug/build/multihash/cfb61b6a99e2905f/out -L dependency=/opt/rustwide/target/debug/build/multistream-select/f30885a9873f5b7b/out -L dependency=/opt/rustwide/target/debug/build/nectar-contracts/17fa3513c7835ff0/out -L dependency=/opt/rustwide/target/debug/build/nectar-postage/e684ae34e32e624d/out -L dependency=/opt/rustwide/target/debug/build/nectar-primitives/4bb7137c29f79fc5/out -L dependency=/opt/rustwide/target/debug/build/nectar-swarms/d3c982fa4ac52b5e/out -L dependency=/opt/rustwide/target/debug/build/netlink-packet-core/62436d658cad38da/out -L dependency=/opt/rustwide/target/debug/build/netlink-packet-route/dd7c8cdc34e4c225/out -L dependency=/opt/rustwide/target/debug/build/netlink-proto/096e3d12922d10d9/out -L dependency=/opt/rustwide/target/debug/build/netlink-sys/4fa35c3d1f1f735c/out -L dependency=/opt/rustwide/target/debug/build/nix/ba760fae641fcab3/out -L dependency=/opt/rustwide/target/debug/build/nohash-hasher/089660ce1f261644/out -L dependency=/opt/rustwide/target/debug/build/nu-ansi-term/11c0e3ef7731332f/out -L dependency=/opt/rustwide/target/debug/build/num-conv/d4153d9e45ce082d/out -L dependency=/opt/rustwide/target/debug/build/num-traits/5cff41c3b572fd6d/out -L dependency=/opt/rustwide/target/debug/build/num_enum/0e927b3cdd073be2/out -L dependency=/opt/rustwide/target/debug/build/num_enum_derive/e617e1a2abf6e052/out -L dependency=/opt/rustwide/target/debug/build/nybbles/d6a4283558f52a3d/out -L dependency=/opt/rustwide/target/debug/build/once_cell/26bd572e27161ecf/out -L dependency=/opt/rustwide/target/debug/build/oorandom/853c32b69019c6d9/out -L dependency=/opt/rustwide/target/debug/build/opentelemetry/11f9b3109bfdbe99/out -L dependency=/opt/rustwide/target/debug/build/p256/b5f0dc2f3d85d57c/out -L dependency=/opt/rustwide/target/debug/build/parking_lot/f3e93ddb0171bfaa/out -L dependency=/opt/rustwide/target/debug/build/parking_lot_core/ad7e8aaba68a573b/out -L dependency=/opt/rustwide/target/debug/build/paste/c5e5e8a2bd161c29/out -L dependency=/opt/rustwide/target/debug/build/pbkdf2/d98f02c6670f5551/out -L dependency=/opt/rustwide/target/debug/build/pem-rfc7468/6c9c34a643ed7168/out -L dependency=/opt/rustwide/target/debug/build/percent-encoding/f0f3780066f274e0/out -L dependency=/opt/rustwide/target/debug/build/pin-project-internal/8493e85ed062811a/out -L dependency=/opt/rustwide/target/debug/build/pin-project-lite/7176d3be2b7ee2e1/out -L dependency=/opt/rustwide/target/debug/build/pin-project/27a480d3d0cd32fd/out -L dependency=/opt/rustwide/target/debug/build/pkcs8/1ba8c12e425784ea/out -L dependency=/opt/rustwide/target/debug/build/plotters-backend/0fe7a4822caf9b55/out -L dependency=/opt/rustwide/target/debug/build/plotters-svg/f07d6ea308ad794b/out -L dependency=/opt/rustwide/target/debug/build/plotters/4e2dab8949906f78/out -L dependency=/opt/rustwide/target/debug/build/portable-atomic/20dcc280dd29a9a5/out -L dependency=/opt/rustwide/target/debug/build/potential_utf/f6359657afd9ec21/out -L dependency=/opt/rustwide/target/debug/build/powerfmt/6244fffd86cf9c21/out -L dependency=/opt/rustwide/target/debug/build/ppv-lite86/12e54a0df8bd8195/out -L dependency=/opt/rustwide/target/debug/build/prefix-trie/0d89b6ac504482d9/out -L dependency=/opt/rustwide/target/debug/build/primeorder/73cabc7eeb002054/out -L dependency=/opt/rustwide/target/debug/build/proptest-arbitrary-interop/b9857cbe4b08ce35/out -L dependency=/opt/rustwide/target/debug/build/proptest-derive/f7d268976347a7ab/out -L dependency=/opt/rustwide/target/debug/build/proptest/8152d30db849890c/out -L dependency=/opt/rustwide/target/debug/build/prost-codec/9eafcac0ea356af3/out -L dependency=/opt/rustwide/target/debug/build/prost-derive/b39c4017d47deb87/out -L dependency=/opt/rustwide/target/debug/build/prost/6af7bfbe070838d5/out -L dependency=/opt/rustwide/target/debug/build/quick-error/0a500856079b147c/out -L dependency=/opt/rustwide/target/debug/build/quick-protobuf-codec/24a3043ffd20c265/out -L dependency=/opt/rustwide/target/debug/build/quick-protobuf/f5ba74ad38556ef3/out -L dependency=/opt/rustwide/target/debug/build/rand/3faf5833b5ce153c/out -L dependency=/opt/rustwide/target/debug/build/rand/b4b41125b45411e7/out -L dependency=/opt/rustwide/target/debug/build/rand/e2af7e6b3c9b796c/out -L dependency=/opt/rustwide/target/debug/build/rand_chacha/31aa21cd02bac9c2/out -L dependency=/opt/rustwide/target/debug/build/rand_chacha/94e62bac7747e629/out -L dependency=/opt/rustwide/target/debug/build/rand_core/38b9f4bb7cbd2052/out -L dependency=/opt/rustwide/target/debug/build/rand_core/49e26b7a0217e69a/out -L dependency=/opt/rustwide/target/debug/build/rand_core/9a5dc38792b219e1/out -L dependency=/opt/rustwide/target/debug/build/rand_xorshift/86b6b747ac01e9ca/out -L dependency=/opt/rustwide/target/debug/build/rapidhash/63e5082a0c14c59d/out -L dependency=/opt/rustwide/target/debug/build/rayon-core/9d1491ca31e78191/out -L dependency=/opt/rustwide/target/debug/build/rayon/e465bb5134c3f262/out -L dependency=/opt/rustwide/target/debug/build/regex-automata/3674fed1299f4fe9/out -L dependency=/opt/rustwide/target/debug/build/regex-syntax/6cb68f2e111607e3/out -L dependency=/opt/rustwide/target/debug/build/regex/a5b1e97416b98b36/out -L dependency=/opt/rustwide/target/debug/build/resolv-conf/edf6c74a9825dce1/out -L dependency=/opt/rustwide/target/debug/build/rfc6979/daca2acd8c92c836/out -L dependency=/opt/rustwide/target/debug/build/ring/2dbff659136d128b/out -L dependency=/opt/rustwide/target/debug/build/rtnetlink/b0b74fccdbd1d1a2/out -L dependency=/opt/rustwide/target/debug/build/ruint-macro/ce3e92a1ea88db0c/out -L dependency=/opt/rustwide/target/debug/build/ruint/0f7afc51385f2f47/out -L dependency=/opt/rustwide/target/debug/build/rustc-hash/fa54ace8adeddf71/out -L dependency=/opt/rustwide/target/debug/build/rustix/5f3d782adec117e5/out -L dependency=/opt/rustwide/target/debug/build/rustversion/5a027c01becb027b/out -L dependency=/opt/rustwide/target/debug/build/rusty-fork/933d64fc25071e7d/out -L dependency=/opt/rustwide/target/debug/build/rw-stream-sink/c93b366fa382d3b4/out -L dependency=/opt/rustwide/target/debug/build/salsa20/94d6b064aa9e1e83/out -L dependency=/opt/rustwide/target/debug/build/same-file/b7226876f34d02dd/out -L dependency=/opt/rustwide/target/debug/build/scopeguard/e7d227cb308b3799/out -L dependency=/opt/rustwide/target/debug/build/scrypt/2194b6fae187d720/out -L dependency=/opt/rustwide/target/debug/build/sec1/6b5176d5efe43107/out -L dependency=/opt/rustwide/target/debug/build/send_wrapper/d90dd8297f9978b0/out -L dependency=/opt/rustwide/target/debug/build/serde/58951b894840d848/out -L dependency=/opt/rustwide/target/debug/build/serde_core/30ac4ed9a0a88344/out -L dependency=/opt/rustwide/target/debug/build/serde_derive/0d175b916ca1f2fd/out -L dependency=/opt/rustwide/target/debug/build/serde_json/90c54bd62bc6280c/out -L dependency=/opt/rustwide/target/debug/build/serde_spanned/cf1bc0f3f9e72121/out -L dependency=/opt/rustwide/target/debug/build/serde_with/94b1c2313799a90c/out -L dependency=/opt/rustwide/target/debug/build/serde_with_macros/8e47f00b70ec61b9/out -L dependency=/opt/rustwide/target/debug/build/sha2/4adba192fbf1b812/out -L dependency=/opt/rustwide/target/debug/build/sha3-asm/328c0d9148ed37bd/out -L dependency=/opt/rustwide/target/debug/build/sha3/62ce091a4a01cc0e/out -L dependency=/opt/rustwide/target/debug/build/sha3/79119fdff7d93f56/out -L dependency=/opt/rustwide/target/debug/build/sharded-slab/5d7560049c0c9021/out -L dependency=/opt/rustwide/target/debug/build/signal-hook-registry/157c2e8046536c9a/out -L dependency=/opt/rustwide/target/debug/build/signature/f94290d9d85d779a/out -L dependency=/opt/rustwide/target/debug/build/slab/101f873bca723251/out -L dependency=/opt/rustwide/target/debug/build/smallvec/5f73c48e5c227398/out -L dependency=/opt/rustwide/target/debug/build/snow/4597daa4c8854669/out -L dependency=/opt/rustwide/target/debug/build/socket2/40c047aad9f25ab0/out -L dependency=/opt/rustwide/target/debug/build/spki/ffd1f086149c3517/out -L dependency=/opt/rustwide/target/debug/build/stable_deref_trait/a4bd0afb694af506/out -L dependency=/opt/rustwide/target/debug/build/static_assertions/f2154b0bf273423d/out -L dependency=/opt/rustwide/target/debug/build/strsim/a1f0dce47f9b6856/out -L dependency=/opt/rustwide/target/debug/build/strum/50c54f5a79a4073b/out -L dependency=/opt/rustwide/target/debug/build/strum/9615284a19458b62/out -L dependency=/opt/rustwide/target/debug/build/strum_macros/13179db26da9f8d1/out -L dependency=/opt/rustwide/target/debug/build/strum_macros/65b4b138b8d0563c/out -L dependency=/opt/rustwide/target/debug/build/subtle/1139c163d0bdfd0a/out -L dependency=/opt/rustwide/target/debug/build/tagptr/f702f7ce40e6e497/out -L dependency=/opt/rustwide/target/debug/build/tempfile/f34b052d5a2ae7dc/out -L dependency=/opt/rustwide/target/debug/build/thiserror-impl/893e47897326c678/out -L dependency=/opt/rustwide/target/debug/build/thiserror-impl/dbf610caa12c8446/out -L dependency=/opt/rustwide/target/debug/build/thiserror/06222b11579db239/out -L dependency=/opt/rustwide/target/debug/build/thiserror/827a4a8f872d637a/out -L dependency=/opt/rustwide/target/debug/build/thread_local/cbf1fada601e6778/out -L dependency=/opt/rustwide/target/debug/build/time-core/aad8b819250008da/out -L dependency=/opt/rustwide/target/debug/build/time/80a7d14a913bc5d5/out -L dependency=/opt/rustwide/target/debug/build/tinystr/15c567bd1a3ff2cd/out -L dependency=/opt/rustwide/target/debug/build/tinytemplate/ab2103782346eb89/out -L dependency=/opt/rustwide/target/debug/build/tinyvec/5702823d1ce52f92/out -L dependency=/opt/rustwide/target/debug/build/tinyvec_macros/8f2743a6fdad0226/out -L dependency=/opt/rustwide/target/debug/build/tokio-macros/08b96a339cb6ecf1/out -L dependency=/opt/rustwide/target/debug/build/tokio-stream/f2a04baf21ed4542/out -L dependency=/opt/rustwide/target/debug/build/tokio-util/960bebef17c6180f/out -L dependency=/opt/rustwide/target/debug/build/tokio/9a461bc2b20adfa2/out -L dependency=/opt/rustwide/target/debug/build/toml/b2d815be1e15e159/out -L dependency=/opt/rustwide/target/debug/build/toml_datetime/a2c670929bc0a72c/out -L dependency=/opt/rustwide/target/debug/build/toml_edit/1a4ddcab545f5cb9/out -L dependency=/opt/rustwide/target/debug/build/toml_write/47ffa1ec0c7e097d/out -L dependency=/opt/rustwide/target/debug/build/tower-service/e69ac8dcc8243395/out -L dependency=/opt/rustwide/target/debug/build/tracing-attributes/44e0a9075c9092e4/out -L dependency=/opt/rustwide/target/debug/build/tracing-core/402e6c33d2524edf/out -L dependency=/opt/rustwide/target/debug/build/tracing-log/3aed526f0ea46cb4/out -L dependency=/opt/rustwide/target/debug/build/tracing-opentelemetry/aa05d6018a48a921/out -L dependency=/opt/rustwide/target/debug/build/tracing-serde/8caac53e969ade43/out -L dependency=/opt/rustwide/target/debug/build/tracing-subscriber/31186545a7e41541/out -L dependency=/opt/rustwide/target/debug/build/tracing/badf86ecebcc68fe/out -L dependency=/opt/rustwide/target/debug/build/try-lock/08abaa63f4861efa/out -L dependency=/opt/rustwide/target/debug/build/typenum/24aab6a4200ddd27/out -L dependency=/opt/rustwide/target/debug/build/unarray/7cd11d7c1cdfd805/out -L dependency=/opt/rustwide/target/debug/build/unicode-ident/3becac50809745ee/out -L dependency=/opt/rustwide/target/debug/build/unsigned-varint/fd950f62300d04d7/out -L dependency=/opt/rustwide/target/debug/build/untrusted/03cde965a30f6cbb/out -L dependency=/opt/rustwide/target/debug/build/url/8ff1afb6d14b115a/out -L dependency=/opt/rustwide/target/debug/build/utf8_iter/88f5a358869389d3/out -L dependency=/opt/rustwide/target/debug/build/utf8parse/dfcca550ff662ae9/out -L dependency=/opt/rustwide/target/debug/build/uuid/0532bdbe4b972068/out -L dependency=/opt/rustwide/target/debug/build/uuid/c67275793e7b6c5a/out -L dependency=/opt/rustwide/target/debug/build/vertex-metrics/22e2ec1c24bfdc7c/out -L dependency=/opt/rustwide/target/debug/build/vertex-net-codec/4058340ae29aa332/out -L dependency=/opt/rustwide/target/debug/build/vertex-net-dialer/0981532dd6472da0/out -L dependency=/opt/rustwide/target/debug/build/vertex-net-dnsaddr/3d818be18210efbb/out -L dependency=/opt/rustwide/target/debug/build/vertex-net-local/dc134ca0d787a465/out -L dependency=/opt/rustwide/target/debug/build/vertex-net-peer-backoff/9d95f55683e67edb/out -L dependency=/opt/rustwide/target/debug/build/vertex-net-peer-registry/9dc5ef9653f9ce05/out -L dependency=/opt/rustwide/target/debug/build/vertex-net-peer-score/768e55d6755f980d/out -L dependency=/opt/rustwide/target/debug/build/vertex-net-peer-store/37fe22e482e06444/out -L dependency=/opt/rustwide/target/debug/build/vertex-net-ratelimiter/61529fd7f97d1fb8/out -L dependency=/opt/rustwide/target/debug/build/vertex-net-utils/a9a226faf217a49d/out -L dependency=/opt/rustwide/target/debug/build/vertex-node-api/7be893ac353fbc00/out -L dependency=/opt/rustwide/target/debug/build/vertex-storage/2c954c84aa16ccc9/out -L dependency=/opt/rustwide/target/debug/build/vertex-store/aa91f23b9caec3e7/out -L dependency=/opt/rustwide/target/debug/build/vertex-swarm-accounting-chequebook/c72d43926c99ed1a/out -L dependency=/opt/rustwide/target/debug/build/vertex-swarm-accounting-pricing/ae661b09efc0d217/out -L dependency=/opt/rustwide/target/debug/build/vertex-swarm-accounting-pseudosettle/3320ad3387e302ca/out -L dependency=/opt/rustwide/target/debug/build/vertex-swarm-accounting/3259ead1d5e006c1/out -L dependency=/opt/rustwide/target/debug/build/vertex-swarm-api/de81cfdf22e4c802/out -L dependency=/opt/rustwide/target/debug/build/vertex-swarm-client-behaviour/8fff29ef98530bbb/out -L dependency=/opt/rustwide/target/debug/build/vertex-swarm-client-protocol/5c3809b7ef9345b0/out -L dependency=/opt/rustwide/target/debug/build/vertex-swarm-forks/057662688b7cce5a/out -L dependency=/opt/rustwide/target/debug/build/vertex-swarm-identity/733eacc6ea5d06b3/out -L dependency=/opt/rustwide/target/debug/build/vertex-swarm-localstore/d22f4c3b9121775e/out -L dependency=/opt/rustwide/target/debug/build/vertex-swarm-net-handler-core/4b530a878b40aa01/out -L dependency=/opt/rustwide/target/debug/build/vertex-swarm-net-handshake/8d4506b710c2a416/out -L dependency=/opt/rustwide/target/debug/build/vertex-swarm-net-headers/2748607263096f9f/out -L dependency=/opt/rustwide/target/debug/build/vertex-swarm-net-hive/1626fa9d3e443acb/out -L dependency=/opt/rustwide/target/debug/build/vertex-swarm-net-identify/98ddb13942284fbc/out -L dependency=/opt/rustwide/target/debug/build/vertex-swarm-net-pricing/39b6994872a801cb/out -L dependency=/opt/rustwide/target/debug/build/vertex-swarm-net-proto/403264537b810ac1/out -L dependency=/opt/rustwide/target/debug/build/vertex-swarm-net-pseudosettle/09b98e3915cc3e64/out -L dependency=/opt/rustwide/target/debug/build/vertex-swarm-net-pullsync/cb2bd22face059a8/out -L dependency=/opt/rustwide/target/debug/build/vertex-swarm-net-pushsync/ee3224acb9513e46/out -L dependency=/opt/rustwide/target/debug/build/vertex-swarm-net-retrieval/59c39c90f470f657/out -L dependency=/opt/rustwide/target/debug/build/vertex-swarm-net-swap/297ce05bbd6b1cd8/out -L dependency=/opt/rustwide/target/debug/build/vertex-swarm-node/efa061fccdc73e00/out -L dependency=/opt/rustwide/target/debug/build/vertex-swarm-peer-manager/738826713f0ded4d/out -L dependency=/opt/rustwide/target/debug/build/vertex-swarm-peer-score/95b2f859873a8767/out -L dependency=/opt/rustwide/target/debug/build/vertex-swarm-peer/faf44db535093a63/out -L dependency=/opt/rustwide/target/debug/build/vertex-swarm-postage/90a39288dc3111bd/out -L dependency=/opt/rustwide/target/debug/build/vertex-swarm-primitives/718304c6c758ea99/out -L dependency=/opt/rustwide/target/debug/build/vertex-swarm-puller/b820239aaf6057ee/out -L dependency=/opt/rustwide/target/debug/build/vertex-swarm-redistribution/d2b2d326222afdd8/out -L dependency=/opt/rustwide/target/debug/build/vertex-swarm-spec/5cb3ccd3bb3fa5d7/out -L dependency=/opt/rustwide/target/debug/build/vertex-swarm-storer-behaviour/3c8cf4014f30021e/out -L dependency=/opt/rustwide/target/debug/build/vertex-swarm-topology/3fd6ecf8e5a0887c/out -L dependency=/opt/rustwide/target/debug/build/vertex-tasks/6b52c500412cbe04/out -L dependency=/opt/rustwide/target/debug/build/vertex-util-runtime/6700139e9912567f/out -L dependency=/opt/rustwide/target/debug/build/void/669fea486b2b8b2a/out -L dependency=/opt/rustwide/target/debug/build/wait-timeout/4ae09d3e91a2bfc9/out -L dependency=/opt/rustwide/target/debug/build/walkdir/1278d11b181efceb/out -L dependency=/opt/rustwide/target/debug/build/want/cc3dcee12d270b38/out -L dependency=/opt/rustwide/target/debug/build/wasm-bindgen-macro/45ab72afe3cb9664/out -L dependency=/opt/rustwide/target/debug/build/wasm-bindgen-shared/48810ca077072635/out -L dependency=/opt/rustwide/target/debug/build/wasm-bindgen/c4422e245b5edfe9/out -L dependency=/opt/rustwide/target/debug/build/web-time/bfcd0ef96c52737a/out -L dependency=/opt/rustwide/target/debug/build/winnow/1ebead8a97d468cc/out -L dependency=/opt/rustwide/target/debug/build/winnow/2af4cb063769d751/out -L dependency=/opt/rustwide/target/debug/build/writeable/b7e8e2724ee161de/out -L dependency=/opt/rustwide/target/debug/build/x25519-dalek/1bac912a7862678c/out -L dependency=/opt/rustwide/target/debug/build/xml-rs/c1cfa8092dfc627f/out -L dependency=/opt/rustwide/target/debug/build/xmltree/223a1e1f73bd49a7/out -L dependency=/opt/rustwide/target/debug/build/yamux/0a41b202cc39a59b/out -L dependency=/opt/rustwide/target/debug/build/yamux/77393d7c7be4ab9c/out -L dependency=/opt/rustwide/target/debug/build/yoke-derive/3546dec7cc412643/out -L dependency=/opt/rustwide/target/debug/build/yoke/7770263978b19e53/out -L dependency=/opt/rustwide/target/debug/build/zerocopy-derive/7feddbc958418115/out -L dependency=/opt/rustwide/target/debug/build/zerocopy/076df8d0bfe5ffe0/out -L dependency=/opt/rustwide/target/debug/build/zerofrom-derive/43861561e23717e1/out -L dependency=/opt/rustwide/target/debug/build/zerofrom/d6c0df9a376b518d/out -L dependency=/opt/rustwide/target/debug/build/zeroize/c81bc931a37088a7/out -L dependency=/opt/rustwide/target/debug/build/zeroize_derive/814216d89f02e4ee/out -L dependency=/opt/rustwide/target/debug/build/zerotrie/7f00dd24c9489091/out -L dependency=/opt/rustwide/target/debug/build/zerovec-derive/04ef55802b246a50/out -L dependency=/opt/rustwide/target/debug/build/zerovec/d3d32e48783eb05d/out -L dependency=/opt/rustwide/target/debug/build/zmij/7606d3367d7489bc/out --extern alloy_primitives=/opt/rustwide/target/debug/build/alloy-primitives/b7ae286ae3485593/out/liballoy_primitives-b7ae286ae3485593.rmeta --extern alloy_signer=/opt/rustwide/target/debug/build/alloy-signer/ded984e645e82d12/out/liballoy_signer-ded984e645e82d12.rmeta --extern alloy_signer_local=/opt/rustwide/target/debug/build/alloy-signer-local/9229b4852efdbd5b/out/liballoy_signer_local-9229b4852efdbd5b.rmeta --extern async_trait=/opt/rustwide/target/debug/build/async-trait/5e6c8dc165503e7e/out/libasync_trait-5e6c8dc165503e7e.so --extern auto_impl=/opt/rustwide/target/debug/build/auto_impl/04742cd1c1ea8d83/out/libauto_impl-04742cd1c1ea8d83.so --extern bytes=/opt/rustwide/target/debug/build/bytes/3a992aba56658530/out/libbytes-3a992aba56658530.rmeta --extern clap=/opt/rustwide/target/debug/build/clap/ba07aed815ce4c31/out/libclap-ba07aed815ce4c31.rmeta --extern criterion=/opt/rustwide/target/debug/build/codspeed-criterion-compat/a81d071be2835f74/out/libcodspeed_criterion_compat-a81d071be2835f74.rmeta --extern eyre=/opt/rustwide/target/debug/build/eyre/670a2b0068c4eac8/out/libeyre-670a2b0068c4eac8.rmeta --extern futures=/opt/rustwide/target/debug/build/futures/540a5371775e9a2e/out/libfutures-540a5371775e9a2e.rmeta --extern futures_bounded=/opt/rustwide/target/debug/build/futures-bounded/1ca5f3bcdc83653d/out/libfutures_bounded-1ca5f3bcdc83653d.rmeta --extern futures_timer=/opt/rustwide/target/debug/build/futures-timer/445a5b0286783e0c/out/libfutures_timer-445a5b0286783e0c.rmeta --extern libp2p=/opt/rustwide/target/debug/build/libp2p/93e55561855be2a9/out/liblibp2p-93e55561855be2a9.rmeta --extern libp2p_swarm_test=/opt/rustwide/target/debug/build/libp2p-swarm-test/0dee6d85a9d6195f/out/liblibp2p_swarm_test-0dee6d85a9d6195f.rmeta --extern metrics=/opt/rustwide/target/debug/build/metrics/1169c3152f591a3f/out/libmetrics-1169c3152f591a3f.rmeta --extern nectar_postage=/opt/rustwide/target/debug/build/nectar-postage/e684ae34e32e624d/out/libnectar_postage-e684ae34e32e624d.rmeta --extern nectar_primitives=/opt/rustwide/target/debug/build/nectar-primitives/4bb7137c29f79fc5/out/libnectar_primitives-4bb7137c29f79fc5.rmeta --extern parking_lot=/opt/rustwide/target/debug/build/parking_lot/f3e93ddb0171bfaa/out/libparking_lot-f3e93ddb0171bfaa.rmeta --extern rand_08=/opt/rustwide/target/debug/build/rand/b4b41125b45411e7/out/librand-b4b41125b45411e7.rmeta --extern rustc_hash=/opt/rustwide/target/debug/build/rustc-hash/fa54ace8adeddf71/out/librustc_hash-fa54ace8adeddf71.rmeta --extern serde=/opt/rustwide/target/debug/build/serde/58951b894840d848/out/libserde-58951b894840d848.rmeta --extern strum=/opt/rustwide/target/debug/build/strum/50c54f5a79a4073b/out/libstrum-50c54f5a79a4073b.rmeta --extern thiserror=/opt/rustwide/target/debug/build/thiserror/06222b11579db239/out/libthiserror-06222b11579db239.rmeta --extern tokio=/opt/rustwide/target/debug/build/tokio/9a461bc2b20adfa2/out/libtokio-9a461bc2b20adfa2.rmeta --extern tracing=/opt/rustwide/target/debug/build/tracing/badf86ecebcc68fe/out/libtracing-badf86ecebcc68fe.rmeta --extern tracing_subscriber=/opt/rustwide/target/debug/build/tracing-subscriber/31186545a7e41541/out/libtracing_subscriber-31186545a7e41541.rmeta --extern vertex_metrics=/opt/rustwide/target/debug/build/vertex-metrics/22e2ec1c24bfdc7c/out/libvertex_metrics-22e2ec1c24bfdc7c.rmeta --extern vertex_net_local=/opt/rustwide/target/debug/build/vertex-net-local/dc134ca0d787a465/out/libvertex_net_local-dc134ca0d787a465.rmeta --extern vertex_net_peer_store=/opt/rustwide/target/debug/build/vertex-net-peer-store/37fe22e482e06444/out/libvertex_net_peer_store-37fe22e482e06444.rmeta --extern vertex_node_api=/opt/rustwide/target/debug/build/vertex-node-api/7be893ac353fbc00/out/libvertex_node_api-7be893ac353fbc00.rmeta --extern vertex_swarm_accounting=/opt/rustwide/target/debug/build/vertex-swarm-accounting/3259ead1d5e006c1/out/libvertex_swarm_accounting-3259ead1d5e006c1.rmeta --extern vertex_swarm_accounting_pricing=/opt/rustwide/target/debug/build/vertex-swarm-accounting-pricing/ae661b09efc0d217/out/libvertex_swarm_accounting_pricing-ae661b09efc0d217.rmeta --extern vertex_swarm_accounting_pseudosettle=/opt/rustwide/target/debug/build/vertex-swarm-accounting-pseudosettle/3320ad3387e302ca/out/libvertex_swarm_accounting_pseudosettle-3320ad3387e302ca.rmeta --extern vertex_swarm_api=/opt/rustwide/target/debug/build/vertex-swarm-api/de81cfdf22e4c802/out/libvertex_swarm_api-de81cfdf22e4c802.rmeta --extern vertex_swarm_client_behaviour=/opt/rustwide/target/debug/build/vertex-swarm-client-behaviour/8fff29ef98530bbb/out/libvertex_swarm_client_behaviour-8fff29ef98530bbb.rmeta --extern vertex_swarm_client_protocol=/opt/rustwide/target/debug/build/vertex-swarm-client-protocol/5c3809b7ef9345b0/out/libvertex_swarm_client_protocol-5c3809b7ef9345b0.rmeta --extern vertex_swarm_identity=/opt/rustwide/target/debug/build/vertex-swarm-identity/733eacc6ea5d06b3/out/libvertex_swarm_identity-733eacc6ea5d06b3.rmeta --extern vertex_swarm_localstore=/opt/rustwide/target/debug/build/vertex-swarm-localstore/d22f4c3b9121775e/out/libvertex_swarm_localstore-d22f4c3b9121775e.rmeta --extern vertex_swarm_net_handshake=/opt/rustwide/target/debug/build/vertex-swarm-net-handshake/8d4506b710c2a416/out/libvertex_swarm_net_handshake-8d4506b710c2a416.rmeta --extern vertex_swarm_net_headers=/opt/rustwide/target/debug/build/vertex-swarm-net-headers/2748607263096f9f/out/libvertex_swarm_net_headers-2748607263096f9f.rmeta --extern vertex_swarm_net_hive=/opt/rustwide/target/debug/build/vertex-swarm-net-hive/1626fa9d3e443acb/out/libvertex_swarm_net_hive-1626fa9d3e443acb.rmeta --extern vertex_swarm_net_identify=/opt/rustwide/target/debug/build/vertex-swarm-net-identify/98ddb13942284fbc/out/libvertex_swarm_net_identify-98ddb13942284fbc.rmeta --extern vertex_swarm_net_pricing=/opt/rustwide/target/debug/build/vertex-swarm-net-pricing/39b6994872a801cb/out/libvertex_swarm_net_pricing-39b6994872a801cb.rmeta --extern vertex_swarm_net_pushsync=/opt/rustwide/target/debug/build/vertex-swarm-net-pushsync/ee3224acb9513e46/out/libvertex_swarm_net_pushsync-ee3224acb9513e46.rmeta --extern vertex_swarm_net_retrieval=/opt/rustwide/target/debug/build/vertex-swarm-net-retrieval/59c39c90f470f657/out/libvertex_swarm_net_retrieval-59c39c90f470f657.rmeta --extern vertex_swarm_peer=/opt/rustwide/target/debug/build/vertex-swarm-peer/faf44db535093a63/out/libvertex_swarm_peer-faf44db535093a63.rmeta --extern vertex_swarm_peer_manager=/opt/rustwide/target/debug/build/vertex-swarm-peer-manager/738826713f0ded4d/out/libvertex_swarm_peer_manager-738826713f0ded4d.rmeta --extern vertex_swarm_peer_score=/opt/rustwide/target/debug/build/vertex-swarm-peer-score/95b2f859873a8767/out/libvertex_swarm_peer_score-95b2f859873a8767.rmeta --extern vertex_swarm_primitives=/opt/rustwide/target/debug/build/vertex-swarm-primitives/718304c6c758ea99/out/libvertex_swarm_primitives-718304c6c758ea99.rmeta --extern vertex_swarm_puller=/opt/rustwide/target/debug/build/vertex-swarm-puller/b820239aaf6057ee/out/libvertex_swarm_puller-b820239aaf6057ee.rmeta --extern vertex_swarm_redistribution=/opt/rustwide/target/debug/build/vertex-swarm-redistribution/d2b2d326222afdd8/out/libvertex_swarm_redistribution-d2b2d326222afdd8.rmeta --extern vertex_swarm_spec=/opt/rustwide/target/debug/build/vertex-swarm-spec/5cb3ccd3bb3fa5d7/out/libvertex_swarm_spec-5cb3ccd3bb3fa5d7.rmeta --extern vertex_swarm_storer_behaviour=/opt/rustwide/target/debug/build/vertex-swarm-storer-behaviour/3c8cf4014f30021e/out/libvertex_swarm_storer_behaviour-3c8cf4014f30021e.rmeta --extern vertex_swarm_test_utils=/opt/rustwide/target/debug/build/vertex-swarm-test-utils/f2be1c3d9b8fdd77/out/libvertex_swarm_test_utils-f2be1c3d9b8fdd77.rmeta --extern vertex_swarm_topology=/opt/rustwide/target/debug/build/vertex-swarm-topology/3fd6ecf8e5a0887c/out/libvertex_swarm_topology-3fd6ecf8e5a0887c.rmeta --extern vertex_tasks=/opt/rustwide/target/debug/build/vertex-tasks/6b52c500412cbe04/out/libvertex_tasks-6b52c500412cbe04.rmeta --extern vertex_util_runtime=/opt/rustwide/target/debug/build/vertex-util-runtime/6700139e9912567f/out/libvertex_util_runtime-6700139e9912567f.rmeta --cap-lints=forbid --force-warn=unused_crate_dependencies -L native=/opt/rustwide/target/debug/build/sha3-asm/b608a2d1a151ae3d/out -L native=/opt/rustwide/target/debug/build/ring/65bbd6f9ce8f31cd/out` (signal: 9, SIGKILL: kill)
[INFO] [stderr] error: failed to run custom build command for `tikv-jemalloc-sys v0.6.1+5.3.0-1-ge13ca993e8ccb9ba9847cc330696e02839f328f7`
[INFO] [stderr] note: To improve backtraces for build dependencies, set the CARGO_PROFILE_DEV_BUILD_OVERRIDE_DEBUG=true environment variable to enable debug information generation.
[INFO] [stderr] 
[INFO] [stderr] Caused by:
[INFO] [stderr]   process didn't exit successfully: `/opt/rustwide/target/debug/build/tikv-jemalloc-sys/1f76a5d08ec00318/out/build_script_build` (exit status: 101)
[INFO] [stderr]   --- stdout
[INFO] [stderr]   TARGET=x86_64-unknown-linux-gnu
[INFO] [stderr]   HOST=x86_64-unknown-linux-gnu
[INFO] [stderr]   NUM_JOBS=8
[INFO] [stderr]   OUT_DIR="/opt/rustwide/target/debug/build/tikv-jemalloc-sys/1a543a52f15678f1/out"
[INFO] [stderr]   BUILD_DIR="/opt/rustwide/target/debug/build/tikv-jemalloc-sys/1a543a52f15678f1/out/build"
[INFO] [stderr]   SRC_DIR="/opt/rustwide/cargo-home/registry/src/index.crates.io-1949cf8c6b5b557f/tikv-jemalloc-sys-0.6.1+5.3.0-1-ge13ca993e8ccb9ba9847cc330696e02839f328f7"
[INFO] [stderr]   cargo:rustc-cfg=prefixed
[INFO] [stderr]   cargo:rerun-if-env-changed=X86_64_UNKNOWN_LINUX_GNU_JEMALLOC_OVERRIDE
[INFO] [stderr]   cargo:rerun-if-env-changed=JEMALLOC_OVERRIDE
[INFO] [stderr]   cargo:rerun-if-env-changed=CC_x86_64-unknown-linux-gnu
[INFO] [stderr]   CC_x86_64-unknown-linux-gnu = None
[INFO] [stderr]   cargo:rerun-if-env-changed=CC_x86_64_unknown_linux_gnu
[INFO] [stderr]   CC_x86_64_unknown_linux_gnu = None
[INFO] [stderr]   cargo:rerun-if-env-changed=HOST_CC
[INFO] [stderr]   HOST_CC = None
[INFO] [stderr]   cargo:rerun-if-env-changed=CC
[INFO] [stderr]   CC = None
[INFO] [stderr]   cargo:rerun-if-env-changed=CC_ENABLE_DEBUG_OUTPUT
[INFO] [stderr]   cargo:rerun-if-env-changed=CRATE_CC_NO_DEFAULTS
[INFO] [stderr]   CRATE_CC_NO_DEFAULTS = None
[INFO] [stderr]   cargo:rerun-if-env-changed=CFLAGS
[INFO] [stderr]   CFLAGS = None
[INFO] [stderr]   cargo:rerun-if-env-changed=HOST_CFLAGS
[INFO] [stderr]   HOST_CFLAGS = None
[INFO] [stderr]   cargo:rerun-if-env-changed=CFLAGS_x86_64_unknown_linux_gnu
[INFO] [stderr]   CFLAGS_x86_64_unknown_linux_gnu = None
[INFO] [stderr]   cargo:rerun-if-env-changed=CFLAGS_x86_64-unknown-linux-gnu
[INFO] [stderr]   CFLAGS_x86_64-unknown-linux-gnu = None
[INFO] [stderr]   CC="cc"
[INFO] [stderr]   CFLAGS="-O0 -ffunction-sections -fdata-sections -fPIC -g -gdwarf-4 -fno-omit-frame-pointer -m64 -Wall"
[INFO] [stderr]   JEMALLOC_REPO_DIR="jemalloc"
[INFO] [stderr]   cargo:rerun-if-env-changed=X86_64_UNKNOWN_LINUX_GNU_JEMALLOC_SYS_WITH_MALLOC_CONF
[INFO] [stderr]   cargo:rerun-if-env-changed=JEMALLOC_SYS_WITH_MALLOC_CONF
[INFO] [stderr]   cargo:rerun-if-env-changed=X86_64_UNKNOWN_LINUX_GNU_JEMALLOC_SYS_WITH_LG_PAGE
[INFO] [stderr]   cargo:rerun-if-env-changed=JEMALLOC_SYS_WITH_LG_PAGE
[INFO] [stderr]   cargo:rerun-if-env-changed=X86_64_UNKNOWN_LINUX_GNU_JEMALLOC_SYS_WITH_LG_HUGEPAGE
[INFO] [stderr]   cargo:rerun-if-env-changed=JEMALLOC_SYS_WITH_LG_HUGEPAGE
[INFO] [stderr]   cargo:rerun-if-env-changed=X86_64_UNKNOWN_LINUX_GNU_JEMALLOC_SYS_WITH_LG_QUANTUM
[INFO] [stderr]   cargo:rerun-if-env-changed=JEMALLOC_SYS_WITH_LG_QUANTUM
[INFO] [stderr]   cargo:rerun-if-env-changed=X86_64_UNKNOWN_LINUX_GNU_JEMALLOC_SYS_WITH_LG_VADDR
[INFO] [stderr]   cargo:rerun-if-env-changed=JEMALLOC_SYS_WITH_LG_VADDR
[INFO] [stderr]   --with-jemalloc-prefix=_rjem_
[INFO] [stderr]   CARGO_FEATURE_STATS set
[INFO] [stderr]   running: cd "/opt/rustwide/target/debug/build/tikv-jemalloc-sys/1a543a52f15678f1/out/build" && CC="cc" CFLAGS="-O0 -ffunction-sections -fdata-sections -fPIC -g -gdwarf-4 -fno-omit-frame-pointer -m64 -Wall" CPPFLAGS="-O0 -ffunction-sections -fdata-sections -fPIC -g -gdwarf-4 -fno-omit-frame-pointer -m64 -Wall" LDFLAGS="-O0 -ffunction-sections -fdata-sections -fPIC -g -gdwarf-4 -fno-omit-frame-pointer -m64 -Wall" "sh" "/opt/rustwide/target/debug/build/tikv-jemalloc-sys/1a543a52f15678f1/out/build/configure" "--with-version=5.3.0-1-ge13ca993e8ccb9ba9847cc330696e02839f328f7" "--disable-cxx" "--enable-doc=no" "--enable-shared=no" "--with-jemalloc-prefix=_rjem_" "--with-private-namespace=_rjem_" "--enable-stats" "--host=x86_64-unknown-linux-gnu" "--build=x86_64-unknown-linux-gnu" "--prefix=/opt/rustwide/target/debug/build/tikv-jemalloc-sys/1a543a52f15678f1/out"
[INFO] [stderr]   checking for xsltproc... false
[INFO] [stderr]   checking for x86_64-unknown-linux-gnu-gcc... cc
[INFO] [stderr]   checking whether the C compiler works... yes
[INFO] [stderr]   checking for C compiler default output file name... a.out
[INFO] [stderr]   checking for suffix of executables... 
[INFO] [stderr]   checking whether we are cross compiling... no
[INFO] [stderr]   checking for suffix of object files... o
[INFO] [stderr]   checking whether we are using the GNU C compiler... yes
[INFO] [stderr]   checking whether cc accepts -g... yes
[INFO] [stderr]   checking for cc option to accept ISO C89... none needed
[INFO] [stderr]   checking whether compiler is cray... no
[INFO] [stderr]   checking whether compiler supports -std=gnu11... yes
[INFO] [stderr]   checking whether compiler supports -Werror=unknown-warning-option... no
[INFO] [stderr]   checking whether compiler supports -Wall... yes
[INFO] [stderr]   checking whether compiler supports -Wextra... yes
[INFO] [stderr]   checking whether compiler supports -Wshorten-64-to-32... no
[INFO] [stderr]   checking whether compiler supports -Wsign-compare... yes
[INFO] [stderr]   checking whether compiler supports -Wundef... yes
[INFO] [stderr]   checking whether compiler supports -Wno-format-zero-length... yes
[INFO] [stderr]   checking whether compiler supports -Wpointer-arith... yes
[INFO] [stderr]   checking whether compiler supports -Wno-missing-braces... yes
[INFO] [stderr]   checking whether compiler supports -Wno-missing-field-initializers... yes
[INFO] [stderr]   checking whether compiler supports -Wno-missing-attributes... yes
[INFO] [stderr]   checking whether compiler supports -pipe... yes
[INFO] [stderr]   checking whether compiler supports -g3... yes
[INFO] [stderr]   checking how to run the C preprocessor... cc -E
[INFO] [stderr]   checking for grep that handles long lines and -e... /usr/bin/grep
[INFO] [stderr]   checking for egrep... /usr/bin/grep -E
[INFO] [stderr]   checking for ANSI C header files... yes
[INFO] [stderr]   checking for sys/types.h... yes
[INFO] [stderr]   checking for sys/stat.h... yes
[INFO] [stderr]   checking for stdlib.h... yes
[INFO] [stderr]   checking for string.h... yes
[INFO] [stderr]   checking for memory.h... yes
[INFO] [stderr]   checking for strings.h... yes
[INFO] [stderr]   checking for inttypes.h... yes
[INFO] [stderr]   checking for stdint.h... yes
[INFO] [stderr]   checking for unistd.h... yes
[INFO] [stderr]   checking whether byte ordering is bigendian... no
[INFO] [stderr]   checking size of void *... 8
[INFO] [stderr]   checking size of int... 4
[INFO] [stderr]   checking size of long... 8
[INFO] [stderr]   checking size of long long... 8
[INFO] [stderr]   checking size of intmax_t... 8
[INFO] [stderr]   checking build system type... x86_64-unknown-linux-gnu
[INFO] [stderr]   checking host system type... x86_64-unknown-linux-gnu
[INFO] [stderr]   checking whether pause instruction is compilable... yes
[INFO] [stderr]   checking number of significant virtual address bits... 48
[INFO] [stderr]   checking for x86_64-unknown-linux-gnu-ar... no
[INFO] [stderr]   checking for ar... ar
[INFO] [stderr]   checking for x86_64-unknown-linux-gnu-nm... no
[INFO] [stderr]   checking for nm... nm
[INFO] [stderr]   checking for gawk... no
[INFO] [stderr]   checking for mawk... mawk
[INFO] [stderr]   checking malloc.h usability... yes
[INFO] [stderr]   checking malloc.h presence... yes
[INFO] [stderr]   checking for malloc.h... yes
[INFO] [stderr]   checking whether malloc_usable_size definition can use const argument... no
[INFO] [stderr]   checking for library containing log... -lm
[INFO] [stderr]   checking whether __attribute__ syntax is compilable... yes
[INFO] [stderr]   checking whether compiler supports -fvisibility=hidden... yes
[INFO] [stderr]   checking whether compiler supports -fvisibility=hidden... no
[INFO] [stderr]   checking whether compiler supports -Werror... yes
[INFO] [stderr]   checking whether compiler supports -herror_on_warning... no
[INFO] [stderr]   checking whether tls_model attribute is compilable... yes
[INFO] [stderr]   checking whether compiler supports -Werror... yes
[INFO] [stderr]   checking whether compiler supports -herror_on_warning... no
[INFO] [stderr]   checking whether alloc_size attribute is compilable... yes
[INFO] [stderr]   checking whether compiler supports -Werror... yes
[INFO] [stderr]   checking whether compiler supports -herror_on_warning... no
[INFO] [stderr]   checking whether format(gnu_printf, ...) attribute is compilable... yes
[INFO] [stderr]   checking whether compiler supports -Werror... yes
[INFO] [stderr]   checking whether compiler supports -herror_on_warning... no
[INFO] [stderr]   checking whether format(printf, ...) attribute is compilable... yes
[INFO] [stderr]   checking whether compiler supports -Werror... yes
[INFO] [stderr]   checking whether compiler supports -herror_on_warning... no
[INFO] [stderr]   checking whether format(printf, ...) attribute is compilable... yes
[INFO] [stderr]   checking whether compiler supports -Wimplicit-fallthrough... yes
[INFO] [stderr]   checking whether fallthrough attribute is compilable... yes
[INFO] [stderr]   checking whether compiler supports -Wimplicit-fallthrough... yes
[INFO] [stderr]   checking whether compiler supports -Wimplicit-fallthrough... no
[INFO] [stderr]   checking whether compiler supports -Werror... yes
[INFO] [stderr]   checking whether compiler supports -herror_on_warning... no
[INFO] [stderr]   checking whether cold attribute is compilable... yes
[INFO] [stderr]   checking whether vm_make_tag is compilable... no
[INFO] [stderr]   checking for a BSD-compatible install... /usr/bin/install -c
[INFO] [stderr]   checking for x86_64-unknown-linux-gnu-ranlib... no
[INFO] [stderr]   checking for ranlib... ranlib
[INFO] [stderr]   checking for ld... /usr/bin/ld
[INFO] [stderr]   checking for autoconf... /usr/bin/autoconf
[INFO] [stderr]   checking for memalign... yes
[INFO] [stderr]   checking for valloc... yes
[INFO] [stderr]   checking for malloc_size... no
[INFO] [stderr]   checking whether compiler supports -O3... yes
[INFO] [stderr]   checking whether compiler supports -O3... no
[INFO] [stderr]   checking whether compiler supports -funroll-loops... yes
[INFO] [stderr]   checking configured backtracing method... N/A
[INFO] [stderr]   checking for sbrk... yes
[INFO] [stderr]   checking whether utrace(2) is compilable... no
[INFO] [stderr]   checking whether utrace(2) with label is compilable... no
[INFO] [stderr]   checking whether a program using __builtin_unreachable is compilable... yes
[INFO] [stderr]   checking whether a program using __builtin_ffsl is compilable... yes
[INFO] [stderr]   checking whether a program using __builtin_popcountl is compilable... yes
[INFO] [stderr]   checking LG_PAGE... 12
[INFO] [stderr]   checking pthread.h usability... yes
[INFO] [stderr]   checking pthread.h presence... yes
[INFO] [stderr]   checking for pthread.h... yes
[INFO] [stderr]   checking for pthread_create in -lpthread... yes
[INFO] [stderr]   checking dlfcn.h usability... yes
[INFO] [stderr]   checking dlfcn.h presence... yes
[INFO] [stderr]   checking for dlfcn.h... yes
[INFO] [stderr]   checking for dlsym... yes
[INFO] [stderr]   checking whether pthread_atfork(3) is compilable... yes
[INFO] [stderr]   checking whether pthread_setname_np(3) is compilable... yes
[INFO] [stderr]   checking whether pthread_getname_np(3) is compilable... yes
[INFO] [stderr]   checking whether pthread_get_name_np(3) is compilable... no
[INFO] [stderr]   checking for library containing clock_gettime... none required
[INFO] [stderr]   checking whether clock_gettime(CLOCK_MONOTONIC_COARSE, ...) is compilable... yes
[INFO] [stderr]   checking whether clock_gettime(CLOCK_MONOTONIC, ...) is compilable... yes
[INFO] [stderr]   checking whether mach_absolute_time() is compilable... no
[INFO] [stderr]   checking whether clock_gettime(CLOCK_REALTIME, ...) is compilable... yes
[INFO] [stderr]   checking whether compiler supports -Werror... yes
[INFO] [stderr]   checking whether syscall(2) is compilable... yes
[INFO] [stderr]   checking for secure_getenv... yes
[INFO] [stderr]   checking for sched_getcpu... yes
[INFO] [stderr]   checking for sched_setaffinity... yes
[INFO] [stderr]   checking for issetugid... no
[INFO] [stderr]   checking for _malloc_thread_cleanup... no
[INFO] [stderr]   checking for _pthread_mutex_init_calloc_cb... no
[INFO] [stderr]   checking for memcntl... no
[INFO] [stderr]   checking for TLS... yes
[INFO] [stderr]   checking whether C11 atomics is compilable... yes
[INFO] [stderr]   checking whether GCC __atomic atomics is compilable... yes
[INFO] [stderr]   checking whether GCC 8-bit __atomic atomics is compilable... yes
[INFO] [stderr]   checking whether GCC __sync atomics is compilable... yes
[INFO] [stderr]   checking whether GCC 8-bit __sync atomics is compilable... yes
[INFO] [stderr]   checking whether Darwin OSAtomic*() is compilable... no
[INFO] [stderr]   checking whether madvise(2) is compilable... yes
[INFO] [stderr]   checking whether madvise(..., MADV_FREE) is compilable... yes
[INFO] [stderr]   checking whether madvise(..., MADV_DONTNEED) is compilable... yes
[INFO] [stderr]   checking whether madvise(..., MADV_DO[NT]DUMP) is compilable... yes
[INFO] [stderr]   checking whether madvise(..., MADV_[NO]HUGEPAGE) is compilable... yes
[INFO] [stderr]   checking whether madvise(..., MADV_[NO]CORE) is compilable... no
[INFO] [stderr]   checking whether mprotect(2) is compilable... yes
[INFO] [stderr]   checking for __builtin_clz... yes
[INFO] [stderr]   checking whether Darwin os_unfair_lock_*() is compilable... no
[INFO] [stderr]   checking whether glibc malloc hook is compilable... no
[INFO] [stderr]   checking whether glibc memalign hook is compilable... no
[INFO] [stderr]   checking whether pthreads adaptive mutexes is compilable... yes
[INFO] [stderr]   checking whether compiler supports -D_GNU_SOURCE... yes
[INFO] [stderr]   checking whether compiler supports -Werror... yes
[INFO] [stderr]   checking whether compiler supports -herror_on_warning... no
[INFO] [stderr]   checking whether strerror_r returns char with gnu source is compilable... yes
[INFO] [stderr]   checking for stdbool.h that conforms to C99... yes
[INFO] [stderr]   checking for _Bool... yes
[INFO] [stderr]   configure: creating ./config.status
[INFO] [stderr]   config.status: creating Makefile
[INFO] [stderr]   config.status: creating jemalloc.pc
[INFO] [stderr]   config.status: creating doc/html.xsl
[INFO] [stderr]   config.status: creating doc/manpages.xsl
[INFO] [stderr]   config.status: creating doc/jemalloc.xml
[INFO] [stderr]   config.status: creating include/jemalloc/jemalloc_macros.h
[INFO] [stderr]   config.status: creating include/jemalloc/jemalloc_protos.h
[INFO] [stderr]   config.status: creating include/jemalloc/jemalloc_typedefs.h
[INFO] [stderr]   config.status: creating include/jemalloc/internal/jemalloc_preamble.h
[INFO] [stderr]   config.status: creating test/test.sh
[INFO] [stderr]   config.status: creating test/include/test/jemalloc_test.h
[INFO] [stderr]   config.status: creating config.stamp
[INFO] [stderr]   config.status: creating bin/jemalloc-config
[INFO] [stderr]   config.status: creating bin/jemalloc.sh
[INFO] [stderr]   config.status: creating bin/jeprof
[INFO] [stderr]   config.status: creating include/jemalloc/jemalloc_defs.h
[INFO] [stderr]   config.status: creating include/jemalloc/internal/jemalloc_internal_defs.h
[INFO] [stderr]   config.status: creating test/include/test/jemalloc_test_defs.h
[INFO] [stderr]   config.status: executing include/jemalloc/internal/public_symbols.txt commands
[INFO] [stderr]   config.status: executing include/jemalloc/internal/private_symbols.awk commands
[INFO] [stderr]   config.status: executing include/jemalloc/internal/private_symbols_jet.awk commands
[INFO] [stderr]   config.status: executing include/jemalloc/internal/public_namespace.h commands
[INFO] [stderr]   config.status: executing include/jemalloc/internal/public_unnamespace.h commands
[INFO] [stderr]   config.status: executing include/jemalloc/jemalloc_protos_jet.h commands
[INFO] [stderr]   config.status: executing include/jemalloc/jemalloc_rename.h commands
[INFO] [stderr]   config.status: executing include/jemalloc/jemalloc_mangle.h commands
[INFO] [stderr]   config.status: executing include/jemalloc/jemalloc_mangle_jet.h commands
[INFO] [stderr]   config.status: executing include/jemalloc/jemalloc.h commands
[INFO] [stderr]   ===============================================================================
[INFO] [stderr]   jemalloc version   : 5.3.0-1-ge13ca993e8ccb9ba9847cc330696e02839f328f7
[INFO] [stderr]   library revision   : 2
[INFO] [stderr] 
[INFO] [stderr]   CONFIG             : --with-version=5.3.0-1-ge13ca993e8ccb9ba9847cc330696e02839f328f7 --disable-cxx --enable-doc=no --enable-shared=no --with-jemalloc-prefix=_rjem_ --with-private-namespace=_rjem_ --enable-stats --host=x86_64-unknown-linux-gnu --build=x86_64-unknown-linux-gnu --prefix=/opt/rustwide/target/debug/build/tikv-jemalloc-sys/1a543a52f15678f1/out build_alias=x86_64-unknown-linux-gnu host_alias=x86_64-unknown-linux-gnu CC=cc 'CFLAGS=-O0 -ffunction-sections -fdata-sections -fPIC -g -gdwarf-4 -fno-omit-frame-pointer -m64 -Wall' 'LDFLAGS=-O0 -ffunction-sections -fdata-sections -fPIC -g -gdwarf-4 -fno-omit-frame-pointer -m64 -Wall' 'CPPFLAGS=-O0 -ffunction-sections -fdata-sections -fPIC -g -gdwarf-4 -fno-omit-frame-pointer -m64 -Wall'
[INFO] [stderr]   CC                 : cc
[INFO] [stderr]   CONFIGURE_CFLAGS   : -std=gnu11 -Wall -Wextra -Wsign-compare -Wundef -Wno-format-zero-length -Wpointer-arith -Wno-missing-braces -Wno-missing-field-initializers -Wno-missing-attributes -pipe -g3 -fvisibility=hidden -Wimplicit-fallthrough -O3 -funroll-loops
[INFO] [stderr]   SPECIFIED_CFLAGS   : -O0 -ffunction-sections -fdata-sections -fPIC -g -gdwarf-4 -fno-omit-frame-pointer -m64 -Wall
[INFO] [stderr]   EXTRA_CFLAGS       : 
[INFO] [stderr]   CPPFLAGS           : -O0 -ffunction-sections -fdata-sections -fPIC -g -gdwarf-4 -fno-omit-frame-pointer -m64 -Wall -D_GNU_SOURCE -D_REENTRANT
[INFO] [stderr]   CXX                : 
[INFO] [stderr]   CONFIGURE_CXXFLAGS : 
[INFO] [stderr]   SPECIFIED_CXXFLAGS : 
[INFO] [stderr]   EXTRA_CXXFLAGS     : 
[INFO] [stderr]   LDFLAGS            : -O0 -ffunction-sections -fdata-sections -fPIC -g -gdwarf-4 -fno-omit-frame-pointer -m64 -Wall
[INFO] [stderr]   EXTRA_LDFLAGS      : 
[INFO] [stderr]   DSO_LDFLAGS        : -shared -Wl,-soname,$(@F)
[INFO] [stderr]   LIBS               : -lm  -pthread
[INFO] [stderr]   RPATH_EXTRA        : 
[INFO] [stderr] 
[INFO] [stderr]   XSLTPROC           : false
[INFO] [stderr]   XSLROOT            : 
[INFO] [stderr] 
[INFO] [stderr]   PREFIX             : /opt/rustwide/target/debug/build/tikv-jemalloc-sys/1a543a52f15678f1/out
[INFO] [stderr]   BINDIR             : /opt/rustwide/target/debug/build/tikv-jemalloc-sys/1a543a52f15678f1/out/bin
[INFO] [stderr]   DATADIR            : /opt/rustwide/target/debug/build/tikv-jemalloc-sys/1a543a52f15678f1/out/share
[INFO] [stderr]   INCLUDEDIR         : /opt/rustwide/target/debug/build/tikv-jemalloc-sys/1a543a52f15678f1/out/include
[INFO] [stderr]   LIBDIR             : /opt/rustwide/target/debug/build/tikv-jemalloc-sys/1a543a52f15678f1/out/lib
[INFO] [stderr]   MANDIR             : /opt/rustwide/target/debug/build/tikv-jemalloc-sys/1a543a52f15678f1/out/share/man
[INFO] [stderr] 
[INFO] [stderr]   srcroot            : 
[INFO] [stderr]   abs_srcroot        : /opt/rustwide/target/debug/build/tikv-jemalloc-sys/1a543a52f15678f1/out/build/
[INFO] [stderr]   objroot            : 
[INFO] [stderr]   abs_objroot        : /opt/rustwide/target/debug/build/tikv-jemalloc-sys/1a543a52f15678f1/out/build/
[INFO] [stderr] 
[INFO] [stderr]   JEMALLOC_PREFIX    : _rjem_
[INFO] [stderr]   JEMALLOC_PRIVATE_NAMESPACE
[INFO] [stderr]                      : _rjem_je_
[INFO] [stderr]   install_suffix     : 
[INFO] [stderr]   malloc_conf        : 
[INFO] [stderr]   documentation      : 0
[INFO] [stderr]   shared libs        : 0
[INFO] [stderr]   static libs        : 1
[INFO] [stderr]   autogen            : 0
[INFO] [stderr]   debug              : 0
[INFO] [stderr]   stats              : 1
[INFO] [stderr]   experimental_smallocx : 0
[INFO] [stderr]   prof               : 0
[INFO] [stderr]   prof-libunwind     : 0
[INFO] [stderr]   prof-libgcc        : 0
[INFO] [stderr]   prof-gcc           : 0
[INFO] [stderr]   fill               : 1
[INFO] [stderr]   utrace             : 0
[INFO] [stderr]   xmalloc            : 0
[INFO] [stderr]   log                : 0
[INFO] [stderr]   lazy_lock          : 0
[INFO] [stderr]   cache-oblivious    : 1
[INFO] [stderr]   cxx                : 0
[INFO] [stderr]   ===============================================================================
[INFO] [stderr]   running: cd "/opt/rustwide/target/debug/build/tikv-jemalloc-sys/1a543a52f15678f1/out/build" && MAKEFLAGS="-j --jobserver-fds=4,5 --jobserver-auth=4,5" "make"
[INFO] [stderr]   cc -std=gnu11 -Wall -Wextra -Wsign-compare -Wundef -Wno-format-zero-length -Wpointer-arith -Wno-missing-braces -Wno-missing-field-initializers -Wno-missing-attributes -pipe -g3 -fvisibility=hidden -Wimplicit-fallthrough -O3 -funroll-loops -O0 -ffunction-sections -fdata-sections -fPIC -g -gdwarf-4 -fno-omit-frame-pointer -m64 -Wall -c -O0 -ffunction-sections -fdata-sections -fPIC -g -gdwarf-4 -fno-omit-frame-pointer -m64 -Wall -D_GNU_SOURCE -D_REENTRANT -Iinclude -Iinclude -DJEMALLOC_NO_PRIVATE_NAMESPACE -o src/jemalloc.sym.o src/jemalloc.c
[INFO] [stderr]   cc -std=gnu11 -Wall -Wextra -Wsign-compare -Wundef -Wno-format-zero-length -Wpointer-arith -Wno-missing-braces -Wno-missing-field-initializers -Wno-missing-attributes -pipe -g3 -fvisibility=hidden -Wimplicit-fallthrough -O3 -funroll-loops -O0 -ffunction-sections -fdata-sections -fPIC -g -gdwarf-4 -fno-omit-frame-pointer -m64 -Wall -c -O0 -ffunction-sections -fdata-sections -fPIC -g -gdwarf-4 -fno-omit-frame-pointer -m64 -Wall -D_GNU_SOURCE -D_REENTRANT -Iinclude -Iinclude -DJEMALLOC_NO_PRIVATE_NAMESPACE -o src/arena.sym.o src/arena.c
[INFO] [stderr]   cc -std=gnu11 -Wall -Wextra -Wsign-compare -Wundef -Wno-format-zero-length -Wpointer-arith -Wno-missing-braces -Wno-missing-field-initializers -Wno-missing-attributes -pipe -g3 -fvisibility=hidden -Wimplicit-fallthrough -O3 -funroll-loops -O0 -ffunction-sections -fdata-sections -fPIC -g -gdwarf-4 -fno-omit-frame-pointer -m64 -Wall -c -O0 -ffunction-sections -fdata-sections -fPIC -g -gdwarf-4 -fno-omit-frame-pointer -m64 -Wall -D_GNU_SOURCE -D_REENTRANT -Iinclude -Iinclude -DJEMALLOC_NO_PRIVATE_NAMESPACE -o src/background_thread.sym.o src/background_thread.c
[INFO] [stderr]   cc -std=gnu11 -Wall -Wextra -Wsign-compare -Wundef -Wno-format-zero-length -Wpointer-arith -Wno-missing-braces -Wno-missing-field-initializers -Wno-missing-attributes -pipe -g3 -fvisibility=hidden -Wimplicit-fallthrough -O3 -funroll-loops -O0 -ffunction-sections -fdata-sections -fPIC -g -gdwarf-4 -fno-omit-frame-pointer -m64 -Wall -c -O0 -ffunction-sections -fdata-sections -fPIC -g -gdwarf-4 -fno-omit-frame-pointer -m64 -Wall -D_GNU_SOURCE -D_REENTRANT -Iinclude -Iinclude -DJEMALLOC_NO_PRIVATE_NAMESPACE -o src/base.sym.o src/base.c
[INFO] [stderr] 
[INFO] [stderr]   --- stderr
[INFO] [stderr]   Assembler messages:
[INFO] [stderr]   {standard input}:788684: Warning: end of file not at end of a line; newline inserted
[INFO] [stderr]   {standard input}: Error: open CFI at the end of file; missing .cfi_endproc directive
[INFO] [stderr]   cc: fatal error: Killed signal terminated program cc1
[INFO] [stderr]   compilation terminated.
[INFO] [stderr]   make: *** [Makefile:479: src/jemalloc.sym.o] Error 1
[INFO] [stderr]   make: *** Waiting for unfinished jobs....
[INFO] [stderr] 
[INFO] [stderr]   thread 'main' (3431) panicked at /opt/rustwide/cargo-home/registry/src/index.crates.io-1949cf8c6b5b557f/tikv-jemalloc-sys-0.6.1+5.3.0-1-ge13ca993e8ccb9ba9847cc330696e02839f328f7/build.rs:411:9:
[INFO] [stderr]   command did not execute successfully: cd "/opt/rustwide/target/debug/build/tikv-jemalloc-sys/1a543a52f15678f1/out/build" && MAKEFLAGS="-j --jobserver-fds=4,5 --jobserver-auth=4,5" "make"
[INFO] [stderr]   expected success, got: exit status: 2
[INFO] [stderr]   stack backtrace:
[INFO] [stderr]      0:     0x573198690b51 - std[fba97bcc6c7c281e]::backtrace_rs::backtrace::libunwind::trace
[INFO] [stderr]                                  at /rustc/5b237c915528dadada3f674b90c7c80368b632be/library/std/src/../../backtrace/src/backtrace/libunwind.rs:117:9
[INFO] [stderr]      1:     0x573198690b51 - std[fba97bcc6c7c281e]::backtrace_rs::backtrace::trace_unsynchronized::<std[fba97bcc6c7c281e]::sys::backtrace::_print_fmt::{closure#1}>
[INFO] [stderr]                                  at /rustc/5b237c915528dadada3f674b90c7c80368b632be/library/std/src/../../backtrace/src/backtrace/mod.rs:66:14
[INFO] [stderr]      2:     0x573198690b51 - std[fba97bcc6c7c281e]::sys::backtrace::_print_fmt
[INFO] [stderr]                                  at /rustc/5b237c915528dadada3f674b90c7c80368b632be/library/std/src/sys/backtrace.rs:74:9
[INFO] [stderr]      3:     0x573198690b51 - <<std[fba97bcc6c7c281e]::sys::backtrace::BacktraceLock>::print::DisplayBacktrace as core[cbe985f25e545f7b]::fmt::Display>::fmt
[INFO] [stderr]                                  at /rustc/5b237c915528dadada3f674b90c7c80368b632be/library/std/src/sys/backtrace.rs:44:26
[INFO] [stderr]      4:     0x5731986a678a - <core[cbe985f25e545f7b]::fmt::rt::Argument>::fmt
[INFO] [stderr]                                  at /rustc/5b237c915528dadada3f674b90c7c80368b632be/library/core/src/fmt/rt.rs:152:76
[INFO] [stderr]      5:     0x5731986a678a - core[cbe985f25e545f7b]::fmt::write
[INFO] [stderr]      6:     0x57319869720c - core[cbe985f25e545f7b]::io::write::default_write_fmt::<std[fba97bcc6c7c281e]::sys::stdio::unix::Stderr>
[INFO] [stderr]                                  at /rustc/5b237c915528dadada3f674b90c7c80368b632be/library/core/src/io/write.rs:402:11
[INFO] [stderr]      7:     0x57319869720c - <std[fba97bcc6c7c281e]::sys::stdio::unix::Stderr as core[cbe985f25e545f7b]::io::write::Write>::write_fmt
[INFO] [stderr]                                  at /rustc/5b237c915528dadada3f674b90c7c80368b632be/library/core/src/io/write.rs:335:13
[INFO] [stderr]      8:     0x573198669896 - <std[fba97bcc6c7c281e]::sys::backtrace::BacktraceLock>::print
[INFO] [stderr]                                  at /rustc/5b237c915528dadada3f674b90c7c80368b632be/library/std/src/sys/backtrace.rs:47:9
[INFO] [stderr]      9:     0x573198669896 - std[fba97bcc6c7c281e]::panicking::default_hook::{closure#0}
[INFO] [stderr]                                  at /rustc/5b237c915528dadada3f674b90c7c80368b632be/library/std/src/panicking.rs:289:27
[INFO] [stderr]     10:     0x573198687ac1 - std[fba97bcc6c7c281e]::panicking::default_hook
[INFO] [stderr]                                  at /rustc/5b237c915528dadada3f674b90c7c80368b632be/library/std/src/panicking.rs:316:9
[INFO] [stderr]     11:     0x573198687c7b - std[fba97bcc6c7c281e]::panicking::panic_with_hook
[INFO] [stderr]                                  at /rustc/5b237c915528dadada3f674b90c7c80368b632be/library/std/src/panicking.rs:811:13
[INFO] [stderr]     12:     0x573198669942 - std[fba97bcc6c7c281e]::panicking::panic_handler::{closure#0}
[INFO] [stderr]                                  at /rustc/5b237c915528dadada3f674b90c7c80368b632be/library/std/src/panicking.rs:685:13
[INFO] [stderr]     13:     0x5731986635f9 - std[fba97bcc6c7c281e]::sys::backtrace::__rust_end_short_backtrace::<std[fba97bcc6c7c281e]::panicking::panic_handler::{closure#0}, !>
[INFO] [stderr]                                  at /rustc/5b237c915528dadada3f674b90c7c80368b632be/library/std/src/sys/backtrace.rs:182:18
[INFO] [stderr]     14:     0x57319866a62d - __rustc[8b64a3aaf7c035e0]::rust_begin_unwind
[INFO] [stderr]                                  at /rustc/5b237c915528dadada3f674b90c7c80368b632be/library/std/src/panicking.rs:676:5
[INFO] [stderr]     15:     0x5731986a6f7c - core[cbe985f25e545f7b]::panicking::panic_fmt
[INFO] [stderr]                                  at /rustc/5b237c915528dadada3f674b90c7c80368b632be/library/core/src/panicking.rs:80:14
[INFO] [stderr]     16:     0x5731985c1d6f - build_script_build[6ac67abd0097dfc2]::execute::<build_script_build[6ac67abd0097dfc2]::run::{closure#0}>
[INFO] [stderr]     17:     0x5731985c5c4e - build_script_build[6ac67abd0097dfc2]::run
[INFO] [stderr]     18:     0x5731985c936f - build_script_build[6ac67abd0097dfc2]::main
[INFO] [stderr]     19:     0x5731985cc203 - <fn() as core[cbe985f25e545f7b]::ops::function::FnOnce<()>>::call_once
[INFO] [stderr]     20:     0x5731985c41be - std[fba97bcc6c7c281e]::sys::backtrace::__rust_begin_short_backtrace::<fn(), ()>
[INFO] [stderr]     21:     0x5731985c47b9 - std[fba97bcc6c7c281e]::rt::lang_start::<()>::{closure#0}
[INFO] [stderr]     22:     0x573198686dc8 - <&dyn core[cbe985f25e545f7b]::ops::function::Fn<(), Output = i32> + core[cbe985f25e545f7b]::panic::unwind_safe::RefUnwindSafe + core[cbe985f25e545f7b]::marker::Sync as core[cbe985f25e545f7b]::ops::function::FnOnce<()>>::call_once
[INFO] [stderr]                                  at /rustc/5b237c915528dadada3f674b90c7c80368b632be/library/core/src/ops/function.rs:287:21
[INFO] [stderr]     23:     0x573198686dc8 - std[fba97bcc6c7c281e]::panicking::catch_unwind::do_call::<&dyn core[cbe985f25e545f7b]::ops::function::Fn<(), Output = i32> + core[cbe985f25e545f7b]::panic::unwind_safe::RefUnwindSafe + core[cbe985f25e545f7b]::marker::Sync, i32>
[INFO] [stderr]                                  at /rustc/5b237c915528dadada3f674b90c7c80368b632be/library/std/src/panicking.rs:573:43
[INFO] [stderr]     24:     0x573198686dc8 - std[fba97bcc6c7c281e]::panicking::catch_unwind::<i32, &dyn core[cbe985f25e545f7b]::ops::function::Fn<(), Output = i32> + core[cbe985f25e545f7b]::panic::unwind_safe::RefUnwindSafe + core[cbe985f25e545f7b]::marker::Sync>
[INFO] [stderr]                                  at /rustc/5b237c915528dadada3f674b90c7c80368b632be/library/std/src/panicking.rs:541:19
[INFO] [stderr]     25:     0x573198686dc8 - std[fba97bcc6c7c281e]::panic::catch_unwind::<&dyn core[cbe985f25e545f7b]::ops::function::Fn<(), Output = i32> + core[cbe985f25e545f7b]::panic::unwind_safe::RefUnwindSafe + core[cbe985f25e545f7b]::marker::Sync, i32>
[INFO] [stderr]                                  at /rustc/5b237c915528dadada3f674b90c7c80368b632be/library/std/src/panic.rs:359:14
[INFO] [stderr]     26:     0x573198686dc8 - std[fba97bcc6c7c281e]::rt::lang_start_internal::{closure#0}
[INFO] [stderr]                                  at /rustc/5b237c915528dadada3f674b90c7c80368b632be/library/std/src/rt.rs:175:24
[INFO] [stderr]     27:     0x573198686dc8 - std[fba97bcc6c7c281e]::panicking::catch_unwind::do_call::<std[fba97bcc6c7c281e]::rt::lang_start_internal::{closure#0}, isize>
[INFO] [stderr]                                  at /rustc/5b237c915528dadada3f674b90c7c80368b632be/library/std/src/panicking.rs:573:43
[INFO] [stderr]     28:     0x573198686dc8 - std[fba97bcc6c7c281e]::panicking::catch_unwind::<isize, std[fba97bcc6c7c281e]::rt::lang_start_internal::{closure#0}>
[INFO] [stderr]                                  at /rustc/5b237c915528dadada3f674b90c7c80368b632be/library/std/src/panicking.rs:541:19
[INFO] [stderr]     29:     0x573198686dc8 - std[fba97bcc6c7c281e]::panic::catch_unwind::<std[fba97bcc6c7c281e]::rt::lang_start_internal::{closure#0}, isize>
[INFO] [stderr]                                  at /rustc/5b237c915528dadada3f674b90c7c80368b632be/library/std/src/panic.rs:359:14
[INFO] [stderr]     30:     0x573198686dc8 - std[fba97bcc6c7c281e]::rt::lang_start_internal
[INFO] [stderr]                                  at /rustc/5b237c915528dadada3f674b90c7c80368b632be/library/std/src/rt.rs:171:5
[INFO] [stderr]     31:     0x5731985c41b1 - std[fba97bcc6c7c281e]::rt::lang_start::<()>
[INFO] [stderr]     32:     0x5731985cc275 - main
[INFO] [stderr]     33:     0x7a9855429601 - <unknown>
[INFO] [stderr]     34:     0x7a9855429718 - __libc_start_main
[INFO] [stderr]     35:     0x5731985c0e75 - _start
[INFO] [stderr]     36:                0x0 - <unknown>
[INFO] running `Command { std: "docker" "inspect" "b2523773186196330c1af7d886b8ac0fea30adb1bbfa8fa4ba4804181bf7b764", kill_on_drop: false }`
[INFO] running `Command { std: "docker" "rm" "-f" "b2523773186196330c1af7d886b8ac0fea30adb1bbfa8fa4ba4804181bf7b764", kill_on_drop: false }`
[INFO] [stdout] b2523773186196330c1af7d886b8ac0fea30adb1bbfa8fa4ba4804181bf7b764
